[INFO] fetching crate oxicrypto-bench 0.2.0...
[INFO] testing oxicrypto-bench-0.2.0 against 1.99.0-beta.8+cargoflags=--release for beta-release-1.100-2
[INFO] extracting crate oxicrypto-bench 0.2.0 into /workspace/builds/worker-7-tc1/source
[INFO] started tweaking crates.io crate oxicrypto-bench 0.2.0
[INFO] removed 0 missing tests
[INFO] finished tweaking crates.io crate oxicrypto-bench 0.2.0
[INFO] tweaked toml for crates.io crate oxicrypto-bench 0.2.0 written to /workspace/builds/worker-7-tc1/source/Cargo.toml
[INFO] validating manifest of crates.io crate oxicrypto-bench 0.2.0 on toolchain 1.99.0-beta.8
[INFO] running `Command { std: CARGO_HOME="/workspace/cargo-home" RUSTUP_HOME="/workspace/rustup-home" "/workspace/cargo-home/bin/cargo" "+1.99.0-beta.8" "metadata" "--manifest-path" "Cargo.toml" "--no-deps", kill_on_drop: false }`
[INFO] crate crates.io crate oxicrypto-bench 0.2.0 already has a lockfile, it will not be regenerated
[INFO] running `Command { std: CARGO_HOME="/workspace/cargo-home" RUSTUP_HOME="/workspace/rustup-home" "/workspace/cargo-home/bin/cargo" "+1.99.0-beta.8" "fetch" "--manifest-path" "Cargo.toml", kill_on_drop: false }`
[INFO] [stderr]     Updating crates.io index
[INFO] [stderr]  Downloading crates ...
[INFO] [stderr]   Downloaded ed448 v0.5.0
[INFO] [stderr]   Downloaded ocb3 v0.1.0
[INFO] [stderr]   Downloaded kem v0.3.0
[INFO] [stderr]   Downloaded oxicrypto-cipher v0.2.0
[INFO] [stderr]   Downloaded rfc6979 v0.6.0-pre.0
[INFO] [stderr]   Downloaded oxicrypto-core v0.2.0
[INFO] [stderr]   Downloaded x448 v0.14.0-pre.10
[INFO] [stderr]   Downloaded dbl v0.5.0
[INFO] [stderr]   Downloaded primeorder v0.14.0-rc.12
[INFO] [stderr]   Downloaded primefield v0.14.0-rc.12
[INFO] [stderr]   Downloaded hash2curve v0.14.0-rc.12
[INFO] [stderr]   Downloaded aes-kw v0.3.1
[INFO] [stderr]   Downloaded module-lattice v0.2.3
[INFO] [stderr]   Downloaded pkcs1 v0.8.0-rc.4
[INFO] [stderr]   Downloaded crypto-primes v0.7.2
[INFO] [stderr]   Downloaded ecdsa v0.17.0-rc.20
[INFO] [stderr]   Downloaded oxicrypto-rand v0.2.0
[INFO] [stderr]   Downloaded slh-dsa v0.2.0-rc.5
[INFO] [stderr]   Downloaded ml-kem v0.3.2
[INFO] [stderr]   Downloaded poly1305 v0.9.0
[INFO] [stderr]   Downloaded oxicrypto-hash v0.2.0
[INFO] [stderr]   Downloaded elliptic-curve v0.14.0-rc.35
[INFO] [stderr]   Downloaded oxicrypto-kex v0.2.0
[INFO] [stderr]   Downloaded ml-dsa v0.1.1
[INFO] [stderr]   Downloaded oxicrypto-mac v0.2.0
[INFO] [stderr]   Downloaded oxicrypto v0.2.0
[INFO] [stderr]   Downloaded ed448-goldilocks v0.14.0-pre.13
[INFO] [stderr]   Downloaded oxicrypto-pq v0.2.0
[INFO] [stderr]   Downloaded oxicrypto-aead v0.2.0
[INFO] [stderr]   Downloaded p384 v0.14.0-rc.12
[INFO] [stderr]   Downloaded p256 v0.14.0-rc.12
[INFO] [stderr]   Downloaded oxicrypto-kdf v0.2.0
[INFO] [stderr]   Downloaded oxicrypto-sig v0.2.0
[INFO] [stderr]   Downloaded rsa v0.10.0-rc.18
[INFO] [stderr]   Downloaded p521 v0.14.0-rc.12
[INFO] [stderr]   Downloaded k256 v0.14.0-rc.12
[INFO] [stderr]   Downloaded crypto-bigint v0.7.4
[INFO] [stderr]   Downloaded cshake v0.2.1
[INFO] [stderr]   Downloaded cmac v0.8.0
[INFO] running `Command { std: "docker" "create" "-v" "/var/lib/crater-agent-workspace/builds/worker-7-tc1/source:/opt/rustwide/workdir:ro,Z" "-v" "/var/lib/crater-agent-workspace/builds/worker-7-tc1/target:/opt/rustwide/target:rw,Z" "-v" "/var/lib/crater-agent-workspace/cargo-home:/opt/rustwide/cargo-home:ro,Z" "-v" "/var/lib/crater-agent-workspace/rustup-home:/opt/rustwide/rustup-home:ro,Z" "-m" "1610612736" "--network" "none" "ghcr.io/rust-lang/crates-build-env/linux@sha256:77db811e55d90add9212f6832c23229e3de5f1c1f9905e8cb07319ea15df73ac" "sleep" "infinity", kill_on_drop: false }`
[INFO] [stdout] 682b76221054dc2e12d096338cfee535cdb3194bd7637a3969338edf90412f42
[INFO] running `Command { std: "docker" "start" "682b76221054dc2e12d096338cfee535cdb3194bd7637a3969338edf90412f42", kill_on_drop: false }`
[INFO] running `Command { std: "docker" "inspect" "682b76221054dc2e12d096338cfee535cdb3194bd7637a3969338edf90412f42", kill_on_drop: false }`
[INFO] running `Command { std: "docker" "exec" "-e" "SOURCE_DIR=/opt/rustwide/workdir" "-e" "CARGO_HOME=/opt/rustwide/cargo-home" "-e" "RUSTUP_HOME=/opt/rustwide/rustup-home" "-e" "CARGO_TARGET_DIR=/opt/rustwide/target" "-w" "/opt/rustwide/workdir" "--user" "0:0" "682b76221054dc2e12d096338cfee535cdb3194bd7637a3969338edf90412f42" "/opt/rustwide/cargo-home/bin/cargo" "+1.99.0-beta.8" "metadata" "--no-deps" "--format-version=1", kill_on_drop: false }`
[INFO] running `Command { std: "docker" "inspect" "682b76221054dc2e12d096338cfee535cdb3194bd7637a3969338edf90412f42", kill_on_drop: false }`
[INFO] running `Command { std: "docker" "exec" "-e" "SOURCE_DIR=/opt/rustwide/workdir" "-e" "CARGO_HOME=/opt/rustwide/cargo-home" "-e" "RUSTUP_HOME=/opt/rustwide/rustup-home" "-e" "CARGO_TARGET_DIR=/opt/rustwide/target" "-e" "CARGO_INCREMENTAL=0" "-e" "RUST_BACKTRACE=full" "-e" "RUSTFLAGS=--cap-lints=warn" "-e" "RUSTDOCFLAGS=--cap-lints=warn" "-w" "/opt/rustwide/workdir" "--user" "0:0" "682b76221054dc2e12d096338cfee535cdb3194bd7637a3969338edf90412f42" "/opt/rustwide/cargo-home/bin/cargo" "+1.99.0-beta.8" "build" "--frozen" "--message-format=json" "--release", kill_on_drop: false }`
[INFO] [stderr]    Compiling subtle v2.6.1
[INFO] [stderr]    Compiling cpubits v0.1.1
[INFO] [stderr]    Compiling pem-rfc7468 v1.0.0
[INFO] [stderr]    Compiling syn v2.0.118
[INFO] [stderr]    Compiling base16ct v1.0.0
[INFO] [stderr]    Compiling crypto-common v0.1.7
[INFO] [stderr]    Compiling inout v0.1.4
[INFO] [stderr]    Compiling cc v1.2.65
[INFO] [stderr]    Compiling keccak v0.2.0
[INFO] [stderr]    Compiling sponge-cursor v0.1.0
[INFO] [stderr]    Compiling semver v1.0.28
[INFO] [stderr]    Compiling digest v0.10.7
[INFO] [stderr]    Compiling aead v0.5.2
[INFO] [stderr]    Compiling getrandom v0.4.3
[INFO] [stderr]    Compiling ctutils v0.4.2
[INFO] [stderr]    Compiling ff v0.14.0
[INFO] [stderr]    Compiling universal-hash v0.5.1
[INFO] [stderr]    Compiling group v0.14.0
[INFO] [stderr]    Compiling rustc_version v0.4.1
[INFO] [stderr]    Compiling polyval v0.6.2
[INFO] [stderr]    Compiling crunchy v0.2.4
[INFO] [stderr]    Compiling poly1305 v0.8.0
[INFO] [stderr]    Compiling phc v0.6.1
[INFO] [stderr]    Compiling ghash v0.5.1
[INFO] [stderr]    Compiling tiny-keccak v2.0.2
[INFO] [stderr]    Compiling curve25519-dalek v4.1.3
[INFO] [stderr]    Compiling signature v2.2.0
[INFO] [stderr]    Compiling arrayvec v0.7.7
[INFO] [stderr]    Compiling constant_time_eq v0.4.2
[INFO] [stderr]    Compiling ed25519 v2.2.3
[INFO] [stderr]    Compiling password-hash v0.6.1
[INFO] [stderr]    Compiling sha2 v0.10.9
[INFO] [stderr]    Compiling regex-automata v0.4.14
[INFO] [stderr]    Compiling clap_builder v4.6.0
[INFO] [stderr]    Compiling serde_json v1.0.150
[INFO] [stderr]    Compiling rayon v1.12.0
[INFO] [stderr]    Compiling blake3 v1.8.5
[INFO] [stderr]    Compiling alloca v0.4.0
[INFO] [stderr]    Compiling regex v1.12.4
[INFO] [stderr]    Compiling clap v4.6.1
[INFO] [stderr]    Compiling zeroize_derive v1.5.0
[INFO] [stderr]    Compiling zerocopy-derive v0.8.52
[INFO] [stderr]    Compiling curve25519-dalek-derive v0.1.1
[INFO] [stderr]    Compiling serde_derive v1.0.228
[INFO] [stderr]    Compiling zeroize v1.9.0
[INFO] [stderr]    Compiling hybrid-array v0.4.12
[INFO] [stderr]    Compiling crypto-common v0.2.2
[INFO] [stderr]    Compiling block-buffer v0.12.1
[INFO] [stderr]    Compiling der v0.8.0
[INFO] [stderr]    Compiling crypto-bigint v0.7.4
[INFO] [stderr]    Compiling inout v0.2.2
[INFO] [stderr]    Compiling cipher v0.4.4
[INFO] [stderr]    Compiling oxicrypto-core v0.2.0
[INFO] [stderr]    Compiling zerocopy v0.8.52
[INFO] [stderr]    Compiling ctr v0.9.2
[INFO] [stderr]    Compiling aes v0.8.4
[INFO] [stderr]    Compiling chacha20 v0.9.1
[INFO] [stderr]    Compiling chacha20poly1305 v0.10.1
[INFO] [stderr]    Compiling ocb3 v0.1.0
[INFO] [stderr]    Compiling aes-gcm v0.10.3
[INFO] [stderr]    Compiling aes-gcm-siv v0.11.1
[INFO] [stderr]    Compiling digest v0.11.3
[INFO] [stderr]    Compiling hmac v0.13.0
[INFO] [stderr]    Compiling hkdf v0.13.0
[INFO] [stderr]    Compiling sha2 v0.11.0
[INFO] [stderr]    Compiling signature v3.0.0
[INFO] [stderr]    Compiling spki v0.8.0
[INFO] [stderr]    Compiling sec1 v0.8.1
[INFO] [stderr]    Compiling pkcs8 v0.11.0
[INFO] [stderr]    Compiling cipher v0.5.2
[INFO] [stderr]    Compiling rfc6979 v0.6.0-pre.0
[INFO] [stderr]    Compiling aes v0.9.1
[INFO] [stderr]    Compiling blake2 v0.11.0-rc.6
[INFO] [stderr]    Compiling shake v0.1.0
[INFO] [stderr]    Compiling pbkdf2 v0.13.0
[INFO] [stderr]    Compiling salsa20 v0.11.0
[INFO] [stderr]    Compiling ed448 v0.5.0
[INFO] [stderr]    Compiling scrypt v0.12.0
[INFO] [stderr]    Compiling argon2 v0.6.0-rc.8
[INFO] [stderr]    Compiling sha3 v0.12.0
[INFO] [stderr]    Compiling aes-kw v0.3.1
[INFO] [stderr]    Compiling serde v1.0.228
[INFO] [stderr]    Compiling pkcs1 v0.8.0-rc.4
[INFO] [stderr]    Compiling universal-hash v0.6.1
[INFO] [stderr]    Compiling dbl v0.5.0
[INFO] [stderr]    Compiling elliptic-curve v0.14.0-rc.35
[INFO] [stderr]    Compiling primefield v0.14.0-rc.12
[INFO] [stderr]    Compiling crypto-primes v0.7.2
[INFO] [stderr]    Compiling cmac v0.8.0
[INFO] [stderr]    Compiling poly1305 v0.9.0
[INFO] [stderr]    Compiling chacha20 v0.10.0
[INFO] [stderr]    Compiling x25519-dalek v2.0.1
[INFO] [stderr]    Compiling primeorder v0.14.0-rc.12
[INFO] [stderr]    Compiling ecdsa v0.17.0-rc.20
[INFO] [stderr]    Compiling hash2curve v0.14.0-rc.12
[INFO] [stderr]    Compiling ed448-goldilocks v0.14.0-pre.13
[INFO] [stderr]    Compiling ed25519-dalek v2.2.0
[INFO] [stderr]    Compiling ppv-lite86 v0.2.21
[INFO] [stderr]    Compiling half v2.7.1
[INFO] [stderr]    Compiling cshake v0.2.1
[INFO] [stderr]    Compiling oxicrypto-mac v0.2.0
[INFO] [stderr]    Compiling oxicrypto-hash v0.2.0
[INFO] [stderr]    Compiling rand_chacha v0.10.0
[INFO] [stderr]    Compiling p521 v0.14.0-rc.12
[INFO] [stderr]    Compiling p384 v0.14.0-rc.12
[INFO] [stderr]    Compiling oxicrypto-rand v0.2.0
[INFO] [stderr]    Compiling oxicrypto-kdf v0.2.0
[INFO] [stderr]    Compiling p256 v0.14.0-rc.12
[INFO] [stderr]    Compiling oxicrypto-aead v0.2.0
[INFO] [stderr]    Compiling x448 v0.14.0-pre.10
[INFO] [stderr]    Compiling rsa v0.10.0-rc.18
[INFO] [stderr]    Compiling ciborium-ll v0.2.2
[INFO] [stderr]    Compiling k256 v0.14.0-rc.12
[INFO] [stderr]    Compiling ciborium v0.2.2
[INFO] [stderr]    Compiling oxicrypto-cipher v0.2.0
[INFO] [stderr]    Compiling tinytemplate v1.2.1
[INFO] [stderr]    Compiling criterion v0.8.2
[INFO] [stderr]    Compiling oxicrypto-sig v0.2.0
[INFO] [stderr]    Compiling oxicrypto-kex v0.2.0
[INFO] [stderr]    Compiling oxicrypto v0.2.0
[INFO] [stderr]    Compiling oxicrypto-bench v0.2.0 (/opt/rustwide/workdir)
[INFO] [stderr]     Finished `release` profile [optimized] target(s) in 2m 06s
[INFO] running `Command { std: "docker" "inspect" "682b76221054dc2e12d096338cfee535cdb3194bd7637a3969338edf90412f42", kill_on_drop: false }`
[INFO] running `Command { std: "docker" "exec" "-e" "SOURCE_DIR=/opt/rustwide/workdir" "-e" "CARGO_HOME=/opt/rustwide/cargo-home" "-e" "RUSTUP_HOME=/opt/rustwide/rustup-home" "-e" "CARGO_TARGET_DIR=/opt/rustwide/target" "-e" "CARGO_INCREMENTAL=0" "-e" "RUST_BACKTRACE=full" "-e" "RUSTFLAGS=--cap-lints=warn" "-e" "RUSTDOCFLAGS=--cap-lints=warn" "-w" "/opt/rustwide/workdir" "--user" "0:0" "682b76221054dc2e12d096338cfee535cdb3194bd7637a3969338edf90412f42" "/opt/rustwide/cargo-home/bin/cargo" "+1.99.0-beta.8" "test" "--frozen" "--no-run" "--message-format=json" "--release", kill_on_drop: false }`
[INFO] [stderr]    Compiling jobserver v0.1.34
[INFO] [stderr]    Compiling aws-lc-rs v1.17.0
[INFO] [stderr]    Compiling cc v1.2.65
[INFO] [stderr]    Compiling cmake v0.1.58
[INFO] [stderr]    Compiling blake3 v1.8.5
[INFO] [stderr]    Compiling alloca v0.4.0
[INFO] [stderr]    Compiling ring v0.17.14
[INFO] [stderr]    Compiling criterion v0.8.2
[INFO] [stderr]    Compiling aws-lc-sys v0.41.0
[INFO] [stderr]    Compiling oxicrypto-hash v0.2.0
[INFO] [stderr]    Compiling oxicrypto-mac v0.2.0
[INFO] [stderr]    Compiling oxicrypto v0.2.0
[INFO] [stderr]    Compiling oxicrypto-bench v0.2.0 (/opt/rustwide/workdir)
[INFO] [stderr]     Finished `release` profile [optimized] target(s) in 1m 32s
[INFO] running `Command { std: "docker" "inspect" "682b76221054dc2e12d096338cfee535cdb3194bd7637a3969338edf90412f42", kill_on_drop: false }`
[INFO] running `Command { std: "docker" "exec" "-e" "SOURCE_DIR=/opt/rustwide/workdir" "-e" "CARGO_HOME=/opt/rustwide/cargo-home" "-e" "RUSTUP_HOME=/opt/rustwide/rustup-home" "-e" "CARGO_TARGET_DIR=/opt/rustwide/target" "-e" "CARGO_INCREMENTAL=0" "-e" "RUST_BACKTRACE=full" "-e" "RUSTFLAGS=--cap-lints=warn" "-e" "RUSTDOCFLAGS=--cap-lints=warn" "-w" "/opt/rustwide/workdir" "--user" "0:0" "682b76221054dc2e12d096338cfee535cdb3194bd7637a3969338edf90412f42" "/opt/rustwide/cargo-home/bin/cargo" "+1.99.0-beta.8" "test" "--frozen" "--release", kill_on_drop: false }`
[INFO] [stderr]     Finished `release` profile [optimized] target(s) in 0.18s
[INFO] [stderr]      Running unittests src/lib.rs (/opt/rustwide/target/release/deps/oxicrypto_bench-ab9901773240e932)
[INFO] [stdout] 
[INFO] [stdout] running 0 tests
[INFO] [stdout] 
[INFO] [stdout] test result: ok. 0 passed; 0 failed; 0 ignored; 0 measured; 0 filtered out; finished in 0.00s
[INFO] [stdout] 
[INFO] [stderr]      Running tests/coverage.rs (/opt/rustwide/target/release/deps/coverage-116e9e3e63067c92)
[INFO] [stdout] 
[INFO] [stdout] running 6 tests
[INFO] [stdout] test check_hash_algo_coverage ... ok
[INFO] [stdout] test check_kdf_algo_coverage ... ok
[INFO] [stdout] test check_aead_algo_coverage ... ok
[INFO] [stdout] test check_mac_algo_coverage ... ok
[INFO] [stdout] test check_sig_algo_smoke ... ok
[INFO] [stdout] test check_kex_algo_coverage ... ok
[INFO] [stderr]      Running tests/ct_timing.rs (/opt/rustwide/target/release/deps/ct_timing-24e1a9c4e647482c)
[INFO] [stdout] 
[INFO] [stdout] test result: ok. 6 passed; 0 failed; 0 ignored; 0 measured; 0 filtered out; finished in 0.01s
[INFO] [stdout] 
[INFO] [stdout] 
[INFO] [stdout] running 5 tests
[INFO] [stdout] test ct_aead_aes256gcm_tag_position ... ok
[INFO] [stdout] test ct_aead_aes256gcm_correct_vs_bad_tag ... ok
[INFO] [stdout] test ct_hmac_sha256_verify ... ok
[INFO] [stdout] test ct_aead_chacha20_tag_position ... ok
[INFO] [stderr]      Running tests/purity.rs (/opt/rustwide/target/release/deps/purity-790e11dc93162dd5)
[INFO] [stdout] test ct_aead_chacha20poly1305_correct_vs_bad_tag ... ok
[INFO] [stdout] 
[INFO] [stdout] test result: ok. 5 passed; 0 failed; 0 ignored; 0 measured; 0 filtered out; finished in 0.26s
[INFO] [stdout] 
[INFO] [stdout] 
[INFO] [stdout] running 6 tests
[INFO] [stdout] test check_purity ... ok
[INFO] [stdout] test check_bench_sanity_chacha20 ... ok
[INFO] [stdout] test check_ring_aws_lc_not_in_production_deps ... FAILED
[INFO] [stdout] test check_bench_sanity_aead_seal_open ... ok
[INFO] [stdout] test check_bench_sanity_hash ... ok
[INFO] [stdout] test check_bench_sanity_mac ... ok
[INFO] [stdout] 
[INFO] [stdout] failures:
[INFO] [stdout] 
[INFO] [stdout] ---- check_ring_aws_lc_not_in_production_deps stdout ----
[INFO] [stdout] 
[INFO] [stdout] thread 'check_ring_aws_lc_not_in_production_deps' (3488) panicked at tests/purity.rs:54:5:
[INFO] [stdout] Purity test must run inside oxicrypto-bench; got manifest: /opt/rustwide/workdir
[INFO] [stdout] stack backtrace:
[INFO] [stdout]    0:     0x64faefd81cd1 - <<std[70759c8f55707aa4]::sys::backtrace::BacktraceLock>::print::DisplayBacktrace as core[df12db4294e9bfd3]::fmt::Display>::fmt
[INFO] [stdout]    1:     0x64faefd95eda - core[df12db4294e9bfd3]::fmt::write
[INFO] [stdout]    2:     0x64faefd8616c - <alloc[2182bb758b4b3781]::vec::Vec<u8> as core[df12db4294e9bfd3]::io::write::Write>::write_fmt
[INFO] [stdout]    3:     0x64faefd5e2c6 - std[70759c8f55707aa4]::panicking::default_hook::{closure#0}
[INFO] [stdout]    4:     0x64faefd7a439 - std[70759c8f55707aa4]::panicking::default_hook
[INFO] [stdout]    5:     0x64faefd08160 - test[9d35eded1c95d3be]::test_main_inner::<test[9d35eded1c95d3be]::test_main_static::{closure#0}>::{closure#0}
[INFO] [stdout]    6:     0x64faefd7a5f2 - std[70759c8f55707aa4]::panicking::panic_with_hook
[INFO] [stdout]    7:     0x64faefd5e372 - std[70759c8f55707aa4]::panicking::panic_handler::{closure#0}
[INFO] [stdout]    8:     0x64faefd570f9 - std[70759c8f55707aa4]::sys::backtrace::__rust_end_short_backtrace::<std[70759c8f55707aa4]::panicking::panic_handler::{closure#0}, !>
[INFO] [stdout]    9:     0x64faefd5ef6d - __rustc[8fa7c3cbc660c2b3]::rust_begin_unwind
[INFO] [stdout]   10:     0x64faefd9660c - core[df12db4294e9bfd3]::panicking::panic_fmt
[INFO] [stdout]   11:     0x64faefcfb3ec - <purity[30dad7b95c87d2a5]::check_ring_aws_lc_not_in_production_deps::{closure#0} as core[df12db4294e9bfd3]::ops::function::FnOnce<()>>::call_once
[INFO] [stdout]   12:     0x64faefcfb44b - test[9d35eded1c95d3be]::__rust_begin_short_backtrace::<core[df12db4294e9bfd3]::result::Result<(), alloc[2182bb758b4b3781]::string::String>, fn() -> core[df12db4294e9bfd3]::result::Result<(), alloc[2182bb758b4b3781]::string::String>>
[INFO] [stdout]   13:     0x64faefd08ab5 - test[9d35eded1c95d3be]::run_test::{closure#0}
[INFO] [stdout]   14:     0x64faefd02374 - std[70759c8f55707aa4]::sys::backtrace::__rust_begin_short_backtrace::<test[9d35eded1c95d3be]::run_test::{closure#1}, ()>
[INFO] [stdout]   15:     0x64faefd0bc12 - <std[70759c8f55707aa4]::thread::lifecycle::spawn_unchecked<test[9d35eded1c95d3be]::run_test::{closure#1}, ()>::{closure#1} as core[df12db4294e9bfd3]::ops::function::FnOnce<()>>::call_once::{shim:vtable#0}
[INFO] [stdout]   16:     0x64faefd815a9 - <std[70759c8f55707aa4]::sys::thread::unix::Thread>::new::thread_start
[INFO] [stdout]   17:     0x7b10adf32dfa - <unknown>
[INFO] [stdout]   18:     0x7b10adfc63d4 - clone
[INFO] [stdout]   19:                0x0 - <unknown>
[INFO] [stdout] 
[INFO] [stdout] 
[INFO] [stdout] failures:
[INFO] [stdout]     check_ring_aws_lc_not_in_production_deps
[INFO] [stdout] 
[INFO] [stdout] test result: FAILED. 5 passed; 1 failed; 0 ignored; 0 measured; 0 filtered out; finished in 0.00s
[INFO] [stdout] 
[INFO] [stderr] error: test failed, to rerun pass `--test purity`
[INFO] running `Command { std: "docker" "inspect" "682b76221054dc2e12d096338cfee535cdb3194bd7637a3969338edf90412f42", kill_on_drop: false }`
[INFO] running `Command { std: "docker" "rm" "-f" "682b76221054dc2e12d096338cfee535cdb3194bd7637a3969338edf90412f42", kill_on_drop: false }`
[INFO] [stdout] 682b76221054dc2e12d096338cfee535cdb3194bd7637a3969338edf90412f42
