[INFO] fetching crate oxibrowser 0.25.0...
[INFO] testing oxibrowser-0.25.0 against 1.99.0-beta.8+cargoflags=--release for beta-release-1.100-2
[INFO] extracting crate oxibrowser 0.25.0 into /workspace/builds/worker-0-tc1/source
[INFO] started tweaking crates.io crate oxibrowser 0.25.0
[INFO] removed 0 missing tests
[INFO] finished tweaking crates.io crate oxibrowser 0.25.0
[INFO] tweaked toml for crates.io crate oxibrowser 0.25.0 written to /workspace/builds/worker-0-tc1/source/Cargo.toml
[INFO] validating manifest of crates.io crate oxibrowser 0.25.0 on toolchain 1.99.0-beta.8
[INFO] running `Command { std: CARGO_HOME="/workspace/cargo-home" RUSTUP_HOME="/workspace/rustup-home" "/workspace/cargo-home/bin/cargo" "+1.99.0-beta.8" "metadata" "--manifest-path" "Cargo.toml" "--no-deps", kill_on_drop: false }`
[INFO] crate crates.io crate oxibrowser 0.25.0 already has a lockfile, it will not be regenerated
[INFO] running `Command { std: CARGO_HOME="/workspace/cargo-home" RUSTUP_HOME="/workspace/rustup-home" "/workspace/cargo-home/bin/cargo" "+1.99.0-beta.8" "fetch" "--manifest-path" "Cargo.toml", kill_on_drop: false }`
[INFO] [stderr]     Updating crates.io index
[INFO] [stderr]  Downloading crates ...
[INFO] [stderr]   Downloaded totp-rs v6.0.0
[INFO] [stderr]   Downloaded base32 v0.5.1
[INFO] [stderr]   Downloaded oxibrowser-credentials v0.25.0
[INFO] [stderr]   Downloaded intrusive-collections v0.9.7
[INFO] [stderr]   Downloaded unicode-canonical-combining-class v1.0.0
[INFO] [stderr]   Downloaded to_shmem v0.5.0
[INFO] [stderr]   Downloaded hyphenation_commons v0.8.4
[INFO] [stderr]   Downloaded stylo_atoms v0.19.0
[INFO] [stderr]   Downloaded tokio-btls v0.5.6
[INFO] [stderr]   Downloaded ordered-channel v1.2.0
[INFO] [stderr]   Downloaded parlance v0.1.0
[INFO] [stderr]   Downloaded blitz-traits v0.3.0-beta.1
[INFO] [stderr]   Downloaded ryu-js v1.0.2
[INFO] [stderr]   Downloaded stylo_static_prefs v0.19.0
[INFO] [stderr]   Downloaded pocket-resources v0.3.2
[INFO] [stderr]   Downloaded grid v1.0.1
[INFO] [stderr]   Downloaded azul-simplecss v0.2.0
[INFO] [stderr]   Downloaded gl-context-loader v0.1.10
[INFO] [stderr]   Downloaded peniko v0.6.1
[INFO] [stderr]   Downloaded parley_data v0.10.0
[INFO] [stderr]   Downloaded atomic_refcell v0.1.14
[INFO] [stderr]   Downloaded mmapio v0.9.1
[INFO] [stderr]   Downloaded debug_timer v0.1.3
[INFO] [stderr]   Downloaded anyrender_vello_cpu v0.14.0
[INFO] [stderr]   Downloaded boa_gc v0.20.0
[INFO] [stderr]   Downloaded boa_profiler v0.20.0
[INFO] [stderr]   Downloaded boa_macros v0.20.0
[INFO] [stderr]   Downloaded ecb v0.2.0
[INFO] [stderr]   Downloaded smallbitvec v2.6.1
[INFO] [stderr]   Downloaded stylo_malloc_size_of v0.19.0
[INFO] [stderr]   Downloaded app_units v0.7.8
[INFO] [stderr]   Downloaded stylo_dom v0.19.0
[INFO] [stderr]   Downloaded boa_interner v0.20.0
[INFO] [stderr]   Downloaded cssparser-macros v0.7.0
[INFO] [stderr]   Downloaded malloc_size_of_derive v0.1.3
[INFO] [stderr]   Downloaded windows-native-keyring-store v1.1.0
[INFO] [stderr]   Downloaded apple-native-keyring-store v1.0.2
[INFO] [stderr]   Downloaded wat v1.256.0
[INFO] [stderr]   Downloaded string-interner v0.19.0
[INFO] [stderr]   Downloaded oxibrowser-render v0.25.0
[INFO] [stderr]   Downloaded ravif v0.11.20
[INFO] [stderr]   Downloaded imgref v1.12.2
[INFO] [stderr]   Downloaded web_atoms v0.2.5
[INFO] [stderr]   Downloaded wreq-rt v0.2.2-rc.4
[INFO] [stderr]   Downloaded serde_html_form v0.4.0
[INFO] [stderr]   Downloaded stylo_traits v0.19.0
[INFO] [stderr]   Downloaded anyrender_svg v0.12.0
[INFO] [stderr]   Downloaded sptr v0.3.2
[INFO] [stderr]   Downloaded wasmi_collections v1.1.0
[INFO] [stderr]   Downloaded to_shmem_derive v0.1.0
[INFO] [stderr]   Downloaded stylo_derive v0.19.0
[INFO] [stderr]   Downloaded stylo_taffy v0.3.0-beta.1
[INFO] [stderr]   Downloaded guillotiere v0.7.0
[INFO] [stderr]   Downloaded keyring v4.2.0
[INFO] [stderr]   Downloaded zbus-secret-service-keyring-store v1.0.1
[INFO] [stderr]   Downloaded wreq-util v3.0.0-rc.13
[INFO] [stderr]   Downloaded wasmi_ir v1.1.0
[INFO] [stderr]   Downloaded fontique v0.10.0
[INFO] [stderr]   Downloaded keyboard-types v0.7.0
[INFO] [stderr]   Downloaded wuff v0.2.8
[INFO] [stderr]   Downloaded anyrender v0.11.1
[INFO] [stderr]   Downloaded blitz-html v0.3.0-beta.1
[INFO] [stderr]   Downloaded xml5ever v0.39.0
[INFO] [stderr]   Downloaded glifo v0.1.1
[INFO] [stderr]   Downloaded boa_string v0.20.0
[INFO] [stderr]   Downloaded keyring-core v1.0.0
[INFO] [stderr]   Downloaded secret-service v5.2.0
[INFO] [stderr]   Downloaded wasm-encoder v0.256.0
[INFO] [stderr]   Downloaded wasmi_core v1.1.0
[INFO] [stderr]   Downloaded glyph-names v0.2.0
[INFO] [stderr]   Downloaded rangemap v1.7.1
[INFO] [stderr]   Downloaded color v0.3.3
[INFO] [stderr]   Downloaded icu_locale v2.2.0
[INFO] [stderr]   Downloaded blitz-paint v0.3.0-beta.1
[INFO] [stderr]   Downloaded selectors v0.39.0
[INFO] [stderr]   Downloaded chacha20poly1305 v0.11.0
[INFO] [stderr]   Downloaded wreq-proto v0.2.5
[INFO] [stderr]   Downloaded boa_ast v0.20.0
[INFO] [stderr]   Downloaded psl v2.1.223
[INFO] [stderr]   Downloaded boa_parser v0.20.0
[INFO] [stderr]   Downloaded parley v0.10.0
[INFO] [stderr]   Downloaded icu_locale_data v2.2.0
[INFO] [stderr]   Downloaded vello_common v0.0.9
[INFO] [stderr]   Downloaded oxibrowser-cdp v0.25.0
[INFO] [stderr]   Downloaded taffy v0.10.1
[INFO] [stderr]   Downloaded vello_cpu v0.0.9
[INFO] [stderr]   Downloaded wast v256.0.0
[INFO] [stderr]   Downloaded regress v0.10.5
[INFO] [stderr]   Downloaded http2 v0.5.17
[INFO] [stderr]   Downloaded blitz-dom v0.3.0-beta.1
[INFO] [stderr]   Downloaded wreq v6.0.0-rc.29
[INFO] [stderr]   Downloaded boa_engine v0.20.0
[INFO] [stderr]   Downloaded btls v0.5.6
[INFO] [stderr]   Downloaded rust-fontconfig v4.4.11
[INFO] [stderr]   Downloaded lopdf v0.44.0
[INFO] [stderr]   Downloaded taffy v0.12.2
[INFO] [stderr]   Downloaded fearless_simd v0.4.1
[INFO] [stderr]   Downloaded wasmparser v0.256.0
[INFO] [stderr]   Downloaded wasmi v1.1.0
[INFO] [stderr]   Downloaded skrifa v0.42.1
[INFO] [stderr]   Downloaded harfrust v0.8.4
[INFO] [stderr]   Downloaded oxibrowser-core v0.25.0
[INFO] [stderr]   Downloaded allsorts-azul v0.17.2
[INFO] [stderr]   Downloaded read-fonts v0.39.2
[INFO] [stderr]   Downloaded azul-css v0.0.13
[INFO] [stderr]   Downloaded jpeg-decoder v0.3.2
[INFO] [stderr]   Downloaded azul-core v0.0.13
[INFO] [stderr]   Downloaded stylo v0.19.0
[INFO] [stderr]   Downloaded icu_segmenter v2.2.0
[INFO] [stderr]   Downloaded azul-layout v0.0.13
[INFO] [stderr]   Downloaded hyphenation v0.8.4
[INFO] [stderr]   Downloaded icu_segmenter_data v2.2.0
[INFO] [stderr]   Downloaded btls-sys v0.5.6
[INFO] [stderr]   Downloaded printpdf v0.12.5
[INFO] running `Command { std: "docker" "create" "-v" "/var/lib/crater-agent-workspace/builds/worker-0-tc1/source:/opt/rustwide/workdir:ro,Z" "-v" "/var/lib/crater-agent-workspace/builds/worker-0-tc1/target:/opt/rustwide/target:rw,Z" "-v" "/var/lib/crater-agent-workspace/cargo-home:/opt/rustwide/cargo-home:ro,Z" "-v" "/var/lib/crater-agent-workspace/rustup-home:/opt/rustwide/rustup-home:ro,Z" "-m" "1610612736" "--network" "none" "ghcr.io/rust-lang/crates-build-env/linux@sha256:77db811e55d90add9212f6832c23229e3de5f1c1f9905e8cb07319ea15df73ac" "sleep" "infinity", kill_on_drop: false }`
[INFO] [stdout] c652ba9ead5e52ac27126c624d1895f7b21ef5a006b0bbbc50da4a2b1577dbc1
[INFO] running `Command { std: "docker" "start" "c652ba9ead5e52ac27126c624d1895f7b21ef5a006b0bbbc50da4a2b1577dbc1", kill_on_drop: false }`
[INFO] running `Command { std: "docker" "inspect" "c652ba9ead5e52ac27126c624d1895f7b21ef5a006b0bbbc50da4a2b1577dbc1", kill_on_drop: false }`
[INFO] running `Command { std: "docker" "exec" "-e" "SOURCE_DIR=/opt/rustwide/workdir" "-e" "CARGO_HOME=/opt/rustwide/cargo-home" "-e" "RUSTUP_HOME=/opt/rustwide/rustup-home" "-e" "CARGO_TARGET_DIR=/opt/rustwide/target" "-w" "/opt/rustwide/workdir" "--user" "0:0" "c652ba9ead5e52ac27126c624d1895f7b21ef5a006b0bbbc50da4a2b1577dbc1" "/opt/rustwide/cargo-home/bin/cargo" "+1.99.0-beta.8" "metadata" "--no-deps" "--format-version=1", kill_on_drop: false }`
[INFO] running `Command { std: "docker" "inspect" "c652ba9ead5e52ac27126c624d1895f7b21ef5a006b0bbbc50da4a2b1577dbc1", kill_on_drop: false }`
[INFO] running `Command { std: "docker" "exec" "-e" "SOURCE_DIR=/opt/rustwide/workdir" "-e" "CARGO_HOME=/opt/rustwide/cargo-home" "-e" "RUSTUP_HOME=/opt/rustwide/rustup-home" "-e" "CARGO_TARGET_DIR=/opt/rustwide/target" "-e" "CARGO_INCREMENTAL=0" "-e" "RUST_BACKTRACE=full" "-e" "RUSTFLAGS=--cap-lints=warn" "-e" "RUSTDOCFLAGS=--cap-lints=warn" "-w" "/opt/rustwide/workdir" "--user" "0:0" "c652ba9ead5e52ac27126c624d1895f7b21ef5a006b0bbbc50da4a2b1577dbc1" "/opt/rustwide/cargo-home/bin/cargo" "+1.99.0-beta.8" "build" "--frozen" "--message-format=json" "--release", kill_on_drop: false }`
[INFO] [stderr]    Compiling displaydoc v0.2.6
[INFO] [stderr]    Compiling bytes v1.11.1
[INFO] [stderr]    Compiling cc v1.2.63
[INFO] [stderr]    Compiling memchr v2.8.1
[INFO] [stderr]    Compiling mio v1.2.1
[INFO] [stderr]    Compiling socket2 v0.6.4
[INFO] [stderr]    Compiling zerofrom v0.1.8
[INFO] [stderr]    Compiling parking_lot_core v0.9.12
[INFO] [stderr]    Compiling getrandom v0.2.17
[INFO] [stderr]    Compiling rustls-pki-types v1.14.1
[INFO] [stderr]    Compiling rustls v0.23.45
[INFO] [stderr]    Compiling tracing v0.1.44
[INFO] [stderr]    Compiling sync_wrapper v1.0.2
[INFO] [stderr]    Compiling serde_json v1.0.150
[INFO] [stderr]    Compiling ipnet v2.12.0
[INFO] [stderr]    Compiling log v0.4.32
[INFO] [stderr]    Compiling yoke v0.8.3
[INFO] [stderr]    Compiling serde v1.0.228
[INFO] [stderr]    Compiling bitflags v2.13.0
[INFO] [stderr]    Compiling anyhow v1.0.103
[INFO] [stderr]    Compiling clap_derive v4.6.1
[INFO] [stderr]    Compiling tracing-log v0.2.0
[INFO] [stderr]    Compiling zerovec v0.11.6
[INFO] [stderr]    Compiling webpki-roots v1.0.7
[INFO] [stderr]    Compiling parking_lot v0.12.5
[INFO] [stderr]    Compiling clap_builder v4.6.0
[INFO] [stderr]    Compiling tracing-subscriber v0.3.23
[INFO] [stderr]    Compiling zerotrie v0.2.4
[INFO] [stderr]    Compiling futures-util v0.3.32
[INFO] [stderr]    Compiling http v1.4.1
[INFO] [stderr]    Compiling tokio v1.52.3
[INFO] [stderr]    Compiling serde_urlencoded v0.7.1
[INFO] [stderr]    Compiling tinystr v0.8.3
[INFO] [stderr]    Compiling potential_utf v0.1.5
[INFO] [stderr]    Compiling icu_collections v2.2.0
[INFO] [stderr]    Compiling ring v0.17.14
[INFO] [stderr]    Compiling icu_locale_core v2.2.0
[INFO] [stderr]    Compiling http-body v1.0.1
[INFO] [stderr]    Compiling http-body-util v0.1.3
[INFO] [stderr]    Compiling icu_provider v2.2.0
[INFO] [stderr]    Compiling icu_normalizer v2.2.0
[INFO] [stderr]    Compiling icu_properties v2.2.0
[INFO] [stderr]    Compiling clap v4.6.1
[INFO] [stderr]    Compiling idna_adapter v1.2.2
[INFO] [stderr]    Compiling idna v1.1.0
[INFO] [stderr]    Compiling futures-executor v0.3.32
[INFO] [stderr]    Compiling url v2.5.8
[INFO] [stderr]    Compiling futures v0.3.32
[INFO] [stderr]    Compiling hyper v1.10.1
[INFO] [stderr]    Compiling tower v0.5.3
[INFO] [stderr]    Compiling tower-http v0.6.11
[INFO] [stderr]    Compiling hyper-util v0.1.20
[INFO] [stderr]    Compiling rustls-webpki v0.103.15
[INFO] [stderr]    Compiling tokio-rustls v0.26.4
[INFO] [stderr]    Compiling hyper-rustls v0.27.9
[INFO] [stderr]    Compiling reqwest v0.12.28
[INFO] [stderr]    Compiling oxibrowser v0.25.0 (/opt/rustwide/workdir)
[INFO] [stderr]     Finished `release` profile [optimized] target(s) in 1m 10s
[INFO] running `Command { std: "docker" "inspect" "c652ba9ead5e52ac27126c624d1895f7b21ef5a006b0bbbc50da4a2b1577dbc1", kill_on_drop: false }`
[INFO] running `Command { std: "docker" "exec" "-e" "SOURCE_DIR=/opt/rustwide/workdir" "-e" "CARGO_HOME=/opt/rustwide/cargo-home" "-e" "RUSTUP_HOME=/opt/rustwide/rustup-home" "-e" "CARGO_TARGET_DIR=/opt/rustwide/target" "-e" "CARGO_INCREMENTAL=0" "-e" "RUST_BACKTRACE=full" "-e" "RUSTFLAGS=--cap-lints=warn" "-e" "RUSTDOCFLAGS=--cap-lints=warn" "-w" "/opt/rustwide/workdir" "--user" "0:0" "c652ba9ead5e52ac27126c624d1895f7b21ef5a006b0bbbc50da4a2b1577dbc1" "/opt/rustwide/cargo-home/bin/cargo" "+1.99.0-beta.8" "test" "--frozen" "--no-run" "--message-format=json" "--release", kill_on_drop: false }`
[INFO] [stderr]    Compiling futures-util v0.3.32
[INFO] [stderr]    Compiling tokio-util v0.7.18
[INFO] [stderr]    Compiling zerocopy v0.8.50
[INFO] [stderr]    Compiling aho-corasick v1.1.4
[INFO] [stderr]    Compiling getrandom v0.3.4
[INFO] [stderr]    Compiling thiserror v2.0.18
[INFO] [stderr]    Compiling thiserror-impl v2.0.18
[INFO] [stderr]    Compiling sha1 v0.10.6
[INFO] [stderr]    Compiling num_cpus v1.17.0
[INFO] [stderr]    Compiling data-encoding v2.11.0
[INFO] [stderr]    Compiling deadpool-runtime v0.1.4
[INFO] [stderr]    Compiling assert-json-diff v2.0.2
[INFO] [stderr]    Compiling rand_core v0.9.5
[INFO] [stderr]    Compiling deadpool v0.12.3
[INFO] [stderr]    Compiling h2 v0.4.19
[INFO] [stderr]    Compiling regex-automata v0.4.14
[INFO] [stderr]    Compiling tower v0.5.3
[INFO] [stderr]    Compiling futures-executor v0.3.32
[INFO] [stderr]    Compiling futures v0.3.32
[INFO] [stderr]    Compiling tower-http v0.6.11
[INFO] [stderr]    Compiling hyper v1.10.1
[INFO] [stderr]    Compiling ppv-lite86 v0.2.21
[INFO] [stderr]    Compiling rand_chacha v0.9.0
[INFO] [stderr]    Compiling rand v0.9.4
[INFO] [stderr]    Compiling tungstenite v0.26.2
[INFO] [stderr]    Compiling matchers v0.2.0
[INFO] [stderr]    Compiling regex v1.12.3
[INFO] [stderr]    Compiling tracing-subscriber v0.3.23
[INFO] [stderr]    Compiling hyper-util v0.1.20
[INFO] [stderr]    Compiling tokio-tungstenite v0.26.2
[INFO] [stderr]    Compiling hyper-rustls v0.27.9
[INFO] [stderr]    Compiling wiremock v0.6.5
[INFO] [stderr]    Compiling reqwest v0.12.28
[INFO] [stderr]    Compiling oxibrowser v0.25.0 (/opt/rustwide/workdir)
[INFO] [stderr]     Finished `release` profile [optimized] target(s) in 53.39s
[INFO] running `Command { std: "docker" "inspect" "c652ba9ead5e52ac27126c624d1895f7b21ef5a006b0bbbc50da4a2b1577dbc1", kill_on_drop: false }`
[INFO] running `Command { std: "docker" "exec" "-e" "SOURCE_DIR=/opt/rustwide/workdir" "-e" "CARGO_HOME=/opt/rustwide/cargo-home" "-e" "RUSTUP_HOME=/opt/rustwide/rustup-home" "-e" "CARGO_TARGET_DIR=/opt/rustwide/target" "-e" "CARGO_INCREMENTAL=0" "-e" "RUST_BACKTRACE=full" "-e" "RUSTFLAGS=--cap-lints=warn" "-e" "RUSTDOCFLAGS=--cap-lints=warn" "-w" "/opt/rustwide/workdir" "--user" "0:0" "c652ba9ead5e52ac27126c624d1895f7b21ef5a006b0bbbc50da4a2b1577dbc1" "/opt/rustwide/cargo-home/bin/cargo" "+1.99.0-beta.8" "test" "--frozen" "--release", kill_on_drop: false }`
[INFO] [stderr]     Finished `release` profile [optimized] target(s) in 0.29s
[INFO] [stderr]      Running unittests src/lib.rs (/opt/rustwide/target/release/deps/oxibrowser-6910e2aaa3eb71b0)
[INFO] [stdout] 
[INFO] [stdout] running 31 tests
[INFO] [stdout] test search::bing::tests::test_captcha_detection ... ok
[INFO] [stdout] test search::bing::tests::test_extract_attr_value_double_quoted ... ok
[INFO] [stdout] test search::bing::tests::test_parse_bing_html_no_results ... ok
[INFO] [stdout] test search::bing::tests::test_extract_attr_value_single_quoted ... ok
[INFO] [stdout] test search::bing::tests::test_parse_bing_html_max_results ... ok
[INFO] [stdout] test search::ddg::tests::test_extract_between_not_found ... ok
[INFO] [stdout] test search::bing::tests::test_parse_bing_html_simple ... ok
[INFO] [stdout] test search::engine::tests::test_decode_html_entities_basic ... ok
[INFO] [stdout] test search::bing::tests::test_extract_attr_value_not_found ... ok
[INFO] [stdout] test search::ddg::tests::test_strip_html_tags_no_tags ... ok
[INFO] [stdout] test search::engine::tests::test_decode_html_entities_numeric ... ok
[INFO] [stdout] test search::ddg::tests::test_link_extraction_extra_attrs ... ok
[INFO] [stdout] test search::engine::tests::test_decode_html_entities_partial ... ok
[INFO] [stdout] test search::bing::tests::test_decode_bing_redirect_real_payload ... ok
[INFO] [stdout] test search::github::tests::test_parse_github_issues_no_labels ... ok
[INFO] [stdout] test search::ddg::tests::test_parse_ddg_instant_answer_empty ... ok
[INFO] [stdout] test search::github::tests::test_parse_github_repos_empty ... ok
[INFO] [stdout] test search::wiki::tests::test_wikipedia_parse_empty_response ... ok
[INFO] [stdout] test search::engine::tests::test_decode_html_entities_no_entity ... ok
[INFO] [stdout] test search::wiki::tests::test_wikipedia_parse_valid_response ... ok
[INFO] [stdout] test search::engine::tests::test_url_encode_simple ... ok
[INFO] [stdout] test search::engine::tests::test_url_encode_special ... ok
[INFO] [stdout] test search::ddg::tests::test_extract_between_found ... ok
[INFO] [stdout] test search::bing::tests::test_decode_bing_redirect_passthrough ... ok
[INFO] [stdout] test search::ddg::tests::test_parse_ddg_instant_answer_abstract_only ... ok
[INFO] [stdout] test search::github::tests::test_parse_github_issues_basic ... ok
[INFO] [stdout] test search::ddg::tests::test_link_extraction_simple ... ok
[INFO] [stdout] test search::ddg::tests::test_strip_html_tags_simple ... ok
[INFO] [stdout] test search::ddg::tests::test_strip_html_tags_mixed ... ok
[INFO] [stdout] test search::github::tests::test_parse_github_repos_basic ... ok
[INFO] [stdout] test search::wiki::tests::test_wikipedia_parse_malformed_rejected ... ok
[INFO] [stderr]      Running tests/account_cli.rs (/opt/rustwide/target/release/deps/account_cli-d42cb0dc2992f36f)
[INFO] [stdout] 
[INFO] [stdout] test result: ok. 31 passed; 0 failed; 0 ignored; 0 measured; 0 filtered out; finished in 0.02s
[INFO] [stdout] 
[INFO] [stdout] 
[INFO] [stdout] running 4 tests
[INFO] [stdout] test account_add_list_status_rm_round_trip ... FAILED
[INFO] [stdout] test account_validation_errors ... FAILED
[INFO] [stdout] test account_registry_directory_layout_and_audit ... FAILED
[INFO] [stdout] test account_id_derivation_and_conflicts ... FAILED
[INFO] [stdout] 
[INFO] [stdout] failures:
[INFO] [stdout] 
[INFO] [stdout] ---- account_add_list_status_rm_round_trip stdout ----
[INFO] [stdout] 
[INFO] [stdout] thread 'account_add_list_status_rm_round_trip' (2167) panicked at tests/account_cli.rs:21:10:
[INFO] [stdout] failed to run oxibrowser: Os { code: 2, kind: NotFound, message: "No such file or directory" }
[INFO] [stdout] stack backtrace:
[INFO] [stdout]    0:     0x608c9f9704e1 - <<std[70759c8f55707aa4]::sys::backtrace::BacktraceLock>::print::DisplayBacktrace as core[df12db4294e9bfd3]::fmt::Display>::fmt
[INFO] [stdout]    1:     0x608c9f98538a - core[df12db4294e9bfd3]::fmt::write
[INFO] [stdout]    2:     0x608c9f974bdc - <alloc[2182bb758b4b3781]::vec::Vec<u8> as core[df12db4294e9bfd3]::io::write::Write>::write_fmt
[INFO] [stdout]    3:     0x608c9f94b286 - std[70759c8f55707aa4]::panicking::default_hook::{closure#0}
[INFO] [stdout]    4:     0x608c9f968209 - std[70759c8f55707aa4]::panicking::default_hook
[INFO] [stdout]    5:     0x608c9f903140 - test[9d35eded1c95d3be]::test_main_inner::<test[9d35eded1c95d3be]::test_main_static::{closure#0}>::{closure#0}
[INFO] [stdout]    6:     0x608c9f9683c2 - std[70759c8f55707aa4]::panicking::panic_with_hook
[INFO] [stdout]    7:     0x608c9f94b332 - std[70759c8f55707aa4]::panicking::panic_handler::{closure#0}
[INFO] [stdout]    8:     0x608c9f943e09 - std[70759c8f55707aa4]::sys::backtrace::__rust_end_short_backtrace::<std[70759c8f55707aa4]::panicking::panic_handler::{closure#0}, !>
[INFO] [stdout]    9:     0x608c9f94bf2d - __rustc[8fa7c3cbc660c2b3]::rust_begin_unwind
[INFO] [stdout]   10:     0x608c9f985abc - core[df12db4294e9bfd3]::panicking::panic_fmt
[INFO] [stdout]   11:     0x608c9f985892 - core[df12db4294e9bfd3]::result::unwrap_failed
[INFO] [stdout]   12:     0x608c9f8ea505 - account_cli[5046f4c181e12524]::run
[INFO] [stdout]   13:     0x608c9f8ec0da - <account_cli[5046f4c181e12524]::account_add_list_status_rm_round_trip::{closure#0} as core[df12db4294e9bfd3]::ops::function::FnOnce<()>>::call_once
[INFO] [stdout]   14:     0x608c9f8f642b - test[9d35eded1c95d3be]::__rust_begin_short_backtrace::<core[df12db4294e9bfd3]::result::Result<(), alloc[2182bb758b4b3781]::string::String>, fn() -> core[df12db4294e9bfd3]::result::Result<(), alloc[2182bb758b4b3781]::string::String>>
[INFO] [stdout]   15:     0x608c9f903a95 - test[9d35eded1c95d3be]::run_test::{closure#0}
[INFO] [stdout]   16:     0x608c9f8fd354 - std[70759c8f55707aa4]::sys::backtrace::__rust_begin_short_backtrace::<test[9d35eded1c95d3be]::run_test::{closure#1}, ()>
[INFO] [stdout]   17:     0x608c9f906bf2 - <std[70759c8f55707aa4]::thread::lifecycle::spawn_unchecked<test[9d35eded1c95d3be]::run_test::{closure#1}, ()>::{closure#1} as core[df12db4294e9bfd3]::ops::function::FnOnce<()>>::call_once::{shim:vtable#0}
[INFO] [stdout]   18:     0x608c9f96fa49 - <std[70759c8f55707aa4]::sys::thread::unix::Thread>::new::thread_start
[INFO] [stdout]   19:     0x7aca4a0fddfa - <unknown>
[INFO] [stdout]   20:     0x7aca4a1913d4 - clone
[INFO] [stdout]   21:                0x0 - <unknown>
[INFO] [stdout] 
[INFO] [stdout] ---- account_validation_errors stdout ----
[INFO] [stdout] 
[INFO] [stdout] thread 'account_validation_errors' (2170) panicked at tests/account_cli.rs:21:10:
[INFO] [stdout] failed to run oxibrowser: Os { code: 2, kind: NotFound, message: "No such file or directory" }
[INFO] [stdout] stack backtrace:
[INFO] [stdout]    0:     0x608c9f9704e1 - <<std[70759c8f55707aa4]::sys::backtrace::BacktraceLock>::print::DisplayBacktrace as core[df12db4294e9bfd3]::fmt::Display>::fmt
[INFO] [stdout]    1:     0x608c9f98538a - core[df12db4294e9bfd3]::fmt::write
[INFO] [stdout]    2:     0x608c9f974bdc - <alloc[2182bb758b4b3781]::vec::Vec<u8> as core[df12db4294e9bfd3]::io::write::Write>::write_fmt
[INFO] [stdout]    3:     0x608c9f94b286 - std[70759c8f55707aa4]::panicking::default_hook::{closure#0}
[INFO] [stdout]    4:     0x608c9f968209 - std[70759c8f55707aa4]::panicking::default_hook
[INFO] [stdout]    5:     0x608c9f903140 - test[9d35eded1c95d3be]::test_main_inner::<test[9d35eded1c95d3be]::test_main_static::{closure#0}>::{closure#0}
[INFO] [stdout]    6:     0x608c9f9683c2 - std[70759c8f55707aa4]::panicking::panic_with_hook
[INFO] [stdout]    7:     0x608c9f94b332 - std[70759c8f55707aa4]::panicking::panic_handler::{closure#0}
[INFO] [stdout]    8:     0x608c9f943e09 - std[70759c8f55707aa4]::sys::backtrace::__rust_end_short_backtrace::<std[70759c8f55707aa4]::panicking::panic_handler::{closure#0}, !>
[INFO] [stdout]    9:     0x608c9f94bf2d - __rustc[8fa7c3cbc660c2b3]::rust_begin_unwind
[INFO] [stdout]   10:     0x608c9f985abc - core[df12db4294e9bfd3]::panicking::panic_fmt
[INFO] [stdout]   11:     0x608c9f985892 - core[df12db4294e9bfd3]::result::unwrap_failed
[INFO] [stdout]   12:     0x608c9f8ea505 - account_cli[5046f4c181e12524]::run
[INFO] [stdout]   13:     0x608c9f8eb0e1 - <account_cli[5046f4c181e12524]::account_validation_errors::{closure#0} as core[df12db4294e9bfd3]::ops::function::FnOnce<()>>::call_once
[INFO] [stdout]   14:     0x608c9f8f642b - test[9d35eded1c95d3be]::__rust_begin_short_backtrace::<core[df12db4294e9bfd3]::result::Result<(), alloc[2182bb758b4b3781]::string::String>, fn() -> core[df12db4294e9bfd3]::result::Result<(), alloc[2182bb758b4b3781]::string::String>>
[INFO] [stdout]   15:     0x608c9f903a95 - test[9d35eded1c95d3be]::run_test::{closure#0}
[INFO] [stdout]   16:     0x608c9f8fd354 - std[70759c8f55707aa4]::sys::backtrace::__rust_begin_short_backtrace::<test[9d35eded1c95d3be]::run_test::{closure#1}, ()>
[INFO] [stdout]   17:     0x608c9f906bf2 - <std[70759c8f55707aa4]::thread::lifecycle::spawn_unchecked<test[9d35eded1c95d3be]::run_test::{closure#1}, ()>::{closure#1} as core[df12db4294e9bfd3]::ops::function::FnOnce<()>>::call_once::{shim:vtable#0}
[INFO] [stdout]   18:     0x608c9f96fa49 - <std[70759c8f55707aa4]::sys::thread::unix::Thread>::new::thread_start
[INFO] [stdout]   19:     0x7aca4a0fddfa - <unknown>
[INFO] [stdout]   20:     0x7aca4a1913d4 - clone
[INFO] [stdout]   21:                0x0 - <unknown>
[INFO] [stdout] 
[INFO] [stdout] ---- account_registry_directory_layout_and_audit stdout ----
[INFO] [stdout] 
[INFO] [stdout] thread 'account_registry_directory_layout_and_audit' (2169) panicked at tests/account_cli.rs:21:10:
[INFO] [stdout] failed to run oxibrowser: Os { code: 2, kind: NotFound, message: "No such file or directory" }
[INFO] [stdout] stack backtrace:
[INFO] [stdout]    0:     0x608c9f9704e1 - <<std[70759c8f55707aa4]::sys::backtrace::BacktraceLock>::print::DisplayBacktrace as core[df12db4294e9bfd3]::fmt::Display>::fmt
[INFO] [stdout]    1:     0x608c9f98538a - core[df12db4294e9bfd3]::fmt::write
[INFO] [stdout]    2:     0x608c9f974bdc - <alloc[2182bb758b4b3781]::vec::Vec<u8> as core[df12db4294e9bfd3]::io::write::Write>::write_fmt
[INFO] [stdout]    3:     0x608c9f94b286 - std[70759c8f55707aa4]::panicking::default_hook::{closure#0}
[INFO] [stdout]    4:     0x608c9f968209 - std[70759c8f55707aa4]::panicking::default_hook
[INFO] [stdout]    5:     0x608c9f903140 - test[9d35eded1c95d3be]::test_main_inner::<test[9d35eded1c95d3be]::test_main_static::{closure#0}>::{closure#0}
[INFO] [stdout]    6:     0x608c9f9683c2 - std[70759c8f55707aa4]::panicking::panic_with_hook
[INFO] [stdout]    7:     0x608c9f94b332 - std[70759c8f55707aa4]::panicking::panic_handler::{closure#0}
[INFO] [stdout]    8:     0x608c9f943e09 - std[70759c8f55707aa4]::sys::backtrace::__rust_end_short_backtrace::<std[70759c8f55707aa4]::panicking::panic_handler::{closure#0}, !>
[INFO] [stdout]    9:     0x608c9f94bf2d - __rustc[8fa7c3cbc660c2b3]::rust_begin_unwind
[INFO] [stdout]   10:     0x608c9f985abc - core[df12db4294e9bfd3]::panicking::panic_fmt
[INFO] [stdout]   11:     0x608c9f985892 - core[df12db4294e9bfd3]::result::unwrap_failed
[INFO] [stdout]   12:     0x608c9f8ea505 - account_cli[5046f4c181e12524]::run
[INFO] [stdout]   13:     0x608c9f8ed05a - <account_cli[5046f4c181e12524]::account_registry_directory_layout_and_audit::{closure#0} as core[df12db4294e9bfd3]::ops::function::FnOnce<()>>::call_once
[INFO] [stdout]   14:     0x608c9f8f642b - test[9d35eded1c95d3be]::__rust_begin_short_backtrace::<core[df12db4294e9bfd3]::result::Result<(), alloc[2182bb758b4b3781]::string::String>, fn() -> core[df12db4294e9bfd3]::result::Result<(), alloc[2182bb758b4b3781]::string::String>>
[INFO] [stdout]   15:     0x608c9f903a95 - test[9d35eded1c95d3be]::run_test::{closure#0}
[INFO] [stdout]   16:     0x608c9f8fd354 - std[70759c8f55707aa4]::sys::backtrace::__rust_begin_short_backtrace::<test[9d35eded1c95d3be]::run_test::{closure#1}, ()>
[INFO] [stdout]   17:     0x608c9f906bf2 - <std[70759c8f55707aa4]::thread::lifecycle::spawn_unchecked<test[9d35eded1c95d3be]::run_test::{closure#1}, ()>::{closure#1} as core[df12db4294e9bfd3]::ops::function::FnOnce<()>>::call_once::{shim:vtable#0}
[INFO] [stdout]   18:     0x608c9f96fa49 - <std[70759c8f55707aa4]::sys::thread::unix::Thread>::new::thread_start
[INFO] [stdout]   19:     0x7aca4a0fddfa - <unknown>
[INFO] [stdout]   20:     0x7aca4a1913d4 - clone
[INFO] [stdout]   21:                0x0 - <unknown>
[INFO] [stdout] 
[INFO] [stdout] ---- account_id_derivation_and_conflicts stdout ----
[INFO] [stdout] 
[INFO] [stdout] thread 'account_id_derivation_and_conflicts' (2168) panicked at tests/account_cli.rs:21:10:
[INFO] [stdout] failed to run oxibrowser: Os { code: 2, kind: NotFound, message: "No such file or directory" }
[INFO] [stdout] stack backtrace:
[INFO] [stdout]    0:     0x608c9f9704e1 - <<std[70759c8f55707aa4]::sys::backtrace::BacktraceLock>::print::DisplayBacktrace as core[df12db4294e9bfd3]::fmt::Display>::fmt
[INFO] [stdout]    1:     0x608c9f98538a - core[df12db4294e9bfd3]::fmt::write
[INFO] [stdout]    2:     0x608c9f974bdc - <alloc[2182bb758b4b3781]::vec::Vec<u8> as core[df12db4294e9bfd3]::io::write::Write>::write_fmt
[INFO] [stdout]    3:     0x608c9f94b286 - std[70759c8f55707aa4]::panicking::default_hook::{closure#0}
[INFO] [stdout]    4:     0x608c9f968209 - std[70759c8f55707aa4]::panicking::default_hook
[INFO] [stdout]    5:     0x608c9f903140 - test[9d35eded1c95d3be]::test_main_inner::<test[9d35eded1c95d3be]::test_main_static::{closure#0}>::{closure#0}
[INFO] [stdout]    6:     0x608c9f9683c2 - std[70759c8f55707aa4]::panicking::panic_with_hook
[INFO] [stdout]    7:     0x608c9f94b332 - std[70759c8f55707aa4]::panicking::panic_handler::{closure#0}
[INFO] [stdout]    8:     0x608c9f943e09 - std[70759c8f55707aa4]::sys::backtrace::__rust_end_short_backtrace::<std[70759c8f55707aa4]::panicking::panic_handler::{closure#0}, !>
[INFO] [stdout]    9:     0x608c9f94bf2d - __rustc[8fa7c3cbc660c2b3]::rust_begin_unwind
[INFO] [stdout]   10:     0x608c9f985abc - core[df12db4294e9bfd3]::panicking::panic_fmt
[INFO] [stdout]   11:     0x608c9f985892 - core[df12db4294e9bfd3]::result::unwrap_failed
[INFO] [stdout]   12:     0x608c9f8ea505 - account_cli[5046f4c181e12524]::run
[INFO] [stdout]   13:     0x608c9f8ebbca - <account_cli[5046f4c181e12524]::account_id_derivation_and_conflicts::{closure#0} as core[df12db4294e9bfd3]::ops::function::FnOnce<()>>::call_once
[INFO] [stdout]   14:     0x608c9f8f642b - test[9d35eded1c95d3be]::__rust_begin_short_backtrace::<core[df12db4294e9bfd3]::result::Result<(), alloc[2182bb758b4b3781]::string::String>, fn() -> core[df12db4294e9bfd3]::result::Result<(), alloc[2182bb758b4b3781]::string::String>>
[INFO] [stdout]   15:     0x608c9f903a95 - test[9d35eded1c95d3be]::run_test::{closure#0}
[INFO] [stdout]   16:     0x608c9f8fd354 - std[70759c8f55707aa4]::sys::backtrace::__rust_begin_short_backtrace::<test[9d35eded1c95d3be]::run_test::{closure#1}, ()>
[INFO] [stdout]   17:     0x608c9f906bf2 - <std[70759c8f55707aa4]::thread::lifecycle::spawn_unchecked<test[9d35eded1c95d3be]::run_test::{closure#1}, ()>::{closure#1} as core[df12db4294e9bfd3]::ops::function::FnOnce<()>>::call_once::{shim:vtable#0}
[INFO] [stdout]   18:     0x608c9f96fa49 - <std[70759c8f55707aa4]::sys::thread::unix::Thread>::new::thread_start
[INFO] [stdout]   19:     0x7aca4a0fddfa - <unknown>
[INFO] [stdout]   20:     0x7aca4a1913d4 - clone
[INFO] [stdout]   21:                0x0 - <unknown>
[INFO] [stdout] 
[INFO] [stdout] 
[INFO] [stdout] failures:
[INFO] [stdout]     account_add_list_status_rm_round_trip
[INFO] [stdout]     account_id_derivation_and_conflicts
[INFO] [stdout]     account_registry_directory_layout_and_audit
[INFO] [stdout]     account_validation_errors
[INFO] [stdout] 
[INFO] [stdout] test result: FAILED. 0 passed; 4 failed; 0 ignored; 0 measured; 0 filtered out; finished in 0.01s
[INFO] [stdout] 
[INFO] [stderr] error: test failed, to rerun pass `--test account_cli`
[INFO] running `Command { std: "docker" "inspect" "c652ba9ead5e52ac27126c624d1895f7b21ef5a006b0bbbc50da4a2b1577dbc1", kill_on_drop: false }`
[INFO] running `Command { std: "docker" "rm" "-f" "c652ba9ead5e52ac27126c624d1895f7b21ef5a006b0bbbc50da4a2b1577dbc1", kill_on_drop: false }`
[INFO] [stdout] c652ba9ead5e52ac27126c624d1895f7b21ef5a006b0bbbc50da4a2b1577dbc1
