[INFO] fetching crate oxibrain-client 0.17.0...
[INFO] testing oxibrain-client-0.17.0 against 1.100.0-beta.1+cargoflags=--release for beta-release-1.100-2
[INFO] extracting crate oxibrain-client 0.17.0 into /workspace/builds/worker-6-tc2/source
[INFO] started tweaking crates.io crate oxibrain-client 0.17.0
[INFO] removed 0 missing tests
[INFO] finished tweaking crates.io crate oxibrain-client 0.17.0
[INFO] tweaked toml for crates.io crate oxibrain-client 0.17.0 written to /workspace/builds/worker-6-tc2/source/Cargo.toml
[INFO] validating manifest of crates.io crate oxibrain-client 0.17.0 on toolchain 1.100.0-beta.1
[INFO] running `Command { std: CARGO_HOME="/workspace/cargo-home" RUSTUP_HOME="/workspace/rustup-home" "/workspace/cargo-home/bin/cargo" "+1.100.0-beta.1" "metadata" "--manifest-path" "Cargo.toml" "--no-deps", kill_on_drop: false }`
[INFO] crate crates.io crate oxibrain-client 0.17.0 already has a lockfile, it will not be regenerated
[INFO] running `Command { std: CARGO_HOME="/workspace/cargo-home" RUSTUP_HOME="/workspace/rustup-home" "/workspace/cargo-home/bin/cargo" "+1.100.0-beta.1" "fetch" "--manifest-path" "Cargo.toml", kill_on_drop: false }`
[INFO] running `Command { std: "docker" "create" "-v" "/var/lib/crater-agent-workspace/builds/worker-6-tc2/source:/opt/rustwide/workdir:ro,Z" "-v" "/var/lib/crater-agent-workspace/builds/worker-6-tc2/target:/opt/rustwide/target:rw,Z" "-v" "/var/lib/crater-agent-workspace/cargo-home:/opt/rustwide/cargo-home:ro,Z" "-v" "/var/lib/crater-agent-workspace/rustup-home:/opt/rustwide/rustup-home:ro,Z" "-m" "1610612736" "--network" "none" "ghcr.io/rust-lang/crates-build-env/linux@sha256:77db811e55d90add9212f6832c23229e3de5f1c1f9905e8cb07319ea15df73ac" "sleep" "infinity", kill_on_drop: false }`
[INFO] [stdout] 439a64a2a4484ebae29c750b12a0de2abac360b6c4110a779a0d7ff779490ad3
[INFO] running `Command { std: "docker" "start" "439a64a2a4484ebae29c750b12a0de2abac360b6c4110a779a0d7ff779490ad3", kill_on_drop: false }`
[INFO] running `Command { std: "docker" "inspect" "439a64a2a4484ebae29c750b12a0de2abac360b6c4110a779a0d7ff779490ad3", kill_on_drop: false }`
[INFO] running `Command { std: "docker" "exec" "-e" "SOURCE_DIR=/opt/rustwide/workdir" "-e" "CARGO_HOME=/opt/rustwide/cargo-home" "-e" "RUSTUP_HOME=/opt/rustwide/rustup-home" "-e" "CARGO_TARGET_DIR=/opt/rustwide/target" "-w" "/opt/rustwide/workdir" "--user" "0:0" "439a64a2a4484ebae29c750b12a0de2abac360b6c4110a779a0d7ff779490ad3" "/opt/rustwide/cargo-home/bin/cargo" "+1.100.0-beta.1" "metadata" "--no-deps" "--format-version=1", kill_on_drop: false }`
[INFO] running `Command { std: "docker" "inspect" "439a64a2a4484ebae29c750b12a0de2abac360b6c4110a779a0d7ff779490ad3", kill_on_drop: false }`
[INFO] running `Command { std: "docker" "exec" "-e" "SOURCE_DIR=/opt/rustwide/workdir" "-e" "CARGO_HOME=/opt/rustwide/cargo-home" "-e" "RUSTUP_HOME=/opt/rustwide/rustup-home" "-e" "CARGO_TARGET_DIR=/opt/rustwide/target" "-e" "CARGO_INCREMENTAL=0" "-e" "RUST_BACKTRACE=full" "-e" "RUSTFLAGS=--cap-lints=warn" "-e" "RUSTDOCFLAGS=--cap-lints=warn" "-w" "/opt/rustwide/workdir" "--user" "0:0" "439a64a2a4484ebae29c750b12a0de2abac360b6c4110a779a0d7ff779490ad3" "/opt/rustwide/cargo-home/bin/cargo" "+1.100.0-beta.1" "build" "--frozen" "--message-format=json" "--release", kill_on_drop: false }`
[INFO] [stderr]    Compiling syn v3.0.3
[INFO] [stderr]    Compiling syn v2.0.119
[INFO] [stderr]    Compiling thiserror-impl v1.0.69
[INFO] [stderr]    Compiling thiserror v1.0.69
[INFO] [stderr]    Compiling serde_derive v1.0.229
[INFO] [stderr]    Compiling tokio-macros v2.7.2
[INFO] [stderr]    Compiling tokio v1.53.1
[INFO] [stderr]    Compiling serde v1.0.229
[INFO] [stderr]    Compiling oxibrain-client v0.17.0 (/opt/rustwide/workdir)
[INFO] [stderr] warning: unused dependency `thiserror`
[INFO] [stderr]   --> Cargo.toml:11:15
[INFO] [stderr]    |
[INFO] [stderr] 11 | [dependencies.thiserror]
[INFO] [stderr]    |               ^^^^^^^^^^
[INFO] [stderr]    |
[INFO] [stderr]    = note: `cargo::unused_dependencies` is set to `warn` by default
[INFO] [stderr] help: consider removing the dependency on `thiserror`
[INFO] [stderr] warning: `oxibrain-client` (manifest) generated 1 warning
[INFO] [stderr]     Finished `release` profile [optimized] target(s) in 27.76s
[INFO] running `Command { std: "docker" "inspect" "439a64a2a4484ebae29c750b12a0de2abac360b6c4110a779a0d7ff779490ad3", kill_on_drop: false }`
[INFO] running `Command { std: "docker" "exec" "-e" "SOURCE_DIR=/opt/rustwide/workdir" "-e" "CARGO_HOME=/opt/rustwide/cargo-home" "-e" "RUSTUP_HOME=/opt/rustwide/rustup-home" "-e" "CARGO_TARGET_DIR=/opt/rustwide/target" "-e" "CARGO_INCREMENTAL=0" "-e" "RUST_BACKTRACE=full" "-e" "RUSTFLAGS=--cap-lints=warn" "-e" "RUSTDOCFLAGS=--cap-lints=warn" "-w" "/opt/rustwide/workdir" "--user" "0:0" "439a64a2a4484ebae29c750b12a0de2abac360b6c4110a779a0d7ff779490ad3" "/opt/rustwide/cargo-home/bin/cargo" "+1.100.0-beta.1" "test" "--frozen" "--no-run" "--message-format=json" "--release", kill_on_drop: false }`
[INFO] [stderr]    Compiling smallvec v1.15.2
[INFO] [stderr]    Compiling regex-automata v0.4.18
[INFO] [stderr]    Compiling gix-trace v0.1.21
[INFO] [stderr]    Compiling syn v3.0.3
[INFO] [stderr]    Compiling crc32fast v1.5.1
[INFO] [stderr]    Compiling bytesize v2.7.0
[INFO] [stderr]    Compiling human_format v1.1.0
[INFO] [stderr]    Compiling crossbeam-channel v0.5.16
[INFO] [stderr]    Compiling zlib-rs v0.6.7
[INFO] [stderr]    Compiling parking_lot_core v0.9.12
[INFO] [stderr]    Compiling parking_lot v0.12.5
[INFO] [stderr]    Compiling hashbrown v0.17.1
[INFO] [stderr]    Compiling faster-hex v0.10.0
[INFO] [stderr]    Compiling prodash v31.0.0
[INFO] [stderr]    Compiling sha1 v0.10.7
[INFO] [stderr]    Compiling jiff-core v0.1.0
[INFO] [stderr]    Compiling sha1-checked v0.10.0
[INFO] [stderr]    Compiling rustix v1.1.4
[INFO] [stderr]    Compiling find-msvc-tools v0.1.10
[INFO] [stderr]    Compiling cc v1.4.2
[INFO] [stderr]    Compiling ahash v0.8.12
[INFO] [stderr]    Compiling jiff v0.2.35
[INFO] [stderr]    Compiling hashbrown v0.14.5
[INFO] [stderr]    Compiling nonempty v0.12.0
[INFO] [stderr]    Compiling bstr v1.13.1
[INFO] [stderr]    Compiling signal-hook v0.4.4
[INFO] [stderr]    Compiling unicode-bom v2.0.3
[INFO] [stderr]    Compiling dashmap v6.2.1
[INFO] [stderr]    Compiling syn v2.0.119
[INFO] [stderr]    Compiling gix-validate v0.11.4
[INFO] [stderr]    Compiling gix-utils v0.3.6
[INFO] [stderr]    Compiling gix-error v0.2.5
[INFO] [stderr]    Compiling thiserror-impl v2.0.20
[INFO] [stderr]    Compiling gix-chunk v0.7.3
[INFO] [stderr]    Compiling gix-quote v0.7.2
[INFO] [stderr]    Compiling tempfile v3.27.0
[INFO] [stderr]    Compiling kstring v2.0.2
[INFO] [stderr]    Compiling shell-words v1.1.1
[INFO] [stderr]    Compiling mio v1.2.2
[INFO] [stderr]    Compiling serde_derive v1.0.229
[INFO] [stderr]    Compiling thiserror v2.0.20
[INFO] [stderr]    Compiling gix-path v0.12.5
[INFO] [stderr]    Compiling gix-date v0.15.6
[INFO] [stderr]    Compiling hashbrown v0.16.1
[INFO] [stderr]    Compiling gix-features v0.48.1
[INFO] [stderr]    Compiling gix-hash v0.25.1
[INFO] [stderr]    Compiling gix-actor v0.41.2
[INFO] [stderr]    Compiling gix-hashtable v0.15.2
[INFO] [stderr]    Compiling gix-object v0.60.0
[INFO] [stderr]    Compiling gix-fs v0.21.2
[INFO] [stderr]    Compiling gix-commitgraph v0.37.1
[INFO] [stderr]    Compiling gix-glob v0.26.1
[INFO] [stderr]    Compiling gix-tempfile v23.0.2
[INFO] [stderr]    Compiling gix-revwalk v0.31.0
[INFO] [stderr]    Compiling gix-lock v23.0.1
[INFO] [stderr]    Compiling gix-attributes v0.33.2
[INFO] [stderr]    Compiling gix-command v0.9.2
[INFO] [stderr]    Compiling serde v1.0.229
[INFO] [stderr]    Compiling gix-traverse v0.57.0
[INFO] [stderr]    Compiling gix-config-value v0.18.1
[INFO] [stderr]    Compiling gix-packetline v0.21.5
[INFO] [stderr]    Compiling tokio-macros v2.7.2
[INFO] [stderr]    Compiling gix-sec v0.14.2
[INFO] [stderr]    Compiling filetime v0.2.29
[INFO] [stderr]    Compiling tokio v1.53.1
[INFO] [stderr]    Compiling gix-bitmap v0.3.3
[INFO] [stderr]    Compiling gix-filter v0.30.0
[INFO] [stderr]    Compiling gix-index v0.51.0
[INFO] [stderr]    Compiling gix-ref v0.63.0
[INFO] [stderr]    Compiling gix-ignore v0.21.1
[INFO] [stderr]    Compiling ring v0.17.14
[INFO] [stderr]    Compiling unicode-joining-type v1.0.0
[INFO] [stderr]    Compiling gix-worktree v0.52.0
[INFO] [stderr]    Compiling gix-pathspec v0.18.1
[INFO] [stderr]    Compiling rustls-pki-types v1.15.1
[INFO] [stderr]    Compiling thiserror-impl v1.0.69
[INFO] [stderr]    Compiling tracing-attributes v0.1.31
[INFO] [stderr]    Compiling gix-url v0.36.2
[INFO] [stderr]    Compiling getrandom v0.2.17
[INFO] [stderr]    Compiling futures-task v0.3.34
[INFO] [stderr]    Compiling slab v0.4.12
[INFO] [stderr]    Compiling libsqlite3-sys v0.30.1
[INFO] [stderr]    Compiling tracing v0.1.44
[INFO] [stderr]    Compiling futures-util v0.3.34
[INFO] [stderr]    Compiling thiserror v1.0.69
[INFO] [stderr]    Compiling idna_mapping v1.1.0
[INFO] [stderr]    Compiling gix-imara-diff v0.2.5
[INFO] [stderr]    Compiling blake3 v1.8.6
[INFO] [stderr]    Compiling unicode-bidi v0.3.18
[INFO] [stderr]    Compiling rustls v0.23.45
[INFO] [stderr]    Compiling gix-diff v0.63.0
[INFO] [stderr]    Compiling idna_adapter v1.1.0
[INFO] [stderr]    Compiling gix-discover v0.51.0
[INFO] [stderr]    Compiling uluru v3.1.0
[INFO] [stderr]    Compiling futures-channel v0.3.34
[INFO] [stderr]    Compiling gix-revision v0.45.0
[INFO] [stderr]    Compiling clru v0.6.3
[INFO] [stderr]    Compiling async-trait v0.1.92
[INFO] [stderr]    Compiling constant_time_eq v0.4.2
[INFO] [stderr]    Compiling hyper v1.11.0
[INFO] [stderr]    Compiling oxibrain-ports v0.17.0
[INFO] [stderr]    Compiling gix-refspec v0.41.0
[INFO] [stderr]    Compiling idna v1.1.0
[INFO] [stderr]    Compiling gix-pack v0.70.0
[INFO] [stderr]    Compiling gix-dir v0.25.0
[INFO] [stderr]    Compiling inotify-sys v0.1.8
[INFO] [stderr]    Compiling gix-transport v0.57.2
[INFO] [stderr]    Compiling gix-config v0.56.0
[INFO] [stderr]    Compiling gix-worktree-stream v0.32.0
[INFO] [stderr]    Compiling oxibrain-index v0.17.0
[INFO] [stderr]    Compiling toml_datetime v0.6.11
[INFO] [stderr]    Compiling serde_spanned v0.6.9
[INFO] [stderr]    Compiling gix-prompt v0.15.1
[INFO] [stderr]    Compiling rustls-webpki v0.103.15
[INFO] [stderr]    Compiling maybe-async v0.2.11
[INFO] [stderr]    Compiling gix-shallow v0.12.1
[INFO] [stderr]    Compiling indexmap v2.14.0
[INFO] [stderr]    Compiling hashlink v0.9.1
[INFO] [stderr]    Compiling sqlite-vec v0.1.9
[INFO] [stderr]    Compiling io-close v0.3.7
[INFO] [stderr]    Compiling instant v0.1.13
[INFO] [stderr]    Compiling ipnet v2.12.1
[INFO] [stderr]    Compiling toml_write v0.1.2
[INFO] [stderr]    Compiling winnow v0.7.15
[INFO] [stderr]    Compiling getrandom v0.3.4
[INFO] [stderr]    Compiling oxibrain-core v0.17.0
[INFO] [stderr]    Compiling hyper-util v0.1.20
[INFO] [stderr]    Compiling inotify v0.10.2
[INFO] [stderr]    Compiling tower v0.5.3
[INFO] [stderr]    Compiling notify-types v1.0.1
[INFO] [stderr]    Compiling gix-worktree-state v0.30.0
[INFO] [stderr]    Compiling gix-protocol v0.61.0
[INFO] [stderr]    Compiling gix-credentials v0.38.2
[INFO] [stderr]    Compiling toml_edit v0.22.27
[INFO] [stderr]    Compiling gix-submodule v0.30.0
[INFO] [stderr]    Compiling tokio-rustls v0.26.4
[INFO] [stderr]    Compiling gix-archive v0.32.0
[INFO] [stderr]    Compiling gix-odb v0.80.0
[INFO] [stderr]    Compiling gix-status v0.30.0
[INFO] [stderr]    Compiling url v2.5.8
[INFO] [stderr]    Compiling gix-blame v0.13.0
[INFO] [stderr]    Compiling webpki-roots v1.0.9
[INFO] [stderr]    Compiling gix-negotiate v0.31.0
[INFO] [stderr]    Compiling gix-mailmap v0.33.2
[INFO] [stderr]    Compiling regex v1.13.1
[INFO] [stderr]    Compiling hashlink v0.12.2
[INFO] [stderr]    Compiling serde_urlencoded v0.7.1
[INFO] [stderr]    Compiling yaml-rust2 v0.13.0
[INFO] [stderr]    Compiling tokio-util v0.7.19
[INFO] [stderr]    Compiling gix v0.83.0
[INFO] [stderr]    Compiling hyper-rustls v0.27.9
[INFO] [stderr]    Compiling tower-http v0.6.11
[INFO] [stderr]    Compiling toml v0.8.23
[INFO] [stderr]    Compiling notify v7.0.0
[INFO] [stderr]    Compiling http-body-util v0.1.4
[INFO] [stderr]    Compiling fs2 v0.4.3
[INFO] [stderr]    Compiling reqwest v0.12.28
[INFO] [stderr]    Compiling tokio-stream v0.1.19
[INFO] [stderr]    Compiling oxibrain-views v0.17.0
[INFO] [stderr]    Compiling oxibrain-client v0.17.0 (/opt/rustwide/workdir)
[INFO] [stderr]    Compiling rusqlite v0.32.1
[INFO] [stderr]    Compiling oxibrain-store v0.17.0
[INFO] [stderr]    Compiling oxibrain-connectors v0.17.0
[INFO] [stderr]    Compiling oxibrain v0.17.0
[INFO] [stderr] warning: unused dependency `thiserror`
[INFO] [stderr]   --> Cargo.toml:11:15
[INFO] [stderr]    |
[INFO] [stderr] 11 | [dependencies.thiserror]
[INFO] [stderr]    |               ^^^^^^^^^^
[INFO] [stderr]    |
[INFO] [stderr]    = note: `cargo::unused_dependencies` is set to `warn` by default
[INFO] [stderr] help: consider removing the dependency on `thiserror`
[INFO] [stderr] warning: `oxibrain-client` (manifest) generated 1 warning
[INFO] [stderr]     Finished `release` profile [optimized] target(s) in 8m 46s
[INFO] running `Command { std: "docker" "inspect" "439a64a2a4484ebae29c750b12a0de2abac360b6c4110a779a0d7ff779490ad3", kill_on_drop: false }`
[INFO] running `Command { std: "docker" "exec" "-e" "SOURCE_DIR=/opt/rustwide/workdir" "-e" "CARGO_HOME=/opt/rustwide/cargo-home" "-e" "RUSTUP_HOME=/opt/rustwide/rustup-home" "-e" "CARGO_TARGET_DIR=/opt/rustwide/target" "-e" "CARGO_INCREMENTAL=0" "-e" "RUST_BACKTRACE=full" "-e" "RUSTFLAGS=--cap-lints=warn" "-e" "RUSTDOCFLAGS=--cap-lints=warn" "-w" "/opt/rustwide/workdir" "--user" "0:0" "439a64a2a4484ebae29c750b12a0de2abac360b6c4110a779a0d7ff779490ad3" "/opt/rustwide/cargo-home/bin/cargo" "+1.100.0-beta.1" "test" "--frozen" "--release", kill_on_drop: false }`
[INFO] [stderr] warning: unused dependency `thiserror`
[INFO] [stderr]   --> Cargo.toml:11:15
[INFO] [stderr]    |
[INFO] [stderr] 11 | [dependencies.thiserror]
[INFO] [stderr]    |               ^^^^^^^^^^
[INFO] [stderr]    |
[INFO] [stderr]    = note: `cargo::unused_dependencies` is set to `warn` by default
[INFO] [stderr] help: consider removing the dependency on `thiserror`
[INFO] [stderr] warning: `oxibrain-client` (manifest) generated 1 warning
[INFO] [stderr]     Finished `release` profile [optimized] target(s) in 0.53s
[INFO] [stderr]      Running unittests src/lib.rs (/opt/rustwide/target/release/build/oxibrain-client/3c8909131a6b0e8a/out/oxibrain_client-3c8909131a6b0e8a)
[INFO] [stdout] 
[INFO] [stdout] running 20 tests
[INFO] [stdout] test foundation_package::tests::preserves_unknown_requirement ... ok
[INFO] [stdout] test foundation_package::tests::rejects_bad_digest_prefix ... ok
[INFO] [stdout] test foundation_package::tests::rejects_unsupported_schema_version_before_any_parse ... ok
[INFO] [stdout] test foundation_package::tests::rejects_uppercase_hex_in_digest ... ok
[INFO] [stdout] test foundation_package::tests::target_exclusion_works ... ok
[INFO] [stdout] test foundation_package::tests::parses_minimal_lock ... ok
[INFO] [stdout] test foundation_package::tests::trust_state_predicates ... ok
[INFO] [stdout] test foundation_package::tests::load_returns_none_when_file_missing ... ok
[INFO] [stdout] test protocol::tests::default_client_hello_uses_current_protocol ... ok
[INFO] [stdout] test foundation_package::tests::load_does_not_mutate_lockfile_on_disk ... ok
[INFO] [stdout] test protocol::tests::handshake_error_renders_supported_range ... ok
[INFO] [stdout] test foundation_package::tests::helper_does_not_open_socket ... ok
[INFO] [stdout] test protocol::tests::parse_handshake_error_recovers_typed_data ... ok
[INFO] [stdout] test protocol::tests::client_hello_round_trips_through_json ... ok
[INFO] [stdout] test protocol::tests::server_info_accepts_versions_in_range ... ok
[INFO] [stdout] test tests::extract_text_fails_without_content ... ok
[INFO] [stdout] test foundation_package::tests::rejects_unknown_trust_state ... ok
[INFO] [stdout] test tests::extract_text_parses_mcp_result ... ok
[INFO] [stdout] test tests::search_response_dto_parses_facade_envelope ... ok
[INFO] [stderr]      Running tests/degradation.rs (/opt/rustwide/target/release/build/oxibrain-client/16dc88fb588bc0a7/out/degradation-16dc88fb588bc0a7)
[INFO] [stdout] test tests::spawn_local_missing_executable_fails_fast ... ok
[INFO] [stdout] 
[INFO] [stdout] test result: ok. 20 passed; 0 failed; 0 ignored; 0 measured; 0 filtered out; finished in 0.01s
[INFO] [stdout] 
[INFO] [stdout] 
[INFO] [stdout] running 2 tests
[INFO] [stdout] test spawn_local_with_token_missing_executable_fails_fast ... ok
[INFO] [stdout] test spawn_local_missing_executable_fails_fast ... ok
[INFO] [stdout] 
[INFO] [stdout] test result: ok. 2 passed; 0 failed; 0 ignored; 0 measured; 0 filtered out; finished in 0.01s
[INFO] [stdout] 
[INFO] [stderr]      Running tests/foundation_packages.rs (/opt/rustwide/target/release/build/oxibrain-client/eca4123b5eeaaff7/out/foundation_packages-eca4123b5eeaaff7)
[INFO] [stdout] 
[INFO] [stdout] running 22 tests
[INFO] [stdout] test digest_with_uppercase_hex_is_rejected ... ok
[INFO] [stdout] test foundation_home_returns_a_v1_path ... ok
[INFO] [stdout] test cross_host_fixture_corpus_packages_match_outcome_table ... FAILED
[INFO] [stdout] test digest_mismatch_with_wrong_prefix_is_rejected ... ok
[INFO] [stdout] test helper_module_exports_only_read_only_signatures ... ok
[INFO] [stdout] test helper_does_not_bypass_or_widen_a_read_only_scope ... ok
[INFO] [stdout] test load_does_not_modify_lockfile_on_disk ... ok
[INFO] [stdout] test manifest_and_lock_with_matching_digest_succeed ... ok
[INFO] [stdout] test manifest_load_does_not_modify_manifest_on_disk ... ok
[INFO] [stdout] test manifest_and_lock_with_different_digests_hard_error ... ok
[INFO] [stdout] test digest_with_too_few_hex_chars_is_rejected ... ok
[INFO] [stdout] test manifest_and_lock_with_different_names_hard_error ... ok
[INFO] [stdout] test manifest_path_lives_under_manifests_subdir ... ok
[INFO] [stdout] test manifest_parses_persona_and_payload_locations ... ok
[INFO] [stdout] test manifest_rejects_bad_digest ... ok
[INFO] [stdout] test manifest_preserves_unknown_requirement ... ok
[INFO] [stdout] test unknown_abstract_requirement_is_preserved_not_silently_dropped ... ok
[INFO] [stdout] test unknown_trust_state_is_rejected ... ok
[INFO] [stdout] test valid_sha256_lowercase_hex_is_accepted ... ok
[INFO] [stderr] error: test failed, to rerun pass `--test foundation_packages`
[INFO] [stdout] test unknown_schema_version_rejected_before_any_package_parse ... ok
[INFO] [stdout] test manifest_rejects_unknown_payload_kind ... ok
[INFO] [stdout] test target_exclusion_is_invisible_to_other_targets ... ok
[INFO] [stdout] 
[INFO] [stdout] failures:
[INFO] [stdout] 
[INFO] [stdout] ---- cross_host_fixture_corpus_packages_match_outcome_table stdout ----
[INFO] [stdout] 
[INFO] [stdout] thread 'cross_host_fixture_corpus_packages_match_outcome_table' (3506) panicked at tests/foundation_packages.rs:724:5:
[INFO] [stdout] cross-host corpus missing: /opt/rustwide/workdir/../../tests/fixtures/oxi-foundation/v1/packages
[INFO] [stdout] stack backtrace:
[INFO] [stdout]    0:     0x56e2d1c0dfa1 - <<std[617be2ca0a6fd877]::sys::backtrace::BacktraceLock>::print::DisplayBacktrace as core[a373ad73a504971]::fmt::Display>::fmt
[INFO] [stdout]    1:     0x56e2d1c22bea - core[a373ad73a504971]::fmt::write
[INFO] [stdout]    2:     0x56e2d1c1243c - <alloc[2e1b2a31b91974c5]::vec::Vec<u8> as core[a373ad73a504971]::io::write::Write>::write_fmt
[INFO] [stdout]    3:     0x56e2d1be85d6 - std[617be2ca0a6fd877]::panicking::default_hook::{closure#0}
[INFO] [stdout]    4:     0x56e2d1c056c9 - std[617be2ca0a6fd877]::panicking::default_hook
[INFO] [stdout]    5:     0x56e2d1b8f1a0 - test[aada8e7e76ba119b]::test_main_inner::{closure#0}
[INFO] [stdout]    6:     0x56e2d1c05882 - std[617be2ca0a6fd877]::panicking::panic_with_hook
[INFO] [stdout]    7:     0x56e2d1be8682 - std[617be2ca0a6fd877]::panicking::panic_handler::{closure#0}
[INFO] [stdout]    8:     0x56e2d1be10e9 - std[617be2ca0a6fd877]::sys::backtrace::__rust_end_short_backtrace::<std[617be2ca0a6fd877]::panicking::panic_handler::{closure#0}, !>
[INFO] [stdout]    9:     0x56e2d1be928d - __rustc[ea4f61d10b84890b]::rust_begin_unwind
[INFO] [stdout]   10:     0x56e2d1c2331c - core[a373ad73a504971]::panicking::panic_fmt
[INFO] [stdout]   11:     0x56e2d1b7d667 - <foundation_packages[50f82450a92efa6c]::cross_host_fixture_corpus_packages_match_outcome_table::{closure#0} as core[a373ad73a504971]::ops::function::FnOnce<()>>::call_once
[INFO] [stdout]   12:     0x56e2d1b825eb - test[aada8e7e76ba119b]::__rust_begin_short_backtrace::<core[a373ad73a504971]::result::Result<(), alloc[2e1b2a31b91974c5]::string::String>, fn() -> core[a373ad73a504971]::result::Result<(), alloc[2e1b2a31b91974c5]::string::String>>
[INFO] [stdout]   13:     0x56e2d1b8f7c5 - test[aada8e7e76ba119b]::run_test::{closure#0}
[INFO] [stdout]   14:     0x56e2d1b890b4 - std[617be2ca0a6fd877]::sys::backtrace::__rust_begin_short_backtrace::<test[aada8e7e76ba119b]::run_test::{closure#1}, ()>
[INFO] [stdout]   15:     0x56e2d1b92852 - <std[617be2ca0a6fd877]::thread::lifecycle::spawn_unchecked<test[aada8e7e76ba119b]::run_test::{closure#1}, ()>::{closure#1} as core[a373ad73a504971]::ops::function::FnOnce<()>>::call_once::{shim:vtable#0}
[INFO] [stdout]   16:     0x56e2d1c0cfaf - <std[617be2ca0a6fd877]::sys::thread::unix::Thread>::new::thread_start
[INFO] [stdout]   17:     0x71428f6b1dfa - <unknown>
[INFO] [stdout]   18:     0x71428f7453d4 - clone
[INFO] [stdout]   19:                0x0 - <unknown>
[INFO] [stdout] 
[INFO] [stdout] 
[INFO] [stdout] failures:
[INFO] [stdout]     cross_host_fixture_corpus_packages_match_outcome_table
[INFO] [stdout] 
[INFO] [stdout] test result: FAILED. 21 passed; 1 failed; 0 ignored; 0 measured; 0 filtered out; finished in 0.01s
[INFO] [stdout] 
[INFO] running `Command { std: "docker" "inspect" "439a64a2a4484ebae29c750b12a0de2abac360b6c4110a779a0d7ff779490ad3", kill_on_drop: false }`
[INFO] running `Command { std: "docker" "rm" "-f" "439a64a2a4484ebae29c750b12a0de2abac360b6c4110a779a0d7ff779490ad3", kill_on_drop: false }`
[INFO] [stdout] 439a64a2a4484ebae29c750b12a0de2abac360b6c4110a779a0d7ff779490ad3
