[INFO] fetching crate oxc_allocator 0.154.0...
[INFO] testing oxc_allocator-0.154.0 against 1.99.0-beta.8+cargoflags=--release for beta-release-1.100-2
[INFO] extracting crate oxc_allocator 0.154.0 into /workspace/builds/worker-6-tc1/source
[INFO] started tweaking crates.io crate oxc_allocator 0.154.0
[INFO] finished tweaking crates.io crate oxc_allocator 0.154.0
[INFO] tweaked toml for crates.io crate oxc_allocator 0.154.0 written to /workspace/builds/worker-6-tc1/source/Cargo.toml
[INFO] validating manifest of crates.io crate oxc_allocator 0.154.0 on toolchain 1.99.0-beta.8
[INFO] running `Command { std: CARGO_HOME="/workspace/cargo-home" RUSTUP_HOME="/workspace/rustup-home" "/workspace/cargo-home/bin/cargo" "+1.99.0-beta.8" "metadata" "--manifest-path" "Cargo.toml" "--no-deps", kill_on_drop: false }`
[INFO] crate crates.io crate oxc_allocator 0.154.0 already has a lockfile, it will not be regenerated
[INFO] running `Command { std: CARGO_HOME="/workspace/cargo-home" RUSTUP_HOME="/workspace/rustup-home" "/workspace/cargo-home/bin/cargo" "+1.99.0-beta.8" "fetch" "--manifest-path" "Cargo.toml", kill_on_drop: false }`
[INFO] [stderr]  Downloading crates ...
[INFO] [stderr]   Downloaded oxc_estree v0.154.0
[INFO] [stderr]   Downloaded oxc_ast_macros v0.154.0
[INFO] [stderr]   Downloaded oxc_data_structures v0.154.0
[INFO] running `Command { std: "docker" "create" "-v" "/var/lib/crater-agent-workspace/builds/worker-6-tc1/source:/opt/rustwide/workdir:ro,Z" "-v" "/var/lib/crater-agent-workspace/builds/worker-6-tc1/target:/opt/rustwide/target:rw,Z" "-v" "/var/lib/crater-agent-workspace/cargo-home:/opt/rustwide/cargo-home:ro,Z" "-v" "/var/lib/crater-agent-workspace/rustup-home:/opt/rustwide/rustup-home:ro,Z" "-m" "1610612736" "--network" "none" "ghcr.io/rust-lang/crates-build-env/linux@sha256:77db811e55d90add9212f6832c23229e3de5f1c1f9905e8cb07319ea15df73ac" "sleep" "infinity", kill_on_drop: false }`
[INFO] [stdout] bfa8aa82a588ee4a29b970fadcbaf283ebb0c1c048eda7fce210b45e39cdee7a
[INFO] running `Command { std: "docker" "start" "bfa8aa82a588ee4a29b970fadcbaf283ebb0c1c048eda7fce210b45e39cdee7a", kill_on_drop: false }`
[INFO] running `Command { std: "docker" "inspect" "bfa8aa82a588ee4a29b970fadcbaf283ebb0c1c048eda7fce210b45e39cdee7a", kill_on_drop: false }`
[INFO] running `Command { std: "docker" "exec" "-e" "SOURCE_DIR=/opt/rustwide/workdir" "-e" "CARGO_HOME=/opt/rustwide/cargo-home" "-e" "RUSTUP_HOME=/opt/rustwide/rustup-home" "-e" "CARGO_TARGET_DIR=/opt/rustwide/target" "-w" "/opt/rustwide/workdir" "--user" "0:0" "bfa8aa82a588ee4a29b970fadcbaf283ebb0c1c048eda7fce210b45e39cdee7a" "/opt/rustwide/cargo-home/bin/cargo" "+1.99.0-beta.8" "metadata" "--no-deps" "--format-version=1", kill_on_drop: false }`
[INFO] running `Command { std: "docker" "inspect" "bfa8aa82a588ee4a29b970fadcbaf283ebb0c1c048eda7fce210b45e39cdee7a", kill_on_drop: false }`
[INFO] running `Command { std: "docker" "exec" "-e" "SOURCE_DIR=/opt/rustwide/workdir" "-e" "CARGO_HOME=/opt/rustwide/cargo-home" "-e" "RUSTUP_HOME=/opt/rustwide/rustup-home" "-e" "CARGO_TARGET_DIR=/opt/rustwide/target" "-e" "CARGO_INCREMENTAL=0" "-e" "RUST_BACKTRACE=full" "-e" "RUSTFLAGS=--cap-lints=warn" "-e" "RUSTDOCFLAGS=--cap-lints=warn" "-w" "/opt/rustwide/workdir" "--user" "0:0" "bfa8aa82a588ee4a29b970fadcbaf283ebb0c1c048eda7fce210b45e39cdee7a" "/opt/rustwide/cargo-home/bin/cargo" "+1.99.0-beta.8" "build" "--frozen" "--message-format=json" "--release", kill_on_drop: false }`
[INFO] [stderr]    Compiling allocator-api2 v0.2.21
[INFO] [stderr]    Compiling oxc_data_structures v0.154.0
[INFO] [stderr]    Compiling rustc-hash v2.1.3
[INFO] [stderr]    Compiling hashbrown v0.17.1
[INFO] [stderr]    Compiling oxc_allocator v0.154.0 (/opt/rustwide/workdir)
[INFO] [stderr]     Finished `release` profile [optimized] target(s) in 1.21s
[INFO] running `Command { std: "docker" "inspect" "bfa8aa82a588ee4a29b970fadcbaf283ebb0c1c048eda7fce210b45e39cdee7a", kill_on_drop: false }`
[INFO] running `Command { std: "docker" "exec" "-e" "SOURCE_DIR=/opt/rustwide/workdir" "-e" "CARGO_HOME=/opt/rustwide/cargo-home" "-e" "RUSTUP_HOME=/opt/rustwide/rustup-home" "-e" "CARGO_TARGET_DIR=/opt/rustwide/target" "-e" "CARGO_INCREMENTAL=0" "-e" "RUST_BACKTRACE=full" "-e" "RUSTFLAGS=--cap-lints=warn" "-e" "RUSTDOCFLAGS=--cap-lints=warn" "-w" "/opt/rustwide/workdir" "--user" "0:0" "bfa8aa82a588ee4a29b970fadcbaf283ebb0c1c048eda7fce210b45e39cdee7a" "/opt/rustwide/cargo-home/bin/cargo" "+1.99.0-beta.8" "test" "--frozen" "--no-run" "--message-format=json" "--release", kill_on_drop: false }`
[INFO] [stderr]    Compiling dragonbox_ecma v0.1.12
[INFO] [stderr]    Compiling log v0.4.33
[INFO] [stderr]    Compiling oxc_data_structures v0.154.0
[INFO] [stderr]    Compiling regex-automata v0.4.18
[INFO] [stderr]    Compiling chacha20 v0.10.2
[INFO] [stderr]    Compiling getrandom v0.4.3
[INFO] [stderr]    Compiling serde_json v1.0.151
[INFO] [stderr]    Compiling oxc_allocator v0.154.0 (/opt/rustwide/workdir)
[INFO] [stderr]    Compiling rand v0.10.2
[INFO] [stderr]    Compiling oxc_estree v0.154.0
[INFO] [stderr]    Compiling regex v1.13.1
[INFO] [stderr]    Compiling env_filter v2.0.0
[INFO] [stderr]    Compiling env_logger v0.11.11
[INFO] [stderr]    Compiling quickcheck v1.1.0
[INFO] [stderr]     Finished `release` profile [optimized] target(s) in 7.40s
[INFO] running `Command { std: "docker" "inspect" "bfa8aa82a588ee4a29b970fadcbaf283ebb0c1c048eda7fce210b45e39cdee7a", kill_on_drop: false }`
[INFO] running `Command { std: "docker" "exec" "-e" "SOURCE_DIR=/opt/rustwide/workdir" "-e" "CARGO_HOME=/opt/rustwide/cargo-home" "-e" "RUSTUP_HOME=/opt/rustwide/rustup-home" "-e" "CARGO_TARGET_DIR=/opt/rustwide/target" "-e" "CARGO_INCREMENTAL=0" "-e" "RUST_BACKTRACE=full" "-e" "RUSTFLAGS=--cap-lints=warn" "-e" "RUSTDOCFLAGS=--cap-lints=warn" "-w" "/opt/rustwide/workdir" "--user" "0:0" "bfa8aa82a588ee4a29b970fadcbaf283ebb0c1c048eda7fce210b45e39cdee7a" "/opt/rustwide/cargo-home/bin/cargo" "+1.99.0-beta.8" "test" "--frozen" "--release", kill_on_drop: false }`
[INFO] [stderr]     Finished `release` profile [optimized] target(s) in 0.05s
[INFO] [stderr]      Running unittests src/lib.rs (/opt/rustwide/target/release/deps/oxc_allocator-427bb69459f8efb5)
[INFO] [stdout] 
[INFO] [stdout] running 97 tests
[INFO] [stdout] test allocator::test::string_from_array_containing_some_empty_strs ... ok
[INFO] [stdout] test arena::tests::invalid_read ... ok
[INFO] [stdout] test arena::tests_alloc::arena16_equal_path ... ok
[INFO] [stdout] test arena::tests_alloc::arena16_top_half ... ok
[INFO] [stdout] test arena::tests_alloc::bottom_half_enough_room ... ok
[INFO] [stdout] test arena::tests_alloc::chunk_spans_midpoint_not_enough_room ... ok
[INFO] [stdout] test allocator::test::string_from_array_of_empty_strs ... ok
[INFO] [stdout] test allocator::test::string_from_empty_array ... ok
[INFO] [stdout] test arena::tests::allocated_and_used_bytes ... ok
[INFO] [stdout] test arena::tests_alloc::bottom_half_zero_capacity ... ok
[INFO] [stdout] test arena::tests_alloc::arena16_less_path ... ok
[INFO] [stdout] test arena::tests::test_realloc ... ok
[INFO] [stdout] test arena::tests_alloc::bottom_half_not_enough_room ... ok
[INFO] [stdout] test arena::tests_alloc::boundary_total_subtraction_equals_isize_max_plus_one ... ok
[INFO] [stdout] test arena::tests_alloc::consecutive_allocations ... ok
[INFO] [stdout] test arena::tests_alloc::consecutive_allocations_top_half ... ok
[INFO] [stdout] test allocator::test::string_from_array_len_1 ... ok
[INFO] [stdout] test allocator::test::string_from_array_len_2 ... ok
[INFO] [stdout] test allocator::test::test_api ... ok
[INFO] [stdout] test arena::tests_alloc::bottom_half_exact_fit ... ok
[INFO] [stdout] test arena::tests_alloc::chunk_spans_midpoint ... ok
[INFO] [stdout] test arena::tests_alloc::greater_not_enough_room ... ok
[INFO] [stdout] test arena::tests_alloc::greater_cursor_already_aligned ... ok
[INFO] [stdout] test arena::tests_alloc::boundary_greater_path_max_layout_with_max_padding ... ok
[INFO] [stdout] test arena::tests_alloc::lowest_valid_start ... ok
[INFO] [stdout] test arena::tests_alloc::max_size_greater_path ... ok
[INFO] [stdout] test arena::tests_alloc::max_size_less_path_min_align_16 ... ok
[INFO] [stdout] test arena::tests_alloc::max_size_less_path_rounds_above_isize_max ... ok
[INFO] [stdout] test arena::tests_alloc::equal_not_enough_room_top_half ... ok
[INFO] [stdout] test arena::tests_alloc::equal_top_half ... ok
[INFO] [stdout] test arena::tests_alloc::lowest_valid_start_not_enough_room ... ok
[INFO] [stdout] test arena::tests_alloc::greater_rounds_below_start ... ok
[INFO] [stdout] test arena::tests_alloc::greater_top_half ... ok
[INFO] [stdout] test arena::tests_alloc::near_usize_max ... ok
[INFO] [stdout] test arena::tests_alloc::near_usize_max_not_enough_room ... ok
[INFO] [stdout] test arena::tests_alloc::greater_top_half_rounds_below_start ... ok
[INFO] [stdout] test arena::tests_alloc::max_size_equal_path ... ok
[INFO] [stdout] test arena::tests_alloc::less_rounds_size_up ... ok
[INFO] [stdout] test arena::tests_alloc::near_max_size_less_path_already_aligned ... ok
[INFO] [stdout] test arena::tests_alloc::less_top_half ... ok
[INFO] [stdout] test arena::tests_alloc::near_max_size_less_path_rounds_to_near_max ... ok
[INFO] [stdout] test arena::tests_alloc::greater_enough_room ... ok
[INFO] [stdout] test arena::tests_alloc::fill_then_fail ... ok
[INFO] [stdout] test allocator::test::string_from_array_len_3 ... ok
[INFO] [stdout] test arena::tests_alloc::null_from_size_subtraction ... ok
[INFO] [stdout] test arena::tests_alloc::off_by_one_too_small ... ok
[INFO] [stdout] test arena::tests_alloc::size_one_top_half ... ok
[INFO] [stdout] test arena::tests_alloc::top_half_enough_room ... ok
[INFO] [stdout] test arena::tests_alloc::over_aligned ... ok
[INFO] [stdout] test arena::tests_alloc::size_one_bottom_half ... ok
[INFO] [stdout] test arena::tests_alloc::top_half_exact_fit ... ok
[INFO] [stdout] test arena::tests_alloc::null_from_align_rounding ... ok
[INFO] [stdout] test arena::tests_alloc::off_by_one_top_half ... ok
[INFO] [stdout] test arena::tests_alloc::null_from_min_align_rounding ... ok
[INFO] [stdout] test arena::tests_alloc::off_by_one_exact ... ok
[INFO] [stdout] test boxed::test::box_hash ... ok
[INFO] [stdout] test boxed::test::boxed_slice_into_arena_slice ... ok
[INFO] [stdout] test boxed::test::boxed_slice_into_arena_slice_mut ... ok
[INFO] [stdout] test arena::tests_alloc::wrapping_sub_wraps_across_midpoint ... ok
[INFO] [stdout] test clone_in::test::clone_in_empty_boxed_slice ... ok
[INFO] [stdout] test boxed::test::new_empty_boxed_slice ... ok
[INFO] [stdout] test arena::tests_alloc::zst_zero_capacity ... ok
[INFO] [stdout] test boxed::test::box_debug ... ok
[INFO] [stdout] test clone_in::test::clone_in_empty_vec ... ok
[INFO] [stdout] test boxed::test::box_deref_mut ... ok
[INFO] [stdout] test clone_in::test::clone_in_hash_map ... ok
[INFO] [stdout] test clone_in::test::clone_in_vec ... ok
[INFO] [stdout] test arena::tests_alloc::zst_greater_path ... ok
[INFO] [stdout] test boxed::test::lifetime_variance ... ok
[INFO] [stdout] test arena::tests_alloc::wrapping_sub_wraps_bottom_half ... ok
[INFO] [stdout] test arena::tests_alloc::top_half_not_enough_room ... ok
[INFO] [stdout] test clone_in::test::clone_in_boxed_slice ... ok
[INFO] [stdout] test replace_with::test::replace_with_identity_leaves_value_unchanged ... ok
[INFO] [stdout] test arena::tests_alloc::zst_top_half ... ok
[INFO] [stdout] test replace_with::test::replace_with_extracts_part_of_old_value ... ok
[INFO] [stdout] test replace_with::test::replace_with_mutating_through_moved_out_ref ... ok
[INFO] [stdout] test vec2::tests::push_fast_mut_returns_reference_to_last_element ... ok
[INFO] [stdout] test replace_with::test::replace_with_swapping_in_a_different_ref ... ok
[INFO] [stdout] test vec2::tests::push_fast_mut_returns_reference_to_value ... ok
[INFO] [stdout] test replace_with::test::replace_with_wraps_old_value ... ok
[INFO] [stdout] test vec2::tests::push_mut_returns_reference_to_value ... ok
[INFO] [stdout] test vec2::tests::push_mut_zst ... ok
[INFO] [stdout] test vec::test::lifetime_variance ... ok
[INFO] [stdout] test vec::test::vec_from_value_in ... ok
[INFO] [stdout] test vec::test::vec_into_boxed_slice ... ok
[INFO] [stdout] test vec::test::vec_with_capacity ... ok
[INFO] [stdout] test vec2::tests::push_fast_mut_zst ... ok
[INFO] [stdout] test vec2::tests::push_mut_returns_reference_to_last_element ... ok
[INFO] [stdout] test vec::test::vec_debug ... ok
[INFO] [stdout] test arena::tests_alloc::off_by_one_just_enough ... ok
[INFO] [stdout] test vec2::raw_vec::tests::reserve_does_not_overallocate ... ok
[INFO] [stdout] test arena::tests_alloc::top_half_zero_capacity ... ok
[INFO] [stdout] test boxed::test::box_send_sync ... ok
[INFO] [stderr]    Doc-tests oxc_allocator
[INFO] [stdout] test arena::tests_alloc::zst_greater_path_exact_start ... ok
[INFO] [stdout] test vec::test::vec_partial_eq ... ok
[INFO] [stdout] test vec::test::vec_send_sync ... ok
[INFO] [stdout] test replace_with::test::replace_with_writes_dummy_on_panic ... ok
[INFO] [stdout] 
[INFO] [stdout] test result: ok. 97 passed; 0 failed; 0 ignored; 0 measured; 0 filtered out; finished in 0.02s
[INFO] [stdout] 
[INFO] [stdout] 
[INFO] [stdout] running 127 tests
[INFO] [stdout] test src/address.rs - address::Address::from_ptr (line 42) ... ignored
[INFO] [stdout] test src/address.rs - address::Address::from_ptr (line 61) ... ignored
[INFO] [stdout] test src/address.rs - address::UnstableAddress::unstable_address (line 188) ... ignored
[INFO] [stdout] test src/address.rs - address::UnstableAddress::unstable_address (line 201) ... ignored
[INFO] [stdout] test src/allocator.rs - allocator::Allocator (line 203) ... ignored
[INFO] [stdout] test src/allocator.rs - allocator::Allocator (line 116) - compile ... ok
[INFO] [stdout] test src/arena/alloc.rs - arena::alloc::Arena<MIN_ALIGN>::alloc_slice_fill_clone (line 333) ... FAILED
[INFO] [stdout] test src/allocator.rs - allocator::Allocator (line 170) - compile fail ... ok
[INFO] [stdout] test src/allocator.rs - allocator::Allocator::alloc_slice_copy (line 311) ... ok
[INFO] [stdout] test src/allocator.rs - allocator::Allocator (line 55) ... ok
[INFO] [stdout] test src/allocator.rs - allocator::Allocator (line 186) - compile fail ... ok
[INFO] [stdout] test src/allocator.rs - allocator::Allocator (line 42) ... ok
[INFO] [stdout] test src/arena/alloc.rs - arena::alloc::Arena<MIN_ALIGN>::alloc_slice_fill_with (line 274) ... FAILED
[INFO] [stdout] test src/arena/alloc.rs - arena::alloc::Arena<MIN_ALIGN>::alloc (line 23) ... FAILED
[INFO] [stdout] test src/arena/alloc.rs - arena::alloc::Arena<MIN_ALIGN>::alloc_slice_clone (line 202) ... FAILED
[INFO] [stdout] test src/allocator.rs - allocator::Allocator (line 65) ... ok
[INFO] [stdout] test src/arena/alloc.rs - arena::alloc::Arena<MIN_ALIGN>::try_alloc (line 43) ... FAILED
[INFO] [stdout] test src/allocator.rs - allocator::Allocator::alloc_str (line 290) ... ok
[INFO] [stdout] test src/allocator.rs - allocator::Allocator::capacity (line 492) ... ok
[INFO] [stdout] test src/allocator.rs - allocator::Allocator::alloc_concat_strs_array (line 351) ... ok
[INFO] [stdout] test src/arena/alloc.rs - arena::alloc::Arena<MIN_ALIGN>::alloc_str (line 246) ... FAILED
[INFO] [stdout] test src/arena/chunks.rs - arena::chunks::Arena<MIN_ALIGN>::allocated_bytes (line 158) ... FAILED
[INFO] [stdout] test src/allocator.rs - allocator::Allocator::reset (line 457) ... ok
[INFO] [stdout] test src/arena/alloc.rs - arena::alloc::Arena<MIN_ALIGN>::try_alloc_with (line 122) ... FAILED
[INFO] [stdout] test src/arena/alloc.rs - arena::alloc::Arena<MIN_ALIGN>::alloc_slice_copy (line 171) ... FAILED
[INFO] [stdout] test src/arena/alloc.rs - arena::alloc::Arena<MIN_ALIGN>::alloc_slice_fill_copy (line 311) ... FAILED
[INFO] [stdout] test src/allocator.rs - allocator::Allocator::used_bytes (line 540) ... ok
[INFO] [stdout] test src/arena/alloc.rs - arena::alloc::Arena<MIN_ALIGN>::alloc_slice_fill_iter (line 364) ... FAILED
[INFO] [stdout] test src/allocator.rs - allocator::Allocator::alloc (line 266) ... ok
[INFO] [stdout] test src/arena/create.rs - arena::create::Arena<1>::with_capacity (line 115) ... FAILED
[INFO] [stdout] test src/arena/alloc.rs - arena::alloc::Arena<MIN_ALIGN>::alloc_slice_fill_default (line 395) ... FAILED
[INFO] [stdout] test src/arena/mod.rs - arena::Arena (line 117) ... FAILED
[INFO] [stdout] test src/arena/alloc.rs - arena::alloc::Arena<MIN_ALIGN>::alloc_with (line 68) ... FAILED
[INFO] [stdout] test src/boxed.rs - boxed::Box<'alloc,T>::new_in (line 83) - compile fail ... ok
[INFO] [stdout] test src/arena/chunks.rs - arena::chunks::Arena<MIN_ALIGN>::iter_allocated_chunks (line 72) ... FAILED
[INFO] [stdout] test src/arena/chunks.rs - arena::chunks::Arena<MIN_ALIGN>::chunk_capacity (line 12) ... FAILED
[INFO] [stdout] test src/arena/create.rs - arena::create::Arena<1>::try_with_capacity (line 134) ... FAILED
[INFO] [stdout] test src/arena/mod.rs - arena::Arena (line 70) ... FAILED
[INFO] [stdout] test src/arena/create.rs - arena::create::Arena<1>::new (line 102) ... FAILED
[INFO] [stdout] test src/arena/drop.rs - arena::drop::Arena<MIN_ALIGN>::reset (line 19) ... FAILED
[INFO] [stdout] test src/arena/mod.rs - arena::Arena<MIN_ALIGN>::min_align (line 238) ... FAILED
[INFO] [stdout] test src/arena/create.rs - arena::create::Arena<MIN_ALIGN>::with_min_align (line 169) ... FAILED
[INFO] [stdout] test src/arena/create.rs - arena::create::Arena<MIN_ALIGN>::try_with_min_align_and_capacity (line 231) ... FAILED
[INFO] [stdout] test src/arena/create.rs - arena::create::Arena<MIN_ALIGN>::with_min_align_and_capacity (line 199) ... FAILED
[INFO] [stdout] test src/boxed.rs - boxed::Box<'_,T>::as_non_null (line 143) ... ok
[INFO] [stdout] test src/string_builder.rs - string_builder::StringBuilder<'a>::push_ascii_byte_repeat (line 403) ... ok
[INFO] [stdout] test src/clone_in.rs - clone_in::CloneIn (line 32) ... ok
[INFO] [stdout] test src/string_builder.rs - string_builder::StringBuilder<'a>::from_str_in (line 114) ... ok
[INFO] [stdout] test src/boxed.rs - boxed::Box<'alloc,T>::unbox (line 108) ... ok
[INFO] [stdout] test src/vec2/mod.rs - vec2 (line 28) ... ignored
[INFO] [stdout] test src/vec2/mod.rs - vec2 (line 38) ... ignored
[INFO] [stdout] test src/vec2/mod.rs - vec2 (line 50) ... ignored
[INFO] [stdout] test src/vec2/mod.rs - vec2 (line 62) ... ignored
[INFO] [stdout] test src/vec2/mod.rs - vec2::IntoIter<'a,T>::as_mut_slice (line 2640) ... ignored
[INFO] [stdout] test src/vec2/mod.rs - vec2::IntoIter<'a,T>::as_slice (line 2621) ... ignored
[INFO] [stdout] test src/vec2/mod.rs - vec2::Vec (line 235) ... ignored
[INFO] [stdout] test src/vec2/mod.rs - vec2::Vec (line 263) ... ignored
[INFO] [stdout] test src/vec2/mod.rs - vec2::Vec (line 285) ... ignored
[INFO] [stdout] test src/vec2/mod.rs - vec2::Vec (line 297) ... ignored
[INFO] [stdout] test src/vec2/mod.rs - vec2::Vec (line 314) ... ignored
[INFO] [stdout] test src/vec2/mod.rs - vec2::Vec<'a,T,A>::append (line 1704) ... ignored
[INFO] [stdout] test src/vec2/mod.rs - vec2::Vec<'a,T,A>::as_mut_ptr (line 1057) ... ignored
[INFO] [stdout] test src/vec2/mod.rs - vec2::Vec<'a,T,A>::as_mut_slice (line 993) ... ignored
[INFO] [stdout] test src/vec2/mod.rs - vec2::Vec<'a,T,A>::as_ptr (line 1020) ... ignored
[INFO] [stdout] test src/vec2/mod.rs - vec2::Vec<'a,T,A>::as_slice (line 973) ... ignored
[INFO] [stdout] test src/vec2/mod.rs - vec2::Vec<'a,T,A>::capacity (line 628) ... ignored
[INFO] [stdout] test src/vec2/mod.rs - vec2::Vec<'a,T,A>::clear (line 1829) ... ignored
[INFO] [stdout] test src/vec2/mod.rs - vec2::Vec<'a,T,A>::dedup (line 2207) ... ignored
[INFO] [stdout] test src/vec2/mod.rs - vec2::Vec<'a,T,A>::dedup_by (line 1439) ... ignored
[INFO] [stdout] test src/vec2/mod.rs - vec2::Vec<'a,T,A>::dedup_by_key (line 1408) ... ignored
[INFO] [stdout] test src/vec2/mod.rs - vec2::Vec<'a,T,A>::drain (line 1762) ... ignored
[INFO] [stdout] test src/vec2/mod.rs - vec2::Vec<'a,T,A>::drain_filter (line 1374) ... ignored
[INFO] [stdout] test src/vec2/mod.rs - vec2::Vec<'a,T,A>::extend_from_slice (line 1995) ... ignored
[INFO] [stdout] test src/vec2/mod.rs - vec2::Vec<'a,T,A>::extend_from_slice_copy (line 2050) ... ignored
[INFO] [stdout] test src/vec2/mod.rs - vec2::Vec<'a,T,A>::extend_from_slice_copy (line 2060) ... ignored
[INFO] [stdout] test src/vec2/mod.rs - vec2::Vec<'a,T,A>::extend_from_slices_copy (line 2099) ... ignored
[INFO] [stdout] test src/vec2/mod.rs - vec2::Vec<'a,T,A>::extend_from_slices_copy (line 2109) ... ignored
[INFO] [stdout] test src/vec2/mod.rs - vec2::Vec<'a,T,A>::from_iter_in (line 513) ... ignored
[INFO] [stdout] test src/vec2/mod.rs - vec2::Vec<'a,T,A>::from_raw_parts_in (line 553) ... ignored
[INFO] [stdout] test src/vec2/mod.rs - vec2::Vec<'a,T,A>::insert (line 1134) ... ignored
[INFO] [stdout] test src/vec2/mod.rs - vec2::Vec<'a,T,A>::into_arena_slice (line 860) ... ignored
[INFO] [stdout] test src/vec2/mod.rs - vec2::Vec<'a,T,A>::into_arena_slice_mut (line 882) ... ignored
[INFO] [stdout] test src/vec2/mod.rs - vec2::Vec<'a,T,A>::into_iter (line 2283) ... ignored
[INFO] [stdout] test src/vec2/mod.rs - vec2::Vec<'a,T,A>::is_empty (line 1849) ... ignored
[INFO] [stdout] test src/vec2/mod.rs - vec2::Vec<'a,T,A>::len (line 599) ... ignored
[INFO] [stdout] test src/vec2/mod.rs - vec2::Vec<'a,T,A>::new_in (line 460) ... ignored
[INFO] [stdout] test src/vec2/mod.rs - vec2::Vec<'a,T,A>::pop (line 1674) ... ignored
[INFO] [stdout] test src/vec2/mod.rs - vec2::Vec<'a,T,A>::push (line 1471) ... ignored
[INFO] [stdout] test src/vec2/mod.rs - vec2::Vec<'a,T,A>::push_fast (line 1556) ... ignored
[INFO] [stdout] test src/vec2/mod.rs - vec2::Vec<'a,T,A>::push_fast_mut (line 1614) ... ignored
[INFO] [stdout] test src/vec2/mod.rs - vec2::Vec<'a,T,A>::push_mut (line 1507) ... ignored
[INFO] [stdout] test src/vec2/mod.rs - vec2::Vec<'a,T,A>::remove (line 1179) ... ignored
[INFO] [stdout] test src/vec2/mod.rs - vec2::Vec<'a,T,A>::reserve (line 742) ... ignored
[INFO] [stdout] test src/vec2/mod.rs - vec2::Vec<'a,T,A>::reserve_exact (line 769) ... ignored
[INFO] [stdout] test src/vec2/mod.rs - vec2::Vec<'a,T,A>::resize (line 1956) ... ignored
[INFO] [stdout] test src/vec2/mod.rs - vec2::Vec<'a,T,A>::retain (line 1217) ... ignored
[INFO] [stdout] test src/vec2/mod.rs - vec2::Vec<'a,T,A>::retain (line 1228) ... ignored
[INFO] [stdout] test src/vec2/mod.rs - vec2::Vec<'a,T,A>::retain_mut (line 1252) ... ignored
[INFO] [stdout] test src/vec2/mod.rs - vec2::Vec<'a,T,A>::set_len (line 667) ... ignored
[INFO] [stdout] test src/vec2/mod.rs - vec2::Vec<'a,T,A>::set_len (line 686) ... ignored
[INFO] [stdout] test src/vec2/mod.rs - vec2::Vec<'a,T,A>::set_len (line 702) ... ignored
[INFO] [stdout] test src/vec2/mod.rs - vec2::Vec<'a,T,A>::shrink_to_fit (line 839) ... ignored
[INFO] [stdout] test src/vec2/mod.rs - vec2::Vec<'a,T,A>::splice (line 2403) ... ignored
[INFO] [stdout] test src/vec2/mod.rs - vec2::Vec<'a,T,A>::split_off (line 1877) ... ignored
[INFO] [stdout] test src/vec2/mod.rs - vec2::Vec<'a,T,A>::swap_remove (line 1099) ... ignored
[INFO] [stdout] test src/vec2/mod.rs - vec2::Vec<'a,T,A>::truncate (line 919) ... ignored
[INFO] [stdout] test src/vec2/mod.rs - vec2::Vec<'a,T,A>::truncate (line 932) ... ignored
[INFO] [stdout] test src/vec2/mod.rs - vec2::Vec<'a,T,A>::truncate (line 945) ... ignored
[INFO] [stdout] test src/vec2/mod.rs - vec2::Vec<'a,T,A>::try_reserve (line 793) ... ignored
[INFO] [stdout] test src/vec2/mod.rs - vec2::Vec<'a,T,A>::try_reserve_exact (line 820) ... ignored
[INFO] [stdout] test src/vec2/mod.rs - vec2::Vec<'a,T,A>::with_capacity_in (line 486) ... ignored
[INFO] [stdout] test src/vec2/raw_vec.rs - vec2::raw_vec::RawVec<'a,T,A>::reserve (line 485) ... ignored
[INFO] [stdout] test src/replace_with.rs - replace_with::ReplaceWith::replace_with (line 103) ... ok
[INFO] [stdout] test src/string_builder.rs - string_builder::StringBuilder (line 35) ... ok
[INFO] [stdout] test src/replace_with.rs - replace_with::ReplaceWith::replace_with (line 20) ... ok
[INFO] [stdout] test src/string_builder.rs - string_builder::StringBuilder<'a>::from_strs_array_in (line 152) ... ok
[INFO] [stdout] test src/string_builder.rs - string_builder::StringBuilder<'a>::with_capacity_in (line 88) ... ok
[INFO] [stdout] test src/boxed.rs - boxed::Box<'alloc,T>::new_in (line 73) ... ok
[INFO] [stdout] test src/string_builder.rs - string_builder::StringBuilder<'a>::new_in (line 67) ... ok
[INFO] [stdout] test src/replace_with.rs - replace_with::ReplaceWith::replace_with (line 63) ... ok
[INFO] [stdout] test src/vec.rs - vec::Vec<'alloc,T>::new_in (line 69) ... ok
[INFO] [stdout] test src/vec.rs - vec::Vec<'alloc,T>::from_array_in (line 190) ... ok
[INFO] [stdout] test src/vec.rs - vec::Vec<'alloc,T>::from_value_in (line 161) ... ok
[INFO] [stdout] test src/vec.rs - vec::Vec<'alloc,T>::into_arena_slice_mut (line 327) ... ok
[INFO] [stdout] test src/vec.rs - vec::Vec<'alloc,T>::into_arena_slice (line 308) ... ok
[INFO] [stdout] test src/vec.rs - vec::Vec<'alloc,T>::from_raw_parts_in (line 244) ... ok
[INFO] [stdout] test src/vec.rs - vec::Vec<'alloc,T>::with_capacity_in (line 103) ... ok
[INFO] [stdout] 
[INFO] [stdout] failures:
[INFO] [stdout] 
[INFO] [stdout] ---- src/arena/alloc.rs - arena::alloc::Arena<MIN_ALIGN>::alloc_slice_fill_clone (line 333) stdout ----
[INFO] [stdout] error[E0603]: module `arena` is private
[INFO] [stdout]    --> src/arena/alloc.rs:335:20
[INFO] [stdout]     |
[INFO] [stdout] 335 | use oxc_allocator::arena::Arena;
[INFO] [stdout]     |                    ^^^^^  ----- struct `Arena` is not publicly re-exported
[INFO] [stdout]     |                    |
[INFO] [stdout]     |                    private module
[INFO] [stdout]     |
[INFO] [stdout] note: the module `arena` is defined here
[INFO] [stdout]    --> src/lib.rs:67:1
[INFO] [stdout]     |
[INFO] [stdout]  67 | mod arena;
[INFO] [stdout]     | ^^^^^^^^^
[INFO] [stdout] 
[INFO] [stdout] error: aborting due to 1 previous error
[INFO] [stdout] 
[INFO] [stdout] For more information about this error, try `rustc --explain E0603`.
[INFO] [stdout] Couldn't compile the test.
[INFO] [stdout] ---- src/arena/alloc.rs - arena::alloc::Arena<MIN_ALIGN>::alloc_slice_fill_with (line 274) stdout ----
[INFO] [stdout] error[E0603]: module `arena` is private
[INFO] [stdout]    --> src/arena/alloc.rs:276:20
[INFO] [stdout]     |
[INFO] [stdout] 276 | use oxc_allocator::arena::Arena;
[INFO] [stdout]     |                    ^^^^^  ----- struct `Arena` is not publicly re-exported
[INFO] [stdout]     |                    |
[INFO] [stdout]     |                    private module
[INFO] [stdout]     |
[INFO] [stdout] note: the module `arena` is defined here
[INFO] [stdout]    --> src/lib.rs:67:1
[INFO] [stdout]     |
[INFO] [stdout]  67 | mod arena;
[INFO] [stdout]     | ^^^^^^^^^
[INFO] [stdout] 
[INFO] [stdout] error: aborting due to 1 previous error
[INFO] [stdout] 
[INFO] [stdout] For more information about this error, try `rustc --explain E0603`.
[INFO] [stdout] Couldn't compile the test.
[INFO] [stdout] ---- src/arena/alloc.rs - arena::alloc::Arena<MIN_ALIGN>::alloc (line 23) stdout ----
[INFO] [stdout] error[E0603]: module `arena` is private
[INFO] [stderr] error: doctest failed, to rerun pass `--doc`
[INFO] [stdout]   --> src/arena/alloc.rs:25:20
[INFO] [stdout]    |
[INFO] [stdout] 25 | use oxc_allocator::arena::Arena;
[INFO] [stdout]    |                    ^^^^^  ----- struct `Arena` is not publicly re-exported
[INFO] [stdout]    |                    |
[INFO] [stdout]    |                    private module
[INFO] [stdout]    |
[INFO] [stdout] note: the module `arena` is defined here
[INFO] [stdout]   --> src/lib.rs:67:1
[INFO] [stdout]    |
[INFO] [stdout] 67 | mod arena;
[INFO] [stdout]    | ^^^^^^^^^
[INFO] [stdout] 
[INFO] [stdout] error: aborting due to 1 previous error
[INFO] [stdout] 
[INFO] [stdout] For more information about this error, try `rustc --explain E0603`.
[INFO] [stdout] Couldn't compile the test.
[INFO] [stdout] ---- src/arena/alloc.rs - arena::alloc::Arena<MIN_ALIGN>::alloc_slice_clone (line 202) stdout ----
[INFO] [stdout] error[E0603]: module `arena` is private
[INFO] [stdout]    --> src/arena/alloc.rs:204:20
[INFO] [stdout]     |
[INFO] [stdout] 204 | use oxc_allocator::arena::Arena;
[INFO] [stdout]     |                    ^^^^^  ----- struct `Arena` is not publicly re-exported
[INFO] [stdout]     |                    |
[INFO] [stdout]     |                    private module
[INFO] [stdout]     |
[INFO] [stdout] note: the module `arena` is defined here
[INFO] [stdout]    --> src/lib.rs:67:1
[INFO] [stdout]     |
[INFO] [stdout]  67 | mod arena;
[INFO] [stdout]     | ^^^^^^^^^
[INFO] [stdout] 
[INFO] [stdout] error: aborting due to 1 previous error
[INFO] [stdout] 
[INFO] [stdout] For more information about this error, try `rustc --explain E0603`.
[INFO] [stdout] Couldn't compile the test.
[INFO] [stdout] ---- src/arena/alloc.rs - arena::alloc::Arena<MIN_ALIGN>::try_alloc (line 43) stdout ----
[INFO] [stdout] error[E0603]: module `arena` is private
[INFO] [stdout]   --> src/arena/alloc.rs:45:20
[INFO] [stdout]    |
[INFO] [stdout] 45 | use oxc_allocator::arena::Arena;
[INFO] [stdout]    |                    ^^^^^  ----- struct `Arena` is not publicly re-exported
[INFO] [stdout]    |                    |
[INFO] [stdout]    |                    private module
[INFO] [stdout]    |
[INFO] [stdout] note: the module `arena` is defined here
[INFO] [stdout]   --> src/lib.rs:67:1
[INFO] [stdout]    |
[INFO] [stdout] 67 | mod arena;
[INFO] [stdout]    | ^^^^^^^^^
[INFO] [stdout] 
[INFO] [stdout] error: aborting due to 1 previous error
[INFO] [stdout] 
[INFO] [stdout] For more information about this error, try `rustc --explain E0603`.
[INFO] [stdout] Couldn't compile the test.
[INFO] [stdout] ---- src/arena/alloc.rs - arena::alloc::Arena<MIN_ALIGN>::alloc_str (line 246) stdout ----
[INFO] [stdout] error[E0603]: module `arena` is private
[INFO] [stdout]    --> src/arena/alloc.rs:248:20
[INFO] [stdout]     |
[INFO] [stdout] 248 | use oxc_allocator::arena::Arena;
[INFO] [stdout]     |                    ^^^^^  ----- struct `Arena` is not publicly re-exported
[INFO] [stdout]     |                    |
[INFO] [stdout]     |                    private module
[INFO] [stdout]     |
[INFO] [stdout] note: the module `arena` is defined here
[INFO] [stdout]    --> src/lib.rs:67:1
[INFO] [stdout]     |
[INFO] [stdout]  67 | mod arena;
[INFO] [stdout]     | ^^^^^^^^^
[INFO] [stdout] 
[INFO] [stdout] error: aborting due to 1 previous error
[INFO] [stdout] 
[INFO] [stdout] For more information about this error, try `rustc --explain E0603`.
[INFO] [stdout] Couldn't compile the test.
[INFO] [stdout] ---- src/arena/chunks.rs - arena::chunks::Arena<MIN_ALIGN>::allocated_bytes (line 158) stdout ----
[INFO] [stdout] error[E0603]: module `arena` is private
[INFO] [stdout]    --> src/arena/chunks.rs:160:20
[INFO] [stdout]     |
[INFO] [stdout] 160 | use oxc_allocator::arena::Arena;
[INFO] [stdout]     |                    ^^^^^  ----- struct `Arena` is not publicly re-exported
[INFO] [stdout]     |                    |
[INFO] [stdout]     |                    private module
[INFO] [stdout]     |
[INFO] [stdout] note: the module `arena` is defined here
[INFO] [stdout]    --> src/lib.rs:67:1
[INFO] [stdout]     |
[INFO] [stdout]  67 | mod arena;
[INFO] [stdout]     | ^^^^^^^^^
[INFO] [stdout] 
[INFO] [stdout] error: aborting due to 1 previous error
[INFO] [stdout] 
[INFO] [stdout] For more information about this error, try `rustc --explain E0603`.
[INFO] [stdout] Couldn't compile the test.
[INFO] [stdout] ---- src/arena/alloc.rs - arena::alloc::Arena<MIN_ALIGN>::try_alloc_with (line 122) stdout ----
[INFO] [stdout] error[E0603]: module `arena` is private
[INFO] [stdout]    --> src/arena/alloc.rs:124:20
[INFO] [stdout]     |
[INFO] [stdout] 124 | use oxc_allocator::arena::Arena;
[INFO] [stdout]     |                    ^^^^^  ----- struct `Arena` is not publicly re-exported
[INFO] [stdout]     |                    |
[INFO] [stdout]     |                    private module
[INFO] [stdout]     |
[INFO] [stdout] note: the module `arena` is defined here
[INFO] [stdout]    --> src/lib.rs:67:1
[INFO] [stdout]     |
[INFO] [stdout]  67 | mod arena;
[INFO] [stdout]     | ^^^^^^^^^
[INFO] [stdout] 
[INFO] [stdout] error: aborting due to 1 previous error
[INFO] [stdout] 
[INFO] [stdout] For more information about this error, try `rustc --explain E0603`.
[INFO] [stdout] Couldn't compile the test.
[INFO] [stdout] ---- src/arena/alloc.rs - arena::alloc::Arena<MIN_ALIGN>::alloc_slice_copy (line 171) stdout ----
[INFO] [stdout] error[E0603]: module `arena` is private
[INFO] [stdout]    --> src/arena/alloc.rs:173:20
[INFO] [stdout]     |
[INFO] [stdout] 173 | use oxc_allocator::arena::Arena;
[INFO] [stdout]     |                    ^^^^^  ----- struct `Arena` is not publicly re-exported
[INFO] [stdout]     |                    |
[INFO] [stdout]     |                    private module
[INFO] [stdout]     |
[INFO] [stdout] note: the module `arena` is defined here
[INFO] [stdout]    --> src/lib.rs:67:1
[INFO] [stdout]     |
[INFO] [stdout]  67 | mod arena;
[INFO] [stdout]     | ^^^^^^^^^
[INFO] [stdout] 
[INFO] [stdout] error: aborting due to 1 previous error
[INFO] [stdout] 
[INFO] [stdout] For more information about this error, try `rustc --explain E0603`.
[INFO] [stdout] Couldn't compile the test.
[INFO] [stdout] ---- src/arena/alloc.rs - arena::alloc::Arena<MIN_ALIGN>::alloc_slice_fill_copy (line 311) stdout ----
[INFO] [stdout] error[E0603]: module `arena` is private
[INFO] [stdout]    --> src/arena/alloc.rs:313:20
[INFO] [stdout]     |
[INFO] [stdout] 313 | use oxc_allocator::arena::Arena;
[INFO] [stdout]     |                    ^^^^^  ----- struct `Arena` is not publicly re-exported
[INFO] [stdout]     |                    |
[INFO] [stdout]     |                    private module
[INFO] [stdout]     |
[INFO] [stdout] note: the module `arena` is defined here
[INFO] [stdout]    --> src/lib.rs:67:1
[INFO] [stdout]     |
[INFO] [stdout]  67 | mod arena;
[INFO] [stdout]     | ^^^^^^^^^
[INFO] [stdout] 
[INFO] [stdout] error: aborting due to 1 previous error
[INFO] [stdout] 
[INFO] [stdout] For more information about this error, try `rustc --explain E0603`.
[INFO] [stdout] Couldn't compile the test.
[INFO] [stdout] ---- src/arena/alloc.rs - arena::alloc::Arena<MIN_ALIGN>::alloc_slice_fill_iter (line 364) stdout ----
[INFO] [stdout] error[E0603]: module `arena` is private
[INFO] [stdout]    --> src/arena/alloc.rs:366:20
[INFO] [stdout]     |
[INFO] [stdout] 366 | use oxc_allocator::arena::Arena;
[INFO] [stdout]     |                    ^^^^^  ----- struct `Arena` is not publicly re-exported
[INFO] [stdout]     |                    |
[INFO] [stdout]     |                    private module
[INFO] [stdout]     |
[INFO] [stdout] note: the module `arena` is defined here
[INFO] [stdout]    --> src/lib.rs:67:1
[INFO] [stdout]     |
[INFO] [stdout]  67 | mod arena;
[INFO] [stdout]     | ^^^^^^^^^
[INFO] [stdout] 
[INFO] [stdout] error: aborting due to 1 previous error
[INFO] [stdout] 
[INFO] [stdout] For more information about this error, try `rustc --explain E0603`.
[INFO] [stdout] Couldn't compile the test.
[INFO] [stdout] ---- src/arena/create.rs - arena::create::Arena<1>::with_capacity (line 115) stdout ----
[INFO] [stdout] error[E0603]: module `arena` is private
[INFO] [stdout]    --> src/arena/create.rs:117:20
[INFO] [stdout]     |
[INFO] [stdout] 117 | use oxc_allocator::arena::Arena;
[INFO] [stdout]     |                    ^^^^^  ----- struct `Arena` is not publicly re-exported
[INFO] [stdout]     |                    |
[INFO] [stdout]     |                    private module
[INFO] [stdout]     |
[INFO] [stdout] note: the module `arena` is defined here
[INFO] [stdout]    --> src/lib.rs:67:1
[INFO] [stdout]     |
[INFO] [stdout]  67 | mod arena;
[INFO] [stdout]     | ^^^^^^^^^
[INFO] [stdout] 
[INFO] [stdout] error: aborting due to 1 previous error
[INFO] [stdout] 
[INFO] [stdout] For more information about this error, try `rustc --explain E0603`.
[INFO] [stdout] Couldn't compile the test.
[INFO] [stdout] ---- src/arena/alloc.rs - arena::alloc::Arena<MIN_ALIGN>::alloc_slice_fill_default (line 395) stdout ----
[INFO] [stdout] error[E0603]: module `arena` is private
[INFO] [stdout]    --> src/arena/alloc.rs:397:20
[INFO] [stdout]     |
[INFO] [stdout] 397 | use oxc_allocator::arena::Arena;
[INFO] [stdout]     |                    ^^^^^  ----- struct `Arena` is not publicly re-exported
[INFO] [stdout]     |                    |
[INFO] [stdout]     |                    private module
[INFO] [stdout]     |
[INFO] [stdout] note: the module `arena` is defined here
[INFO] [stdout]    --> src/lib.rs:67:1
[INFO] [stdout]     |
[INFO] [stdout]  67 | mod arena;
[INFO] [stdout]     | ^^^^^^^^^
[INFO] [stdout] 
[INFO] [stdout] error: aborting due to 1 previous error
[INFO] [stdout] 
[INFO] [stdout] For more information about this error, try `rustc --explain E0603`.
[INFO] [stdout] Couldn't compile the test.
[INFO] [stdout] ---- src/arena/mod.rs - arena::Arena (line 117) stdout ----
[INFO] [stdout] error[E0603]: module `arena` is private
[INFO] [stdout]    --> src/arena/mod.rs:119:20
[INFO] [stdout]     |
[INFO] [stdout] 119 | use oxc_allocator::arena::Arena;
[INFO] [stdout]     |                    ^^^^^  ----- struct `Arena` is not publicly re-exported
[INFO] [stdout]     |                    |
[INFO] [stdout]     |                    private module
[INFO] [stdout]     |
[INFO] [stdout] note: the module `arena` is defined here
[INFO] [stdout]    --> src/lib.rs:67:1
[INFO] [stdout]     |
[INFO] [stdout]  67 | mod arena;
[INFO] [stdout]     | ^^^^^^^^^
[INFO] [stdout] 
[INFO] [stdout] error: aborting due to 1 previous error
[INFO] [stdout] 
[INFO] [stdout] For more information about this error, try `rustc --explain E0603`.
[INFO] [stdout] Couldn't compile the test.
[INFO] [stdout] ---- src/arena/alloc.rs - arena::alloc::Arena<MIN_ALIGN>::alloc_with (line 68) stdout ----
[INFO] [stdout] error[E0603]: module `arena` is private
[INFO] [stdout]   --> src/arena/alloc.rs:70:20
[INFO] [stdout]    |
[INFO] [stdout] 70 | use oxc_allocator::arena::Arena;
[INFO] [stdout]    |                    ^^^^^  ----- struct `Arena` is not publicly re-exported
[INFO] [stdout]    |                    |
[INFO] [stdout]    |                    private module
[INFO] [stdout]    |
[INFO] [stdout] note: the module `arena` is defined here
[INFO] [stdout]   --> src/lib.rs:67:1
[INFO] [stdout]    |
[INFO] [stdout] 67 | mod arena;
[INFO] [stdout]    | ^^^^^^^^^
[INFO] [stdout] 
[INFO] [stdout] error: aborting due to 1 previous error
[INFO] [stdout] 
[INFO] [stdout] For more information about this error, try `rustc --explain E0603`.
[INFO] [stdout] Couldn't compile the test.
[INFO] [stdout] ---- src/arena/chunks.rs - arena::chunks::Arena<MIN_ALIGN>::iter_allocated_chunks (line 72) stdout ----
[INFO] [stdout] error[E0603]: module `arena` is private
[INFO] [stdout]   --> src/arena/chunks.rs:74:20
[INFO] [stdout]    |
[INFO] [stdout] 74 | use oxc_allocator::arena::Arena;
[INFO] [stdout]    |                    ^^^^^  ----- struct `Arena` is not publicly re-exported
[INFO] [stdout]    |                    |
[INFO] [stdout]    |                    private module
[INFO] [stdout]    |
[INFO] [stdout] note: the module `arena` is defined here
[INFO] [stdout]   --> src/lib.rs:67:1
[INFO] [stdout]    |
[INFO] [stdout] 67 | mod arena;
[INFO] [stdout]    | ^^^^^^^^^
[INFO] [stdout] 
[INFO] [stdout] error: aborting due to 1 previous error
[INFO] [stdout] 
[INFO] [stdout] For more information about this error, try `rustc --explain E0603`.
[INFO] [stdout] Couldn't compile the test.
[INFO] [stdout] ---- src/arena/chunks.rs - arena::chunks::Arena<MIN_ALIGN>::chunk_capacity (line 12) stdout ----
[INFO] [stdout] error[E0603]: module `arena` is private
[INFO] [stdout]   --> src/arena/chunks.rs:14:20
[INFO] [stdout]    |
[INFO] [stdout] 14 | use oxc_allocator::arena::Arena;
[INFO] [stdout]    |                    ^^^^^  ----- struct `Arena` is not publicly re-exported
[INFO] [stdout]    |                    |
[INFO] [stdout]    |                    private module
[INFO] [stdout]    |
[INFO] [stdout] note: the module `arena` is defined here
[INFO] [stdout]   --> src/lib.rs:67:1
[INFO] [stdout]    |
[INFO] [stdout] 67 | mod arena;
[INFO] [stdout]    | ^^^^^^^^^
[INFO] [stdout] 
[INFO] [stdout] error: aborting due to 1 previous error
[INFO] [stdout] 
[INFO] [stdout] For more information about this error, try `rustc --explain E0603`.
[INFO] [stdout] Couldn't compile the test.
[INFO] [stdout] ---- src/arena/create.rs - arena::create::Arena<1>::try_with_capacity (line 134) stdout ----
[INFO] [stdout] error[E0432]: unresolved import `oxc_allocator::arena::AllocErr`
[INFO] [stdout]    --> src/arena/create.rs:136:28
[INFO] [stdout]     |
[INFO] [stdout] 136 | use oxc_allocator::arena::{AllocErr, Arena};
[INFO] [stdout]     |                            ^^^^^^^^ no `AllocErr` in `arena`
[INFO] [stdout] 
[INFO] [stdout] error[E0603]: module `arena` is private
[INFO] [stdout]    --> src/arena/create.rs:136:20
[INFO] [stdout]     |
[INFO] [stdout] 136 | use oxc_allocator::arena::{AllocErr, Arena};
[INFO] [stdout]     |                    ^^^^^ private module
[INFO] [stdout]     |
[INFO] [stdout] note: the module `arena` is defined here
[INFO] [stdout]    --> src/lib.rs:67:1
[INFO] [stdout]     |
[INFO] [stdout]  67 | mod arena;
[INFO] [stdout]     | ^^^^^^^^^
[INFO] [stdout] 
[INFO] [stdout] error[E0603]: module `arena` is private
[INFO] [stdout]    --> src/arena/create.rs:136:20
[INFO] [stdout]     |
[INFO] [stdout] 136 | use oxc_allocator::arena::{AllocErr, Arena};
[INFO] [stdout]     |                    ^^^^^             ----- struct `Arena` is not publicly re-exported
[INFO] [stdout]     |                    |
[INFO] [stdout]     |                    private module
[INFO] [stdout]     |
[INFO] [stdout] note: the module `arena` is defined here
[INFO] [stdout]    --> src/lib.rs:67:1
[INFO] [stdout]     |
[INFO] [stdout]  67 | mod arena;
[INFO] [stdout]     | ^^^^^^^^^
[INFO] [stdout] 
[INFO] [stdout] error: aborting due to 3 previous errors
[INFO] [stdout] 
[INFO] [stdout] Some errors have detailed explanations: E0432, E0603.
[INFO] [stdout] For more information about an error, try `rustc --explain E0432`.
[INFO] [stdout] Couldn't compile the test.
[INFO] [stdout] ---- src/arena/mod.rs - arena::Arena (line 70) stdout ----
[INFO] [stdout] error[E0603]: module `arena` is private
[INFO] [stdout]   --> src/arena/mod.rs:72:20
[INFO] [stdout]    |
[INFO] [stdout] 72 | use oxc_allocator::arena::Arena;
[INFO] [stdout]    |                    ^^^^^  ----- struct `Arena` is not publicly re-exported
[INFO] [stdout]    |                    |
[INFO] [stdout]    |                    private module
[INFO] [stdout]    |
[INFO] [stdout] note: the module `arena` is defined here
[INFO] [stdout]   --> src/lib.rs:67:1
[INFO] [stdout]    |
[INFO] [stdout] 67 | mod arena;
[INFO] [stdout]    | ^^^^^^^^^
[INFO] [stdout] 
[INFO] [stdout] error: aborting due to 1 previous error
[INFO] [stdout] 
[INFO] [stdout] For more information about this error, try `rustc --explain E0603`.
[INFO] [stdout] Couldn't compile the test.
[INFO] [stdout] ---- src/arena/create.rs - arena::create::Arena<1>::new (line 102) stdout ----
[INFO] [stdout] error[E0603]: module `arena` is private
[INFO] [stdout]    --> src/arena/create.rs:104:20
[INFO] [stdout]     |
[INFO] [stdout] 104 | use oxc_allocator::arena::Arena;
[INFO] [stdout]     |                    ^^^^^  ----- struct `Arena` is not publicly re-exported
[INFO] [stdout]     |                    |
[INFO] [stdout]     |                    private module
[INFO] [stdout]     |
[INFO] [stdout] note: the module `arena` is defined here
[INFO] [stdout]    --> src/lib.rs:67:1
[INFO] [stdout]     |
[INFO] [stdout]  67 | mod arena;
[INFO] [stdout]     | ^^^^^^^^^
[INFO] [stdout] 
[INFO] [stdout] error: aborting due to 1 previous error
[INFO] [stdout] 
[INFO] [stdout] For more information about this error, try `rustc --explain E0603`.
[INFO] [stdout] Couldn't compile the test.
[INFO] [stdout] ---- src/arena/drop.rs - arena::drop::Arena<MIN_ALIGN>::reset (line 19) stdout ----
[INFO] [stdout] error[E0603]: module `arena` is private
[INFO] [stdout]   --> src/arena/drop.rs:21:20
[INFO] [stdout]    |
[INFO] [stdout] 21 | use oxc_allocator::arena::Arena;
[INFO] [stdout]    |                    ^^^^^  ----- struct `Arena` is not publicly re-exported
[INFO] [stdout]    |                    |
[INFO] [stdout]    |                    private module
[INFO] [stdout]    |
[INFO] [stdout] note: the module `arena` is defined here
[INFO] [stdout]   --> src/lib.rs:67:1
[INFO] [stdout]    |
[INFO] [stdout] 67 | mod arena;
[INFO] [stdout]    | ^^^^^^^^^
[INFO] [stdout] 
[INFO] [stdout] error: aborting due to 1 previous error
[INFO] [stdout] 
[INFO] [stdout] For more information about this error, try `rustc --explain E0603`.
[INFO] [stdout] Couldn't compile the test.
[INFO] [stdout] ---- src/arena/mod.rs - arena::Arena<MIN_ALIGN>::min_align (line 238) stdout ----
[INFO] [stdout] error[E0603]: module `arena` is private
[INFO] [stdout]    --> src/arena/mod.rs:240:20
[INFO] [stdout]     |
[INFO] [stdout] 240 | use oxc_allocator::arena::Arena;
[INFO] [stdout]     |                    ^^^^^  ----- struct `Arena` is not publicly re-exported
[INFO] [stdout]     |                    |
[INFO] [stdout]     |                    private module
[INFO] [stdout]     |
[INFO] [stdout] note: the module `arena` is defined here
[INFO] [stdout]    --> src/lib.rs:67:1
[INFO] [stdout]     |
[INFO] [stdout]  67 | mod arena;
[INFO] [stdout]     | ^^^^^^^^^
[INFO] [stdout] 
[INFO] [stdout] error: aborting due to 1 previous error
[INFO] [stdout] 
[INFO] [stdout] For more information about this error, try `rustc --explain E0603`.
[INFO] [stdout] Couldn't compile the test.
[INFO] [stdout] ---- src/arena/create.rs - arena::create::Arena<MIN_ALIGN>::with_min_align (line 169) stdout ----
[INFO] [stdout] error[E0603]: module `arena` is private
[INFO] [stdout]    --> src/arena/create.rs:171:20
[INFO] [stdout]     |
[INFO] [stdout] 171 | use oxc_allocator::arena::Arena;
[INFO] [stdout]     |                    ^^^^^  ----- struct `Arena` is not publicly re-exported
[INFO] [stdout]     |                    |
[INFO] [stdout]     |                    private module
[INFO] [stdout]     |
[INFO] [stdout] note: the module `arena` is defined here
[INFO] [stdout]    --> src/lib.rs:67:1
[INFO] [stdout]     |
[INFO] [stdout]  67 | mod arena;
[INFO] [stdout]     | ^^^^^^^^^
[INFO] [stdout] 
[INFO] [stdout] error: aborting due to 1 previous error
[INFO] [stdout] 
[INFO] [stdout] For more information about this error, try `rustc --explain E0603`.
[INFO] [stdout] Couldn't compile the test.
[INFO] [stdout] ---- src/arena/create.rs - arena::create::Arena<MIN_ALIGN>::try_with_min_align_and_capacity (line 231) stdout ----
[INFO] [stdout] error[E0432]: unresolved import `oxc_allocator::arena::AllocErr`
[INFO] [stdout]    --> src/arena/create.rs:233:28
[INFO] [stdout]     |
[INFO] [stdout] 233 | use oxc_allocator::arena::{AllocErr, Arena};
[INFO] [stdout]     |                            ^^^^^^^^ no `AllocErr` in `arena`
[INFO] [stdout] 
[INFO] [stdout] error[E0603]: module `arena` is private
[INFO] [stdout]    --> src/arena/create.rs:233:20
[INFO] [stdout]     |
[INFO] [stdout] 233 | use oxc_allocator::arena::{AllocErr, Arena};
[INFO] [stdout]     |                    ^^^^^ private module
[INFO] [stdout]     |
[INFO] [stdout] note: the module `arena` is defined here
[INFO] [stdout]    --> src/lib.rs:67:1
[INFO] [stdout]     |
[INFO] [stdout]  67 | mod arena;
[INFO] [stdout]     | ^^^^^^^^^
[INFO] [stdout] 
[INFO] [stdout] error[E0603]: module `arena` is private
[INFO] [stdout]    --> src/arena/create.rs:233:20
[INFO] [stdout]     |
[INFO] [stdout] 233 | use oxc_allocator::arena::{AllocErr, Arena};
[INFO] [stdout]     |                    ^^^^^             ----- struct `Arena` is not publicly re-exported
[INFO] [stdout]     |                    |
[INFO] [stdout]     |                    private module
[INFO] [stdout]     |
[INFO] [stdout] note: the module `arena` is defined here
[INFO] [stdout]    --> src/lib.rs:67:1
[INFO] [stdout]     |
[INFO] [stdout]  67 | mod arena;
[INFO] [stdout]     | ^^^^^^^^^
[INFO] [stdout] 
[INFO] [stdout] error: aborting due to 3 previous errors
[INFO] [stdout] 
[INFO] [stdout] Some errors have detailed explanations: E0432, E0603.
[INFO] [stdout] For more information about an error, try `rustc --explain E0432`.
[INFO] [stdout] Couldn't compile the test.
[INFO] [stdout] ---- src/arena/create.rs - arena::create::Arena<MIN_ALIGN>::with_min_align_and_capacity (line 199) stdout ----
[INFO] [stdout] error[E0603]: module `arena` is private
[INFO] [stdout]    --> src/arena/create.rs:201:20
[INFO] [stdout]     |
[INFO] [stdout] 201 | use oxc_allocator::arena::Arena;
[INFO] [stdout]     |                    ^^^^^  ----- struct `Arena` is not publicly re-exported
[INFO] [stdout]     |                    |
[INFO] [stdout]     |                    private module
[INFO] [stdout]     |
[INFO] [stdout] note: the module `arena` is defined here
[INFO] [stdout]    --> src/lib.rs:67:1
[INFO] [stdout]     |
[INFO] [stdout]  67 | mod arena;
[INFO] [stdout]     | ^^^^^^^^^
[INFO] [stdout] 
[INFO] [stdout] error: aborting due to 1 previous error
[INFO] [stdout] 
[INFO] [stdout] For more information about this error, try `rustc --explain E0603`.
[INFO] [stdout] Couldn't compile the test.
[INFO] [stdout] 
[INFO] [stdout] failures:
[INFO] [stdout]     src/arena/alloc.rs - arena::alloc::Arena<MIN_ALIGN>::alloc (line 23)
[INFO] [stdout]     src/arena/alloc.rs - arena::alloc::Arena<MIN_ALIGN>::alloc_slice_clone (line 202)
[INFO] [stdout]     src/arena/alloc.rs - arena::alloc::Arena<MIN_ALIGN>::alloc_slice_copy (line 171)
[INFO] [stdout]     src/arena/alloc.rs - arena::alloc::Arena<MIN_ALIGN>::alloc_slice_fill_clone (line 333)
[INFO] [stdout]     src/arena/alloc.rs - arena::alloc::Arena<MIN_ALIGN>::alloc_slice_fill_copy (line 311)
[INFO] [stdout]     src/arena/alloc.rs - arena::alloc::Arena<MIN_ALIGN>::alloc_slice_fill_default (line 395)
[INFO] [stdout]     src/arena/alloc.rs - arena::alloc::Arena<MIN_ALIGN>::alloc_slice_fill_iter (line 364)
[INFO] [stdout]     src/arena/alloc.rs - arena::alloc::Arena<MIN_ALIGN>::alloc_slice_fill_with (line 274)
[INFO] [stdout]     src/arena/alloc.rs - arena::alloc::Arena<MIN_ALIGN>::alloc_str (line 246)
[INFO] [stdout]     src/arena/alloc.rs - arena::alloc::Arena<MIN_ALIGN>::alloc_with (line 68)
[INFO] [stdout]     src/arena/alloc.rs - arena::alloc::Arena<MIN_ALIGN>::try_alloc (line 43)
[INFO] [stdout]     src/arena/alloc.rs - arena::alloc::Arena<MIN_ALIGN>::try_alloc_with (line 122)
[INFO] [stdout]     src/arena/chunks.rs - arena::chunks::Arena<MIN_ALIGN>::allocated_bytes (line 158)
[INFO] [stdout]     src/arena/chunks.rs - arena::chunks::Arena<MIN_ALIGN>::chunk_capacity (line 12)
[INFO] [stdout]     src/arena/chunks.rs - arena::chunks::Arena<MIN_ALIGN>::iter_allocated_chunks (line 72)
[INFO] [stdout]     src/arena/create.rs - arena::create::Arena<1>::new (line 102)
[INFO] [stdout]     src/arena/create.rs - arena::create::Arena<1>::try_with_capacity (line 134)
[INFO] [stdout]     src/arena/create.rs - arena::create::Arena<1>::with_capacity (line 115)
[INFO] [stdout]     src/arena/create.rs - arena::create::Arena<MIN_ALIGN>::try_with_min_align_and_capacity (line 231)
[INFO] [stdout]     src/arena/create.rs - arena::create::Arena<MIN_ALIGN>::with_min_align (line 169)
[INFO] [stdout]     src/arena/create.rs - arena::create::Arena<MIN_ALIGN>::with_min_align_and_capacity (line 199)
[INFO] [stdout]     src/arena/drop.rs - arena::drop::Arena<MIN_ALIGN>::reset (line 19)
[INFO] [stdout]     src/arena/mod.rs - arena::Arena (line 117)
[INFO] [stdout]     src/arena/mod.rs - arena::Arena (line 70)
[INFO] [stdout]     src/arena/mod.rs - arena::Arena<MIN_ALIGN>::min_align (line 238)
[INFO] [stdout] 
[INFO] [stdout] test result: FAILED. 34 passed; 25 failed; 68 ignored; 0 measured; 0 filtered out; finished in 1.65s
[INFO] [stdout] 
[INFO] [stdout] all doctests ran in 1.93s; merged doctests compilation took 0.27s
[INFO] running `Command { std: "docker" "inspect" "bfa8aa82a588ee4a29b970fadcbaf283ebb0c1c048eda7fce210b45e39cdee7a", kill_on_drop: false }`
[INFO] running `Command { std: "docker" "rm" "-f" "bfa8aa82a588ee4a29b970fadcbaf283ebb0c1c048eda7fce210b45e39cdee7a", kill_on_drop: false }`
[INFO] [stdout] bfa8aa82a588ee4a29b970fadcbaf283ebb0c1c048eda7fce210b45e39cdee7a
