[INFO] fetching crate oxagorn 0.2.0...
[INFO] testing oxagorn-0.2.0 against 1.100.0-beta.1+cargoflags=--release for beta-release-1.100-2
[INFO] extracting crate oxagorn 0.2.0 into /workspace/builds/worker-4-tc2/source
[INFO] started tweaking crates.io crate oxagorn 0.2.0
[INFO] removed 0 missing examples
[INFO] finished tweaking crates.io crate oxagorn 0.2.0
[INFO] tweaked toml for crates.io crate oxagorn 0.2.0 written to /workspace/builds/worker-4-tc2/source/Cargo.toml
[INFO] validating manifest of crates.io crate oxagorn 0.2.0 on toolchain 1.100.0-beta.1
[INFO] running `Command { std: CARGO_HOME="/workspace/cargo-home" RUSTUP_HOME="/workspace/rustup-home" "/workspace/cargo-home/bin/cargo" "+1.100.0-beta.1" "metadata" "--manifest-path" "Cargo.toml" "--no-deps", kill_on_drop: false }`
[INFO] crate crates.io crate oxagorn 0.2.0 already has a lockfile, it will not be regenerated
[INFO] running `Command { std: CARGO_HOME="/workspace/cargo-home" RUSTUP_HOME="/workspace/rustup-home" "/workspace/cargo-home/bin/cargo" "+1.100.0-beta.1" "fetch" "--manifest-path" "Cargo.toml", kill_on_drop: false }`
[INFO] [stderr] warning: `package.homepage` is redundant with `package.repository`
[INFO] [stderr]   --> Cargo.toml:44:12
[INFO] [stderr]    |
[INFO] [stderr] 44 | homepage = "https://github.com/necoli1822/oxagorn"
[INFO] [stderr]    |            ^^^^^^^^^^^^^^^^^^^^^^^^^^^^^^^^^^^^^^^
[INFO] [stderr] ...
[INFO] [stderr] 48 | repository = "https://github.com/necoli1822/oxagorn"
[INFO] [stderr]    |              ---------------------------------------
[INFO] [stderr]    |
[INFO] [stderr]    = note: `cargo::redundant_homepage` is set to `warn` by default
[INFO] [stderr] help: consider removing `package.homepage`
[INFO] [stderr] warning: `oxagorn` (manifest) generated 1 warning
[INFO] [stderr]     Blocking waiting for file lock on package cache
[INFO] running `Command { std: "docker" "create" "-v" "/var/lib/crater-agent-workspace/builds/worker-4-tc2/source:/opt/rustwide/workdir:ro,Z" "-v" "/var/lib/crater-agent-workspace/builds/worker-4-tc2/target:/opt/rustwide/target:rw,Z" "-v" "/var/lib/crater-agent-workspace/cargo-home:/opt/rustwide/cargo-home:ro,Z" "-v" "/var/lib/crater-agent-workspace/rustup-home:/opt/rustwide/rustup-home:ro,Z" "-m" "1610612736" "--network" "none" "ghcr.io/rust-lang/crates-build-env/linux@sha256:77db811e55d90add9212f6832c23229e3de5f1c1f9905e8cb07319ea15df73ac" "sleep" "infinity", kill_on_drop: false }`
[INFO] [stdout] 380c0a9fa02df4a1693b3fb74ef4fdbdb83f5f0206d3aa821765c09b4490c0ce
[INFO] running `Command { std: "docker" "start" "380c0a9fa02df4a1693b3fb74ef4fdbdb83f5f0206d3aa821765c09b4490c0ce", kill_on_drop: false }`
[INFO] running `Command { std: "docker" "inspect" "380c0a9fa02df4a1693b3fb74ef4fdbdb83f5f0206d3aa821765c09b4490c0ce", kill_on_drop: false }`
[INFO] running `Command { std: "docker" "exec" "-e" "SOURCE_DIR=/opt/rustwide/workdir" "-e" "CARGO_HOME=/opt/rustwide/cargo-home" "-e" "RUSTUP_HOME=/opt/rustwide/rustup-home" "-e" "CARGO_TARGET_DIR=/opt/rustwide/target" "-w" "/opt/rustwide/workdir" "--user" "0:0" "380c0a9fa02df4a1693b3fb74ef4fdbdb83f5f0206d3aa821765c09b4490c0ce" "/opt/rustwide/cargo-home/bin/cargo" "+1.100.0-beta.1" "metadata" "--no-deps" "--format-version=1", kill_on_drop: false }`
[INFO] running `Command { std: "docker" "inspect" "380c0a9fa02df4a1693b3fb74ef4fdbdb83f5f0206d3aa821765c09b4490c0ce", kill_on_drop: false }`
[INFO] running `Command { std: "docker" "exec" "-e" "SOURCE_DIR=/opt/rustwide/workdir" "-e" "CARGO_HOME=/opt/rustwide/cargo-home" "-e" "RUSTUP_HOME=/opt/rustwide/rustup-home" "-e" "CARGO_TARGET_DIR=/opt/rustwide/target" "-e" "CARGO_INCREMENTAL=0" "-e" "RUST_BACKTRACE=full" "-e" "RUSTFLAGS=--cap-lints=warn" "-e" "RUSTDOCFLAGS=--cap-lints=warn" "-w" "/opt/rustwide/workdir" "--user" "0:0" "380c0a9fa02df4a1693b3fb74ef4fdbdb83f5f0206d3aa821765c09b4490c0ce" "/opt/rustwide/cargo-home/bin/cargo" "+1.100.0-beta.1" "build" "--frozen" "--message-format=json" "--release", kill_on_drop: false }`
[INFO] [stderr] warning: `package.homepage` is redundant with `package.repository`
[INFO] [stderr]   --> Cargo.toml:44:12
[INFO] [stderr]    |
[INFO] [stderr] 44 | homepage = "https://github.com/necoli1822/oxagorn"
[INFO] [stderr]    |            ^^^^^^^^^^^^^^^^^^^^^^^^^^^^^^^^^^^^^^^
[INFO] [stderr] ...
[INFO] [stderr] 48 | repository = "https://github.com/necoli1822/oxagorn"
[INFO] [stderr]    |              ---------------------------------------
[INFO] [stderr]    |
[INFO] [stderr]    = note: `cargo::redundant_homepage` is set to `warn` by default
[INFO] [stderr] help: consider removing `package.homepage`
[INFO] [stderr] warning: `oxagorn` (manifest) generated 1 warning
[INFO] [stderr]    Compiling libc v0.2.186
[INFO] [stderr]    Compiling find-msvc-tools v0.1.9
[INFO] [stderr]    Compiling shlex v2.0.1
[INFO] [stderr]    Compiling pkg-config v0.3.33
[INFO] [stderr]    Compiling crossbeam-utils v0.8.21
[INFO] [stderr]    Compiling zstd-safe v7.2.4
[INFO] [stderr]    Compiling crc32fast v1.5.0
[INFO] [stderr]    Compiling simd-adler32 v0.3.9
[INFO] [stderr]    Compiling cfg-if v1.0.4
[INFO] [stderr]    Compiling adler2 v2.0.1
[INFO] [stderr]    Compiling rayon-core v1.13.0
[INFO] [stderr]    Compiling memchr v2.8.2
[INFO] [stderr]    Compiling either v1.16.0
[INFO] [stderr]    Compiling bytecount v0.6.9
[INFO] [stderr]    Compiling miniz_oxide v0.8.9
[INFO] [stderr]    Compiling buffer-redux v1.1.0
[INFO] [stderr]    Compiling crossbeam-epoch v0.9.18
[INFO] [stderr]    Compiling flate2 v1.1.9
[INFO] [stderr]    Compiling crossbeam-deque v0.8.6
[INFO] [stderr]    Compiling num_cpus v1.17.0
[INFO] [stderr]    Compiling rayon v1.12.0
[INFO] [stderr]    Compiling jobserver v0.1.34
[INFO] [stderr]    Compiling cc v1.2.65
[INFO] [stderr]    Compiling zstd-sys v2.0.16+zstd.1.5.7
[INFO] [stderr]    Compiling liblzma-sys v0.3.13
[INFO] [stderr]    Compiling bzip2-sys v0.1.13+1.0.8
[INFO] [stderr]    Compiling bzip2 v0.4.4
[INFO] [stderr]    Compiling liblzma v0.3.6
[INFO] [stderr]    Compiling zstd v0.13.3
[INFO] [stderr]    Compiling needletail v0.6.3
[INFO] [stderr]    Compiling oxagorn v0.2.0 (/opt/rustwide/workdir)
[INFO] [stdout] warning: unused import: `std::arch::x86_64::*`
[INFO] [stdout]   --> src/trna.rs:21:5
[INFO] [stdout]    |
[INFO] [stdout] 21 | use std::arch::x86_64::*;
[INFO] [stdout]    |     ^^^^^^^^^^^^^^^^^^^^
[INFO] [stdout]    |
[INFO] [stdout]    = note: `#[warn(unused_imports)]` (part of `#[warn(unused)]`) on by default
[INFO] [stdout] 
[INFO] [stdout] 
[INFO] [stderr]     Finished `release` profile [optimized] target(s) in 1m 11s
[INFO] running `Command { std: "docker" "inspect" "380c0a9fa02df4a1693b3fb74ef4fdbdb83f5f0206d3aa821765c09b4490c0ce", kill_on_drop: false }`
[INFO] running `Command { std: "docker" "exec" "-e" "SOURCE_DIR=/opt/rustwide/workdir" "-e" "CARGO_HOME=/opt/rustwide/cargo-home" "-e" "RUSTUP_HOME=/opt/rustwide/rustup-home" "-e" "CARGO_TARGET_DIR=/opt/rustwide/target" "-e" "CARGO_INCREMENTAL=0" "-e" "RUST_BACKTRACE=full" "-e" "RUSTFLAGS=--cap-lints=warn" "-e" "RUSTDOCFLAGS=--cap-lints=warn" "-w" "/opt/rustwide/workdir" "--user" "0:0" "380c0a9fa02df4a1693b3fb74ef4fdbdb83f5f0206d3aa821765c09b4490c0ce" "/opt/rustwide/cargo-home/bin/cargo" "+1.100.0-beta.1" "test" "--frozen" "--no-run" "--message-format=json" "--release", kill_on_drop: false }`
[INFO] [stderr] warning: `package.homepage` is redundant with `package.repository`
[INFO] [stderr]   --> Cargo.toml:44:12
[INFO] [stderr]    |
[INFO] [stderr] 44 | homepage = "https://github.com/necoli1822/oxagorn"
[INFO] [stderr]    |            ^^^^^^^^^^^^^^^^^^^^^^^^^^^^^^^^^^^^^^^
[INFO] [stderr] ...
[INFO] [stderr] 48 | repository = "https://github.com/necoli1822/oxagorn"
[INFO] [stderr]    |              ---------------------------------------
[INFO] [stderr]    |
[INFO] [stderr]    = note: `cargo::redundant_homepage` is set to `warn` by default
[INFO] [stderr] help: consider removing `package.homepage`
[INFO] [stderr] warning: `oxagorn` (manifest) generated 1 warning
[INFO] [stderr]    Compiling simd-adler32 v0.3.9
[INFO] [stderr]    Compiling cfg-if v1.0.4
[INFO] [stderr]    Compiling adler2 v2.0.1
[INFO] [stderr]    Compiling memchr v2.8.2
[INFO] [stderr]    Compiling bytecount v0.6.9
[INFO] [stderr]    Compiling either v1.16.0
[INFO] [stderr]    Compiling libc v0.2.186
[INFO] [stderr]    Compiling crossbeam-utils v0.8.21
[INFO] [stderr]    Compiling zstd-sys v2.0.16+zstd.1.5.7
[INFO] [stderr]    Compiling bzip2-sys v0.1.13+1.0.8
[INFO] [stderr]    Compiling crc32fast v1.5.0
[INFO] [stderr]    Compiling miniz_oxide v0.8.9
[INFO] [stderr]    Compiling zstd-safe v7.2.4
[INFO] [stderr]    Compiling zstd v0.13.3
[INFO] [stderr]    Compiling crossbeam-epoch v0.9.18
[INFO] [stderr]    Compiling buffer-redux v1.1.0
[INFO] [stderr]    Compiling flate2 v1.1.9
[INFO] [stderr]    Compiling crossbeam-deque v0.8.6
[INFO] [stderr]    Compiling rayon-core v1.13.0
[INFO] [stderr]    Compiling liblzma-sys v0.3.13
[INFO] [stderr]    Compiling bzip2 v0.4.4
[INFO] [stderr]    Compiling num_cpus v1.17.0
[INFO] [stderr]    Compiling liblzma v0.3.6
[INFO] [stderr]    Compiling rayon v1.12.0
[INFO] [stderr]    Compiling needletail v0.6.3
[INFO] [stderr]    Compiling oxagorn v0.2.0 (/opt/rustwide/workdir)
[INFO] [stdout] warning: unused import: `std::arch::x86_64::*`
[INFO] [stdout]   --> src/trna.rs:21:5
[INFO] [stdout]    |
[INFO] [stdout] 21 | use std::arch::x86_64::*;
[INFO] [stdout]    |     ^^^^^^^^^^^^^^^^^^^^
[INFO] [stdout]    |
[INFO] [stdout]    = note: `#[warn(unused_imports)]` (part of `#[warn(unused)]`) on by default
[INFO] [stdout] 
[INFO] [stdout] 
[INFO] [stdout] warning: unused import: `std::arch::x86_64::*`
[INFO] [stdout]   --> src/trna.rs:21:5
[INFO] [stdout]    |
[INFO] [stdout] 21 | use std::arch::x86_64::*;
[INFO] [stdout]    |     ^^^^^^^^^^^^^^^^^^^^
[INFO] [stdout]    |
[INFO] [stdout]    = note: `#[warn(unused_imports)]` (part of `#[warn(unused)]`) on by default
[INFO] [stdout] 
[INFO] [stdout] 
[INFO] [stderr]     Finished `release` profile [optimized] target(s) in 33.06s
[INFO] running `Command { std: "docker" "inspect" "380c0a9fa02df4a1693b3fb74ef4fdbdb83f5f0206d3aa821765c09b4490c0ce", kill_on_drop: false }`
[INFO] running `Command { std: "docker" "exec" "-e" "SOURCE_DIR=/opt/rustwide/workdir" "-e" "CARGO_HOME=/opt/rustwide/cargo-home" "-e" "RUSTUP_HOME=/opt/rustwide/rustup-home" "-e" "CARGO_TARGET_DIR=/opt/rustwide/target" "-e" "CARGO_INCREMENTAL=0" "-e" "RUST_BACKTRACE=full" "-e" "RUSTFLAGS=--cap-lints=warn" "-e" "RUSTDOCFLAGS=--cap-lints=warn" "-w" "/opt/rustwide/workdir" "--user" "0:0" "380c0a9fa02df4a1693b3fb74ef4fdbdb83f5f0206d3aa821765c09b4490c0ce" "/opt/rustwide/cargo-home/bin/cargo" "+1.100.0-beta.1" "test" "--frozen" "--release", kill_on_drop: false }`
[INFO] [stderr] warning: `package.homepage` is redundant with `package.repository`
[INFO] [stderr]   --> Cargo.toml:44:12
[INFO] [stderr]    |
[INFO] [stderr] 44 | homepage = "https://github.com/necoli1822/oxagorn"
[INFO] [stderr]    |            ^^^^^^^^^^^^^^^^^^^^^^^^^^^^^^^^^^^^^^^
[INFO] [stderr] ...
[INFO] [stderr] 48 | repository = "https://github.com/necoli1822/oxagorn"
[INFO] [stderr]    |              ---------------------------------------
[INFO] [stderr]    |
[INFO] [stderr]    = note: `cargo::redundant_homepage` is set to `warn` by default
[INFO] [stderr] help: consider removing `package.homepage`
[INFO] [stderr] warning: `oxagorn` (manifest) generated 1 warning
[INFO] [stderr] warning: unused import: `std::arch::x86_64::*`
[INFO] [stderr]   --> src/trna.rs:21:5
[INFO] [stderr]    |
[INFO] [stderr] 21 | use std::arch::x86_64::*;
[INFO] [stderr]    |     ^^^^^^^^^^^^^^^^^^^^
[INFO] [stderr]    |
[INFO] [stderr]    = note: `#[warn(unused_imports)]` (part of `#[warn(unused)]`) on by default
[INFO] [stderr] 
[INFO] [stderr] warning: `oxagorn` (lib) generated 1 warning (run `cargo fix --lib -p oxagorn` to apply 1 suggestion)
[INFO] [stderr] warning: `oxagorn` (lib test) generated 1 warning (1 duplicate)
[INFO] [stderr]     Finished `release` profile [optimized] target(s) in 0.06s
[INFO] [stderr]      Running unittests src/lib.rs (/opt/rustwide/target/release/build/oxagorn/b01fc08e24079343/out/oxagorn-b01fc08e24079343)
[INFO] [stdout] 
[INFO] [stdout] running 11 tests
[INFO] [stdout] test parallel::tests::test_default_config ... ok
[INFO] [stdout] test parallel::tests::test_dynamic_chunk_sizing ... FAILED
[INFO] [stdout] test thread_state::tests::test_state_sizes ... ok
[INFO] [stdout] test parallel::parallel_tests::test_load_fasta_sequences_nonexistent ... ok
[INFO] [stdout] test parallel::tests::test_should_parallelize ... ok
[INFO] [stdout] test parallel::parallel_tests::test_deduplicate_genes ... ok
[INFO] [stdout] test thread_state::tests::test_thread_local_isolation ... ok
[INFO] [stdout] test parallel::parallel_tests::test_process_sequences_parallel_single_thread ... ok
[INFO] [stdout] test parallel::tests::test_create_chunks ... ok
[INFO] [stdout] test parallel::parallel_tests::test_seq_record ... ok
[INFO] [stdout] test parallel::tests::test_single_threaded_config ... ok
[INFO] [stdout] 
[INFO] [stdout] failures:
[INFO] [stdout] 
[INFO] [stdout] ---- parallel::tests::test_dynamic_chunk_sizing stdout ----
[INFO] [stdout] 
[INFO] [stdout] thread 'parallel::tests::test_dynamic_chunk_sizing' (1093) panicked at src/parallel.rs:213:9:
[INFO] [stdout] assertion `left == right` failed
[INFO] [stdout]   left: 2667666
[INFO] [stdout]  right: 2001000
[INFO] [stdout] stack backtrace:
[INFO] [stdout]    0:     0x63b7ba2dbd87 - <unknown>
[INFO] [stdout]    1:     0x63b7ba2bec6a - <unknown>
[INFO] [stdout]    2:     0x63b7ba2db33b - <unknown>
[INFO] [stdout]    3:     0x63b7ba2dae1f - <unknown>
[INFO] [stdout]    4:     0x63b7ba2daa4a - <unknown>
[INFO] [stdout]    5:     0x63b7ba2da585 - <unknown>
[INFO] [stdout]    6:     0x63b7ba301331 - <unknown>
[INFO] [stdout]    7:     0x63b7ba3012e9 - <unknown>
[INFO] [stdout]    8:     0x63b7ba3017ec - <unknown>
[INFO] [stdout]    9:     0x63b7ba2beafb - <unknown>
[INFO] [stdout]   10:     0x63b7ba2bea16 - <unknown>
[INFO] [stdout]   11:     0x63b7ba2bfdaa - <unknown>
[INFO] [stdout]   12:     0x63b7ba2bd28f - <unknown>
[INFO] [stdout]   13:     0x63b7ba31a40b - <unknown>
[INFO] [stdout]   14:     0x63b7ba31586f - <unknown>
[INFO] [stdout]   15:     0x63b7ba3152ec - <unknown>
[INFO] [stdout]   16:     0x63b7ba3352fc - <unknown>
[INFO] [stdout]   17:     0x63b7ba3031c4 - <unknown>
[INFO] [stdout]   18:     0x755521f74dfa - <unknown>
[INFO] [stdout]   19:     0x7555220083d4 - clone
[INFO] [stdout]   20:                0x0 - <unknown>
[INFO] [stdout] 
[INFO] [stdout] 
[INFO] [stdout] failures:
[INFO] [stdout]     parallel::tests::test_dynamic_chunk_sizing
[INFO] [stdout] 
[INFO] [stdout] test result: FAILED. 10 passed; 1 failed; 0 ignored; 0 measured; 0 filtered out; finished in 0.01s
[INFO] [stdout] 
[INFO] [stderr] error: test failed, to rerun pass `--lib`
[INFO] running `Command { std: "docker" "inspect" "380c0a9fa02df4a1693b3fb74ef4fdbdb83f5f0206d3aa821765c09b4490c0ce", kill_on_drop: false }`
[INFO] running `Command { std: "docker" "rm" "-f" "380c0a9fa02df4a1693b3fb74ef4fdbdb83f5f0206d3aa821765c09b4490c0ce", kill_on_drop: false }`
[INFO] [stdout] 380c0a9fa02df4a1693b3fb74ef4fdbdb83f5f0206d3aa821765c09b4490c0ce
