[INFO] fetching crate owm-rs 1.0.18...
[INFO] testing owm-rs-1.0.18 against 1.99.0-beta.8+cargoflags=--release for beta-release-1.100-2
[INFO] extracting crate owm-rs 1.0.18 into /workspace/builds/worker-7-tc1/source
[INFO] started tweaking crates.io crate owm-rs 1.0.18
[INFO] removed 0 missing examples
[INFO] finished tweaking crates.io crate owm-rs 1.0.18
[INFO] tweaked toml for crates.io crate owm-rs 1.0.18 written to /workspace/builds/worker-7-tc1/source/Cargo.toml
[INFO] validating manifest of crates.io crate owm-rs 1.0.18 on toolchain 1.99.0-beta.8
[INFO] running `Command { std: CARGO_HOME="/workspace/cargo-home" RUSTUP_HOME="/workspace/rustup-home" "/workspace/cargo-home/bin/cargo" "+1.99.0-beta.8" "metadata" "--manifest-path" "Cargo.toml" "--no-deps", kill_on_drop: false }`
[INFO] crate crates.io crate owm-rs 1.0.18 already has a lockfile, it will not be regenerated
[INFO] running `Command { std: CARGO_HOME="/workspace/cargo-home" RUSTUP_HOME="/workspace/rustup-home" "/workspace/cargo-home/bin/cargo" "+1.99.0-beta.8" "fetch" "--manifest-path" "Cargo.toml", kill_on_drop: false }`
[INFO] [stderr]  Downloading crates ...
[INFO] [stderr]   Downloaded wasip2 v1.0.0+wasi-0.2.4
[INFO] [stderr]   Downloaded wit-bindgen v0.45.1
[INFO] [stderr]   Downloaded wasi v0.14.5+wasi-0.2.4
[INFO] [stderr]   Downloaded find-msvc-tools v0.1.1
[INFO] [stderr]   Downloaded tempfile v3.22.0
[INFO] [stderr]   Downloaded rustls-webpki v0.103.5
[INFO] [stderr]   Downloaded cc v1.2.37
[INFO] [stderr]   Downloaded indexmap v2.11.1
[INFO] [stderr]   Downloaded h2 v0.4.12
[INFO] [stderr]   Downloaded windows-sys v0.61.0
[INFO] running `Command { std: "docker" "create" "-v" "/var/lib/crater-agent-workspace/builds/worker-7-tc1/source:/opt/rustwide/workdir:ro,Z" "-v" "/var/lib/crater-agent-workspace/builds/worker-7-tc1/target:/opt/rustwide/target:rw,Z" "-v" "/var/lib/crater-agent-workspace/cargo-home:/opt/rustwide/cargo-home:ro,Z" "-v" "/var/lib/crater-agent-workspace/rustup-home:/opt/rustwide/rustup-home:ro,Z" "-m" "1610612736" "--network" "none" "ghcr.io/rust-lang/crates-build-env/linux@sha256:77db811e55d90add9212f6832c23229e3de5f1c1f9905e8cb07319ea15df73ac" "sleep" "infinity", kill_on_drop: false }`
[INFO] [stdout] d7d870c5aba8dd7674f35ea6c69a51cdf69d908969bf119c92525b1aac726ef3
[INFO] running `Command { std: "docker" "start" "d7d870c5aba8dd7674f35ea6c69a51cdf69d908969bf119c92525b1aac726ef3", kill_on_drop: false }`
[INFO] running `Command { std: "docker" "inspect" "d7d870c5aba8dd7674f35ea6c69a51cdf69d908969bf119c92525b1aac726ef3", kill_on_drop: false }`
[INFO] running `Command { std: "docker" "exec" "-e" "SOURCE_DIR=/opt/rustwide/workdir" "-e" "CARGO_HOME=/opt/rustwide/cargo-home" "-e" "RUSTUP_HOME=/opt/rustwide/rustup-home" "-e" "CARGO_TARGET_DIR=/opt/rustwide/target" "-w" "/opt/rustwide/workdir" "--user" "0:0" "d7d870c5aba8dd7674f35ea6c69a51cdf69d908969bf119c92525b1aac726ef3" "/opt/rustwide/cargo-home/bin/cargo" "+1.99.0-beta.8" "metadata" "--no-deps" "--format-version=1", kill_on_drop: false }`
[INFO] running `Command { std: "docker" "inspect" "d7d870c5aba8dd7674f35ea6c69a51cdf69d908969bf119c92525b1aac726ef3", kill_on_drop: false }`
[INFO] running `Command { std: "docker" "exec" "-e" "SOURCE_DIR=/opt/rustwide/workdir" "-e" "CARGO_HOME=/opt/rustwide/cargo-home" "-e" "RUSTUP_HOME=/opt/rustwide/rustup-home" "-e" "CARGO_TARGET_DIR=/opt/rustwide/target" "-e" "CARGO_INCREMENTAL=0" "-e" "RUST_BACKTRACE=full" "-e" "RUSTFLAGS=--cap-lints=warn" "-e" "RUSTDOCFLAGS=--cap-lints=warn" "-w" "/opt/rustwide/workdir" "--user" "0:0" "d7d870c5aba8dd7674f35ea6c69a51cdf69d908969bf119c92525b1aac726ef3" "/opt/rustwide/cargo-home/bin/cargo" "+1.99.0-beta.8" "build" "--frozen" "--message-format=json" "--release", kill_on_drop: false }`
[INFO] [stderr]    Compiling find-msvc-tools v0.1.1
[INFO] [stderr]    Compiling serde v1.0.219
[INFO] [stderr]    Compiling bitflags v2.9.4
[INFO] [stderr]    Compiling futures-task v0.3.31
[INFO] [stderr]    Compiling hashbrown v0.15.5
[INFO] [stderr]    Compiling syn v2.0.106
[INFO] [stderr]    Compiling socket2 v0.6.0
[INFO] [stderr]    Compiling mio v1.0.4
[INFO] [stderr]    Compiling slab v0.4.11
[INFO] [stderr]    Compiling futures-channel v0.3.31
[INFO] [stderr]    Compiling log v0.4.28
[INFO] [stderr]    Compiling sync_wrapper v1.0.2
[INFO] [stderr]    Compiling iri-string v0.7.8
[INFO] [stderr]    Compiling encoding_rs v0.8.35
[INFO] [stderr]    Compiling cc v1.2.37
[INFO] [stderr]    Compiling futures-util v0.3.31
[INFO] [stderr]    Compiling indexmap v2.11.1
[INFO] [stderr]    Compiling openssl-sys v0.9.109
[INFO] [stderr]    Compiling openssl v0.10.73
[INFO] [stderr]    Compiling native-tls v0.2.14
[INFO] [stderr]    Compiling synstructure v0.13.2
[INFO] [stderr]    Compiling zerofrom-derive v0.1.6
[INFO] [stderr]    Compiling yoke-derive v0.8.0
[INFO] [stderr]    Compiling zerovec-derive v0.11.1
[INFO] [stderr]    Compiling displaydoc v0.2.5
[INFO] [stderr]    Compiling tokio-macros v2.5.0
[INFO] [stderr]    Compiling openssl-macros v0.1.1
[INFO] [stderr]    Compiling serde_derive v1.0.219
[INFO] [stderr]    Compiling tokio v1.47.1
[INFO] [stderr]    Compiling zerofrom v0.1.6
[INFO] [stderr]    Compiling yoke v0.8.0
[INFO] [stderr]    Compiling zerovec v0.11.4
[INFO] [stderr]    Compiling zerotrie v0.2.2
[INFO] [stderr]    Compiling tinystr v0.8.1
[INFO] [stderr]    Compiling potential_utf v0.1.3
[INFO] [stderr]    Compiling icu_collections v2.0.0
[INFO] [stderr]    Compiling icu_locale_core v2.0.0
[INFO] [stderr]    Compiling icu_provider v2.0.0
[INFO] [stderr]    Compiling icu_normalizer v2.0.0
[INFO] [stderr]    Compiling icu_properties v2.0.1
[INFO] [stderr]    Compiling idna_adapter v1.2.1
[INFO] [stderr]    Compiling idna v1.1.0
[INFO] [stderr]    Compiling tokio-util v0.7.16
[INFO] [stderr]    Compiling tower v0.5.2
[INFO] [stderr]    Compiling tokio-native-tls v0.3.1
[INFO] [stderr]    Compiling serde_urlencoded v0.7.1
[INFO] [stderr]    Compiling serde_json v1.0.143
[INFO] [stderr]    Compiling url v2.5.7
[INFO] [stderr]    Compiling h2 v0.4.12
[INFO] [stderr]    Compiling tower-http v0.6.6
[INFO] [stderr]    Compiling hyper v1.7.0
[INFO] [stderr]    Compiling hyper-util v0.1.16
[INFO] [stderr]    Compiling hyper-tls v0.6.0
[INFO] [stderr]    Compiling reqwest v0.12.23
[INFO] [stderr]    Compiling owm-rs v1.0.18 (/opt/rustwide/workdir)
[INFO] [stderr]     Finished `release` profile [optimized] target(s) in 20.32s
[INFO] running `Command { std: "docker" "inspect" "d7d870c5aba8dd7674f35ea6c69a51cdf69d908969bf119c92525b1aac726ef3", kill_on_drop: false }`
[INFO] running `Command { std: "docker" "exec" "-e" "SOURCE_DIR=/opt/rustwide/workdir" "-e" "CARGO_HOME=/opt/rustwide/cargo-home" "-e" "RUSTUP_HOME=/opt/rustwide/rustup-home" "-e" "CARGO_TARGET_DIR=/opt/rustwide/target" "-e" "CARGO_INCREMENTAL=0" "-e" "RUST_BACKTRACE=full" "-e" "RUSTFLAGS=--cap-lints=warn" "-e" "RUSTDOCFLAGS=--cap-lints=warn" "-w" "/opt/rustwide/workdir" "--user" "0:0" "d7d870c5aba8dd7674f35ea6c69a51cdf69d908969bf119c92525b1aac726ef3" "/opt/rustwide/cargo-home/bin/cargo" "+1.99.0-beta.8" "test" "--frozen" "--no-run" "--message-format=json" "--release", kill_on_drop: false }`
[INFO] [stderr]    Compiling owm-rs v1.0.18 (/opt/rustwide/workdir)
[INFO] [stderr]     Finished `release` profile [optimized] target(s) in 1.34s
[INFO] running `Command { std: "docker" "inspect" "d7d870c5aba8dd7674f35ea6c69a51cdf69d908969bf119c92525b1aac726ef3", kill_on_drop: false }`
[INFO] running `Command { std: "docker" "exec" "-e" "SOURCE_DIR=/opt/rustwide/workdir" "-e" "CARGO_HOME=/opt/rustwide/cargo-home" "-e" "RUSTUP_HOME=/opt/rustwide/rustup-home" "-e" "CARGO_TARGET_DIR=/opt/rustwide/target" "-e" "CARGO_INCREMENTAL=0" "-e" "RUST_BACKTRACE=full" "-e" "RUSTFLAGS=--cap-lints=warn" "-e" "RUSTDOCFLAGS=--cap-lints=warn" "-w" "/opt/rustwide/workdir" "--user" "0:0" "d7d870c5aba8dd7674f35ea6c69a51cdf69d908969bf119c92525b1aac726ef3" "/opt/rustwide/cargo-home/bin/cargo" "+1.99.0-beta.8" "test" "--frozen" "--release", kill_on_drop: false }`
[INFO] [stderr]     Finished `release` profile [optimized] target(s) in 0.07s
[INFO] [stderr]      Running unittests src/lib.rs (/opt/rustwide/target/release/deps/owm_rs-01a13b6a50f37c25)
[INFO] [stdout] 
[INFO] [stdout] running 8 tests
[INFO] [stdout] test tests::utils::test_fahrenheit_to_celsius_conversion ... ok
[INFO] [stdout] test tests::utils::test_kelvin_to_celsius ... ok
[INFO] [stdout] test tests::utils::test_kelvin_to_fahrenheit ... ok
[INFO] [stdout] test tests::geocoding::get_city_coordinates_blocking ... FAILED
[INFO] [stdout] test tests::geocoding::get_city_coordinates ... FAILED
[INFO] [stdout] test tests::weather::attempt_weather_data_retrieval ... FAILED
[INFO] [stdout] test tests::weather::attempt_weather_data_retrieval_with_shortcut_fn ... FAILED
[INFO] [stdout] test tests::weather::fetch_weather_by_city_name_blocking ... FAILED
[INFO] [stdout] 
[INFO] [stdout] failures:
[INFO] [stdout] 
[INFO] [stdout] ---- tests::geocoding::get_city_coordinates_blocking stdout ----
[INFO] [stdout] 
[INFO] [stdout] thread 'tests::geocoding::get_city_coordinates_blocking' (1180) panicked at src/tests/setup.rs:9:22:
[INFO] [stdout] .env file not found.: Io(Custom { kind: NotFound, error: "path not found" })
[INFO] [stdout] stack backtrace:
[INFO] [stdout]    0:     0x57dfbf4d6791 - <<std[70759c8f55707aa4]::sys::backtrace::BacktraceLock>::print::DisplayBacktrace as core[df12db4294e9bfd3]::fmt::Display>::fmt
[INFO] [stdout]    1:     0x57dfbf4ed0ca - core[df12db4294e9bfd3]::fmt::write
[INFO] [stdout]    2:     0x57dfbf4db34c - <alloc[2182bb758b4b3781]::vec::Vec<u8> as core[df12db4294e9bfd3]::io::write::Write>::write_fmt
[INFO] [stdout]    3:     0x57dfbf4b1606 - std[70759c8f55707aa4]::panicking::default_hook::{closure#0}
[INFO] [stdout]    4:     0x57dfbf4ce589 - std[70759c8f55707aa4]::panicking::default_hook
[INFO] [stdout]    5:     0x57dfbf4449e0 - test[9d35eded1c95d3be]::test_main_inner::<test[9d35eded1c95d3be]::test_main_static::{closure#0}>::{closure#0}
[INFO] [stdout]    6:     0x57dfbf4ce8b2 - std[70759c8f55707aa4]::panicking::panic_with_hook
[INFO] [stdout]    7:     0x57dfbf4b16b2 - std[70759c8f55707aa4]::panicking::panic_handler::{closure#0}
[INFO] [stdout]    8:     0x57dfbf4aa119 - std[70759c8f55707aa4]::sys::backtrace::__rust_end_short_backtrace::<std[70759c8f55707aa4]::panicking::panic_handler::{closure#0}, !>
[INFO] [stdout]    9:     0x57dfbf4b253d - __rustc[8fa7c3cbc660c2b3]::rust_begin_unwind
[INFO] [stdout]   10:     0x57dfbf4ed82c - core[df12db4294e9bfd3]::panicking::panic_fmt
[INFO] [stdout]   11:     0x57dfbf4ed602 - core[df12db4294e9bfd3]::result::unwrap_failed
[INFO] [stdout]   12:     0x57dfbf30724f - owm_rs[9c372fd09f73c3b3]::tests::setup::load_credentials
[INFO] [stdout]   13:     0x57dfbf316ba4 - owm_rs[9c372fd09f73c3b3]::tests::geocoding::get_city_coordinates_blocking
[INFO] [stdout]   14:     0x57dfbf309e39 - <owm_rs[9c372fd09f73c3b3]::tests::geocoding::get_city_coordinates_blocking::{closure#0} as core[df12db4294e9bfd3]::ops::function::FnOnce<()>>::call_once
[INFO] [stdout]   15:     0x57dfbf437ccb - test[9d35eded1c95d3be]::__rust_begin_short_backtrace::<core[df12db4294e9bfd3]::result::Result<(), alloc[2182bb758b4b3781]::string::String>, fn() -> core[df12db4294e9bfd3]::result::Result<(), alloc[2182bb758b4b3781]::string::String>>
[INFO] [stdout]   16:     0x57dfbf445335 - test[9d35eded1c95d3be]::run_test::{closure#0}
[INFO] [stdout]   17:     0x57dfbf43ebf4 - std[70759c8f55707aa4]::sys::backtrace::__rust_begin_short_backtrace::<test[9d35eded1c95d3be]::run_test::{closure#1}, ()>
[INFO] [stdout]   18:     0x57dfbf448492 - <std[70759c8f55707aa4]::thread::lifecycle::spawn_unchecked<test[9d35eded1c95d3be]::run_test::{closure#1}, ()>::{closure#1} as core[df12db4294e9bfd3]::ops::function::FnOnce<()>>::call_once::{shim:vtable#0}
[INFO] [stdout]   19:     0x57dfbf4d5cb9 - <std[70759c8f55707aa4]::sys::thread::unix::Thread>::new::thread_start
[INFO] [stdout]   20:     0x7b65c6cf1dfa - <unknown>
[INFO] [stdout]   21:     0x7b65c6d853d4 - clone
[INFO] [stdout]   22:                0x0 - <unknown>
[INFO] [stdout] 
[INFO] [stdout] ---- tests::geocoding::get_city_coordinates stdout ----
[INFO] [stdout] 
[INFO] [stdout] thread 'tests::geocoding::get_city_coordinates' (1179) panicked at src/tests/setup.rs:9:22:
[INFO] [stdout] .env file not found.: Io(Custom { kind: NotFound, error: "path not found" })
[INFO] [stdout] stack backtrace:
[INFO] [stdout]    0:     0x57dfbf4d6791 - <<std[70759c8f55707aa4]::sys::backtrace::BacktraceLock>::print::DisplayBacktrace as core[df12db4294e9bfd3]::fmt::Display>::fmt
[INFO] [stdout]    1:     0x57dfbf4ed0ca - core[df12db4294e9bfd3]::fmt::write
[INFO] [stdout]    2:     0x57dfbf4db34c - <alloc[2182bb758b4b3781]::vec::Vec<u8> as core[df12db4294e9bfd3]::io::write::Write>::write_fmt
[INFO] [stdout]    3:     0x57dfbf4b1606 - std[70759c8f55707aa4]::panicking::default_hook::{closure#0}
[INFO] [stdout]    4:     0x57dfbf4ce589 - std[70759c8f55707aa4]::panicking::default_hook
[INFO] [stdout]    5:     0x57dfbf4449e0 - test[9d35eded1c95d3be]::test_main_inner::<test[9d35eded1c95d3be]::test_main_static::{closure#0}>::{closure#0}
[INFO] [stdout]    6:     0x57dfbf4ce8b2 - std[70759c8f55707aa4]::panicking::panic_with_hook
[INFO] [stdout]    7:     0x57dfbf4b16b2 - std[70759c8f55707aa4]::panicking::panic_handler::{closure#0}
[INFO] [stdout]    8:     0x57dfbf4aa119 - std[70759c8f55707aa4]::sys::backtrace::__rust_end_short_backtrace::<std[70759c8f55707aa4]::panicking::panic_handler::{closure#0}, !>
[INFO] [stdout]    9:     0x57dfbf4b253d - __rustc[8fa7c3cbc660c2b3]::rust_begin_unwind
[INFO] [stdout]   10:     0x57dfbf4ed82c - core[df12db4294e9bfd3]::panicking::panic_fmt
[INFO] [stdout]   11:     0x57dfbf4ed602 - core[df12db4294e9bfd3]::result::unwrap_failed
[INFO] [stdout]   12:     0x57dfbf30724f - owm_rs[9c372fd09f73c3b3]::tests::setup::load_credentials
[INFO] [stdout]   13:     0x57dfbf315adb - owm_rs[9c372fd09f73c3b3]::tests::geocoding::get_city_coordinates::{closure#0}
[INFO] [stdout]   14:     0x57dfbf2f7073 - <tokio[fa348e5a86c2f219]::runtime::scheduler::current_thread::Context>::enter::<core[df12db4294e9bfd3]::task::poll::Poll<()>, <tokio[fa348e5a86c2f219]::runtime::scheduler::current_thread::CoreGuard>::block_on<core[df12db4294e9bfd3]::pin::Pin<&mut core[df12db4294e9bfd3]::pin::Pin<&mut dyn core[df12db4294e9bfd3]::future::future::Future<Output = ()>>>>::{closure#0}::{closure#0}>
[INFO] [stdout]   15:     0x57dfbf308569 - <std[70759c8f55707aa4]::thread::local::LocalKey<tokio[fa348e5a86c2f219]::runtime::context::Context>>::with::<tokio[fa348e5a86c2f219]::runtime::context::set_scheduler<(alloc[2182bb758b4b3781]::boxed::Box<tokio[fa348e5a86c2f219]::runtime::scheduler::current_thread::Core>, core[df12db4294e9bfd3]::option::Option<()>), <tokio[fa348e5a86c2f219]::runtime::scheduler::current_thread::CoreGuard>::enter<<tokio[fa348e5a86c2f219]::runtime::scheduler::current_thread::CoreGuard>::block_on<core[df12db4294e9bfd3]::pin::Pin<&mut core[df12db4294e9bfd3]::pin::Pin<&mut dyn core[df12db4294e9bfd3]::future::future::Future<Output = ()>>>>::{closure#0}, core[df12db4294e9bfd3]::option::Option<()>>::{closure#0}>::{closure#0}, (alloc[2182bb758b4b3781]::boxed::Box<tokio[fa348e5a86c2f219]::runtime::scheduler::current_thread::Core>, core[df12db4294e9bfd3]::option::Option<()>)>
[INFO] [stdout]   16:     0x57dfbf2f73a7 - <tokio[fa348e5a86c2f219]::runtime::scheduler::current_thread::CoreGuard>::block_on::<core[df12db4294e9bfd3]::pin::Pin<&mut core[df12db4294e9bfd3]::pin::Pin<&mut dyn core[df12db4294e9bfd3]::future::future::Future<Output = ()>>>>
[INFO] [stdout]   17:     0x57dfbf30c9b7 - tokio[fa348e5a86c2f219]::runtime::context::runtime::enter_runtime::<<tokio[fa348e5a86c2f219]::runtime::scheduler::current_thread::CurrentThread>::block_on<core[df12db4294e9bfd3]::pin::Pin<&mut dyn core[df12db4294e9bfd3]::future::future::Future<Output = ()>>>::{closure#0}, ()>
[INFO] [stderr] error: test failed, to rerun pass `--lib`
[INFO] [stdout]   18:     0x57dfbf2f9a65 - <tokio[fa348e5a86c2f219]::runtime::runtime::Runtime>::block_on::<core[df12db4294e9bfd3]::pin::Pin<&mut dyn core[df12db4294e9bfd3]::future::future::Future<Output = ()>>>
[INFO] [stdout]   19:     0x57dfbf316acb - owm_rs[9c372fd09f73c3b3]::tests::geocoding::get_city_coordinates
[INFO] [stdout]   20:     0x57dfbf309e19 - <owm_rs[9c372fd09f73c3b3]::tests::geocoding::get_city_coordinates::{closure#0} as core[df12db4294e9bfd3]::ops::function::FnOnce<()>>::call_once
[INFO] [stdout]   21:     0x57dfbf437ccb - test[9d35eded1c95d3be]::__rust_begin_short_backtrace::<core[df12db4294e9bfd3]::result::Result<(), alloc[2182bb758b4b3781]::string::String>, fn() -> core[df12db4294e9bfd3]::result::Result<(), alloc[2182bb758b4b3781]::string::String>>
[INFO] [stdout]   22:     0x57dfbf445335 - test[9d35eded1c95d3be]::run_test::{closure#0}
[INFO] [stdout]   23:     0x57dfbf43ebf4 - std[70759c8f55707aa4]::sys::backtrace::__rust_begin_short_backtrace::<test[9d35eded1c95d3be]::run_test::{closure#1}, ()>
[INFO] [stdout]   24:     0x57dfbf448492 - <std[70759c8f55707aa4]::thread::lifecycle::spawn_unchecked<test[9d35eded1c95d3be]::run_test::{closure#1}, ()>::{closure#1} as core[df12db4294e9bfd3]::ops::function::FnOnce<()>>::call_once::{shim:vtable#0}
[INFO] [stdout]   25:     0x57dfbf4d5cb9 - <std[70759c8f55707aa4]::sys::thread::unix::Thread>::new::thread_start
[INFO] [stdout]   26:     0x7b65c6cf1dfa - <unknown>
[INFO] [stdout]   27:     0x7b65c6d853d4 - clone
[INFO] [stdout]   28:                0x0 - <unknown>
[INFO] [stdout] 
[INFO] [stdout] ---- tests::weather::attempt_weather_data_retrieval stdout ----
[INFO] [stdout] 
[INFO] [stdout] thread 'tests::weather::attempt_weather_data_retrieval' (1184) panicked at src/tests/setup.rs:9:22:
[INFO] [stdout] .env file not found.: Io(Custom { kind: NotFound, error: "path not found" })
[INFO] [stdout] stack backtrace:
[INFO] [stdout]    0:     0x57dfbf4d6791 - <<std[70759c8f55707aa4]::sys::backtrace::BacktraceLock>::print::DisplayBacktrace as core[df12db4294e9bfd3]::fmt::Display>::fmt
[INFO] [stdout]    1:     0x57dfbf4ed0ca - core[df12db4294e9bfd3]::fmt::write
[INFO] [stdout]    2:     0x57dfbf4db34c - <alloc[2182bb758b4b3781]::vec::Vec<u8> as core[df12db4294e9bfd3]::io::write::Write>::write_fmt
[INFO] [stdout]    3:     0x57dfbf4b1606 - std[70759c8f55707aa4]::panicking::default_hook::{closure#0}
[INFO] [stdout]    4:     0x57dfbf4ce589 - std[70759c8f55707aa4]::panicking::default_hook
[INFO] [stdout]    5:     0x57dfbf4449e0 - test[9d35eded1c95d3be]::test_main_inner::<test[9d35eded1c95d3be]::test_main_static::{closure#0}>::{closure#0}
[INFO] [stdout]    6:     0x57dfbf4ce8b2 - std[70759c8f55707aa4]::panicking::panic_with_hook
[INFO] [stdout]    7:     0x57dfbf4b16b2 - std[70759c8f55707aa4]::panicking::panic_handler::{closure#0}
[INFO] [stdout]    8:     0x57dfbf4aa119 - std[70759c8f55707aa4]::sys::backtrace::__rust_end_short_backtrace::<std[70759c8f55707aa4]::panicking::panic_handler::{closure#0}, !>
[INFO] [stdout]    9:     0x57dfbf4b253d - __rustc[8fa7c3cbc660c2b3]::rust_begin_unwind
[INFO] [stdout]   10:     0x57dfbf4ed82c - core[df12db4294e9bfd3]::panicking::panic_fmt
[INFO] [stdout]   11:     0x57dfbf4ed602 - core[df12db4294e9bfd3]::result::unwrap_failed
[INFO] [stdout]   12:     0x57dfbf30724f - owm_rs[9c372fd09f73c3b3]::tests::setup::load_credentials
[INFO] [stdout]   13:     0x57dfbf303f2c - owm_rs[9c372fd09f73c3b3]::tests::weather::attempt_weather_data_retrieval::{closure#0}
[INFO] [stdout]   14:     0x57dfbf2f7073 - <tokio[fa348e5a86c2f219]::runtime::scheduler::current_thread::Context>::enter::<core[df12db4294e9bfd3]::task::poll::Poll<()>, <tokio[fa348e5a86c2f219]::runtime::scheduler::current_thread::CoreGuard>::block_on<core[df12db4294e9bfd3]::pin::Pin<&mut core[df12db4294e9bfd3]::pin::Pin<&mut dyn core[df12db4294e9bfd3]::future::future::Future<Output = ()>>>>::{closure#0}::{closure#0}>
[INFO] [stdout]   15:     0x57dfbf308569 - <std[70759c8f55707aa4]::thread::local::LocalKey<tokio[fa348e5a86c2f219]::runtime::context::Context>>::with::<tokio[fa348e5a86c2f219]::runtime::context::set_scheduler<(alloc[2182bb758b4b3781]::boxed::Box<tokio[fa348e5a86c2f219]::runtime::scheduler::current_thread::Core>, core[df12db4294e9bfd3]::option::Option<()>), <tokio[fa348e5a86c2f219]::runtime::scheduler::current_thread::CoreGuard>::enter<<tokio[fa348e5a86c2f219]::runtime::scheduler::current_thread::CoreGuard>::block_on<core[df12db4294e9bfd3]::pin::Pin<&mut core[df12db4294e9bfd3]::pin::Pin<&mut dyn core[df12db4294e9bfd3]::future::future::Future<Output = ()>>>>::{closure#0}, core[df12db4294e9bfd3]::option::Option<()>>::{closure#0}>::{closure#0}, (alloc[2182bb758b4b3781]::boxed::Box<tokio[fa348e5a86c2f219]::runtime::scheduler::current_thread::Core>, core[df12db4294e9bfd3]::option::Option<()>)>
[INFO] [stdout]   16:     0x57dfbf2f73a7 - <tokio[fa348e5a86c2f219]::runtime::scheduler::current_thread::CoreGuard>::block_on::<core[df12db4294e9bfd3]::pin::Pin<&mut core[df12db4294e9bfd3]::pin::Pin<&mut dyn core[df12db4294e9bfd3]::future::future::Future<Output = ()>>>>
[INFO] [stdout]   17:     0x57dfbf30c9b7 - tokio[fa348e5a86c2f219]::runtime::context::runtime::enter_runtime::<<tokio[fa348e5a86c2f219]::runtime::scheduler::current_thread::CurrentThread>::block_on<core[df12db4294e9bfd3]::pin::Pin<&mut dyn core[df12db4294e9bfd3]::future::future::Future<Output = ()>>>::{closure#0}, ()>
[INFO] [stdout]   18:     0x57dfbf2f9a65 - <tokio[fa348e5a86c2f219]::runtime::runtime::Runtime>::block_on::<core[df12db4294e9bfd3]::pin::Pin<&mut dyn core[df12db4294e9bfd3]::future::future::Future<Output = ()>>>
[INFO] [stdout]   19:     0x57dfbf30543b - owm_rs[9c372fd09f73c3b3]::tests::weather::attempt_weather_data_retrieval
[INFO] [stdout]   20:     0x57dfbf309db9 - <owm_rs[9c372fd09f73c3b3]::tests::weather::attempt_weather_data_retrieval::{closure#0} as core[df12db4294e9bfd3]::ops::function::FnOnce<()>>::call_once
[INFO] [stdout]   21:     0x57dfbf437ccb - test[9d35eded1c95d3be]::__rust_begin_short_backtrace::<core[df12db4294e9bfd3]::result::Result<(), alloc[2182bb758b4b3781]::string::String>, fn() -> core[df12db4294e9bfd3]::result::Result<(), alloc[2182bb758b4b3781]::string::String>>
[INFO] [stdout]   22:     0x57dfbf445335 - test[9d35eded1c95d3be]::run_test::{closure#0}
[INFO] [stdout]   23:     0x57dfbf43ebf4 - std[70759c8f55707aa4]::sys::backtrace::__rust_begin_short_backtrace::<test[9d35eded1c95d3be]::run_test::{closure#1}, ()>
[INFO] [stdout]   24:     0x57dfbf448492 - <std[70759c8f55707aa4]::thread::lifecycle::spawn_unchecked<test[9d35eded1c95d3be]::run_test::{closure#1}, ()>::{closure#1} as core[df12db4294e9bfd3]::ops::function::FnOnce<()>>::call_once::{shim:vtable#0}
[INFO] [stdout]   25:     0x57dfbf4d5cb9 - <std[70759c8f55707aa4]::sys::thread::unix::Thread>::new::thread_start
[INFO] [stdout]   26:     0x7b65c6cf1dfa - <unknown>
[INFO] [stdout]   27:     0x7b65c6d853d4 - clone
[INFO] [stdout]   28:                0x0 - <unknown>
[INFO] [stdout] 
[INFO] [stdout] ---- tests::weather::attempt_weather_data_retrieval_with_shortcut_fn stdout ----
[INFO] [stdout] 
[INFO] [stdout] thread 'tests::weather::attempt_weather_data_retrieval_with_shortcut_fn' (1185) panicked at src/tests/setup.rs:9:22:
[INFO] [stdout] .env file not found.: Io(Custom { kind: NotFound, error: "path not found" })
[INFO] [stdout] stack backtrace:
[INFO] [stdout]    0:     0x57dfbf4d6791 - <<std[70759c8f55707aa4]::sys::backtrace::BacktraceLock>::print::DisplayBacktrace as core[df12db4294e9bfd3]::fmt::Display>::fmt
[INFO] [stdout]    1:     0x57dfbf4ed0ca - core[df12db4294e9bfd3]::fmt::write
[INFO] [stdout]    2:     0x57dfbf4db34c - <alloc[2182bb758b4b3781]::vec::Vec<u8> as core[df12db4294e9bfd3]::io::write::Write>::write_fmt
[INFO] [stdout]    3:     0x57dfbf4b1606 - std[70759c8f55707aa4]::panicking::default_hook::{closure#0}
[INFO] [stdout]    4:     0x57dfbf4ce589 - std[70759c8f55707aa4]::panicking::default_hook
[INFO] [stdout]    5:     0x57dfbf4449e0 - test[9d35eded1c95d3be]::test_main_inner::<test[9d35eded1c95d3be]::test_main_static::{closure#0}>::{closure#0}
[INFO] [stdout]    6:     0x57dfbf4ce8b2 - std[70759c8f55707aa4]::panicking::panic_with_hook
[INFO] [stdout]    7:     0x57dfbf4b16b2 - std[70759c8f55707aa4]::panicking::panic_handler::{closure#0}
[INFO] [stdout]    8:     0x57dfbf4aa119 - std[70759c8f55707aa4]::sys::backtrace::__rust_end_short_backtrace::<std[70759c8f55707aa4]::panicking::panic_handler::{closure#0}, !>
[INFO] [stdout]    9:     0x57dfbf4b253d - __rustc[8fa7c3cbc660c2b3]::rust_begin_unwind
[INFO] [stdout]   10:     0x57dfbf4ed82c - core[df12db4294e9bfd3]::panicking::panic_fmt
[INFO] [stdout]   11:     0x57dfbf4ed602 - core[df12db4294e9bfd3]::result::unwrap_failed
[INFO] [stdout]   12:     0x57dfbf30724f - owm_rs[9c372fd09f73c3b3]::tests::setup::load_credentials
[INFO] [stdout]   13:     0x57dfbf304303 - owm_rs[9c372fd09f73c3b3]::tests::weather::attempt_weather_data_retrieval_with_shortcut_fn::{closure#0}
[INFO] [stdout]   14:     0x57dfbf2f7073 - <tokio[fa348e5a86c2f219]::runtime::scheduler::current_thread::Context>::enter::<core[df12db4294e9bfd3]::task::poll::Poll<()>, <tokio[fa348e5a86c2f219]::runtime::scheduler::current_thread::CoreGuard>::block_on<core[df12db4294e9bfd3]::pin::Pin<&mut core[df12db4294e9bfd3]::pin::Pin<&mut dyn core[df12db4294e9bfd3]::future::future::Future<Output = ()>>>>::{closure#0}::{closure#0}>
[INFO] [stdout]   15:     0x57dfbf308569 - <std[70759c8f55707aa4]::thread::local::LocalKey<tokio[fa348e5a86c2f219]::runtime::context::Context>>::with::<tokio[fa348e5a86c2f219]::runtime::context::set_scheduler<(alloc[2182bb758b4b3781]::boxed::Box<tokio[fa348e5a86c2f219]::runtime::scheduler::current_thread::Core>, core[df12db4294e9bfd3]::option::Option<()>), <tokio[fa348e5a86c2f219]::runtime::scheduler::current_thread::CoreGuard>::enter<<tokio[fa348e5a86c2f219]::runtime::scheduler::current_thread::CoreGuard>::block_on<core[df12db4294e9bfd3]::pin::Pin<&mut core[df12db4294e9bfd3]::pin::Pin<&mut dyn core[df12db4294e9bfd3]::future::future::Future<Output = ()>>>>::{closure#0}, core[df12db4294e9bfd3]::option::Option<()>>::{closure#0}>::{closure#0}, (alloc[2182bb758b4b3781]::boxed::Box<tokio[fa348e5a86c2f219]::runtime::scheduler::current_thread::Core>, core[df12db4294e9bfd3]::option::Option<()>)>
[INFO] [stdout]   16:     0x57dfbf2f73a7 - <tokio[fa348e5a86c2f219]::runtime::scheduler::current_thread::CoreGuard>::block_on::<core[df12db4294e9bfd3]::pin::Pin<&mut core[df12db4294e9bfd3]::pin::Pin<&mut dyn core[df12db4294e9bfd3]::future::future::Future<Output = ()>>>>
[INFO] [stdout]   17:     0x57dfbf30c9b7 - tokio[fa348e5a86c2f219]::runtime::context::runtime::enter_runtime::<<tokio[fa348e5a86c2f219]::runtime::scheduler::current_thread::CurrentThread>::block_on<core[df12db4294e9bfd3]::pin::Pin<&mut dyn core[df12db4294e9bfd3]::future::future::Future<Output = ()>>>::{closure#0}, ()>
[INFO] [stdout]   18:     0x57dfbf2f9a65 - <tokio[fa348e5a86c2f219]::runtime::runtime::Runtime>::block_on::<core[df12db4294e9bfd3]::pin::Pin<&mut dyn core[df12db4294e9bfd3]::future::future::Future<Output = ()>>>
[INFO] [stdout]   19:     0x57dfbf30573b - owm_rs[9c372fd09f73c3b3]::tests::weather::attempt_weather_data_retrieval_with_shortcut_fn
[INFO] [stdout]   20:     0x57dfbf309df9 - <owm_rs[9c372fd09f73c3b3]::tests::weather::attempt_weather_data_retrieval_with_shortcut_fn::{closure#0} as core[df12db4294e9bfd3]::ops::function::FnOnce<()>>::call_once
[INFO] [stdout]   21:     0x57dfbf437ccb - test[9d35eded1c95d3be]::__rust_begin_short_backtrace::<core[df12db4294e9bfd3]::result::Result<(), alloc[2182bb758b4b3781]::string::String>, fn() -> core[df12db4294e9bfd3]::result::Result<(), alloc[2182bb758b4b3781]::string::String>>
[INFO] [stdout]   22:     0x57dfbf445335 - test[9d35eded1c95d3be]::run_test::{closure#0}
[INFO] [stdout]   23:     0x57dfbf43ebf4 - std[70759c8f55707aa4]::sys::backtrace::__rust_begin_short_backtrace::<test[9d35eded1c95d3be]::run_test::{closure#1}, ()>
[INFO] [stdout]   24:     0x57dfbf448492 - <std[70759c8f55707aa4]::thread::lifecycle::spawn_unchecked<test[9d35eded1c95d3be]::run_test::{closure#1}, ()>::{closure#1} as core[df12db4294e9bfd3]::ops::function::FnOnce<()>>::call_once::{shim:vtable#0}
[INFO] [stdout]   25:     0x57dfbf4d5cb9 - <std[70759c8f55707aa4]::sys::thread::unix::Thread>::new::thread_start
[INFO] [stdout]   26:     0x7b65c6cf1dfa - <unknown>
[INFO] [stdout]   27:     0x7b65c6d853d4 - clone
[INFO] [stdout]   28:                0x0 - <unknown>
[INFO] [stdout] 
[INFO] [stdout] ---- tests::weather::fetch_weather_by_city_name_blocking stdout ----
[INFO] [stdout] 
[INFO] [stdout] thread 'tests::weather::fetch_weather_by_city_name_blocking' (1186) panicked at src/tests/setup.rs:9:22:
[INFO] [stdout] .env file not found.: Io(Custom { kind: NotFound, error: "path not found" })
[INFO] [stdout] stack backtrace:
[INFO] [stdout]    0:     0x57dfbf4d6791 - <<std[70759c8f55707aa4]::sys::backtrace::BacktraceLock>::print::DisplayBacktrace as core[df12db4294e9bfd3]::fmt::Display>::fmt
[INFO] [stdout]    1:     0x57dfbf4ed0ca - core[df12db4294e9bfd3]::fmt::write
[INFO] [stdout]    2:     0x57dfbf4db34c - <alloc[2182bb758b4b3781]::vec::Vec<u8> as core[df12db4294e9bfd3]::io::write::Write>::write_fmt
[INFO] [stdout]    3:     0x57dfbf4b1606 - std[70759c8f55707aa4]::panicking::default_hook::{closure#0}
[INFO] [stdout]    4:     0x57dfbf4ce589 - std[70759c8f55707aa4]::panicking::default_hook
[INFO] [stdout]    5:     0x57dfbf4449e0 - test[9d35eded1c95d3be]::test_main_inner::<test[9d35eded1c95d3be]::test_main_static::{closure#0}>::{closure#0}
[INFO] [stdout]    6:     0x57dfbf4ce8b2 - std[70759c8f55707aa4]::panicking::panic_with_hook
[INFO] [stdout]    7:     0x57dfbf4b16b2 - std[70759c8f55707aa4]::panicking::panic_handler::{closure#0}
[INFO] [stdout]    8:     0x57dfbf4aa119 - std[70759c8f55707aa4]::sys::backtrace::__rust_end_short_backtrace::<std[70759c8f55707aa4]::panicking::panic_handler::{closure#0}, !>
[INFO] [stdout]    9:     0x57dfbf4b253d - __rustc[8fa7c3cbc660c2b3]::rust_begin_unwind
[INFO] [stdout]   10:     0x57dfbf4ed82c - core[df12db4294e9bfd3]::panicking::panic_fmt
[INFO] [stdout]   11:     0x57dfbf4ed602 - core[df12db4294e9bfd3]::result::unwrap_failed
[INFO] [stdout]   12:     0x57dfbf30724f - owm_rs[9c372fd09f73c3b3]::tests::setup::load_credentials
[INFO] [stdout]   13:     0x57dfbf305533 - owm_rs[9c372fd09f73c3b3]::tests::weather::fetch_weather_by_city_name_blocking
[INFO] [stdout]   14:     0x57dfbf309dd9 - <owm_rs[9c372fd09f73c3b3]::tests::weather::fetch_weather_by_city_name_blocking::{closure#0} as core[df12db4294e9bfd3]::ops::function::FnOnce<()>>::call_once
[INFO] [stdout]   15:     0x57dfbf437ccb - test[9d35eded1c95d3be]::__rust_begin_short_backtrace::<core[df12db4294e9bfd3]::result::Result<(), alloc[2182bb758b4b3781]::string::String>, fn() -> core[df12db4294e9bfd3]::result::Result<(), alloc[2182bb758b4b3781]::string::String>>
[INFO] [stdout]   16:     0x57dfbf445335 - test[9d35eded1c95d3be]::run_test::{closure#0}
[INFO] [stdout]   17:     0x57dfbf43ebf4 - std[70759c8f55707aa4]::sys::backtrace::__rust_begin_short_backtrace::<test[9d35eded1c95d3be]::run_test::{closure#1}, ()>
[INFO] [stdout]   18:     0x57dfbf448492 - <std[70759c8f55707aa4]::thread::lifecycle::spawn_unchecked<test[9d35eded1c95d3be]::run_test::{closure#1}, ()>::{closure#1} as core[df12db4294e9bfd3]::ops::function::FnOnce<()>>::call_once::{shim:vtable#0}
[INFO] [stdout]   19:     0x57dfbf4d5cb9 - <std[70759c8f55707aa4]::sys::thread::unix::Thread>::new::thread_start
[INFO] [stdout]   20:     0x7b65c6cf1dfa - <unknown>
[INFO] [stdout]   21:     0x7b65c6d853d4 - clone
[INFO] [stdout]   22:                0x0 - <unknown>
[INFO] [stdout] 
[INFO] [stdout] 
[INFO] [stdout] failures:
[INFO] [stdout]     tests::geocoding::get_city_coordinates
[INFO] [stdout]     tests::geocoding::get_city_coordinates_blocking
[INFO] [stdout]     tests::weather::attempt_weather_data_retrieval
[INFO] [stdout]     tests::weather::attempt_weather_data_retrieval_with_shortcut_fn
[INFO] [stdout]     tests::weather::fetch_weather_by_city_name_blocking
[INFO] [stdout] 
[INFO] [stdout] test result: FAILED. 3 passed; 5 failed; 0 ignored; 0 measured; 0 filtered out; finished in 0.00s
[INFO] [stdout] 
[INFO] running `Command { std: "docker" "inspect" "d7d870c5aba8dd7674f35ea6c69a51cdf69d908969bf119c92525b1aac726ef3", kill_on_drop: false }`
[INFO] running `Command { std: "docker" "rm" "-f" "d7d870c5aba8dd7674f35ea6c69a51cdf69d908969bf119c92525b1aac726ef3", kill_on_drop: false }`
[INFO] [stdout] d7d870c5aba8dd7674f35ea6c69a51cdf69d908969bf119c92525b1aac726ef3
