[INFO] fetching crate ovr-evm-precompile-modexp 2.0.0...
[INFO] testing ovr-evm-precompile-modexp-2.0.0 against 1.99.0-beta.8+cargoflags=--release for beta-release-1.100-2
[INFO] extracting crate ovr-evm-precompile-modexp 2.0.0 into /workspace/builds/worker-7-tc1/source
[INFO] started tweaking crates.io crate ovr-evm-precompile-modexp 2.0.0
[INFO] finished tweaking crates.io crate ovr-evm-precompile-modexp 2.0.0
[INFO] tweaked toml for crates.io crate ovr-evm-precompile-modexp 2.0.0 written to /workspace/builds/worker-7-tc1/source/Cargo.toml
[INFO] validating manifest of crates.io crate ovr-evm-precompile-modexp 2.0.0 on toolchain 1.99.0-beta.8
[INFO] running `Command { std: CARGO_HOME="/workspace/cargo-home" RUSTUP_HOME="/workspace/rustup-home" "/workspace/cargo-home/bin/cargo" "+1.99.0-beta.8" "metadata" "--manifest-path" "Cargo.toml" "--no-deps", kill_on_drop: false }`
[INFO] running `Command { std: CARGO_HOME="/workspace/cargo-home" RUSTUP_HOME="/workspace/rustup-home" "/workspace/cargo-home/bin/cargo" "+1.99.0-beta.8" "generate-lockfile" "--manifest-path" "Cargo.toml", kill_on_drop: false }`
[INFO] [stderr]     Updating crates.io index
[INFO] [stderr]      Locking 101 packages to highest compatible versions
[INFO] running `Command { std: CARGO_HOME="/workspace/cargo-home" RUSTUP_HOME="/workspace/rustup-home" "/workspace/cargo-home/bin/cargo" "+1.99.0-beta.8" "fetch" "--manifest-path" "Cargo.toml", kill_on_drop: false }`
[INFO] [stderr]  Downloading crates ...
[INFO] [stderr]   Downloaded parity-scale-codec v2.3.1
[INFO] [stderr]   Downloaded scale-info-derive v1.0.0
[INFO] [stderr]   Downloaded ovr-fp-evm v3.0.0
[INFO] [stderr]   Downloaded evm v0.33.1
[INFO] [stderr]   Downloaded scale-info v1.0.0
[INFO] [stderr]   Downloaded primitive-types v0.10.1
[INFO] [stderr]   Downloaded ovr-evm-test-vector-support v1.0.0
[INFO] [stderr]   Downloaded fixed-hash v0.7.0
[INFO] [stderr]   Downloaded evm-core v0.33.0
[INFO] [stderr]   Downloaded radium v0.6.2
[INFO] [stderr]   Downloaded evm-gasometer v0.33.0
[INFO] [stderr]   Downloaded ethbloom v0.11.1
[INFO] [stderr]   Downloaded funty v1.1.0
[INFO] [stderr]   Downloaded evm-runtime v0.33.0
[INFO] [stderr]   Downloaded wyz v0.2.0
[INFO] [stderr]   Downloaded hash-db v0.15.2
[INFO] [stderr]   Downloaded triehash v0.8.4
[INFO] [stderr]   Downloaded ethereum v0.11.1
[INFO] [stderr]   Downloaded impl-codec v0.5.1
[INFO] [stderr]   Downloaded rlp-derive v0.1.0
[INFO] [stderr]   Downloaded ethereum-types v0.12.1
[INFO] [stderr]   Downloaded parity-scale-codec-derive v2.3.1
[INFO] [stderr]   Downloaded auto_impl v0.5.0
[INFO] [stderr]   Downloaded impl-serde v0.3.2
[INFO] [stderr]   Downloaded bitvec v0.20.4
[INFO] running `Command { std: "docker" "create" "-v" "/var/lib/crater-agent-workspace/builds/worker-7-tc1/source:/opt/rustwide/workdir:ro,Z" "-v" "/var/lib/crater-agent-workspace/builds/worker-7-tc1/target:/opt/rustwide/target:rw,Z" "-v" "/var/lib/crater-agent-workspace/cargo-home:/opt/rustwide/cargo-home:ro,Z" "-v" "/var/lib/crater-agent-workspace/rustup-home:/opt/rustwide/rustup-home:ro,Z" "-m" "1610612736" "--network" "none" "ghcr.io/rust-lang/crates-build-env/linux@sha256:77db811e55d90add9212f6832c23229e3de5f1c1f9905e8cb07319ea15df73ac" "sleep" "infinity", kill_on_drop: false }`
[INFO] [stdout] 2a0f2a7e34d5f0b8514beb5cd5c80d0adac85d53c3b0980a6a2d84bb46f9ec60
[INFO] running `Command { std: "docker" "start" "2a0f2a7e34d5f0b8514beb5cd5c80d0adac85d53c3b0980a6a2d84bb46f9ec60", kill_on_drop: false }`
[INFO] running `Command { std: "docker" "inspect" "2a0f2a7e34d5f0b8514beb5cd5c80d0adac85d53c3b0980a6a2d84bb46f9ec60", kill_on_drop: false }`
[INFO] running `Command { std: "docker" "exec" "-e" "SOURCE_DIR=/opt/rustwide/workdir" "-e" "CARGO_HOME=/opt/rustwide/cargo-home" "-e" "RUSTUP_HOME=/opt/rustwide/rustup-home" "-e" "CARGO_TARGET_DIR=/opt/rustwide/target" "-w" "/opt/rustwide/workdir" "--user" "0:0" "2a0f2a7e34d5f0b8514beb5cd5c80d0adac85d53c3b0980a6a2d84bb46f9ec60" "/opt/rustwide/cargo-home/bin/cargo" "+1.99.0-beta.8" "metadata" "--no-deps" "--format-version=1", kill_on_drop: false }`
[INFO] running `Command { std: "docker" "inspect" "2a0f2a7e34d5f0b8514beb5cd5c80d0adac85d53c3b0980a6a2d84bb46f9ec60", kill_on_drop: false }`
[INFO] running `Command { std: "docker" "exec" "-e" "SOURCE_DIR=/opt/rustwide/workdir" "-e" "CARGO_HOME=/opt/rustwide/cargo-home" "-e" "RUSTUP_HOME=/opt/rustwide/rustup-home" "-e" "CARGO_TARGET_DIR=/opt/rustwide/target" "-e" "CARGO_INCREMENTAL=0" "-e" "RUST_BACKTRACE=full" "-e" "RUSTFLAGS=--cap-lints=warn" "-e" "RUSTDOCFLAGS=--cap-lints=warn" "-w" "/opt/rustwide/workdir" "--user" "0:0" "2a0f2a7e34d5f0b8514beb5cd5c80d0adac85d53c3b0980a6a2d84bb46f9ec60" "/opt/rustwide/cargo-home/bin/cargo" "+1.99.0-beta.8" "build" "--frozen" "--message-format=json" "--release", kill_on_drop: false }`
[INFO] [stderr]    Compiling syn v1.0.109
[INFO] [stderr]    Compiling libc v0.2.191
[INFO] [stderr]    Compiling syn v3.0.9
[INFO] [stderr]    Compiling radium v0.6.2
[INFO] [stderr]    Compiling syn v2.0.119
[INFO] [stderr]    Compiling crunchy v0.2.4
[INFO] [stderr]    Compiling wyz v0.2.0
[INFO] [stderr]    Compiling byteorder v1.5.0
[INFO] [stderr]    Compiling funty v1.1.0
[INFO] [stderr]    Compiling rustc-hex v2.1.0
[INFO] [stderr]    Compiling byte-slice-cast v1.2.3
[INFO] [stderr]    Compiling bytes v1.12.1
[INFO] [stderr]    Compiling hex v0.4.3
[INFO] [stderr]    Compiling generic-array v0.14.9
[INFO] [stderr]    Compiling uint v0.9.5
[INFO] [stderr]    Compiling generic-array v0.12.4
[INFO] [stderr]    Compiling tiny-keccak v2.0.2
[INFO] [stderr]    Compiling byte-tools v0.3.1
[INFO] [stderr]    Compiling block-padding v0.1.5
[INFO] [stderr]    Compiling bitvec v0.20.4
[INFO] [stderr]    Compiling rlp v0.5.2
[INFO] [stderr]    Compiling digest v0.8.1
[INFO] [stderr]    Compiling impl-rlp v0.3.0
[INFO] [stderr]    Compiling getrandom v0.2.17
[INFO] [stderr]    Compiling block-buffer v0.7.3
[INFO] [stderr]    Compiling opaque-debug v0.2.3
[INFO] [stderr]    Compiling sha3 v0.8.2
[INFO] [stderr]    Compiling rand_core v0.6.4
[INFO] [stderr]    Compiling rand_chacha v0.3.1
[INFO] [stderr]    Compiling block-buffer v0.9.0
[INFO] [stderr]    Compiling digest v0.9.0
[INFO] [stderr]    Compiling environmental v1.1.4
[INFO] [stderr]    Compiling hash-db v0.15.2
[INFO] [stderr]    Compiling sha3 v0.9.1
[INFO] [stderr]    Compiling triehash v0.8.4
[INFO] [stderr]    Compiling hash256-std-hasher v0.15.2
[INFO] [stderr]    Compiling num-rational v0.4.2
[INFO] [stderr]    Compiling num-iter v0.1.46
[INFO] [stderr]    Compiling rand v0.8.8
[INFO] [stderr]    Compiling num-complex v0.4.6
[INFO] [stderr]    Compiling serde_derive v1.0.229
[INFO] [stderr]    Compiling fixed-hash v0.7.0
[INFO] [stderr]    Compiling num v0.4.3
[INFO] [stderr]    Compiling proc-macro-error v1.0.4
[INFO] [stderr]    Compiling parity-scale-codec-derive v2.3.1
[INFO] [stderr]    Compiling scale-info-derive v1.0.0
[INFO] [stderr]    Compiling rlp-derive v0.1.0
[INFO] [stderr]    Compiling auto_impl v0.5.0
[INFO] [stderr]    Compiling impl-trait-for-tuples v0.2.3
[INFO] [stderr]    Compiling derive_more v0.99.20
[INFO] [stderr]    Compiling serde v1.0.229
[INFO] [stderr]    Compiling parity-scale-codec v2.3.1
[INFO] [stderr]    Compiling impl-serde v0.3.2
[INFO] [stderr]    Compiling scale-info v1.0.0
[INFO] [stderr]    Compiling impl-codec v0.5.1
[INFO] [stderr]    Compiling primitive-types v0.10.1
[INFO] [stderr]    Compiling ethbloom v0.11.1
[INFO] [stderr]    Compiling evm-core v0.33.0
[INFO] [stderr]    Compiling ethereum-types v0.12.1
[INFO] [stderr]    Compiling evm-runtime v0.33.0
[INFO] [stderr]    Compiling evm-gasometer v0.33.0
[INFO] [stderr]    Compiling ethereum v0.11.1
[INFO] [stderr]    Compiling evm v0.33.1
[INFO] [stderr]    Compiling ovr-fp-evm v3.0.0
[INFO] [stderr]    Compiling ovr-evm-precompile-modexp v2.0.0 (/opt/rustwide/workdir)
[INFO] [stderr]     Finished `release` profile [optimized] target(s) in 41.31s
[INFO] running `Command { std: "docker" "inspect" "2a0f2a7e34d5f0b8514beb5cd5c80d0adac85d53c3b0980a6a2d84bb46f9ec60", kill_on_drop: false }`
[INFO] running `Command { std: "docker" "exec" "-e" "SOURCE_DIR=/opt/rustwide/workdir" "-e" "CARGO_HOME=/opt/rustwide/cargo-home" "-e" "RUSTUP_HOME=/opt/rustwide/rustup-home" "-e" "CARGO_TARGET_DIR=/opt/rustwide/target" "-e" "CARGO_INCREMENTAL=0" "-e" "RUST_BACKTRACE=full" "-e" "RUSTFLAGS=--cap-lints=warn" "-e" "RUSTDOCFLAGS=--cap-lints=warn" "-w" "/opt/rustwide/workdir" "--user" "0:0" "2a0f2a7e34d5f0b8514beb5cd5c80d0adac85d53c3b0980a6a2d84bb46f9ec60" "/opt/rustwide/cargo-home/bin/cargo" "+1.99.0-beta.8" "test" "--frozen" "--no-run" "--message-format=json" "--release", kill_on_drop: false }`
[INFO] [stderr]    Compiling uint v0.9.5
[INFO] [stderr]    Compiling primitive-types v0.10.1
[INFO] [stderr]    Compiling evm-core v0.33.0
[INFO] [stderr]    Compiling ethereum-types v0.12.1
[INFO] [stderr]    Compiling evm-runtime v0.33.0
[INFO] [stderr]    Compiling ethereum v0.11.1
[INFO] [stderr]    Compiling evm-gasometer v0.33.0
[INFO] [stderr]    Compiling evm v0.33.1
[INFO] [stderr]    Compiling ovr-fp-evm v3.0.0
[INFO] [stderr]    Compiling ovr-evm-test-vector-support v1.0.0
[INFO] [stderr]    Compiling ovr-evm-precompile-modexp v2.0.0 (/opt/rustwide/workdir)
[INFO] [stderr]     Finished `release` profile [optimized] target(s) in 11.26s
[INFO] running `Command { std: "docker" "inspect" "2a0f2a7e34d5f0b8514beb5cd5c80d0adac85d53c3b0980a6a2d84bb46f9ec60", kill_on_drop: false }`
[INFO] running `Command { std: "docker" "exec" "-e" "SOURCE_DIR=/opt/rustwide/workdir" "-e" "CARGO_HOME=/opt/rustwide/cargo-home" "-e" "RUSTUP_HOME=/opt/rustwide/rustup-home" "-e" "CARGO_TARGET_DIR=/opt/rustwide/target" "-e" "CARGO_INCREMENTAL=0" "-e" "RUST_BACKTRACE=full" "-e" "RUSTFLAGS=--cap-lints=warn" "-e" "RUSTDOCFLAGS=--cap-lints=warn" "-w" "/opt/rustwide/workdir" "--user" "0:0" "2a0f2a7e34d5f0b8514beb5cd5c80d0adac85d53c3b0980a6a2d84bb46f9ec60" "/opt/rustwide/cargo-home/bin/cargo" "+1.99.0-beta.8" "test" "--frozen" "--release", kill_on_drop: false }`
[INFO] [stderr]     Finished `release` profile [optimized] target(s) in 0.12s
[INFO] [stderr]      Running unittests src/lib.rs (/opt/rustwide/target/release/deps/ovr_evm_precompile_modexp-abbf4436582aa751)
[INFO] [stdout] 
[INFO] [stdout] running 8 tests
[INFO] [stdout] test tests::test_empty_input ... ok
[INFO] [stdout] test tests::test_excessive_input ... ok
[INFO] [stdout] test tests::test_large_computation ... ok
[INFO] [stdout] test tests::test_large_inputs ... ok
[INFO] [stdout] test tests::test_insufficient_input ... ok
[INFO] [stdout] test tests::test_zero_exp_with_33_length ... ok
[INFO] [stdout] test tests::process_consensus_tests ... FAILED
[INFO] [stdout] test tests::test_simple_inputs ... ok
[INFO] [stdout] 
[INFO] [stdout] failures:
[INFO] [stdout] 
[INFO] [stdout] ---- tests::process_consensus_tests stdout ----
[INFO] [stdout] 
[INFO] [stdout] thread 'tests::process_consensus_tests' (1155) panicked at /opt/rustwide/cargo-home/registry/src/index.crates.io-1949cf8c6b5b557f/ovr-evm-test-vector-support-1.0.0/src/lib.rs:38:43:
[INFO] [stdout] Failed to read blake2F.json: Os { code: 2, kind: NotFound, message: "No such file or directory" }
[INFO] [stdout] stack backtrace:
[INFO] [stdout]    0:     0x609605c8d661 - <<std[70759c8f55707aa4]::sys::backtrace::BacktraceLock>::print::DisplayBacktrace as core[df12db4294e9bfd3]::fmt::Display>::fmt
[INFO] [stdout]    1:     0x609605ca218a - core[df12db4294e9bfd3]::fmt::write
[INFO] [stdout]    2:     0x609605c91afc - <alloc[2182bb758b4b3781]::vec::Vec<u8> as core[df12db4294e9bfd3]::io::write::Write>::write_fmt
[INFO] [stdout]    3:     0x609605c69866 - std[70759c8f55707aa4]::panicking::default_hook::{closure#0}
[INFO] [stdout]    4:     0x609605c859d9 - std[70759c8f55707aa4]::panicking::default_hook
[INFO] [stdout]    5:     0x609605c0a3d0 - test[9d35eded1c95d3be]::test_main_inner::<test[9d35eded1c95d3be]::test_main_static::{closure#0}>::{closure#0}
[INFO] [stdout]    6:     0x609605c85b92 - std[70759c8f55707aa4]::panicking::panic_with_hook
[INFO] [stdout]    7:     0x609605c69912 - std[70759c8f55707aa4]::panicking::panic_handler::{closure#0}
[INFO] [stdout]    8:     0x609605c62509 - std[70759c8f55707aa4]::sys::backtrace::__rust_end_short_backtrace::<std[70759c8f55707aa4]::panicking::panic_handler::{closure#0}, !>
[INFO] [stdout]    9:     0x609605c6a50d - __rustc[8fa7c3cbc660c2b3]::rust_begin_unwind
[INFO] [stdout]   10:     0x609605ca28bc - core[df12db4294e9bfd3]::panicking::panic_fmt
[INFO] [stdout]   11:     0x609605ca2692 - core[df12db4294e9bfd3]::result::unwrap_failed
[INFO] [stdout]   12:     0x609605bfad6c - ovr_evm_test_vector_support[fcfa264797368d9a]::test_precompile_test_vectors::<ovr_evm_precompile_modexp[d5fbf73129062d02]::Modexp>
[INFO] [stdout]   13:     0x609605bfd52e - <ovr_evm_precompile_modexp[d5fbf73129062d02]::tests::process_consensus_tests::{closure#0} as core[df12db4294e9bfd3]::ops::function::FnOnce<()>>::call_once
[INFO] [stdout]   14:     0x609605bfd6bb - test[9d35eded1c95d3be]::__rust_begin_short_backtrace::<core[df12db4294e9bfd3]::result::Result<(), alloc[2182bb758b4b3781]::string::String>, fn() -> core[df12db4294e9bfd3]::result::Result<(), alloc[2182bb758b4b3781]::string::String>>
[INFO] [stdout]   15:     0x609605c0ad25 - test[9d35eded1c95d3be]::run_test::{closure#0}
[INFO] [stdout]   16:     0x609605c045e4 - std[70759c8f55707aa4]::sys::backtrace::__rust_begin_short_backtrace::<test[9d35eded1c95d3be]::run_test::{closure#1}, ()>
[INFO] [stdout]   17:     0x609605c0de82 - <std[70759c8f55707aa4]::thread::lifecycle::spawn_unchecked<test[9d35eded1c95d3be]::run_test::{closure#1}, ()>::{closure#1} as core[df12db4294e9bfd3]::ops::function::FnOnce<()>>::call_once::{shim:vtable#0}
[INFO] [stdout]   18:     0x609605c8cbc9 - <std[70759c8f55707aa4]::sys::thread::unix::Thread>::new::thread_start
[INFO] [stdout]   19:     0x7068010a4dfa - <unknown>
[INFO] [stdout]   20:     0x7068011383d4 - clone
[INFO] [stdout]   21:                0x0 - <unknown>
[INFO] [stdout] 
[INFO] [stdout] 
[INFO] [stdout] failures:
[INFO] [stdout]     tests::process_consensus_tests
[INFO] [stdout] 
[INFO] [stdout] test result: FAILED. 7 passed; 1 failed; 0 ignored; 0 measured; 0 filtered out; finished in 0.01s
[INFO] [stdout] 
[INFO] [stderr] error: test failed, to rerun pass `--lib`
[INFO] running `Command { std: "docker" "inspect" "2a0f2a7e34d5f0b8514beb5cd5c80d0adac85d53c3b0980a6a2d84bb46f9ec60", kill_on_drop: false }`
[INFO] running `Command { std: "docker" "rm" "-f" "2a0f2a7e34d5f0b8514beb5cd5c80d0adac85d53c3b0980a6a2d84bb46f9ec60", kill_on_drop: false }`
[INFO] [stdout] 2a0f2a7e34d5f0b8514beb5cd5c80d0adac85d53c3b0980a6a2d84bb46f9ec60
