[INFO] fetching crate overtls 0.3.16...
[INFO] testing overtls-0.3.16 against 1.99.0-beta.8+cargoflags=--release for beta-release-1.100-2
[INFO] extracting crate overtls 0.3.16 into /workspace/builds/worker-7-tc1/source
[INFO] removed /workspace/builds/worker-7-tc1/source/.cargo/config.toml
[INFO] started tweaking crates.io crate overtls 0.3.16
[INFO] finished tweaking crates.io crate overtls 0.3.16
[INFO] tweaked toml for crates.io crate overtls 0.3.16 written to /workspace/builds/worker-7-tc1/source/Cargo.toml
[INFO] validating manifest of crates.io crate overtls 0.3.16 on toolchain 1.99.0-beta.8
[INFO] running `Command { std: CARGO_HOME="/workspace/cargo-home" RUSTUP_HOME="/workspace/rustup-home" "/workspace/cargo-home/bin/cargo" "+1.99.0-beta.8" "metadata" "--manifest-path" "Cargo.toml" "--no-deps", kill_on_drop: false }`
[INFO] crate crates.io crate overtls 0.3.16 already has a lockfile, it will not be regenerated
[INFO] running `Command { std: CARGO_HOME="/workspace/cargo-home" RUSTUP_HOME="/workspace/rustup-home" "/workspace/cargo-home/bin/cargo" "+1.99.0-beta.8" "fetch" "--manifest-path" "Cargo.toml", kill_on_drop: false }`
[INFO] [stderr]     Updating crates.io index
[INFO] [stderr]  Downloading crates ...
[INFO] [stderr]   Downloaded windows-service v0.8.1
[INFO] [stderr]   Downloaded socks5-impl v0.9.8
[INFO] [stderr]   Downloaded socks-hub v0.2.11
[INFO] [stderr]   Downloaded base64easy v0.1.7
[INFO] [stderr]   Downloaded rustls-platform-verifier-android v0.2.0
[INFO] [stderr]   Downloaded method_name v0.3.4
[INFO] [stderr]   Downloaded ctrlc2 v4.0.0
[INFO] [stderr]   Downloaded connection-pool v0.3.9
[INFO] [stderr]   Downloaded android_logger v0.15.1
[INFO] [stderr]   Downloaded async-shared-timeout v0.2.2
[INFO] [stderr]   Downloaded android_log-sys v0.3.2
[INFO] [stderr]   Downloaded anytls v0.4.9
[INFO] running `Command { std: "docker" "create" "-v" "/var/lib/crater-agent-workspace/builds/worker-7-tc1/source:/opt/rustwide/workdir:ro,Z" "-v" "/var/lib/crater-agent-workspace/builds/worker-7-tc1/target:/opt/rustwide/target:rw,Z" "-v" "/var/lib/crater-agent-workspace/cargo-home:/opt/rustwide/cargo-home:ro,Z" "-v" "/var/lib/crater-agent-workspace/rustup-home:/opt/rustwide/rustup-home:ro,Z" "-m" "1610612736" "--network" "none" "ghcr.io/rust-lang/crates-build-env/linux@sha256:77db811e55d90add9212f6832c23229e3de5f1c1f9905e8cb07319ea15df73ac" "sleep" "infinity", kill_on_drop: false }`
[INFO] [stdout] 782da279f96d8de663abe1ac317ee249a9a56adf1e29ab4537ca28347583b0e5
[INFO] running `Command { std: "docker" "start" "782da279f96d8de663abe1ac317ee249a9a56adf1e29ab4537ca28347583b0e5", kill_on_drop: false }`
[INFO] running `Command { std: "docker" "inspect" "782da279f96d8de663abe1ac317ee249a9a56adf1e29ab4537ca28347583b0e5", kill_on_drop: false }`
[INFO] running `Command { std: "docker" "exec" "-e" "SOURCE_DIR=/opt/rustwide/workdir" "-e" "CARGO_HOME=/opt/rustwide/cargo-home" "-e" "RUSTUP_HOME=/opt/rustwide/rustup-home" "-e" "CARGO_TARGET_DIR=/opt/rustwide/target" "-w" "/opt/rustwide/workdir" "--user" "0:0" "782da279f96d8de663abe1ac317ee249a9a56adf1e29ab4537ca28347583b0e5" "/opt/rustwide/cargo-home/bin/cargo" "+1.99.0-beta.8" "metadata" "--no-deps" "--format-version=1", kill_on_drop: false }`
[INFO] running `Command { std: "docker" "inspect" "782da279f96d8de663abe1ac317ee249a9a56adf1e29ab4537ca28347583b0e5", kill_on_drop: false }`
[INFO] running `Command { std: "docker" "exec" "-e" "SOURCE_DIR=/opt/rustwide/workdir" "-e" "CARGO_HOME=/opt/rustwide/cargo-home" "-e" "RUSTUP_HOME=/opt/rustwide/rustup-home" "-e" "CARGO_TARGET_DIR=/opt/rustwide/target" "-e" "CARGO_INCREMENTAL=0" "-e" "RUST_BACKTRACE=full" "-e" "RUSTFLAGS=--cap-lints=warn" "-e" "RUSTDOCFLAGS=--cap-lints=warn" "-w" "/opt/rustwide/workdir" "--user" "0:0" "782da279f96d8de663abe1ac317ee249a9a56adf1e29ab4537ca28347583b0e5" "/opt/rustwide/cargo-home/bin/cargo" "+1.99.0-beta.8" "build" "--frozen" "--message-format=json" "--release", kill_on_drop: false }`
[INFO] [stderr]    Compiling libc v0.2.190
[INFO] [stderr]    Compiling smallvec v1.16.3
[INFO] [stderr]    Compiling syn v3.0.7
[INFO] [stderr]    Compiling log v0.4.34
[INFO] [stderr]    Compiling zeroize v1.9.1
[INFO] [stderr]    Compiling fs_extra v1.3.0
[INFO] [stderr]    Compiling aws-lc-rs v1.18.1
[INFO] [stderr]    Compiling rustls-pki-types v1.15.1
[INFO] [stderr]    Compiling tracing-core v0.1.36
[INFO] [stderr]    Compiling rustls v0.23.45
[INFO] [stderr]    Compiling want v0.3.2
[INFO] [stderr]    Compiling rustix v1.1.5
[INFO] [stderr]    Compiling serde_json v1.0.152
[INFO] [stderr]    Compiling nix v0.31.3
[INFO] [stderr]    Compiling digest v0.11.3
[INFO] [stderr]    Compiling rustls-native-certs v0.8.4
[INFO] [stderr]    Compiling event-listener v5.4.2
[INFO] [stderr]    Compiling tracing v0.1.44
[INFO] [stderr]    Compiling jobserver v0.1.35
[INFO] [stderr]    Compiling crossbeam-epoch v0.9.21
[INFO] [stderr]    Compiling chrono v0.4.45
[INFO] [stderr]    Compiling cc v1.7.0
[INFO] [stderr]    Compiling event-listener-strategy v0.5.4
[INFO] [stderr]    Compiling sha1 v0.11.0
[INFO] [stderr]    Compiling webpki-roots v1.0.9
[INFO] [stderr]    Compiling terminal_size v0.4.4
[INFO] [stderr]    Compiling jiff-core v0.1.1
[INFO] [stderr]    Compiling clap_lex v1.1.1
[INFO] [stderr]    Compiling webpki-roots v0.26.11
[INFO] [stderr]    Compiling parking_lot_core v0.9.12
[INFO] [stderr]    Compiling mio v1.2.4
[INFO] [stderr]    Compiling errno v0.3.14
[INFO] [stderr]    Compiling parking_lot v0.12.5
[INFO] [stderr]    Compiling signal-hook-registry v1.4.8
[INFO] [stderr]    Compiling socket2 v0.6.5
[INFO] [stderr]    Compiling cmake v0.1.58
[INFO] [stderr]    Compiling getrandom v0.4.3
[INFO] [stderr]    Compiling rand v0.10.3
[INFO] [stderr]    Compiling uuid v1.28.0
[INFO] [stderr]    Compiling aws-lc-sys v0.45.0
[INFO] [stderr]    Compiling inotify-sys v0.1.8
[INFO] [stderr]    Compiling overtls v0.3.16 (/opt/rustwide/workdir)
[INFO] [stderr]    Compiling inotify v0.11.5
[INFO] [stderr]    Compiling jiff v0.2.38
[INFO] [stderr]    Compiling clap_builder v4.6.7
[INFO] [stderr]    Compiling async-lock v3.4.2
[INFO] [stderr]    Compiling synstructure v0.14.0
[INFO] [stderr]    Compiling env_filter v2.0.0
[INFO] [stderr]    Compiling crossbeam-channel v0.5.17
[INFO] [stderr]    Compiling notify-types v2.1.0
[INFO] [stderr]    Compiling base64easy v0.1.7
[INFO] [stderr]    Compiling method_name v0.3.4
[INFO] [stderr]    Compiling notify v8.2.0
[INFO] [stderr]    Compiling daemonize v0.5.0
[INFO] [stderr]    Compiling ctrlc2 v4.0.0
[INFO] [stderr]    Compiling rustls-pemfile v2.2.0
[INFO] [stderr]    Compiling dotenvy v0.15.7
[INFO] [stderr]    Compiling zerofrom-derive v0.1.8
[INFO] [stderr]    Compiling yoke-derive v0.8.4
[INFO] [stderr]    Compiling zerovec-derive v0.11.6
[INFO] [stderr]    Compiling tokio-macros v2.7.2
[INFO] [stderr]    Compiling zerofrom v0.1.8
[INFO] [stderr]    Compiling displaydoc v0.2.7
[INFO] [stderr]    Compiling yoke v0.8.3
[INFO] [stderr]    Compiling futures-macro v0.3.34
[INFO] [stderr]    Compiling tokio v1.53.2
[INFO] [stderr]    Compiling zerotrie v0.2.5
[INFO] [stderr]    Compiling zerovec v0.11.8
[INFO] [stderr]    Compiling futures-util v0.3.34
[INFO] [stderr]    Compiling serde_derive v1.0.229
[INFO] [stderr]    Compiling tinystr v0.8.4
[INFO] [stderr]    Compiling icu_locale_core v2.3.0
[INFO] [stderr]    Compiling potential_utf v0.1.6
[INFO] [stderr]    Compiling icu_collections v2.3.0
[INFO] [stderr]    Compiling icu_provider v2.3.1
[INFO] [stderr]    Compiling serde v1.0.229
[INFO] [stderr]    Compiling icu_normalizer v2.3.0
[INFO] [stderr]    Compiling icu_properties v2.3.0
[INFO] [stderr]    Compiling thiserror-impl v2.0.21
[INFO] [stderr]    Compiling async-trait v0.1.92
[INFO] [stderr]    Compiling clap_derive v4.6.7
[INFO] [stderr]    Compiling idna_adapter v1.2.2
[INFO] [stderr]    Compiling thiserror v2.0.21
[INFO] [stderr]    Compiling moka v0.12.16
[INFO] [stderr]    Compiling idna v1.1.0
[INFO] [stderr]    Compiling env_logger v0.11.11
[INFO] [stderr]    Compiling tokio-util v0.7.20
[INFO] [stderr]    Compiling url v2.5.8
[INFO] [stderr]    Compiling tower v0.5.3
[INFO] [stderr]    Compiling h2 v0.4.20
[INFO] [stderr]    Compiling tower-http v0.6.11
[INFO] [stderr]    Compiling socks5-impl v0.9.8
[INFO] [stderr]    Compiling hickory-proto v0.26.3
[INFO] [stderr]    Compiling clap v4.6.7
[INFO] [stderr]    Compiling connection-pool v0.3.9
[INFO] [stderr]    Compiling async-shared-timeout v0.2.2
[INFO] [stderr]    Compiling hyper v1.12.0
[INFO] [stderr]    Compiling hyper-util v0.1.21
[INFO] [stderr]    Compiling socks-hub v0.2.11
[INFO] [stderr]    Compiling rustls-webpki v0.103.15
[INFO] [stderr]    Compiling tokio-rustls v0.26.6
[INFO] [stderr]    Compiling rustls-platform-verifier v0.7.1
[INFO] [stderr]    Compiling tungstenite v0.30.0
[INFO] [stderr]    Compiling hyper-rustls v0.27.10
[INFO] [stderr]    Compiling reqwest v0.13.5
[INFO] [stderr]    Compiling tokio-tungstenite v0.30.0
[INFO] [stderr]    Compiling anytls v0.4.9
[INFO] [stderr]     Finished `release` profile [optimized] target(s) in 4m 27s
[INFO] running `Command { std: "docker" "inspect" "782da279f96d8de663abe1ac317ee249a9a56adf1e29ab4537ca28347583b0e5", kill_on_drop: false }`
[INFO] running `Command { std: "docker" "exec" "-e" "SOURCE_DIR=/opt/rustwide/workdir" "-e" "CARGO_HOME=/opt/rustwide/cargo-home" "-e" "RUSTUP_HOME=/opt/rustwide/rustup-home" "-e" "CARGO_TARGET_DIR=/opt/rustwide/target" "-e" "CARGO_INCREMENTAL=0" "-e" "RUST_BACKTRACE=full" "-e" "RUSTFLAGS=--cap-lints=warn" "-e" "RUSTDOCFLAGS=--cap-lints=warn" "-w" "/opt/rustwide/workdir" "--user" "0:0" "782da279f96d8de663abe1ac317ee249a9a56adf1e29ab4537ca28347583b0e5" "/opt/rustwide/cargo-home/bin/cargo" "+1.99.0-beta.8" "test" "--frozen" "--no-run" "--message-format=json" "--release", kill_on_drop: false }`
[INFO] [stderr]    Compiling overtls v0.3.16 (/opt/rustwide/workdir)
[INFO] [stderr]     Finished `release` profile [optimized] target(s) in 34.21s
[INFO] running `Command { std: "docker" "inspect" "782da279f96d8de663abe1ac317ee249a9a56adf1e29ab4537ca28347583b0e5", kill_on_drop: false }`
[INFO] running `Command { std: "docker" "exec" "-e" "SOURCE_DIR=/opt/rustwide/workdir" "-e" "CARGO_HOME=/opt/rustwide/cargo-home" "-e" "RUSTUP_HOME=/opt/rustwide/rustup-home" "-e" "CARGO_TARGET_DIR=/opt/rustwide/target" "-e" "CARGO_INCREMENTAL=0" "-e" "RUST_BACKTRACE=full" "-e" "RUSTFLAGS=--cap-lints=warn" "-e" "RUSTDOCFLAGS=--cap-lints=warn" "-w" "/opt/rustwide/workdir" "--user" "0:0" "782da279f96d8de663abe1ac317ee249a9a56adf1e29ab4537ca28347583b0e5" "/opt/rustwide/cargo-home/bin/cargo" "+1.99.0-beta.8" "test" "--frozen" "--release", kill_on_drop: false }`
[INFO] [stderr]     Finished `release` profile [optimized] target(s) in 0.22s
[INFO] [stderr]      Running unittests src/lib.rs (/opt/rustwide/target/release/deps/overtls-afd8155eb0aa2c5f)
[INFO] [stdout] 
[INFO] [stdout] running 4 tests
[INFO] [stdout] test config::test_client_listen_url_deserialization ... ok
[INFO] [stdout] test server::tls_reload_event_tests::ignores_read_access_to_tls_files ... ok
[INFO] [stdout] test server::tls_reload_event_tests::accepts_modifications_to_tls_files ... ok
[INFO] [stdout] test config::test_config ... FAILED
[INFO] [stdout] 
[INFO] [stdout] failures:
[INFO] [stdout] 
[INFO] [stdout] ---- config::test_config stdout ----
[INFO] [stdout] 
[INFO] [stdout] thread 'config::test_config' (3351) panicked at src/config.rs:560:37:
[INFO] [stdout] called `Result::unwrap()` on an `Err` value: Io(Custom { kind: Uncategorized, error: "failed to lookup address information: Temporary failure in name resolution" })
[INFO] [stdout] stack backtrace:
[INFO] [stdout]    0:     0x606f810a58e1 - <<std[70759c8f55707aa4]::sys::backtrace::BacktraceLock>::print::DisplayBacktrace as core[df12db4294e9bfd3]::fmt::Display>::fmt
[INFO] [stdout]    1:     0x606f810bb72a - core[df12db4294e9bfd3]::fmt::write
[INFO] [stdout]    2:     0x606f810a9fec - <alloc[2182bb758b4b3781]::vec::Vec<u8> as core[df12db4294e9bfd3]::io::write::Write>::write_fmt
[INFO] [stdout]    3:     0x606f810814a6 - std[70759c8f55707aa4]::panicking::default_hook::{closure#0}
[INFO] [stdout]    4:     0x606f8109d8b9 - std[70759c8f55707aa4]::panicking::default_hook
[INFO] [stdout]    5:     0x606f81011240 - test[9d35eded1c95d3be]::test_main_inner::<test[9d35eded1c95d3be]::test_main_static::{closure#0}>::{closure#0}
[INFO] [stdout]    6:     0x606f8109da72 - std[70759c8f55707aa4]::panicking::panic_with_hook
[INFO] [stdout]    7:     0x606f81081552 - std[70759c8f55707aa4]::panicking::panic_handler::{closure#0}
[INFO] [stdout]    8:     0x606f8107a099 - std[70759c8f55707aa4]::sys::backtrace::__rust_end_short_backtrace::<std[70759c8f55707aa4]::panicking::panic_handler::{closure#0}, !>
[INFO] [stdout]    9:     0x606f8108233d - __rustc[8fa7c3cbc660c2b3]::rust_begin_unwind
[INFO] [stdout]   10:     0x606f810bbe5c - core[df12db4294e9bfd3]::panicking::panic_fmt
[INFO] [stdout]   11:     0x606f810bbc32 - core[df12db4294e9bfd3]::result::unwrap_failed
[INFO] [stdout]   12:     0x606f80ff88a7 - overtls[4d2dbd1a56043a74]::config::test_config
[INFO] [stdout]   13:     0x606f80ff0ba9 - <overtls[4d2dbd1a56043a74]::config::test_config::{closure#0} as core[df12db4294e9bfd3]::ops::function::FnOnce<()>>::call_once
[INFO] [stdout]   14:     0x606f8100452b - test[9d35eded1c95d3be]::__rust_begin_short_backtrace::<core[df12db4294e9bfd3]::result::Result<(), alloc[2182bb758b4b3781]::string::String>, fn() -> core[df12db4294e9bfd3]::result::Result<(), alloc[2182bb758b4b3781]::string::String>>
[INFO] [stdout]   15:     0x606f81011b95 - test[9d35eded1c95d3be]::run_test::{closure#0}
[INFO] [stdout]   16:     0x606f8100b454 - std[70759c8f55707aa4]::sys::backtrace::__rust_begin_short_backtrace::<test[9d35eded1c95d3be]::run_test::{closure#1}, ()>
[INFO] [stdout]   17:     0x606f81014cf2 - <std[70759c8f55707aa4]::thread::lifecycle::spawn_unchecked<test[9d35eded1c95d3be]::run_test::{closure#1}, ()>::{closure#1} as core[df12db4294e9bfd3]::ops::function::FnOnce<()>>::call_once::{shim:vtable#0}
[INFO] [stdout]   18:     0x606f810a4ad9 - <std[70759c8f55707aa4]::sys::thread::unix::Thread>::new::thread_start
[INFO] [stdout]   19:     0x7e33b9732dfa - <unknown>
[INFO] [stdout]   20:     0x7e33b97c63d4 - clone
[INFO] [stdout]   21:                0x0 - <unknown>
[INFO] [stdout] 
[INFO] [stdout] 
[INFO] [stdout] failures:
[INFO] [stdout]     config::test_config
[INFO] [stdout] 
[INFO] [stdout] test result: FAILED. 3 passed; 1 failed; 0 ignored; 0 measured; 0 filtered out; finished in 0.07s
[INFO] [stdout] 
[INFO] [stderr] error: test failed, to rerun pass `--lib`
[INFO] running `Command { std: "docker" "inspect" "782da279f96d8de663abe1ac317ee249a9a56adf1e29ab4537ca28347583b0e5", kill_on_drop: false }`
[INFO] running `Command { std: "docker" "rm" "-f" "782da279f96d8de663abe1ac317ee249a9a56adf1e29ab4537ca28347583b0e5", kill_on_drop: false }`
[INFO] [stdout] 782da279f96d8de663abe1ac317ee249a9a56adf1e29ab4537ca28347583b0e5
