[INFO] fetching crate outram-foam-appbuilder-lib 0.1.4...
[INFO] testing outram-foam-appbuilder-lib-0.1.4 against 1.99.0-beta.8+cargoflags=--release for beta-release-1.100-2
[INFO] extracting crate outram-foam-appbuilder-lib 0.1.4 into /workspace/builds/worker-5-tc1/source
[INFO] started tweaking crates.io crate outram-foam-appbuilder-lib 0.1.4
[INFO] removed 0 missing examples
[INFO] removed 0 missing tests
[INFO] finished tweaking crates.io crate outram-foam-appbuilder-lib 0.1.4
[INFO] tweaked toml for crates.io crate outram-foam-appbuilder-lib 0.1.4 written to /workspace/builds/worker-5-tc1/source/Cargo.toml
[INFO] validating manifest of crates.io crate outram-foam-appbuilder-lib 0.1.4 on toolchain 1.99.0-beta.8
[INFO] running `Command { std: CARGO_HOME="/workspace/cargo-home" RUSTUP_HOME="/workspace/rustup-home" "/workspace/cargo-home/bin/cargo" "+1.99.0-beta.8" "metadata" "--manifest-path" "Cargo.toml" "--no-deps", kill_on_drop: false }`
[INFO] crate crates.io crate outram-foam-appbuilder-lib 0.1.4 already has a lockfile, it will not be regenerated
[INFO] running `Command { std: CARGO_HOME="/workspace/cargo-home" RUSTUP_HOME="/workspace/rustup-home" "/workspace/cargo-home/bin/cargo" "+1.99.0-beta.8" "fetch" "--manifest-path" "Cargo.toml", kill_on_drop: false }`
[INFO] [stderr]     Updating crates.io index
[INFO] [stderr]  Downloading crates ...
[INFO] [stderr]   Downloaded uom v0.38.0
[INFO] [stderr]   Downloaded outram-foam-turbulence-lib v0.1.2
[INFO] [stderr]   Downloaded outram-foam-multiphase v0.0.2
[INFO] [stderr]   Downloaded outram-foam-mesh v0.1.0
[INFO] [stderr]   Downloaded outram-foam-basic-lib v0.1.4
[INFO] [stderr]   Downloaded petir v0.0.1
[INFO] running `Command { std: "docker" "create" "-v" "/var/lib/crater-agent-workspace/builds/worker-5-tc1/source:/opt/rustwide/workdir:ro,Z" "-v" "/var/lib/crater-agent-workspace/builds/worker-5-tc1/target:/opt/rustwide/target:rw,Z" "-v" "/var/lib/crater-agent-workspace/cargo-home:/opt/rustwide/cargo-home:ro,Z" "-v" "/var/lib/crater-agent-workspace/rustup-home:/opt/rustwide/rustup-home:ro,Z" "-m" "1610612736" "--network" "none" "ghcr.io/rust-lang/crates-build-env/linux@sha256:77db811e55d90add9212f6832c23229e3de5f1c1f9905e8cb07319ea15df73ac" "sleep" "infinity", kill_on_drop: false }`
[INFO] [stdout] c96cfd4c7a93a41ba506d1a87985b294a49bb8cef300fd345b6a5ed2dcb0adf4
[INFO] running `Command { std: "docker" "start" "c96cfd4c7a93a41ba506d1a87985b294a49bb8cef300fd345b6a5ed2dcb0adf4", kill_on_drop: false }`
[INFO] running `Command { std: "docker" "inspect" "c96cfd4c7a93a41ba506d1a87985b294a49bb8cef300fd345b6a5ed2dcb0adf4", kill_on_drop: false }`
[INFO] running `Command { std: "docker" "exec" "-e" "SOURCE_DIR=/opt/rustwide/workdir" "-e" "CARGO_HOME=/opt/rustwide/cargo-home" "-e" "RUSTUP_HOME=/opt/rustwide/rustup-home" "-e" "CARGO_TARGET_DIR=/opt/rustwide/target" "-w" "/opt/rustwide/workdir" "--user" "0:0" "c96cfd4c7a93a41ba506d1a87985b294a49bb8cef300fd345b6a5ed2dcb0adf4" "/opt/rustwide/cargo-home/bin/cargo" "+1.99.0-beta.8" "metadata" "--no-deps" "--format-version=1", kill_on_drop: false }`
[INFO] running `Command { std: "docker" "inspect" "c96cfd4c7a93a41ba506d1a87985b294a49bb8cef300fd345b6a5ed2dcb0adf4", kill_on_drop: false }`
[INFO] running `Command { std: "docker" "exec" "-e" "SOURCE_DIR=/opt/rustwide/workdir" "-e" "CARGO_HOME=/opt/rustwide/cargo-home" "-e" "RUSTUP_HOME=/opt/rustwide/rustup-home" "-e" "CARGO_TARGET_DIR=/opt/rustwide/target" "-e" "CARGO_INCREMENTAL=0" "-e" "RUST_BACKTRACE=full" "-e" "RUSTFLAGS=--cap-lints=warn" "-e" "RUSTDOCFLAGS=--cap-lints=warn" "-w" "/opt/rustwide/workdir" "--user" "0:0" "c96cfd4c7a93a41ba506d1a87985b294a49bb8cef300fd345b6a5ed2dcb0adf4" "/opt/rustwide/cargo-home/bin/cargo" "+1.99.0-beta.8" "build" "--frozen" "--message-format=json" "--release", kill_on_drop: false }`
[INFO] [stderr]    Compiling matrixmultiply v0.3.10
[INFO] [stderr]    Compiling libm v0.2.16
[INFO] [stderr]    Compiling num-integer v0.1.46
[INFO] [stderr]    Compiling num-complex v0.4.6
[INFO] [stderr]    Compiling uom v0.38.0
[INFO] [stderr]    Compiling syn v2.0.118
[INFO] [stderr]    Compiling ndarray v0.17.2
[INFO] [stderr]    Compiling thiserror-impl v2.0.18
[INFO] [stderr]    Compiling serde_derive v1.0.228
[INFO] [stderr]    Compiling thiserror v2.0.18
[INFO] [stderr]    Compiling serde v1.0.228
[INFO] [stderr]    Compiling petir v0.0.1
[INFO] [stderr]    Compiling outram-foam-basic-lib v0.1.4
[INFO] [stderr]    Compiling outram-foam-multiphase v0.0.2
[INFO] [stderr]    Compiling outram-foam-turbulence-lib v0.1.2
[INFO] [stderr]    Compiling outram-foam-appbuilder-lib v0.1.4 (/opt/rustwide/workdir)
[INFO] [stderr]     Finished `release` profile [optimized] target(s) in 27.24s
[INFO] running `Command { std: "docker" "inspect" "c96cfd4c7a93a41ba506d1a87985b294a49bb8cef300fd345b6a5ed2dcb0adf4", kill_on_drop: false }`
[INFO] running `Command { std: "docker" "exec" "-e" "SOURCE_DIR=/opt/rustwide/workdir" "-e" "CARGO_HOME=/opt/rustwide/cargo-home" "-e" "RUSTUP_HOME=/opt/rustwide/rustup-home" "-e" "CARGO_TARGET_DIR=/opt/rustwide/target" "-e" "CARGO_INCREMENTAL=0" "-e" "RUST_BACKTRACE=full" "-e" "RUSTFLAGS=--cap-lints=warn" "-e" "RUSTDOCFLAGS=--cap-lints=warn" "-w" "/opt/rustwide/workdir" "--user" "0:0" "c96cfd4c7a93a41ba506d1a87985b294a49bb8cef300fd345b6a5ed2dcb0adf4" "/opt/rustwide/cargo-home/bin/cargo" "+1.99.0-beta.8" "test" "--frozen" "--no-run" "--message-format=json" "--release", kill_on_drop: false }`
[INFO] [stderr]    Compiling approx v0.5.1
[INFO] [stderr]    Compiling outram-foam-mesh v0.1.0
[INFO] [stderr]    Compiling outram-foam-appbuilder-lib v0.1.4 (/opt/rustwide/workdir)
[INFO] [stderr]     Finished `release` profile [optimized] target(s) in 13.28s
[INFO] running `Command { std: "docker" "inspect" "c96cfd4c7a93a41ba506d1a87985b294a49bb8cef300fd345b6a5ed2dcb0adf4", kill_on_drop: false }`
[INFO] running `Command { std: "docker" "exec" "-e" "SOURCE_DIR=/opt/rustwide/workdir" "-e" "CARGO_HOME=/opt/rustwide/cargo-home" "-e" "RUSTUP_HOME=/opt/rustwide/rustup-home" "-e" "CARGO_TARGET_DIR=/opt/rustwide/target" "-e" "CARGO_INCREMENTAL=0" "-e" "RUST_BACKTRACE=full" "-e" "RUSTFLAGS=--cap-lints=warn" "-e" "RUSTDOCFLAGS=--cap-lints=warn" "-w" "/opt/rustwide/workdir" "--user" "0:0" "c96cfd4c7a93a41ba506d1a87985b294a49bb8cef300fd345b6a5ed2dcb0adf4" "/opt/rustwide/cargo-home/bin/cargo" "+1.99.0-beta.8" "test" "--frozen" "--release", kill_on_drop: false }`
[INFO] [stderr]     Finished `release` profile [optimized] target(s) in 0.04s
[INFO] [stderr]      Running unittests src/lib.rs (/opt/rustwide/target/release/deps/outram_foam_appbuilder_lib-b5feb5a96e4f493a)
[INFO] [stdout] 
[INFO] [stdout] running 315 tests
[INFO] [stdout] test case_runner::tests::only_the_incompressible_and_density_based_solvers_are_case_wired ... ok
[INFO] [stdout] test case_runner::tests::time_formatting_matches_openfoam_directory_names ... ok
[INFO] [stdout] test case_runner::tests::solver_names_round_trip ... ok
[INFO] [stdout] test case_runner::tests::time_span_of_a_default_control_is_runnable ... ok
[INFO] [stdout] test case_runner::tests::unwired_solvers_refuse_before_reading_the_case ... ok
[INFO] [stdout] test case_runner::tests::non_end_time_stop_controls_run_no_steps ... ok
[INFO] [stdout] test case_runner::tests::missing_case_directory_is_an_io_error ... ok
[INFO] [stdout] test case_runner::tests::time_span_lifts_start_and_end ... ok
[INFO] [stdout] test genfoam::common::interpolate_table::tests::build_validation ... ok
[INFO] [stdout] test case_runner::tests::solver_names_accept_snake_case_and_are_case_insensitive ... ok
[INFO] [stdout] test genfoam::common::interpolate_table::tests::error_policy_rejects_out_of_range ... ok
[INFO] [stdout] test genfoam::common::interpolate_table::tests::extrapolation_extends_linearly ... ok
[INFO] [stdout] test genfoam::common::interpolate_table::tests::fixed_clamps ... ok
[INFO] [stdout] test genfoam::common::time_profile::tests::length_mismatch_rejected ... ok
[INFO] [stdout] test genfoam::common::time_profile::tests::constant_profile_is_flat ... ok
[INFO] [stdout] test genfoam::common::interpolate_table::tests::integral_cartesian_trapezoid ... ok
[INFO] [stdout] test genfoam::common::time_profile::tests::non_ascending_times_rejected ... ok
[INFO] [stdout] test genfoam::common::interpolate_table::tests::step_holds_previous_value ... ok
[INFO] [stdout] test genfoam::common::interpolate_table::tests::linear_between_knots ... ok
[INFO] [stdout] test genfoam::common::interpolate_table::tests::integral_step_rectangles ... ok
[INFO] [stdout] test genfoam::common::time_profile::tests::start_time_offset_shifts_query ... ok
[INFO] [stdout] test genfoam::common::interpolate_table::tests::next_and_last_point ... ok
[INFO] [stdout] test genfoam::common::time_profile::tests::table_clamps_out_of_range ... ok
[INFO] [stdout] test genfoam::common::time_profile::tests::table_linear_interpolation ... ok
[INFO] [stdout] test genfoam::common::time_profile::tests::too_few_points_rejected ... ok
[INFO] [stdout] test genfoam::multi_region::mesh_to_mesh::tests::inverse_distance_tracks_linear ... ok
[INFO] [stdout] test genfoam::multi_region::mesh_to_mesh::tests::vector_conformal_identity ... ok
[INFO] [stdout] test genfoam::multi_region::mesh_region::tests::mesh_doppler_feedback_lowers_keff ... ok
[INFO] [stdout] test genfoam::multi_region::coupling_fields::tests::duplicate_region_rejected ... ok
[INFO] [stdout] test genfoam::multi_region::outer_iteration::tests::prescribed_region_is_inert ... ok
[INFO] [stdout] test genfoam::multi_region::rbf_mapping::tests::build_rejects_collinear_samples ... ok
[INFO] [stdout] test genfoam::multi_region::coupling_fields::tests::missing_field_reported ... ok
[INFO] [stdout] test genfoam::multi_region::mesh_region::tests::coupled_steady_state_negative_feedback ... ok
[INFO] [stdout] test genfoam::multi_region::coupling_fields::tests::fuel_temperature_feedback_maps_back ... ok
[INFO] [stdout] test genfoam::multi_region::mesh_to_mesh::tests::conformal_identity_reproduces_field ... ok
[INFO] [stdout] test genfoam::multi_region::coupling_fields::tests::coupling_conserves_total_power ... ok
[INFO] [stdout] test genfoam::multi_region::rbf_mapping::tests::map_onto_column_linear ... ok
[INFO] [stdout] test genfoam::multi_region::rbf_mapping::tests::interpolates_samples_exactly ... ok
[INFO] [stdout] test genfoam::multi_region::reactivity_feedback::tests::spatial_profile_negative_feedback ... ok
[INFO] [stdout] test genfoam::multi_region::coupling_fields::tests::interpolate_these_restricts_to_named_regions ... ok
[INFO] [stdout] test genfoam::neutronics::albedo::tests::a_non_physical_diffusion_coefficient_degrades_to_vacuum ... ok
[INFO] [stdout] test genfoam::neutronics::albedo::tests::the_discretised_weight_matches_the_analytic_robin_face_value ... ok
[INFO] [stdout] test genfoam::multi_region::rbf_mapping::tests::build_rejects_empty ... ok
[INFO] [stdout] test genfoam::multi_region::outer_iteration::tests::picard_loop_converges_consistently ... ok
[INFO] [stdout] test genfoam::multi_region::mesh_to_mesh::tests::accumulate_adds_onto_target ... ok
[INFO] [stdout] test genfoam::multi_region::mesh_to_mesh::tests::cell_volume_weight_conserves_integral ... ok
[INFO] [stdout] test genfoam::multi_region::mesh_region::tests::coupled_power_conservation_across_meshes ... ok
[INFO] [stdout] test genfoam::multi_region::rbf_mapping::tests::linear_reproduction_exact ... ok
[INFO] [stdout] test genfoam::multi_region::reactivity_feedback::tests::multiterm_superposition_and_log_law ... ok
[INFO] [stdout] test genfoam::multi_region::reactivity_feedback::tests::uniform_field_reduces_to_lumped ... ok
[INFO] [stdout] test genfoam::neutronics::albedo::tests::the_albedo_coefficient_reproduces_its_two_limits ... ok
[INFO] [stdout] test genfoam::multi_region::outer_iteration::tests::negative_feedback_reduces_power ... ok
[INFO] [stdout] test genfoam::neutronics::albedo::tests::the_limits_reduce_to_zero_gradient_and_to_fixed_value ... ok
[INFO] [stdout] test genfoam::neutronics::albedo::tests::the_weight_tracks_the_groups_own_diffusion_coefficient ... ok
[INFO] [stdout] test genfoam::neutronics::diffusion::precursor_drift::tests::drift_conserves_the_total_delayed_source ... ok
[INFO] [stdout] test genfoam::neutronics::diffusion::precursor_drift::tests::a_zero_velocity_field_reproduces_the_chi_eff_collapse ... ok
[INFO] [stdout] test genfoam::neutronics::diffusion::tests::keff_bare_slab_critical_buckling ... ok
[INFO] [stdout] test genfoam::neutronics::diffusion::tests::kinf_infinite_medium ... ok
[INFO] [stdout] test genfoam::neutronics::point_kinetics::tests::non_positive_time_step_error ... ok
[INFO] [stdout] test genfoam::neutronics::diffusion::tests::null_transient_holds_steady ... ok
[INFO] [stdout] test genfoam::neutronics::point_kinetics::tests::reactivity_sign_moves_power_correctly ... ok
[INFO] [stdout] test genfoam::neutronics::sn::quadrature::tests::level_symmetric_sets_reproduce_sphere_moments ... ok
[INFO] [stdout] test genfoam::neutronics::diffusion::precursor_drift::tests::drift_lowers_k_eff_and_the_effect_grows_with_the_flow ... ok
[INFO] [stdout] test genfoam::neutronics::diffusion::tests::keff_bare_slab_mesh_convergence ... ok
[INFO] [stdout] test genfoam::neutronics::diffusion::tests::warm_start_reaches_the_same_k_in_fewer_iterations ... ok
[INFO] [stdout] test genfoam::neutronics::point_kinetics::tests::mismatched_group_lengths_error ... ok
[INFO] [stdout] test genfoam::neutronics::point_kinetics::tests::total_delayed_fraction_sums_groups ... ok
[INFO] [stdout] test genfoam::neutronics::sn::tests::scaffold_reports_not_implemented ... ok
[INFO] [stdout] test genfoam::neutronics::state::tests::keff_round_trips_through_uom ... ok
[INFO] [stdout] test genfoam::neutronics::sp3::tests::differs_on_small_slab ... ok
[INFO] [stdout] test genfoam::neutronics::sn::tests::sn_kinf_no_scatter ... ok
[INFO] [stdout] test genfoam::neutronics::sp3::tests::null_transient_holds_steady ... ok
[INFO] [stdout] test genfoam::neutronics::sp3::tests::scaffold_reports_not_implemented ... ok
[INFO] [stdout] test genfoam::neutronics::xs::tests::one_energy_constant_parameter_falls_back_to_reference ... ok
[INFO] [stdout] test genfoam::neutronics::xs::tests::doppler_log_interpolation_hits_arithmetic_mean_at_geometric_mean_temperature ... ok
[INFO] [stdout] test genfoam::neutronics::xs::tests::do_not_parametrize_suppresses_feedback ... ok
[INFO] [stdout] test genfoam::neutronics::state::tests::new_allocates_group_fields_with_unit_flux ... ok
[INFO] [stdout] test genfoam::neutronics::tests::dispatch_kind_and_keff_across_variants ... ok
[INFO] [stdout] test genfoam::neutronics::xs::tests::one_energy_reproduces_nodes ... ok
[INFO] [stdout] test genfoam::neutronics::xs::tests::one_energy_two_point_is_linear ... ok
[INFO] [stdout] test genfoam::neutronics::sp3::tests::kinf_reduces_to_diffusion ... ok
[INFO] [stdout] test genfoam::neutronics::xs::tests::rbf_basis_function_closed_forms ... ok
[INFO] [stdout] test genfoam::neutronics::tests::point_kinetics_model_steps ... ok
[INFO] [stdout] test genfoam::neutronics::xs::tests::rejects_length_mismatch ... ok
[INFO] [stdout] test genfoam::neutronics::xs::tests::precursor_constants_sum_beta ... ok
[INFO] [stdout] test genfoam::neutronics::xs::tests::rejects_non_reference_first_state ... ok
[INFO] [stdout] test genfoam::neutronics::xs::tests::rejects_missing_reference_variable ... ok
[INFO] [stdout] test genfoam::neutronics::xs::tests::reference_group_constants_match_input ... ok
[INFO] [stdout] test genfoam::neutronics::xs::tests::scattering_matrix_reproduces_reference ... ok
[INFO] [stdout] test genfoam::thermal_hydraulics::boundary_conditions::time_field_table::tests::inconsistent_row_length_rejected ... ok
[INFO] [stdout] test genfoam::thermal_hydraulics::boundary_conditions::time_field_table::tests::length_mismatch_rejected ... ok
[INFO] [stdout] test genfoam::thermal_hydraulics::boundary_conditions::time_field_table::tests::too_few_time_points_rejected ... ok
[INFO] [stdout] test genfoam::thermal_hydraulics::boundary_conditions::velocity_rundown::tests::holds_reference_velocity_before_and_at_trip_time ... ok
[INFO] [stdout] test genfoam::thermal_hydraulics::boundary_conditions::blackbody_radiation::tests::update_face_temperature_skips_uninitialised_cell_temperature ... ok
[INFO] [stdout] test genfoam::thermal_hydraulics::boundary_conditions::velocity_rundown::tests::linear_ramp_down_to_zero ... ok
[INFO] [stdout] test genfoam::thermal_hydraulics::boundary_conditions::velocity_rundown::tests::power_law_rundown_matches_hand_calculation ... ok
[INFO] [stdout] test genfoam::thermal_hydraulics::closures::ff_drag::tests::bestion_co_equals_one_skips_velocity_slip_factor ... ok
[INFO] [stdout] test genfoam::thermal_hydraulics::closures::ff_drag::tests::bestion_trace_reproduces_formula ... ok
[INFO] [stdout] test genfoam::thermal_hydraulics::closures::ff_drag::tests::lockhart_martinelli_chisholm_limits ... ok
[INFO] [stdout] test genfoam::thermal_hydraulics::closures::ff_drag::tests::kaiser74_at_x_equals_one ... ok
[INFO] [stdout] test genfoam::thermal_hydraulics::closures::ff_drag::tests::lottes_flinn_homogeneous_form ... ok
[INFO] [stdout] test genfoam::thermal_hydraulics::closures::ff_drag::tests::no_kazimi_geometry_coefficient ... ok
[INFO] [stdout] test genfoam::thermal_hydraulics::closures::ff_drag::tests::schiller_naumann_matches_classical_times_1_5 ... ok
[INFO] [stdout] test genfoam::thermal_hydraulics::closures::ff_drag::tests::single_phase_clamp_thresholds ... ok
[INFO] [stdout] test genfoam::thermal_hydraulics::boundary_conditions::blackbody_radiation::tests::face_temperature_from_flux_matches_stefan_boltzmann_closed_form ... ok
[INFO] [stdout] test genfoam::thermal_hydraulics::boundary_conditions::time_field_table::tests::clamps_outside_tabulated_range ... ok
[INFO] [stdout] test genfoam::neutronics::xs::tests::rejects_out_of_range_indices ... ok
[INFO] [stdout] test genfoam::thermal_hydraulics::closures::fs_drag::tests::bundle_blend_is_continuous_at_re_400 ... ok
[INFO] [stdout] test genfoam::thermal_hydraulics::closures::fs_drag::tests::baxi_dalle_donne_geometry_coefficients ... ok
[INFO] [stdout] test genfoam::thermal_hydraulics::closures::ff_drag::tests::autruffe_floor_clamp_at_pure_vapour ... ok
[INFO] [stdout] test genfoam::thermal_hydraulics::closures::ff_drag::tests::wallis_pure_vapour_endpoint ... ok
[INFO] [stdout] test genfoam::thermal_hydraulics::closures::ff_drag::tests::x_clamp_port_correctness ... ok
[INFO] [stdout] test genfoam::neutronics::tests::scaffolds_report_not_implemented ... ok
[INFO] [stdout] test genfoam::thermal_hydraulics::closures::fs_drag::tests::engel_laminar_constant_is_99 ... ok
[INFO] [stdout] test genfoam::thermal_hydraulics::closures::heat_transfer::tests::basu_onb_zero_htc_limit_is_saturation_temperature ... ok
[INFO] [stdout] test genfoam::thermal_hydraulics::closures::heat_transfer::tests::chen_suppression_factor ... ok
[INFO] [stdout] test genfoam::thermal_hydraulics::closures::fs_drag::tests::churchill_matches_colebrook_white_smooth_pipe ... ok
[INFO] [stdout] test genfoam::thermal_hydraulics::closures::heat_transfer::tests::chen_flow_enhancement_factor ... ok
[INFO] [stdout] test genfoam::thermal_hydraulics::boundary_conditions::time_field_table::tests::linear_interpolation_between_rows ... ok
[INFO] [stdout] test genfoam::thermal_hydraulics::boundary_conditions::blackbody_radiation::tests::update_face_temperature_matches_composed_half_steps ... ok
[INFO] [stdout] test genfoam::thermal_hydraulics::closures::heat_transfer::tests::cobra_tf_flow_enhancement_and_mixture_reynolds_number ... ok
[INFO] [stdout] test genfoam::thermal_hydraulics::closures::heat_transfer::tests::constant_subcooled_boiling_fraction_passes_through ... ok
[INFO] [stdout] test genfoam::thermal_hydraulics::closures::heat_transfer::tests::ff_nusselt_reproduces_source_formula ... ok
[INFO] [stdout] test genfoam::thermal_hydraulics::closures::heat_transfer::tests::cobra_tf_suppression_factor_and_limits ... ok
[INFO] [stdout] test genfoam::thermal_hydraulics::closures::heat_transfer::tests::leidenfrost_groeneveld_stewart_continuous_at_9_mpa ... ok
[INFO] [stdout] test genfoam::thermal_hydraulics::closures::heat_transfer::tests::leidenfrost_groeneveld_stewart_low_pressure_branch ... ok
[INFO] [stdout] test genfoam::thermal_hydraulics::closures::heat_transfer::tests::constant_chf_passes_through ... ok
[INFO] [stdout] test genfoam::thermal_hydraulics::closures::heat_transfer::tests::multi_regime_below_saturation_high_void_fraction_is_full_condensation ... ok
[INFO] [stdout] test genfoam::thermal_hydraulics::closures::heat_transfer::tests::gorenflo_reproduces_reference_state ... ok
[INFO] [stdout] test genfoam::thermal_hydraulics::closures::fs_drag::tests::algebraic_fits_reproduce_formulae ... ok
[INFO] [stdout] test genfoam::thermal_hydraulics::closures::fs_drag::tests::churchill_recovers_laminar_hagen_poiseuille ... ok
[INFO] [stdout] test genfoam::thermal_hydraulics::closures::heat_transfer::tests::basu_onb_nonzero_htc_reproduces_formula ... ok
[INFO] [stdout] test genfoam::thermal_hydraulics::closures::heat_transfer::tests::multi_regime_between_saturation_and_onb_is_plain_convection ... ok
[INFO] [stdout] test genfoam::thermal_hydraulics::closures::heat_transfer::tests::multi_regime_below_saturation_low_void_fraction_ignores_condensation ... ok
[INFO] [stdout] test genfoam::thermal_hydraulics::closures::heat_transfer::tests::multi_regime_below_saturation_no_condensation_model ... ok
[INFO] [stdout] test genfoam::thermal_hydraulics::closures::heat_transfer::tests::multi_regime_nucleate_boiling_flux_superposition_n1 ... ok
[INFO] [stdout] test genfoam::thermal_hydraulics::boundary_conditions::blackbody_radiation::tests::fourier_heat_flux_matches_hand_calculation ... ok
[INFO] [stdout] test genfoam::thermal_hydraulics::closures::heat_transfer::tests::multi_regime_nucleate_boiling_flux_superposition_n2 ... ok
[INFO] [stdout] test genfoam::thermal_hydraulics::closures::heat_transfer::tests::gorenflo_delta_t_and_heat_flux_forms_are_self_consistent ... ok
[INFO] [stdout] test genfoam::thermal_hydraulics::closures::heat_transfer::tests::multi_regime_nucleate_boiling_htc_superposition ... ok
[INFO] [stdout] test genfoam::thermal_hydraulics::closures::heat_transfer::tests::ff_nusselt_hydraulic_diameter_floor ... ok
[INFO] [stdout] test genfoam::thermal_hydraulics::boundary_conditions::time_field_table::tests::zero_face_table_still_validates_time_axis ... ok
[INFO] [stdout] test genfoam::thermal_hydraulics::closures::heat_transfer::tests::multi_regime_nucleate_boiling_with_suppression_factor ... ok
[INFO] [stdout] test genfoam::thermal_hydraulics::closures::heat_transfer::tests::nusselt_peclet_fast_path_matches_general_form ... ok
[INFO] [stdout] test genfoam::thermal_hydraulics::closures::heat_transfer::tests::nusselt_zero_b_and_missing_temperatures_are_no_ops ... ok
[INFO] [stdout] test genfoam::thermal_hydraulics::closures::heat_transfer::tests::nusselt_wall_fluid_temperature_ratio_term ... ok
[INFO] [stdout] test genfoam::thermal_hydraulics::closures::heat_transfer::tests::saha_zuber_subcooled_boiling_fraction_matches_published_formula ... ok
[INFO] [stdout] test genfoam::thermal_hydraulics::closures::heat_transfer::tests::rezkallah_sims_flow_enhancement_factor ... ok
[INFO] [stdout] test genfoam::thermal_hydraulics::closures::heat_transfer::tests::shah_coefficient_blend_matches_literature_endpoints_and_is_continuous ... ok
[INFO] [stdout] test genfoam::thermal_hydraulics::closures::heat_transfer::tests::nusselt_reproduces_dittus_boelter ... ok
[INFO] [stdout] test genfoam::thermal_hydraulics::closures::heat_transfer::tests::nusselt_and_wall_series_combination_and_limit ... ok
[INFO] [stdout] test genfoam::thermal_hydraulics::closures::heat_transfer::tests::saha_zuber_deeply_subcooled_clamps_to_zero ... ok
[INFO] [stdout] test genfoam::thermal_hydraulics::closures::heat_transfer::tests::multi_regime_condensation_blend_matches_literal_upstream_formula ... ok
[INFO] [stdout] test genfoam::thermal_hydraulics::closures::heat_transfer::tests::shah_nonpositive_delta_t_returns_zero ... ok
[INFO] [stdout] test genfoam::neutronics::sp3::tests::approaches_diffusion_as_slab_grows ... ok
[INFO] [stdout] test genfoam::thermal_hydraulics::closures::heat_transfer::tests::superposition_nucleate_boiling_is_linear_combination ... ok
[INFO] [stdout] test genfoam::thermal_hydraulics::closures::interfacial::tests::annular_cutoff_branch_has_a_documented_jump_discontinuity ... ok
[INFO] [stdout] test genfoam::thermal_hydraulics::closures::interfacial::tests::bubble_diameter_reproduces_ideal_gas_scaling ... ok
[INFO] [stdout] test genfoam::thermal_hydraulics::closures::interfacial::tests::contact_partition_endpoints_and_composition ... ok
[INFO] [stdout] test genfoam::thermal_hydraulics::closures::interfacial::tests::dispersion_fluid1_fluid2_resolution_and_composition ... ok
[INFO] [stdout] test genfoam::thermal_hydraulics::closures::interfacial::tests::film_diameter_reproduces_endpoint_values ... ok
[INFO] [stdout] test genfoam::thermal_hydraulics::closures::interfacial::tests::outermost_regimes_extend_to_the_sentinel_not_their_declared_edge ... ok
[INFO] [stdout] test genfoam::thermal_hydraulics::closures::interfacial::tests::gap_quadratic_blend_matches_documented_formula ... ok
[INFO] [stdout] test genfoam::thermal_hydraulics::closures::interfacial::tests::gap_junction_sharp_edges_are_reproduced_faithfully ... ok
[INFO] [stdout] test genfoam::thermal_hydraulics::closures::interfacial::tests::gap_interior_blends_linearly_summing_to_one ... ok
[INFO] [stdout] test genfoam::thermal_hydraulics::closures::interfacial::tests::outermost_window_sentinel_does_not_yield_nan ... ok
[INFO] [stdout] test genfoam::thermal_hydraulics::closures::interfacial::tests::rod_bundle_geometry_constructors_reproduce_formulae ... ok
[INFO] [stdout] test genfoam::thermal_hydraulics::closures::interfacial::tests::single_regime_map_claims_every_parameter ... ok
[INFO] [stdout] test genfoam::thermal_hydraulics::closures::interfacial::tests::spherical_and_annular_reproduce_zuber_limit ... ok
[INFO] [stdout] test genfoam::thermal_hydraulics::closures::interfacial::tests::spherical_cutoff_branch_is_continuous ... ok
[INFO] [stdout] test genfoam::thermal_hydraulics::closures::interfacial::tests::virtual_mass_coefficient_pass_through ... ok
[INFO] [stdout] test genfoam::thermal_hydraulics::closures::phase_change::tests::browning_potter_matches_ln_p_sat_formula ... ok
[INFO] [stdout] test genfoam::thermal_hydraulics::closures::phase_change::tests::browning_potter_t_sat_round_trip_is_approximate ... ok
[INFO] [stdout] test genfoam::thermal_hydraulics::closures::phase_change::tests::constant_temperature_saturation_port_correctness ... ok
[INFO] [stdout] test genfoam::thermal_hydraulics::closures::phase_change::tests::from_thermophysical_properties_is_exact_subtraction ... ok
[INFO] [stdout] test genfoam::thermal_hydraulics::closures::phase_change::tests::heat_driven_one_phase_driven_selects_correct_flux ... ok
[INFO] [stdout] test genfoam::thermal_hydraulics::closures::phase_change::tests::phase_change_rate_helpers_round_trip ... ok
[INFO] [stdout] test genfoam::thermal_hydraulics::closures::phase_change::tests::water_latent_heat_matches_physical_references ... ok
[INFO] [stdout] test genfoam::thermal_hydraulics::closures::phase_change::tests::forced_constant_ignores_heat_fluxes ... ok
[INFO] [stdout] test genfoam::thermal_hydraulics::closures::phase_change::tests::heat_driven_conduction_limited_matches_formula ... ok
[INFO] [stdout] test genfoam::thermal_hydraulics::closures::phase_change::tests::heat_driven_two_phase_driven_matches_formula ... ok
[INFO] [stdout] test genfoam::thermal_hydraulics::closures::phase_change::tests::heat_driven_mixed_driven_matches_formula ... ok
[INFO] [stdout] test genfoam::thermal_hydraulics::closures::phase_change::tests::water_saturation_round_trip_is_exact ... ok
[INFO] [stdout] test genfoam::thermal_hydraulics::closures::phase_change::tests::water_trace_saturation_round_trip_branches_1_3_4 ... ok
[INFO] [stdout] test genfoam::thermal_hydraulics::closures::phase_change::tests::water_trace_saturation_reproduces_normal_boiling_point ... ok
[INFO] [stdout] test genfoam::thermal_hydraulics::closures::turbulence::tests::mixture_ct0_tends_to_one_as_beta_grows ... ok
[INFO] [stdout] test genfoam::thermal_hydraulics::closures::turbulence::tests::mixture_ct2_collapses_to_ct0_squared_at_zero_void_fraction ... ok
[INFO] [stdout] test genfoam::thermal_hydraulics::closures::turbulence::tests::nut_stabilization_vanishes_as_laminar_re_struct_grows ... ok
[INFO] [stdout] test genfoam::thermal_hydraulics::closures::turbulence::tests::porous_2phase_equilibrium_k_reduces_to_1phase_at_zero_alpha_coeff ... ok
[INFO] [stdout] test genfoam::thermal_hydraulics::closures::turbulence::tests::lahey_bubble_terms_vanish_at_zero_void_fraction ... ok
[INFO] [stdout] test genfoam::thermal_hydraulics::closures::phase_change::tests::water_saturation_matches_formula ... ok
[INFO] [stdout] test genfoam::thermal_hydraulics::closures::phase_change::tests::water_saturation_reproduces_normal_boiling_point ... ok
[INFO] [stdout] test genfoam::thermal_hydraulics::closures::turbulence::tests::mixture_quantities_reduce_to_liquid_only_at_alpha_liquid_one ... ok
[INFO] [stdout] test genfoam::thermal_hydraulics::closures::turbulence::tests::drag_coefficient_degenerate_case_is_finite_not_nan ... ok
[INFO] [stdout] test genfoam::thermal_hydraulics::closures::phase_change::tests::fink_leibowitz_matches_sodium_reference_and_clamps ... ok
[INFO] [stdout] test genfoam::thermal_hydraulics::closures::turbulence::tests::drag_coefficient_round_trips_through_kd ... ok
[INFO] [stdout] test genfoam::thermal_hydraulics::closures::turbulence::tests::mixture_effective_gas_density_reference_value ... ok
[INFO] [stdout] test genfoam::thermal_hydraulics::closures::turbulence::tests::lahey_bubble_induced_eddy_viscosity_reference_value ... ok
[INFO] [stdout] test genfoam::neutronics::point_kinetics::tests::null_transient_holds_steady ... ok
[INFO] [stdout] test genfoam::thermal_hydraulics::closures::phase_change::tests::water_trace_saturation_branch_2_anomaly_is_measured ... ok
[INFO] [stdout] test genfoam::thermal_hydraulics::closures::turbulence::tests::porous_equilibrium_k_matches_openfoam_intensity_correlation ... ok
[INFO] [stdout] test genfoam::thermal_hydraulics::closures::turbulence::tests::porous_equilibrium_epsilon_matches_openfoam_mixing_length_correlation ... ok
[INFO] [stdout] test genfoam::thermal_hydraulics::function_objects::field_diff_extents::tests::empty_mask_falls_back_to_degenerate_box_at_reference ... ok
[INFO] [stdout] test genfoam::thermal_hydraulics::function_objects::field_diff_extents::tests::mask_selects_cells_where_field_exceeds_mask_field_unsigned ... ok
[INFO] [stdout] test genfoam::thermal_hydraulics::function_objects::field_integral::tests::volume_integral_over_cells_selects_a_subset ... ok
[INFO] [stdout] test genfoam::thermal_hydraulics::function_objects::field_integral::tests::volume_integral_matches_hand_computed_sum ... ok
[INFO] [stdout] test genfoam::thermal_hydraulics::function_objects::field_diff_extents::tests::patch_mask_and_extents_use_face_centres ... ok
[INFO] [stdout] test genfoam::thermal_hydraulics::function_objects::mass_flow::tests::region_area_sums_three_unit_faces ... ok
[INFO] [stdout] test genfoam::thermal_hydraulics::function_objects::mass_flow::tests::total_mass_flow_matches_hand_computed_sum ... ok
[INFO] [stdout] test genfoam::neutronics::sn::tests::sn_kinf_with_scatter ... ok
[INFO] [stdout] test genfoam::thermal_hydraulics::function_objects::mass_flow::tests::faces_region_matches_patch_region_for_same_faces ... ok
[INFO] [stdout] test genfoam::thermal_hydraulics::function_objects::patch_geometry::tests::three_unit_faces_sum_to_area_three ... ok
[INFO] [stdout] test genfoam::thermal_hydraulics::function_objects::patch_scalar_value::tests::patch_scalar_value_reductions_match_hand_computed_values ... ok
[INFO] [stdout] test genfoam::thermal_hydraulics::function_objects::pressure_drop::tests::patch_average_of_single_face_is_the_face_value ... ok
[INFO] [stdout] test genfoam::thermal_hydraulics::function_objects::pressure_drop::tests::pressure_drop_vs_reference_matches_patch_minus_constant ... ok
[INFO] [stdout] test genfoam::thermal_hydraulics::function_objects::stop_if_max_field_diff::tests::does_not_trigger_when_field1_never_exceeds_field2 ... ok
[INFO] [stdout] test genfoam::thermal_hydraulics::function_objects::stop_if_max_field_diff::tests::triggers_stop_when_field1_exceeds_field2_anywhere ... ok
[INFO] [stdout] test genfoam::thermal_hydraulics::function_objects::t_bulk::tests::bulk_temperature_matches_hand_computed_enthalpy_weighted_mean ... ok
[INFO] [stdout] test genfoam::thermal_hydraulics::function_objects::t_bulk::tests::zero_flow_patch_floors_at_minimum_weight_without_nan ... ok
[INFO] [stdout] test genfoam::thermal_hydraulics::phase::fluid::tests::correct_alpha_rho_mag_u_matches_hand_calc ... ok
[INFO] [stdout] test genfoam::thermal_hydraulics::phase::fluid::tests::correct_mag_velocity_matches_hand_calc ... ok
[INFO] [stdout] test genfoam::thermal_hydraulics::phase::fluid::tests::correct_thermo_residual_markers_partition_cells ... ok
[INFO] [stdout] test genfoam::thermal_hydraulics::phase::fluid::tests::new_sets_gen_foam_defaults ... ok
[INFO] [stdout] test genfoam::thermal_hydraulics::phase::fluid::tests::nu_matches_hand_calc ... ok
[INFO] [stdout] test genfoam::thermal_hydraulics::phase::fluid::tests::rho_boussinesq_selection ... ok
[INFO] [stdout] test genfoam::thermal_hydraulics::phase::phase_pair::tests::fs_reynolds_matches_hand_calc ... ok
[INFO] [stdout] test genfoam::thermal_hydraulics::solver::porous_drag::tests::laminar_drag_matches_stokes_darcy_limit ... ok
[INFO] [stdout] test genfoam::thermal_hydraulics::structure::heat_source::tests::explicit_source_matches_hand_calc ... ok
[INFO] [stdout] test genfoam::thermal_hydraulics::structure::heat_exchanger::tests::struct_wrapper_matches_free_function ... ok
[INFO] [stdout] test genfoam::thermal_hydraulics::phase::phase_pair::tests::ff_relative_velocity_and_reynolds ... ok
[INFO] [stdout] test genfoam::thermal_hydraulics::structure::nuclear_steady_state_pebble::tests::the_gfhr_pebble_rise_fits_inside_upstreams_reported_temperatures ... ok
[INFO] [stdout] test genfoam::thermal_hydraulics::structure::heat_source::tests::wall_heat_flux_matches_definition ... ok
[INFO] [stdout] test genfoam::thermal_hydraulics::structure::nuclear_steady_state_pebble::tests::the_gfhr_minimum_peak_fuel_temperature_reproduces_upstream ... ok
[INFO] [stdout] test genfoam::thermal_hydraulics::phase::phase_pair::tests::fs_reynolds_applies_floor ... ok
[INFO] [stdout] test genfoam::thermal_hydraulics::structure::heat_exchanger::tests::zero_coefficients_do_not_nan ... ok
[INFO] [stdout] test genfoam::thermal_hydraulics::phase::fluid::tests::state_of_matter_dispatch ... ok
[INFO] [stdout] test genfoam::thermal_hydraulics::structure::nuclear_steady_state_pebble::tests::the_maxwell_effective_conductivity_is_bounded_by_its_phases ... ok
[INFO] [stdout] test genfoam::thermal_hydraulics::structure::power_model::tests::fixed_power_adiabatic_step_matches_hand_calc ... ok
[INFO] [stdout] test genfoam::thermal_hydraulics::structure::heat_exchanger::tests::symmetric_hx_wall_temperature ... ok
[INFO] [stdout] test genfoam::thermal_hydraulics::solver::tests::laminar_darcy_spinup_terminal_velocity ... ok
[INFO] [stdout] test genfoam::thermal_hydraulics::structure::power_model::tests::fixed_power_steady_state_matches_hand_calc ... ok
[INFO] [stdout] test genfoam::thermal_hydraulics::structure::power_model::tests::fixed_temperature_evaluates_profile ... ok
[INFO] [stdout] test genfoam::thermal_hydraulics::structure::heat_source::tests::passive_structure_relaxes_to_fluid_temperature ... ok
[INFO] [stdout] test genfoam::thermal_hydraulics::structure::power_off::tests::field_value_below_threshold ... ok
[INFO] [stdout] test genfoam::thermal_hydraulics::structure::power_model::tests::power_profile_scales_initial_density ... ok
[INFO] [stdout] test genfoam::thermal_hydraulics::structure::power_off::tests::field_value_honours_confirmation_delay ... ok
[INFO] [stdout] test genfoam::thermal_hydraulics::solver::tests::turbulent_darcy_weisbach_pressure_drop ... ok
[INFO] [stdout] test genfoam::thermal_hydraulics::structure::power_model::tests::power_off_zeroes_source ... ok
[INFO] [stdout] test genfoam::thermal_hydraulics::solver::tests::porous_energy_equilibrates_to_wall_temperature ... ok
[INFO] [stdout] test genfoam::thermal_hydraulics::structure::nuclear_steady_state_pebble::tests::every_rise_is_linear_in_the_power_density ... ok
[INFO] [stdout] test genfoam::thermal_hydraulics::structure::power_off::tests::field_value_above_threshold_no_delay ... ok
[INFO] [stdout] test genfoam::thermal_hydraulics::structure::power_off::tests::timer_fires_at_or_after_trigger ... ok
[INFO] [stdout] test genfoam::thermal_hydraulics::structure::tests::pump_momentum_source_passthrough ... ok
[INFO] [stdout] test genfoam::thermal_hydraulics::structure::tests::integrated_steady_state_energy_balance ... ok
[INFO] [stdout] test genfoam::thermal_hydraulics::structure::pump::tests::coast_down_scales_source ... ok
[INFO] [stdout] test genfoam::thermal_hydraulics::structure::pump::tests::constant_pump_is_time_invariant ... ok
[INFO] [stdout] test genfoam::thermo_mechanics::feedback::tests::free_expansion_matches_analytical ... ok
[INFO] [stdout] test genfoam::thermal_hydraulics::thermophysical::hydrogen::thermodynamics::tests::enthalpy_matches_upstream_regression_fixture ... ok
[INFO] [stdout] test genfoam::thermal_hydraulics::thermophysical::hydrogen::thermodynamics::tests::entropy_matches_upstream_regression_fixture ... ok
[INFO] [stdout] test genfoam::thermal_hydraulics::thermophysical::hydrogen::heat_capacity::tests::cv_matches_upstream_regression_fixture ... ok
[INFO] [stdout] test genfoam::thermo_mechanics::feedback::tests::mesh_displacement_replaces_axial_component ... ok
[INFO] [stdout] test genfoam::thermal_hydraulics::structure::tests::scram_relaxes_structure_to_fluid ... ok
[INFO] [stdout] test genfoam::thermal_hydraulics::thermophysical::hydrogen::heat_capacity::tests::cp_matches_upstream_regression_fixture ... ok
[INFO] [stdout] test genfoam::thermal_hydraulics::thermophysical::hydrogen::equation_of_state::tests::density_matches_upstream_regression_fixture ... ok
[INFO] [stdout] test genfoam::thermal_hydraulics::thermophysical::hydrogen::dissociation::tests::mole_fraction_matches_upstream_regression_fixture ... ok
[INFO] [stdout] test genfoam::thermo_mechanics::material::tests::rejects_incompressible_poisson_ratio ... ok
[INFO] [stdout] test genfoam::thermo_mechanics::material::tests::lame_parameters_match_hand_computation ... ok
[INFO] [stdout] test genfoam::thermo_mechanics::feedback::tests::cumulative_profile_matches_free_expansion_at_tip ... ok
[INFO] [stdout] test genfoam::thermal_hydraulics::thermophysical::hydrogen::thermal_conductivity::tests::thermal_conductivity_is_positive_and_order_of_magnitude_sane ... ok
[INFO] [stdout] test genfoam::thermal_hydraulics::thermophysical::hydrogen::viscosity::tests::viscosity_matches_upstream_regression_fixture ... ok
[INFO] [stdout] test genfoam::thermal_hydraulics::thermophysical::hydrogen::diffusion::tests::diffusivity_matches_upstream_regression_fixture ... ok
[INFO] [stdout] test genfoam::thermo_mechanics::mesh_solve::tests::deqn_uniform_heating_constrained_bar_thermal_stress ... ok
[INFO] [stdout] test genfoam::thermo_mechanics::mesh_solve::tests::mesh_displacement_wires_axial_expansion ... ok
[INFO] [stdout] test genfoam::thermo_mechanics::mesh_solve::tests::teqn_conduction_with_source_matches_parabola ... ok
[INFO] [stdout] test genfoam::thermo_mechanics::stress::tests::free_expansion_is_stress_free ... ok
[INFO] [stdout] test genfoam::thermo_mechanics::material::tests::thermal_diffusivity_matches_hand_computation ... ok
[INFO] [stdout] test genfoam::thermo_mechanics::stress::tests::fully_constrained_bar_thermal_stress ... ok
[INFO] [stdout] test genfoam::thermo_mechanics::stress::tests::uniaxial_stress_von_mises_equals_magnitude ... ok
[INFO] [stdout] test genfoam::thermo_mechanics::tests::dispatch_constrained_bar ... ok
[INFO] [stdout] test genfoam::thermo_mechanics::tests::model_axial_expansion_wired ... ok
[INFO] [stdout] test io::nuclear_data::tests::a_first_state_that_is_not_reference_is_rejected ... ok
[INFO] [stdout] test io::nuclear_data::tests::a_perturbed_state_inherits_the_reference_parameters_it_omits ... ok
[INFO] [stdout] test io::nuclear_data::tests::an_unknown_variable_law_is_rejected_by_name ... ok
[INFO] [stdout] test genfoam::thermo_mechanics::mesh_solve::tests::deqn_linear_temperature_constrained_bar ... ok
[INFO] [stdout] test io::nuclear_data::tests::the_minimal_dictionary_round_trips_into_cross_section_data ... ok
[INFO] [stdout] test solvers::melt_foam::tests::attached_model_contributes_to_both_equations_after_stepping ... ok
[INFO] [stdout] test solvers::melt_foam::tests::boussinesq_coefficients_convert_to_kinematic_units ... ok
[INFO] [stdout] test solvers::hrm_foam::tests::relaxation_time_respects_configured_floor ... ok
[INFO] [stdout] test solvers::melt_foam::tests::velocity_field_keeps_its_name_after_correction ... ok
[INFO] [stdout] test io::nuclear_data::tests::an_include_is_spliced_relative_to_the_including_file ... ok
[INFO] [stdout] test io::nuclear_data::writer::tests::written_nuclear_data_reads_back_identically ... ok
[INFO] [stdout] test solvers::melt_foam::tests::temperature_solver_defaults_to_a_tight_tolerance ... ok
[INFO] [stdout] test solvers::reacting_two_phase_euler_foam::tests::ranz_marshall_nusselt_hand_value ... ok
[INFO] [stdout] test solvers::melt_foam::tests::wall_face_fluxes_are_constrained_to_the_velocity_bc ... ok
[INFO] [stdout] test solvers::reacting_two_phase_euler_foam::tests::mass_transfer_moves_volume_fraction ... ok
[INFO] [stdout] test io::nuclear_data::tests::a_wrong_array_length_is_rejected_where_the_file_name_is_still_known ... ok
[INFO] [stdout] test solvers::schemes::tests::backward_ddt_matches_the_bdf2_formula ... ok
[INFO] [stdout] test solvers::hrm_foam::tests::default_relaxation_time_matches_downar_zapolski_constants ... ok
[INFO] [stdout] test solvers::melt_foam::tests::runs_without_any_fv_model ... ok
[INFO] [stdout] test solvers::reacting_two_phase_euler_foam::tests::rejects_mesh_mismatch ... ok
[INFO] [stdout] test solvers::schemes::tests::linear_div_adds_the_exact_central_difference_correction ... ok
[INFO] [stdout] test turbulence::tests::compressible_conversion_uses_mu_t_equals_rho_nu_t ... ok
[INFO] [stdout] test solvers::schemes::tests::unimplemented_schemes_error_rather_than_falling_back ... ok
[INFO] [stdout] test turbulence::tests::laminar_default_is_the_plain_molecular_laplacian ... ok
[INFO] [stdout] test turbulence::tests::every_closure_variant_syncs_and_corrects ... ok
[INFO] [stdout] test solvers::reacting_two_phase_euler_foam::tests::inert_species_conserve_sum ... ok
[INFO] [stdout] test solvers::rho_pimple_foam::tests::compressible_lid_cavity_stays_stable ... FAILED
[INFO] [stdout] test solvers::reacting_two_phase_euler_foam::tests::reaction_heat_raises_phase_temperature ... ok
[INFO] [stdout] test turbulence::tests::momentum_operator_picks_up_turbulent_viscosity ... ok
[INFO] [stdout] test solvers::reacting_two_phase_euler_foam::tests::arrhenius_reaction_burns_fuel_and_heats_gas ... ok
[INFO] [stdout] test genfoam::thermal_hydraulics::structure::nuclear_steady_state_pebble::tests::the_temperature_chain_increases_monotonically_inward ... ok
[INFO] [stdout] test solvers::reacting_two_phase_euler_foam::tests::thermal_equilibration_conserves_energy ... ok
[INFO] [stdout] test solvers::melt_foam::tests::hot_wall_drives_melting_with_bounded_liquid_fraction ... ok
[INFO] [stdout] test genfoam::neutronics::sn::tests::sn_order_convergence ... ok
[INFO] [stdout] test genfoam::neutronics::sn::tests::sn_approaches_diffusion_limit ... ok
[INFO] [stdout] 
[INFO] [stdout] failures:
[INFO] [stdout] 
[INFO] [stdout] ---- solvers::rho_pimple_foam::tests::compressible_lid_cavity_stays_stable stdout ----
[INFO] [stdout] 
[INFO] [stdout] thread 'solvers::rho_pimple_foam::tests::compressible_lid_cavity_stays_stable' (1269) panicked at src/solvers/rho_pimple_foam/mod.rs:475:69:
[INFO] [stderr] error: test failed, to rerun pass `--lib`
[INFO] [stdout] read cavity polyMesh: Io { path: "/opt/rustwide/workdir/tutorials/cases/pimple_foam_cavity/constant/polyMesh/points", source: Os { code: 2, kind: NotFound, message: "No such file or directory" } }
[INFO] [stdout] stack backtrace:
[INFO] [stdout]    0:     0x65136eb2c4a1 - <<std[70759c8f55707aa4]::sys::backtrace::BacktraceLock>::print::DisplayBacktrace as core[df12db4294e9bfd3]::fmt::Display>::fmt
[INFO] [stdout]    1:     0x65136eb4225a - core[df12db4294e9bfd3]::fmt::write
[INFO] [stdout]    2:     0x65136eb30c2c - <alloc[2182bb758b4b3781]::vec::Vec<u8> as core[df12db4294e9bfd3]::io::write::Write>::write_fmt
[INFO] [stdout]    3:     0x65136eb06d66 - std[70759c8f55707aa4]::panicking::default_hook::{closure#0}
[INFO] [stdout]    4:     0x65136eb23d89 - std[70759c8f55707aa4]::panicking::default_hook
[INFO] [stdout]    5:     0x65136ea5f0a0 - test[9d35eded1c95d3be]::test_main_inner::<test[9d35eded1c95d3be]::test_main_static::{closure#0}>::{closure#0}
[INFO] [stdout]    6:     0x65136eb23f42 - std[70759c8f55707aa4]::panicking::panic_with_hook
[INFO] [stdout]    7:     0x65136eb06e12 - std[70759c8f55707aa4]::panicking::panic_handler::{closure#0}
[INFO] [stdout]    8:     0x65136eaff849 - std[70759c8f55707aa4]::sys::backtrace::__rust_end_short_backtrace::<std[70759c8f55707aa4]::panicking::panic_handler::{closure#0}, !>
[INFO] [stdout]    9:     0x65136eb07a0d - __rustc[8fa7c3cbc660c2b3]::rust_begin_unwind
[INFO] [stdout]   10:     0x65136eb4298c - core[df12db4294e9bfd3]::panicking::panic_fmt
[INFO] [stdout]   11:     0x65136eb42762 - core[df12db4294e9bfd3]::result::unwrap_failed
[INFO] [stdout]   12:     0x65136ea0d0f2 - outram_foam_appbuilder_lib[a209ed20c61e5517]::solvers::rho_pimple_foam::tests::compressible_lid_cavity_stays_stable
[INFO] [stdout]   13:     0x65136e972c09 - <outram_foam_appbuilder_lib[a209ed20c61e5517]::solvers::rho_pimple_foam::tests::compressible_lid_cavity_stays_stable::{closure#0} as core[df12db4294e9bfd3]::ops::function::FnOnce<()>>::call_once
[INFO] [stdout]   14:     0x65136ea5238b - test[9d35eded1c95d3be]::__rust_begin_short_backtrace::<core[df12db4294e9bfd3]::result::Result<(), alloc[2182bb758b4b3781]::string::String>, fn() -> core[df12db4294e9bfd3]::result::Result<(), alloc[2182bb758b4b3781]::string::String>>
[INFO] [stdout]   15:     0x65136ea5f9f5 - test[9d35eded1c95d3be]::run_test::{closure#0}
[INFO] [stdout]   16:     0x65136ea592b4 - std[70759c8f55707aa4]::sys::backtrace::__rust_begin_short_backtrace::<test[9d35eded1c95d3be]::run_test::{closure#1}, ()>
[INFO] [stdout]   17:     0x65136ea62b52 - <std[70759c8f55707aa4]::thread::lifecycle::spawn_unchecked<test[9d35eded1c95d3be]::run_test::{closure#1}, ()>::{closure#1} as core[df12db4294e9bfd3]::ops::function::FnOnce<()>>::call_once::{shim:vtable#0}
[INFO] [stdout]   18:     0x65136eb2b819 - <std[70759c8f55707aa4]::sys::thread::unix::Thread>::new::thread_start
[INFO] [stdout]   19:     0x71feb7b43dfa - <unknown>
[INFO] [stdout]   20:     0x71feb7bd73d4 - clone
[INFO] [stdout]   21:                0x0 - <unknown>
[INFO] [stdout] 
[INFO] [stdout] 
[INFO] [stdout] failures:
[INFO] [stdout]     solvers::rho_pimple_foam::tests::compressible_lid_cavity_stays_stable
[INFO] [stdout] 
[INFO] [stdout] test result: FAILED. 314 passed; 1 failed; 0 ignored; 0 measured; 0 filtered out; finished in 18.77s
[INFO] [stdout] 
[INFO] running `Command { std: "docker" "inspect" "c96cfd4c7a93a41ba506d1a87985b294a49bb8cef300fd345b6a5ed2dcb0adf4", kill_on_drop: false }`
[INFO] running `Command { std: "docker" "rm" "-f" "c96cfd4c7a93a41ba506d1a87985b294a49bb8cef300fd345b6a5ed2dcb0adf4", kill_on_drop: false }`
[INFO] [stdout] c96cfd4c7a93a41ba506d1a87985b294a49bb8cef300fd345b6a5ed2dcb0adf4
