[INFO] fetching crate outlint-core 0.1.0...
[INFO] testing outlint-core-0.1.0 against 1.100.0-beta.1+cargoflags=--release for beta-release-1.100-2
[INFO] extracting crate outlint-core 0.1.0 into /workspace/builds/worker-0-tc2/source
[INFO] started tweaking crates.io crate outlint-core 0.1.0
[INFO] removed 0 missing tests
[INFO] finished tweaking crates.io crate outlint-core 0.1.0
[INFO] tweaked toml for crates.io crate outlint-core 0.1.0 written to /workspace/builds/worker-0-tc2/source/Cargo.toml
[INFO] validating manifest of crates.io crate outlint-core 0.1.0 on toolchain 1.100.0-beta.1
[INFO] running `Command { std: CARGO_HOME="/workspace/cargo-home" RUSTUP_HOME="/workspace/rustup-home" "/workspace/cargo-home/bin/cargo" "+1.100.0-beta.1" "metadata" "--manifest-path" "Cargo.toml" "--no-deps", kill_on_drop: false }`
[INFO] crate crates.io crate outlint-core 0.1.0 already has a lockfile, it will not be regenerated
[INFO] running `Command { std: CARGO_HOME="/workspace/cargo-home" RUSTUP_HOME="/workspace/rustup-home" "/workspace/cargo-home/bin/cargo" "+1.100.0-beta.1" "fetch" "--manifest-path" "Cargo.toml", kill_on_drop: false }`
[INFO] [stderr] warning: `package.homepage` is redundant with `package.repository`
[INFO] [stderr]   --> Cargo.toml:52:12
[INFO] [stderr]    |
[INFO] [stderr] 52 | homepage = "https://github.com/shangaslammi/outlint"
[INFO] [stderr]    |            ^^^^^^^^^^^^^^^^^^^^^^^^^^^^^^^^^^^^^^^^^
[INFO] [stderr] ...
[INFO] [stderr] 57 | repository = "https://github.com/shangaslammi/outlint"
[INFO] [stderr]    |              -----------------------------------------
[INFO] [stderr]    |
[INFO] [stderr]    = note: `cargo::redundant_homepage` is set to `warn` by default
[INFO] [stderr] help: consider removing `package.homepage`
[INFO] [stderr] warning: `outlint-core` (manifest) generated 1 warning
[INFO] running `Command { std: "docker" "create" "-v" "/var/lib/crater-agent-workspace/builds/worker-0-tc2/source:/opt/rustwide/workdir:ro,Z" "-v" "/var/lib/crater-agent-workspace/builds/worker-0-tc2/target:/opt/rustwide/target:rw,Z" "-v" "/var/lib/crater-agent-workspace/cargo-home:/opt/rustwide/cargo-home:ro,Z" "-v" "/var/lib/crater-agent-workspace/rustup-home:/opt/rustwide/rustup-home:ro,Z" "-m" "1610612736" "--network" "none" "ghcr.io/rust-lang/crates-build-env/linux@sha256:77db811e55d90add9212f6832c23229e3de5f1c1f9905e8cb07319ea15df73ac" "sleep" "infinity", kill_on_drop: false }`
[INFO] [stdout] bbe294a85cfb99343c393aab7f35c6d132765883fc319e758425d89a751f2def
[INFO] running `Command { std: "docker" "start" "bbe294a85cfb99343c393aab7f35c6d132765883fc319e758425d89a751f2def", kill_on_drop: false }`
[INFO] running `Command { std: "docker" "inspect" "bbe294a85cfb99343c393aab7f35c6d132765883fc319e758425d89a751f2def", kill_on_drop: false }`
[INFO] running `Command { std: "docker" "exec" "-e" "SOURCE_DIR=/opt/rustwide/workdir" "-e" "CARGO_HOME=/opt/rustwide/cargo-home" "-e" "RUSTUP_HOME=/opt/rustwide/rustup-home" "-e" "CARGO_TARGET_DIR=/opt/rustwide/target" "-w" "/opt/rustwide/workdir" "--user" "0:0" "bbe294a85cfb99343c393aab7f35c6d132765883fc319e758425d89a751f2def" "/opt/rustwide/cargo-home/bin/cargo" "+1.100.0-beta.1" "metadata" "--no-deps" "--format-version=1", kill_on_drop: false }`
[INFO] running `Command { std: "docker" "inspect" "bbe294a85cfb99343c393aab7f35c6d132765883fc319e758425d89a751f2def", kill_on_drop: false }`
[INFO] running `Command { std: "docker" "exec" "-e" "SOURCE_DIR=/opt/rustwide/workdir" "-e" "CARGO_HOME=/opt/rustwide/cargo-home" "-e" "RUSTUP_HOME=/opt/rustwide/rustup-home" "-e" "CARGO_TARGET_DIR=/opt/rustwide/target" "-e" "CARGO_INCREMENTAL=0" "-e" "RUST_BACKTRACE=full" "-e" "RUSTFLAGS=--cap-lints=warn" "-e" "RUSTDOCFLAGS=--cap-lints=warn" "-w" "/opt/rustwide/workdir" "--user" "0:0" "bbe294a85cfb99343c393aab7f35c6d132765883fc319e758425d89a751f2def" "/opt/rustwide/cargo-home/bin/cargo" "+1.100.0-beta.1" "build" "--frozen" "--message-format=json" "--release", kill_on_drop: false }`
[INFO] [stderr] warning: `package.homepage` is redundant with `package.repository`
[INFO] [stderr]   --> Cargo.toml:52:12
[INFO] [stderr]    |
[INFO] [stderr] 52 | homepage = "https://github.com/shangaslammi/outlint"
[INFO] [stderr]    |            ^^^^^^^^^^^^^^^^^^^^^^^^^^^^^^^^^^^^^^^^^
[INFO] [stderr] ...
[INFO] [stderr] 57 | repository = "https://github.com/shangaslammi/outlint"
[INFO] [stderr]    |              -----------------------------------------
[INFO] [stderr]    |
[INFO] [stderr]    = note: `cargo::redundant_homepage` is set to `warn` by default
[INFO] [stderr] help: consider removing `package.homepage`
[INFO] [stderr] warning: `outlint-core` (manifest) generated 1 warning
[INFO] [stderr]    Compiling serde v1.0.229
[INFO] [stderr]    Compiling smallvec v1.15.2
[INFO] [stderr]    Compiling num-traits v0.2.19
[INFO] [stderr]    Compiling zerocopy v0.8.56
[INFO] [stderr]    Compiling ahash v0.8.12
[INFO] [stderr]    Compiling serde_json v1.0.151
[INFO] [stderr]    Compiling ref-cast v1.0.26
[INFO] [stderr]    Compiling syn v3.0.3
[INFO] [stderr]    Compiling syn v2.0.119
[INFO] [stderr]    Compiling getrandom v0.3.4
[INFO] [stderr]    Compiling once_cell v1.21.4
[INFO] [stderr]    Compiling regex-automata v0.4.18
[INFO] [stderr]    Compiling bit-vec v0.8.0
[INFO] [stderr]    Compiling unicode-general-category v1.1.0
[INFO] [stderr]    Compiling borrow-or-share v0.2.4
[INFO] [stderr]    Compiling hashbrown v0.17.1
[INFO] [stderr]    Compiling pulldown-cmark v0.13.4
[INFO] [stderr]    Compiling bytecount v0.6.9
[INFO] [stderr]    Compiling casefold v0.1.0
[INFO] [stderr]    Compiling num-cmp v0.1.0
[INFO] [stderr]    Compiling parking_lot_core v0.9.12
[INFO] [stderr]    Compiling micromap v0.3.0
[INFO] [stderr]    Compiling uuid-simd v0.8.0
[INFO] [stderr]    Compiling tinyvec v1.12.0
[INFO] [stderr]    Compiling bit-set v0.8.0
[INFO] [stderr]    Compiling parking_lot v0.12.5
[INFO] [stderr]    Compiling jsonschema-regex v0.49.8
[INFO] [stderr]    Compiling data-encoding v2.11.1
[INFO] [stderr]    Compiling bitflags v2.13.1
[INFO] [stderr]    Compiling arraydeque v0.5.1
[INFO] [stderr]    Compiling unicode-normalization v0.1.25
[INFO] [stderr]    Compiling num-integer v0.1.46
[INFO] [stderr]    Compiling num-complex v0.4.6
[INFO] [stderr]    Compiling num-bigint v0.4.8
[INFO] [stderr]    Compiling num-iter v0.1.46
[INFO] [stderr]    Compiling displaydoc v0.2.7
[INFO] [stderr]    Compiling serde_derive v1.0.229
[INFO] [stderr]    Compiling ref-cast-impl v1.0.26
[INFO] [stderr]    Compiling thiserror-impl v2.0.20
[INFO] [stderr]    Compiling synstructure v0.13.2
[INFO] [stderr]    Compiling zerovec-derive v0.11.3
[INFO] [stderr]    Compiling strum_macros v0.28.0
[INFO] [stderr]    Compiling zerofrom-derive v0.1.7
[INFO] [stderr]    Compiling yoke-derive v0.8.2
[INFO] [stderr]    Compiling thiserror v2.0.20
[INFO] [stderr]    Compiling saphyr-parser v0.0.11
[INFO] [stderr]    Compiling num-rational v0.4.2
[INFO] [stderr]    Compiling zerofrom v0.1.8
[INFO] [stderr]    Compiling yoke v0.8.3
[INFO] [stderr]    Compiling zerovec v0.11.6
[INFO] [stderr]    Compiling zerotrie v0.2.4
[INFO] [stderr]    Compiling num v0.4.3
[INFO] [stderr]    Compiling fraction v0.15.4
[INFO] [stderr]    Compiling fancy-regex v0.19.0
[INFO] [stderr]    Compiling regex v1.13.1
[INFO] [stderr]    Compiling strum v0.28.0
[INFO] [stderr]    Compiling tinystr v0.8.3
[INFO] [stderr]    Compiling potential_utf v0.1.5
[INFO] [stderr]    Compiling icu_collections v2.2.0
[INFO] [stderr]    Compiling icu_locale_core v2.2.0
[INFO] [stderr]    Compiling fluent-uri v0.4.1
[INFO] [stderr]    Compiling email_address v0.2.9
[INFO] [stderr]    Compiling jsonschema-value v0.49.8
[INFO] [stderr]    Compiling icu_provider v2.2.0
[INFO] [stderr]    Compiling referencing v0.49.8
[INFO] [stderr]    Compiling icu_properties v2.2.0
[INFO] [stderr]    Compiling icu_normalizer v2.2.0
[INFO] [stderr]    Compiling idna_adapter v1.2.2
[INFO] [stderr]    Compiling idna v1.1.0
[INFO] [stderr]    Compiling jsonschema v0.49.8
[INFO] [stderr]    Compiling outlint-core v0.1.0 (/opt/rustwide/workdir)
[INFO] [stderr]     Finished `release` profile [optimized] target(s) in 25.06s
[INFO] running `Command { std: "docker" "inspect" "bbe294a85cfb99343c393aab7f35c6d132765883fc319e758425d89a751f2def", kill_on_drop: false }`
[INFO] running `Command { std: "docker" "exec" "-e" "SOURCE_DIR=/opt/rustwide/workdir" "-e" "CARGO_HOME=/opt/rustwide/cargo-home" "-e" "RUSTUP_HOME=/opt/rustwide/rustup-home" "-e" "CARGO_TARGET_DIR=/opt/rustwide/target" "-e" "CARGO_INCREMENTAL=0" "-e" "RUST_BACKTRACE=full" "-e" "RUSTFLAGS=--cap-lints=warn" "-e" "RUSTDOCFLAGS=--cap-lints=warn" "-w" "/opt/rustwide/workdir" "--user" "0:0" "bbe294a85cfb99343c393aab7f35c6d132765883fc319e758425d89a751f2def" "/opt/rustwide/cargo-home/bin/cargo" "+1.100.0-beta.1" "test" "--frozen" "--no-run" "--message-format=json" "--release", kill_on_drop: false }`
[INFO] [stderr] warning: `package.homepage` is redundant with `package.repository`
[INFO] [stderr]   --> Cargo.toml:52:12
[INFO] [stderr]    |
[INFO] [stderr] 52 | homepage = "https://github.com/shangaslammi/outlint"
[INFO] [stderr]    |            ^^^^^^^^^^^^^^^^^^^^^^^^^^^^^^^^^^^^^^^^^
[INFO] [stderr] ...
[INFO] [stderr] 57 | repository = "https://github.com/shangaslammi/outlint"
[INFO] [stderr]    |              -----------------------------------------
[INFO] [stderr]    |
[INFO] [stderr]    = note: `cargo::redundant_homepage` is set to `warn` by default
[INFO] [stderr] help: consider removing `package.homepage`
[INFO] [stderr] warning: `outlint-core` (manifest) generated 1 warning
[INFO] [stderr]    Compiling bit-vec v0.8.0
[INFO] [stderr]    Compiling getrandom v0.3.4
[INFO] [stderr]    Compiling wait-timeout v0.2.1
[INFO] [stderr]    Compiling ppv-lite86 v0.2.21
[INFO] [stderr]    Compiling pulldown-cmark v0.13.4
[INFO] [stderr]    Compiling ahash v0.8.12
[INFO] [stderr]    Compiling rand_core v0.9.5
[INFO] [stderr]    Compiling tempfile v3.27.0
[INFO] [stderr]    Compiling bit-set v0.8.0
[INFO] [stderr]    Compiling rand_xorshift v0.4.0
[INFO] [stderr]    Compiling rand v0.9.5
[INFO] [stderr]    Compiling fancy-regex v0.19.0
[INFO] [stderr]    Compiling jsonschema-value v0.49.8
[INFO] [stderr]    Compiling referencing v0.49.8
[INFO] [stderr]    Compiling rand_chacha v0.9.0
[INFO] [stderr]    Compiling rusty-fork v0.3.1
[INFO] [stderr]    Compiling proptest v1.11.0
[INFO] [stderr]    Compiling jsonschema v0.49.8
[INFO] [stderr]    Compiling outlint-core v0.1.0 (/opt/rustwide/workdir)
[INFO] [stderr]     Finished `release` profile [optimized] target(s) in 25.37s
[INFO] running `Command { std: "docker" "inspect" "bbe294a85cfb99343c393aab7f35c6d132765883fc319e758425d89a751f2def", kill_on_drop: false }`
[INFO] running `Command { std: "docker" "exec" "-e" "SOURCE_DIR=/opt/rustwide/workdir" "-e" "CARGO_HOME=/opt/rustwide/cargo-home" "-e" "RUSTUP_HOME=/opt/rustwide/rustup-home" "-e" "CARGO_TARGET_DIR=/opt/rustwide/target" "-e" "CARGO_INCREMENTAL=0" "-e" "RUST_BACKTRACE=full" "-e" "RUSTFLAGS=--cap-lints=warn" "-e" "RUSTDOCFLAGS=--cap-lints=warn" "-w" "/opt/rustwide/workdir" "--user" "0:0" "bbe294a85cfb99343c393aab7f35c6d132765883fc319e758425d89a751f2def" "/opt/rustwide/cargo-home/bin/cargo" "+1.100.0-beta.1" "test" "--frozen" "--release", kill_on_drop: false }`
[INFO] [stderr] warning: `package.homepage` is redundant with `package.repository`
[INFO] [stderr]   --> Cargo.toml:52:12
[INFO] [stderr]    |
[INFO] [stderr] 52 | homepage = "https://github.com/shangaslammi/outlint"
[INFO] [stderr]    |            ^^^^^^^^^^^^^^^^^^^^^^^^^^^^^^^^^^^^^^^^^
[INFO] [stderr] ...
[INFO] [stderr] 57 | repository = "https://github.com/shangaslammi/outlint"
[INFO] [stderr]    |              -----------------------------------------
[INFO] [stderr]    |
[INFO] [stderr]    = note: `cargo::redundant_homepage` is set to `warn` by default
[INFO] [stderr] help: consider removing `package.homepage`
[INFO] [stderr] warning: `outlint-core` (manifest) generated 1 warning
[INFO] [stderr]     Finished `release` profile [optimized] target(s) in 0.13s
[INFO] [stderr]      Running unittests src/lib.rs (/opt/rustwide/target/release/build/outlint-core/887cb9e8e5d03863/out/outlint_core-887cb9e8e5d03863)
[INFO] [stdout] 
[INFO] [stdout] running 194 tests
[INFO] [stdout] test load_result::tests::schema_error_ids_use_the_public_spellings ... ok
[INFO] [stdout] test loader::tests::a_merge_key_is_an_ordinary_schema_field ... ok
[INFO] [stdout] test loader::tests::a_second_schema_document_is_refused_at_its_own_start_marker ... ok
[INFO] [stdout] test loader::tests::an_empty_outline_is_refused_toward_title_null ... ok
[INFO] [stdout] test loader::tests::a_standard_tag_on_a_schema_collection_must_name_the_collection_kind ... ok
[INFO] [stdout] test loader::tests::an_oversized_version_is_a_shape_error_at_the_value ... ok
[INFO] [stdout] test loader::tests::an_explicit_ordered_constraint_over_an_ordered_scope_is_refused ... ok
[INFO] [stdout] test loader::tests::auto_ids_discard_decomposed_marks_without_splitting_words ... ok
[INFO] [stdout] test loader::tests::checks_constraint_lexemes_even_when_a_rule_cannot_be_built ... ok
[INFO] [stdout] test loader::tests::an_outline_declares_any_number_of_ordinary_h1_rules ... ok
[INFO] [stdout] test loader::tests::applies_defaults_and_normalizes_rules ... ok
[INFO] [stdout] test loader::tests::duplicate_id_error_and_related_location_point_to_each_scalar ... ok
[INFO] [stdout] test loader::tests::canonical_integer_normalization_is_idempotent ... ok
[INFO] [stdout] test loader::tests::constraints_on_an_outline_rule_anchor_at_their_own_spellings ... ok
[INFO] [stdout] test loader::tests::canonical_float_normalization_is_idempotent ... ok
[INFO] [stdout] test loader::tests::detects_auto_id_collisions_per_scope ... ok
[INFO] [stdout] test loader::tests::duplicate_keys_are_rejected_on_resolved_text_at_the_duplicate ... ok
[INFO] [stdout] test loader::tests::external_references_separate_physical_paths_from_id_based_logical_uris ... ok
[INFO] [stdout] test loader::tests::external_source_ids_report_exhaustion_instead_of_saturating ... ok
[INFO] [stdout] test loader::tests::frontmatter_ref_identity_uses_simple_case_folding ... ok
[INFO] [stdout] test loader::tests::classifies_matcher_forms_and_unescapes_regex_delimiter ... ok
[INFO] [stdout] test loader::tests::inline_frontmatter_schema_rejects_non_fragment_references ... ok
[INFO] [stdout] test loader::tests::inline_frontmatter_schema_rejects_non_string_reference_values ... ok
[INFO] [stdout] test loader::tests::inline_frontmatter_schema_rejects_pointer_hidden_external_references ... ok
[INFO] [stdout] test loader::tests::inline_reference_walk_covers_every_object_member ... ok
[INFO] [stdout] test loader::tests::linked_frontmatter_schema_requires_file_context ... ok
[INFO] [stdout] test loader::tests::non_standard_tags_are_rejected_anywhere_in_a_schema_document ... ok
[INFO] [stdout] test loader::tests::normalizes_frontmatter_presence_policy ... ok
[INFO] [stdout] test loader::tests::inline_frontmatter_schema_reserves_reference_members_in_every_object ... ok
[INFO] [stdout] test loader::tests::ordered_must_be_a_bool_and_the_option_must_be_known ... ok
[INFO] [stdout] test loader::tests::one_leading_byte_order_mark_is_removed_before_parsing ... ok
[INFO] [stdout] test loader::tests::outline_conflicts_with_sections_anchoring_whichever_comes_second ... ok
[INFO] [stdout] test loader::tests::ordered_resolves_from_the_rule_or_else_the_option ... ok
[INFO] [stdout] test loader::tests::outline_conflicts_with_title_at_the_second_declared_key ... ok
[INFO] [stdout] test loader::tests::ordered_refs_through_a_repeatable_h1_rule_are_refused ... ok
[INFO] [stdout] test loader::tests::outline_rules_are_the_canonical_model_and_anchor_at_their_spellings ... ok
[INFO] [stdout] test loader::tests::outline_rules_take_every_cardinality_spelling ... ok
[INFO] [stdout] test loader::tests::parse_repeat_normalizes_unbounded_bounds ... ok
[INFO] [stdout] test loader::tests::positions_invalid_linked_json_schema_in_its_own_source ... ok
[INFO] [stdout] test loader::tests::parse_repeat_normalizes_valid_finite_bounds ... ok
[INFO] [stdout] test loader::tests::errors_inside_an_outline_rule_anchor_at_their_own_spellings ... ok
[INFO] [stdout] test loader::tests::collects_independent_linked_resource_errors_in_input_order ... ok
[INFO] [stdout] test loader::tests::duplicate_linked_resource_error_uses_the_duplicate_occurrence_source ... ok
[INFO] [stdout] test loader::tests::positions_invalid_transitive_resource_in_its_own_source ... ok
[INFO] [stdout] test loader::tests::accepts_cycles_across_preloaded_resources ... ok
[INFO] [stdout] test loader::tests::positions_linked_schema_read_failures_at_the_unreadable_resource ... ok
[INFO] [stdout] test loader::tests::accepts_circular_fragment_refs_without_validation_time_io ... ok
[INFO] [stdout] test loader::tests::inline_frontmatter_schema_enforces_the_supported_dialect_and_meta_schema ... ok
[INFO] [stdout] test loader::tests::preserves_ref_siblings_and_boolean_targets ... ok
[INFO] [stdout] test loader::tests::inline_frontmatter_schema_accepts_fragment_references_and_cycles ... ok
[INFO] [stdout] test loader::tests::inline_frontmatter_schema_relative_ids_resolve_from_the_synthetic_base ... ok
[INFO] [stdout] test loader::tests::loads_and_resolves_linked_frontmatter_schema_with_local_ref ... ok
[INFO] [stdout] test loader::tests::rejects_a_single_regex_delimiter_without_panicking ... ok
[INFO] [stdout] test loader::tests::inline_frontmatter_schema_validates_and_preserves_primary_source_provenance ... ok
[INFO] [stdout] test loader::tests::rejects_auto_generated_reserved_fm_id ... ok
[INFO] [stdout] test loader::tests::rejects_dangling_forbidden_duplicate_and_mis_scoped_ordered_refs ... ok
[INFO] [stdout] test loader::tests::refuses_a_reference_chain_longer_than_the_compiler_can_recurse_over ... ok
[INFO] [stdout] test loader::tests::inline_frontmatter_schema_uses_the_shared_reference_budget ... ok
[INFO] [stdout] test loader::tests::rejects_every_explicit_null_typed_field_and_collects_them ... ok
[INFO] [stdout] test loader::tests::rejects_implication_objects_with_the_wrong_keys ... ok
[INFO] [stdout] test loader::tests::rejects_invalid_regex_and_repeat_while_collecting_errors ... ok
[INFO] [stdout] test loader::tests::rejects_missing_and_unsupported_linked_json_schemas ... ok
[INFO] [stdout] test loader::tests::alias_expanded_schema_nesting_is_bounded_only_by_the_readers_own_limit ... ok
[INFO] [stdout] test loader::tests::rejects_remote_refs_without_network_retrieval ... ok
[INFO] [stdout] test loader::tests::rejects_the_removed_root_level_option ... ok
[INFO] [stdout] test loader::tests::repeat_accepts_u32_boundary_and_rejects_overflow ... ok
[INFO] [stdout] test loader::tests::resolves_constraints_and_normalizes_frontmatter_scalars ... ok
[INFO] [stdout] test loader::tests::semantic_schema_equality_ignores_resource_labels ... ok
[INFO] [stdout] test loader::tests::regex_body_round_trips_delimiter_escaping_without_other_escapes ... ok
[INFO] [stdout] test loader::tests::successful_node_locations_are_narrower_than_the_document ... ok
[INFO] [stdout] test loader::tests::schema_root_refs_anchor_at_the_outline_scope_in_the_general_form ... ok
[INFO] [stdout] test loader::tests::top_level_constraints_beside_outline_attach_to_the_h1_scope ... ok
[INFO] [stdout] test loader::tests::yaml_syntax_error_ranges_convert_character_columns_to_bytes ... ok
[INFO] [stdout] test markdown::tests::a_merge_key_is_an_ordinary_frontmatter_entry ... ok
[INFO] [stdout] test markdown::tests::accepts_only_top_level_physical_heading_lines ... ok
[INFO] [stdout] test loader::tests::yaml_core_scalars_support_arbitrary_magnitude_without_signed_nan ... ok
[INFO] [stdout] test markdown::tests::a_quoted_empty_key_still_opens_its_element ... ok
[INFO] [stdout] test loader::tests::schema_alias_expansion_is_bounded_by_the_node_budget ... ok
[INFO] [stdout] test loader::tests::the_reference_budget_spans_the_graph_and_names_where_it_runs_out ... ok
[INFO] [stdout] test loader::tests::sugar_forms_carry_their_provenance ... ok
[INFO] [stdout] test markdown::tests::aliases_preserve_exact_numeric_values ... ok
[INFO] [stdout] test loader::tests::sugar_and_outline_forms_parse_to_the_same_model ... ok
[INFO] [stdout] test markdown::tests::applies_atx_closing_hash_rules ... ok
[INFO] [stdout] test markdown::tests::bare_cr_delimits_locations_and_suppression_lines ... ok
[INFO] [stdout] test markdown::tests::builds_tree_using_nearest_prior_lower_heading ... ok
[INFO] [stdout] test markdown::tests::captures_header_and_file_suppressions ... ok
[INFO] [stdout] test markdown::tests::chained_alias_expansions_anchor_at_the_outermost_alias_site ... ok
[INFO] [stdout] test markdown::tests::duplicate_keys_remain_invalid_beside_a_tag ... ok
[INFO] [stdout] test markdown::tests::explicit_tag_on_a_sibling_does_not_round_a_decimal ... ok
[INFO] [stdout] test markdown::tests::explicit_tags_resolve_to_their_declared_types ... ok
[INFO] [stdout] test markdown::tests::first_column_anchors_survive_the_zero_based_parser ... ok
[INFO] [stdout] test markdown::tests::finds_file_suppressions_nested_in_raw_html ... ok
[INFO] [stdout] test markdown::tests::explicit_tags_preserve_oversized_integers_and_forced_number_types ... ok
[INFO] [stdout] test loader::tests::title_null_declares_a_document_without_h1 ... ok
[INFO] [stdout] test markdown::tests::empty_and_comment_only_frontmatter_are_not_mappings ... ok
[INFO] [stdout] test markdown::tests::frontmatter_anchors_locate_entries_by_json_pointer ... ok
[INFO] [stdout] test markdown::tests::frontmatter_drops_one_leading_byte_order_mark ... ok
[INFO] [stdout] test markdown::tests::frontmatter_anchors_convert_many_entries_on_one_line ... ok
[INFO] [stdout] test markdown::tests::frontmatter_holding_a_second_document_is_invalid ... ok
[INFO] [stdout] test markdown::tests::frontmatter_alias_expansion_is_bounded ... ok
[INFO] [stdout] test markdown::tests::frontmatter_syntax_errors_carry_the_parser_position ... ok
[INFO] [stdout] test markdown::tests::ignores_headings_in_commonmark_fences ... ok
[INFO] [stdout] test markdown::tests::line_cursor_measures_forward_without_rescanning ... ok
[INFO] [stdout] test markdown::tests::huge_and_tiny_exponents_keep_their_spelling ... ok
[INFO] [stdout] test markdown::tests::alias_expansions_anchor_at_the_alias_site ... ok
[INFO] [stdout] test markdown::tests::ignores_suppression_spelling_near_misses_and_code ... ok
[INFO] [stdout] test markdown::tests::nonfinite_and_malformed_float_tags_are_rejected ... ok
[INFO] [stdout] test markdown::tests::line_index_treats_crlf_as_one_ending_and_cr_as_an_ending ... ok
[INFO] [stdout] test markdown::tests::only_empty_block_scalars_take_no_anchor ... ok
[INFO] [stdout] test markdown::tests::frontmatter_nesting_is_bounded ... ok
[INFO] [stdout] test markdown::tests::arbitrary_utf8_input_is_total_and_offsets_are_valid ... ok
[INFO] [stdout] test markdown::tests::parses_and_masks_yaml_frontmatter_before_heading_scanning ... ok
[INFO] [stdout] test loader::tests::the_reference_budget_counts_dynamic_references_too ... ok
[INFO] [stdout] test markdown::tests::parses_atx_and_setext_headings_but_not_near_misses ... ok
[INFO] [stdout] test markdown::tests::positions_invalid_or_unclosed_frontmatter ... ok
[INFO] [stdout] test markdown::tests::preserves_arbitrary_precision_frontmatter_numbers ... ok
[INFO] [stdout] test markdown::tests::preserves_json_compatible_frontmatter_number_spellings_and_typed_identity ... ok
[INFO] [stdout] test markdown::tests::rejects_non_string_frontmatter_mapping_keys ... ok
[INFO] [stdout] test markdown::tests::requires_header_suppression_to_occupy_its_whole_line ... ok
[INFO] [stdout] test markdown::tests::records_byte_line_column_and_setext_extent ... ok
[INFO] [stdout] test markdown::tests::recursive_frontmatter_aliases_terminate ... ok
[INFO] [stdout] test markdown::tests::nesting_depth_counts_collections_that_are_open_at_once ... ok
[INFO] [stdout] test markdown::tests::standard_tags_with_conforming_values_are_accepted ... ok
[INFO] [stdout] test markdown::tests::strips_inline_markup_and_decodes_commonmark_text ... ok
[INFO] [stdout] test markdown::tests::standard_tags_with_mismatched_values_are_rejected ... ok
[INFO] [stdout] test markdown::tests::the_exact_builder_bounds_its_own_recursion ... ok
[INFO] [stdout] test markdown::tests::the_exact_builder_keeps_a_quoted_scalar_a_string ... ok
[INFO] [stdout] test markdown::tests::the_exact_builder_keeps_every_digit_it_was_given ... ok
[INFO] [stdout] test markdown::tests::preserves_yaml_alias_values ... ok
[INFO] [stdout] test markdown::tests::tagged_and_aliased_frontmatter_keep_their_anchors ... ok
[INFO] [stdout] test markdown::tests::alias_spliced_depth_just_past_the_limit_is_a_refusal_not_a_crash ... ok
[INFO] [stdout] test validator::tests::a_general_form_h1_that_matches_no_rule_is_an_open_scope_header ... ok
[INFO] [stdout] test markdown::tests::alias_nesting_reached_through_a_mapping_key_is_bounded ... ok
[INFO] [stdout] test markdown::tests::alias_expanded_nesting_is_bounded ... ok
[INFO] [stdout] test validator::tests::an_admitted_top_level_h2_never_occupies_the_title_slot ... ok
[INFO] [stdout] test validator::tests::an_admitted_top_level_h2_binds_the_titled_documents_sections_scope ... ok
[INFO] [stdout] test validator::tests::allow_skipped_levels_admits_top_level_headers_into_the_root_scope ... ok
[INFO] [stdout] test validator::tests::bare_frontmatter_refs_are_presence_of_a_non_null_value ... ok
[INFO] [stdout] test validator::tests::bare_refs_accept_collections_but_equality_refuses_them ... ok
[INFO] [stdout] test validator::tests::bare_sections_implies_a_required_title ... ok
[INFO] [stdout] test validator::tests::an_unadmitted_subtree_is_reported_once_at_its_root ... ok
[INFO] [stdout] test validator::tests::an_unadmitted_top_level_header_takes_part_in_no_rule_matching_or_counting ... ok
[INFO] [stdout] test validator::tests::deep_nesting_resolves_one_mapping_per_step ... ok
[INFO] [stdout] test validator::tests::diagnostics_retain_normative_document_and_schema_anchors ... ok
[INFO] [stdout] test markdown::tests::the_exact_builder_reads_tags_on_collections_as_well_as_scalars ... ok
[INFO] [stdout] test validator::tests::equality_is_typed_by_the_core_schema_resolver ... ok
[INFO] [stdout] test markdown::tests::the_exact_builder_refuses_a_second_document_itself ... ok
[INFO] [stdout] test validator::tests::a_scope_orders_its_rules_by_default ... ok
[INFO] [stdout] test markdown::tests::the_exact_builder_rejects_a_key_repeated_in_any_spelling ... ok
[INFO] [stdout] test validator::tests::case_insensitive_matching_is_unicode_aware_for_all_forms ... ok
[INFO] [stdout] test validator::tests::every_matcher_form_is_fully_anchored ... ok
[INFO] [stdout] test validator::tests::explicit_ordered_on_the_outline_root_targets_the_document ... ok
[INFO] [stdout] test validator::tests::explicit_ordered_binds_per_instance_and_never_reaches_across_ancestors ... ok
[INFO] [stdout] test validator::tests::a_surplus_header_carries_its_own_inline_suppression ... ok
[INFO] [stdout] test markdown::tests::frontmatter_anchors_stay_within_their_own_line ... ok
[INFO] [stdout] test validator::tests::glob_star_matches_newlines_in_multiline_setext_text ... ok
[INFO] [stdout] test validator::tests::glob_treats_every_non_star_character_literally ... ok
[INFO] [stdout] test validator::tests::explicit_ordered_compares_all_occurrences_of_repeated_refs ... ok
[INFO] [stdout] test validator::tests::frontmatter_constraints_fire_and_release_through_validation ... ok
[INFO] [stdout] test validator::tests::implicit_order_ignores_unmatched_and_denied_headers_and_absent_rules ... ok
[INFO] [stdout] test validator::tests::fm_refs_read_frontmatter_even_when_a_nested_rule_is_addressable_as_fm_x ... ok
[INFO] [stdout] test validator::tests::implicit_order_compares_all_occurrences_of_repeated_rules ... ok
[INFO] [stdout] test validator::tests::h2_headers_outside_the_documents_h1_skip_against_the_virtual_root ... ok
[INFO] [stdout] test validator::tests::implicit_order_reports_each_broken_adjacent_pair ... ok
[INFO] [stdout] test validator::tests::implicit_order_binds_per_instance_and_speaks_for_each_owner ... ok
[INFO] [stdout] test validator::tests::header_paths_carry_the_enclosing_h1 ... ok
[INFO] [stdout] test validator::tests::inline_regex_flags_compose_with_match_case ... ok
[INFO] [stdout] test validator::tests::exact_matching_does_not_compile_input_as_a_regex ... ok
[INFO] [stdout] test validator::tests::frontmatter_schema_messages_quote_document_number_spellings ... ok
[INFO] [stdout] test markdown::tests::arbitrary_frontmatter_documents_reach_textless_entries ... ok
[INFO] [stdout] test validator::tests::malformed_manually_constructed_regex_fails_preparation ... ok
[INFO] [stdout] test validator::tests::manually_constructed_frontmatter_schema_denies_remote_retrieval ... ok
[INFO] [stdout] test validator::tests::multi_h1_sugar_cardinality_misses_carry_the_owning_h1 ... ok
[INFO] [stdout] test validator::tests::level_admission_leaves_unmatched_headers_to_strict_alone ... ok
[INFO] [stdout] test validator::tests::string_equality_follows_match_case_with_simple_folding ... ok
[INFO] [stdout] test validator::tests::surplus_h1_headers_are_reported_once_on_the_second_one ... ok
[INFO] [stdout] test validator::tests::implicit_order_is_suppressible_at_the_owning_header ... ok
[INFO] [stdout] test validator::tests::optional_forbidden_and_file_suppression_apply_to_json_schema ... ok
[INFO] [stdout] test validator::tests::nested_and_outline_scopes_order_themselves_with_their_own_owners ... ok
[INFO] [stdout] test validator::tests::surplus_titles_blame_the_spelled_or_implied_title ... ok
[INFO] [stdout] test validator::tests::the_option_sets_the_default_and_a_rule_overrides_it_for_its_scope ... ok
[INFO] [stdout] test validator::tests::unexpected_section_points_to_the_rule_that_closed_its_scope ... ok
[INFO] [stdout] test validator::tests::multi_h1_sugar_constraints_target_the_owning_h1 ... ok
[INFO] [stdout] test validator::tests::title_null_denies_h1_and_binds_top_level_h2s ... ok
[INFO] [stdout] test validator::tests::reports_invalid_and_forbidden_frontmatter_without_schema_execution ... ok
[INFO] [stdout] test validator::tests::orphan_headers_skip_against_the_virtual_root ... ok
[INFO] [stdout] test validator::tests::preparing_refuses_a_reference_chain_longer_than_the_compiler_can_recurse_over ... ok
[INFO] [stdout] test validator::tests::root_scope_violations_name_the_document_rather_than_a_header ... ok
[INFO] [stdout] test validator::tests::validates_required_frontmatter_against_json_schema ... ok
[INFO] [stdout] test loader::tests::regex_load_validation_uses_the_normalized_match_case_setting ... ok
[INFO] [stdout] test markdown::tests::the_alias_budget_allows_a_hundred_nodes_per_event ... ok
[INFO] [stdout] test loader::tests::oversized_glob_is_invalid_at_its_matcher_range_and_errors_are_collected ... ok
[INFO] [stdout] test markdown::tests::duplicate_key_detection_does_not_compare_every_pair_of_keys ... ok
[INFO] [stdout] test loader::tests::schema_nesting_is_bounded ... ok
[INFO] [stdout] 
[INFO] [stdout] test result: ok. 194 passed; 0 failed; 0 ignored; 0 measured; 0 filtered out; finished in 0.86s
[INFO] [stdout] 
[INFO] [stderr]      Running tests/public_api.rs (/opt/rustwide/target/release/build/outlint-core/78cdbb81dab1fe83/out/public_api-78cdbb81dab1fe83)
[INFO] [stdout] 
[INFO] [stdout] running 5 tests
[INFO] [stdout] test frontmatter_mapping_value_has_the_public_json_object_type ... ok
[INFO] [stdout] test public_errors_implement_the_standard_error_trait ... ok
[INFO] [stdout] test semantic_options_default_to_the_specification_values ... ok
[INFO] [stdout] test public_display_implementations_are_concise_and_stable ... ok
[INFO] [stdout] test normalized_newtypes_are_inspectable_without_exposing_construction ... ok
[INFO] [stdout] 
[INFO] [stdout] test result: ok. 5 passed; 0 failed; 0 ignored; 0 measured; 0 filtered out; finished in 0.00s
[INFO] [stdout] 
[INFO] [stderr]      Running tests/schema_ranges.rs (/opt/rustwide/target/release/build/outlint-core/3e0b9545048c56e5/out/schema_ranges-3e0b9545048c56e5)
[INFO] [stdout] 
[INFO] [stdout] running 3 tests
[INFO] [stdout] test baseline_node_spellings_are_unique ... FAILED
[INFO] [stdout] test corpus_schema_node_ranges_match_the_committed_baseline ... FAILED
[INFO] [stdout] test malformed_schema_error_ranges_match_the_committed_baseline ... ok
[INFO] [stdout] 
[INFO] [stdout] failures:
[INFO] [stdout] 
[INFO] [stdout] ---- baseline_node_spellings_are_unique stdout ----
[INFO] [stdout] 
[INFO] [stdout] thread 'baseline_node_spellings_are_unique' (2213) panicked at tests/schema_ranges.rs:331:10:
[INFO] [stdout] the repository testdata directory must be readable: Os { code: 2, kind: NotFound, message: "No such file or directory" }
[INFO] [stdout] stack backtrace:
[INFO] [stdout]    0:     0x55d37bcd7861 - <<std[617be2ca0a6fd877]::sys::backtrace::BacktraceLock>::print::DisplayBacktrace as core[a373ad73a504971]::fmt::Display>::fmt
[INFO] [stdout]    1:     0x55d37bcef79a - core[a373ad73a504971]::fmt::write
[INFO] [stdout]    2:     0x55d37bcdbe1c - <alloc[2e1b2a31b91974c5]::vec::Vec<u8> as core[a373ad73a504971]::io::write::Write>::write_fmt
[INFO] [stdout]    3:     0x55d37bcb2556 - std[617be2ca0a6fd877]::panicking::default_hook::{closure#0}
[INFO] [stdout]    4:     0x55d37bccf6e9 - std[617be2ca0a6fd877]::panicking::default_hook
[INFO] [stdout]    5:     0x55d37b8683a0 - test[aada8e7e76ba119b]::test_main_inner::{closure#0}
[INFO] [stdout]    6:     0x55d37bccf8a2 - std[617be2ca0a6fd877]::panicking::panic_with_hook
[INFO] [stdout]    7:     0x55d37bcb2602 - std[617be2ca0a6fd877]::panicking::panic_handler::{closure#0}
[INFO] [stdout]    8:     0x55d37bcaaf99 - std[617be2ca0a6fd877]::sys::backtrace::__rust_end_short_backtrace::<std[617be2ca0a6fd877]::panicking::panic_handler::{closure#0}, !>
[INFO] [stdout]    9:     0x55d37bcb320d - __rustc[ea4f61d10b84890b]::rust_begin_unwind
[INFO] [stdout]   10:     0x55d37bceff7c - core[a373ad73a504971]::panicking::panic_fmt
[INFO] [stdout]   11:     0x55d37bcefd52 - core[a373ad73a504971]::result::unwrap_failed
[INFO] [stdout]   12:     0x55d37b84b724 - schema_ranges[a5dfc7481f73fe4b]::corpus_schemas
[INFO] [stdout]   13:     0x55d37b84dd9e - <schema_ranges[a5dfc7481f73fe4b]::baseline_node_spellings_are_unique::{closure#0} as core[a373ad73a504971]::ops::function::FnOnce<()>>::call_once
[INFO] [stdout]   14:     0x55d37b85b7eb - test[aada8e7e76ba119b]::__rust_begin_short_backtrace::<core[a373ad73a504971]::result::Result<(), alloc[2e1b2a31b91974c5]::string::String>, fn() -> core[a373ad73a504971]::result::Result<(), alloc[2e1b2a31b91974c5]::string::String>>
[INFO] [stdout]   15:     0x55d37b8689c5 - test[aada8e7e76ba119b]::run_test::{closure#0}
[INFO] [stdout]   16:     0x55d37b8622b4 - std[617be2ca0a6fd877]::sys::backtrace::__rust_begin_short_backtrace::<test[aada8e7e76ba119b]::run_test::{closure#1}, ()>
[INFO] [stdout]   17:     0x55d37b86ba52 - <std[617be2ca0a6fd877]::thread::lifecycle::spawn_unchecked<test[aada8e7e76ba119b]::run_test::{closure#1}, ()>::{closure#1} as core[a373ad73a504971]::ops::function::FnOnce<()>>::call_once::{shim:vtable#0}
[INFO] [stdout]   18:     0x55d37bcd6b7f - <std[617be2ca0a6fd877]::sys::thread::unix::Thread>::new::thread_start
[INFO] [stdout]   19:     0x74ff03905dfa - <unknown>
[INFO] [stdout]   20:     0x74ff039993d4 - clone
[INFO] [stdout]   21:                0x0 - <unknown>
[INFO] [stdout] 
[INFO] [stdout] ---- corpus_schema_node_ranges_match_the_committed_baseline stdout ----
[INFO] [stdout] 
[INFO] [stdout] thread 'corpus_schema_node_ranges_match_the_committed_baseline' (2214) panicked at tests/schema_ranges.rs:331:10:
[INFO] [stdout] the repository testdata directory must be readable: Os { code: 2, kind: NotFound, message: "No such file or directory" }
[INFO] [stdout] stack backtrace:
[INFO] [stdout]    0:     0x55d37bcd7861 - <<std[617be2ca0a6fd877]::sys::backtrace::BacktraceLock>::print::DisplayBacktrace as core[a373ad73a504971]::fmt::Display>::fmt
[INFO] [stdout]    1:     0x55d37bcef79a - core[a373ad73a504971]::fmt::write
[INFO] [stdout]    2:     0x55d37bcdbe1c - <alloc[2e1b2a31b91974c5]::vec::Vec<u8> as core[a373ad73a504971]::io::write::Write>::write_fmt
[INFO] [stdout]    3:     0x55d37bcb2556 - std[617be2ca0a6fd877]::panicking::default_hook::{closure#0}
[INFO] [stdout]    4:     0x55d37bccf6e9 - std[617be2ca0a6fd877]::panicking::default_hook
[INFO] [stdout]    5:     0x55d37b8683a0 - test[aada8e7e76ba119b]::test_main_inner::{closure#0}
[INFO] [stdout]    6:     0x55d37bccf8a2 - std[617be2ca0a6fd877]::panicking::panic_with_hook
[INFO] [stdout]    7:     0x55d37bcb2602 - std[617be2ca0a6fd877]::panicking::panic_handler::{closure#0}
[INFO] [stdout]    8:     0x55d37bcaaf99 - std[617be2ca0a6fd877]::sys::backtrace::__rust_end_short_backtrace::<std[617be2ca0a6fd877]::panicking::panic_handler::{closure#0}, !>
[INFO] [stdout]    9:     0x55d37bcb320d - __rustc[ea4f61d10b84890b]::rust_begin_unwind
[INFO] [stdout]   10:     0x55d37bceff7c - core[a373ad73a504971]::panicking::panic_fmt
[INFO] [stdout]   11:     0x55d37bcefd52 - core[a373ad73a504971]::result::unwrap_failed
[INFO] [stdout]   12:     0x55d37b84b724 - schema_ranges[a5dfc7481f73fe4b]::corpus_schemas
[INFO] [stdout]   13:     0x55d37b84e6d4 - <schema_ranges[a5dfc7481f73fe4b]::corpus_schema_node_ranges_match_the_committed_baseline::{closure#0} as core[a373ad73a504971]::ops::function::FnOnce<()>>::call_once
[INFO] [stdout]   14:     0x55d37b85b7eb - test[aada8e7e76ba119b]::__rust_begin_short_backtrace::<core[a373ad73a504971]::result::Result<(), alloc[2e1b2a31b91974c5]::string::String>, fn() -> core[a373ad73a504971]::result::Result<(), alloc[2e1b2a31b91974c5]::string::String>>
[INFO] [stdout]   15:     0x55d37b8689c5 - test[aada8e7e76ba119b]::run_test::{closure#0}
[INFO] [stdout]   16:     0x55d37b8622b4 - std[617be2ca0a6fd877]::sys::backtrace::__rust_begin_short_backtrace::<test[aada8e7e76ba119b]::run_test::{closure#1}, ()>
[INFO] [stdout]   17:     0x55d37b86ba52 - <std[617be2ca0a6fd877]::thread::lifecycle::spawn_unchecked<test[aada8e7e76ba119b]::run_test::{closure#1}, ()>::{closure#1} as core[a373ad73a504971]::ops::function::FnOnce<()>>::call_once::{shim:vtable#0}
[INFO] [stdout]   18:     0x55d37bcd6b7f - <std[617be2ca0a6fd877]::sys::thread::unix::Thread>::new::thread_start
[INFO] [stdout]   19:     0x74ff03905dfa - <unknown>
[INFO] [stdout]   20:     0x74ff039993d4 - clone
[INFO] [stdout]   21:                0x0 - <unknown>
[INFO] [stdout] 
[INFO] [stdout] 
[INFO] [stdout] failures:
[INFO] [stdout]     baseline_node_spellings_are_unique
[INFO] [stdout]     corpus_schema_node_ranges_match_the_committed_baseline
[INFO] [stdout] 
[INFO] [stdout] test result: FAILED. 1 passed; 2 failed; 0 ignored; 0 measured; 0 filtered out; finished in 0.00s
[INFO] [stdout] 
[INFO] [stderr] error: test failed, to rerun pass `--test schema_ranges`
[INFO] running `Command { std: "docker" "inspect" "bbe294a85cfb99343c393aab7f35c6d132765883fc319e758425d89a751f2def", kill_on_drop: false }`
[INFO] running `Command { std: "docker" "rm" "-f" "bbe294a85cfb99343c393aab7f35c6d132765883fc319e758425d89a751f2def", kill_on_drop: false }`
[INFO] [stdout] bbe294a85cfb99343c393aab7f35c6d132765883fc319e758425d89a751f2def
