[INFO] fetching crate outlet-postgres 0.8.0...
[INFO] testing outlet-postgres-0.8.0 against 1.99.0-beta.8+cargoflags=--release for beta-release-1.100-2
[INFO] extracting crate outlet-postgres 0.8.0 into /workspace/builds/worker-3-tc1/source
[INFO] started tweaking crates.io crate outlet-postgres 0.8.0
[INFO] removed 0 missing examples
[INFO] finished tweaking crates.io crate outlet-postgres 0.8.0
[INFO] tweaked toml for crates.io crate outlet-postgres 0.8.0 written to /workspace/builds/worker-3-tc1/source/Cargo.toml
[INFO] validating manifest of crates.io crate outlet-postgres 0.8.0 on toolchain 1.99.0-beta.8
[INFO] running `Command { std: CARGO_HOME="/workspace/cargo-home" RUSTUP_HOME="/workspace/rustup-home" "/workspace/cargo-home/bin/cargo" "+1.99.0-beta.8" "metadata" "--manifest-path" "Cargo.toml" "--no-deps", kill_on_drop: false }`
[INFO] crate crates.io crate outlet-postgres 0.8.0 already has a lockfile, it will not be regenerated
[INFO] running `Command { std: CARGO_HOME="/workspace/cargo-home" RUSTUP_HOME="/workspace/rustup-home" "/workspace/cargo-home/bin/cargo" "+1.99.0-beta.8" "fetch" "--manifest-path" "Cargo.toml", kill_on_drop: false }`
[INFO] [stderr]     Updating crates.io index
[INFO] [stderr]  Downloading crates ...
[INFO] [stderr]   Downloaded sqlx-pool-router v0.2.0
[INFO] [stderr]   Downloaded stacker v0.1.21
[INFO] [stderr]   Downloaded psm v0.1.26
[INFO] [stderr]   Downloaded outlet v0.11.0
[INFO] [stderr]   Downloaded tracing-opentelemetry v0.33.0
[INFO] [stderr]   Downloaded axum-core v0.5.5
[INFO] [stderr]   Downloaded serde_path_to_error v0.1.17
[INFO] [stderr]   Downloaded opentelemetry v0.32.0
[INFO] running `Command { std: "docker" "create" "-v" "/var/lib/crater-agent-workspace/builds/worker-3-tc1/source:/opt/rustwide/workdir:ro,Z" "-v" "/var/lib/crater-agent-workspace/builds/worker-3-tc1/target:/opt/rustwide/target:rw,Z" "-v" "/var/lib/crater-agent-workspace/cargo-home:/opt/rustwide/cargo-home:ro,Z" "-v" "/var/lib/crater-agent-workspace/rustup-home:/opt/rustwide/rustup-home:ro,Z" "-m" "1610612736" "--network" "none" "ghcr.io/rust-lang/crates-build-env/linux@sha256:77db811e55d90add9212f6832c23229e3de5f1c1f9905e8cb07319ea15df73ac" "sleep" "infinity", kill_on_drop: false }`
[INFO] [stdout] 4a387d4a5be58b5588d7ece6ff0fe97f6e3cec696347b280bbd418b11f2f16c3
[INFO] running `Command { std: "docker" "start" "4a387d4a5be58b5588d7ece6ff0fe97f6e3cec696347b280bbd418b11f2f16c3", kill_on_drop: false }`
[INFO] running `Command { std: "docker" "inspect" "4a387d4a5be58b5588d7ece6ff0fe97f6e3cec696347b280bbd418b11f2f16c3", kill_on_drop: false }`
[INFO] running `Command { std: "docker" "exec" "-e" "SOURCE_DIR=/opt/rustwide/workdir" "-e" "CARGO_HOME=/opt/rustwide/cargo-home" "-e" "RUSTUP_HOME=/opt/rustwide/rustup-home" "-e" "CARGO_TARGET_DIR=/opt/rustwide/target" "-w" "/opt/rustwide/workdir" "--user" "0:0" "4a387d4a5be58b5588d7ece6ff0fe97f6e3cec696347b280bbd418b11f2f16c3" "/opt/rustwide/cargo-home/bin/cargo" "+1.99.0-beta.8" "metadata" "--no-deps" "--format-version=1", kill_on_drop: false }`
[INFO] running `Command { std: "docker" "inspect" "4a387d4a5be58b5588d7ece6ff0fe97f6e3cec696347b280bbd418b11f2f16c3", kill_on_drop: false }`
[INFO] running `Command { std: "docker" "exec" "-e" "SOURCE_DIR=/opt/rustwide/workdir" "-e" "CARGO_HOME=/opt/rustwide/cargo-home" "-e" "RUSTUP_HOME=/opt/rustwide/rustup-home" "-e" "CARGO_TARGET_DIR=/opt/rustwide/target" "-e" "CARGO_INCREMENTAL=0" "-e" "RUST_BACKTRACE=full" "-e" "RUSTFLAGS=--cap-lints=warn" "-e" "RUSTDOCFLAGS=--cap-lints=warn" "-w" "/opt/rustwide/workdir" "--user" "0:0" "4a387d4a5be58b5588d7ece6ff0fe97f6e3cec696347b280bbd418b11f2f16c3" "/opt/rustwide/cargo-home/bin/cargo" "+1.99.0-beta.8" "build" "--frozen" "--message-format=json" "--release", kill_on_drop: false }`
[INFO] [stderr]    Compiling serde_core v1.0.228
[INFO] [stderr]    Compiling libc v0.2.175
[INFO] [stderr]    Compiling stable_deref_trait v1.2.0
[INFO] [stderr]    Compiling serde_derive v1.0.228
[INFO] [stderr]    Compiling ring v0.17.14
[INFO] [stderr]    Compiling zerofrom v0.1.6
[INFO] [stderr]    Compiling tracing-attributes v0.1.31
[INFO] [stderr]    Compiling serde v1.0.228
[INFO] [stderr]    Compiling zmij v1.0.12
[INFO] [stderr]    Compiling yoke v0.8.0
[INFO] [stderr]    Compiling thiserror-impl v2.0.18
[INFO] [stderr]    Compiling zerovec v0.11.4
[INFO] [stderr]    Compiling litemap v0.8.0
[INFO] [stderr]    Compiling writeable v0.6.1
[INFO] [stderr]    Compiling getrandom v0.2.16
[INFO] [stderr]    Compiling zerotrie v0.2.2
[INFO] [stderr]    Compiling rustls v0.23.31
[INFO] [stderr]    Compiling crypto-common v0.1.6
[INFO] [stderr]    Compiling icu_properties_data v2.0.1
[INFO] [stderr]    Compiling tokio-macros v2.6.0
[INFO] [stderr]    Compiling icu_normalizer_data v2.0.0
[INFO] [stderr]    Compiling tinystr v0.8.1
[INFO] [stderr]    Compiling potential_utf v0.1.3
[INFO] [stderr]    Compiling icu_locale_core v2.0.0
[INFO] [stderr]    Compiling icu_collections v2.0.0
[INFO] [stderr]    Compiling zeroize v1.8.1
[INFO] [stderr]    Compiling tracing v0.1.44
[INFO] [stderr]    Compiling icu_provider v2.0.0
[INFO] [stderr]    Compiling pin-project-lite v0.2.16
[INFO] [stderr]    Compiling rustls-pki-types v1.12.0
[INFO] [stderr]    Compiling digest v0.10.7
[INFO] [stderr]    Compiling crossbeam-utils v0.8.21
[INFO] [stderr]    Compiling futures-core v0.3.31
[INFO] [stderr]    Compiling futures-util v0.3.31
[INFO] [stderr]    Compiling icu_properties v2.0.1
[INFO] [stderr]    Compiling num-traits v0.2.19
[INFO] [stderr]    Compiling zerocopy v0.8.26
[INFO] [stderr]    Compiling foldhash v0.1.5
[INFO] [stderr]    Compiling allocator-api2 v0.2.21
[INFO] [stderr]    Compiling hashbrown v0.15.5
[INFO] [stderr]    Compiling socket2 v0.6.0
[INFO] [stderr]    Compiling mio v1.0.4
[INFO] [stderr]    Compiling smallvec v1.15.1
[INFO] [stderr]    Compiling http v1.4.0
[INFO] [stderr]    Compiling futures-sink v0.3.31
[INFO] [stderr]    Compiling tinyvec v1.10.0
[INFO] [stderr]    Compiling icu_normalizer v2.0.0
[INFO] [stderr]    Compiling parking_lot_core v0.9.11
[INFO] [stderr]    Compiling parking_lot v0.12.4
[INFO] [stderr]    Compiling idna_adapter v1.2.1
[INFO] [stderr]    Compiling idna v1.1.0
[INFO] [stderr]    Compiling tokio v1.50.0
[INFO] [stderr]    Compiling http-body v1.0.1
[INFO] [stderr]    Compiling ppv-lite86 v0.2.21
[INFO] [stderr]    Compiling thiserror v2.0.18
[INFO] [stderr]    Compiling tracing-core v0.1.36
[INFO] [stderr]    Compiling concurrent-queue v2.5.0
[INFO] [stderr]    Compiling webpki-roots v1.0.2
[INFO] [stderr]    Compiling rand_core v0.6.4
[INFO] [stderr]    Compiling serde_json v1.0.149
[INFO] [stderr]    Compiling itoa v1.0.15
[INFO] [stderr]    Compiling rustls-webpki v0.103.13
[INFO] [stderr]    Compiling futures-io v0.3.31
[INFO] [stderr]    Compiling slab v0.4.11
[INFO] [stderr]    Compiling iana-time-zone v0.1.63
[INFO] [stderr]    Compiling crc-catalog v2.4.0
[INFO] [stderr]    Compiling futures-task v0.3.31
[INFO] [stderr]    Compiling log v0.4.27
[INFO] [stderr]    Compiling parking v2.2.1
[INFO] [stderr]    Compiling pin-utils v0.1.0
[INFO] [stderr]    Compiling event-listener v5.4.1
[INFO] [stderr]    Compiling chrono v0.4.44
[INFO] [stderr]    Compiling crc v3.3.0
[INFO] [stderr]    Compiling rand_chacha v0.3.1
[INFO] [stderr]    Compiling sha2 v0.10.9
[INFO] [stderr]    Compiling webpki-roots v0.26.11
[INFO] [stderr]    Compiling url v2.5.8
[INFO] [stderr]    Compiling futures-intrusive v0.5.0
[INFO] [stderr]    Compiling unicode-normalization v0.1.24
[INFO] [stderr]    Compiling either v1.15.0
[INFO] [stderr]    Compiling indexmap v2.11.0
[INFO] [stderr]    Compiling tokio-stream v0.1.17
[INFO] [stderr]    Compiling hashlink v0.10.0
[INFO] [stderr]    Compiling crossbeam-queue v0.3.12
[INFO] [stderr]    Compiling hmac v0.12.1
[INFO] [stderr]    Compiling unicode-properties v0.1.3
[INFO] [stderr]    Compiling unicode-bidi v0.3.18
[INFO] [stderr]    Compiling uuid v1.22.0
[INFO] [stderr]    Compiling base64 v0.22.1
[INFO] [stderr]    Compiling sqlx-core v0.8.6
[INFO] [stderr]    Compiling stringprep v0.1.5
[INFO] [stderr]    Compiling hkdf v0.12.4
[INFO] [stderr]    Compiling rand v0.8.6
[INFO] [stderr]    Compiling getrandom v0.4.2
[INFO] [stderr]    Compiling futures-channel v0.3.31
[INFO] [stderr]    Compiling atoi v2.0.0
[INFO] [stderr]    Compiling md-5 v0.10.6
[INFO] [stderr]    Compiling bitflags v2.9.4
[INFO] [stderr]    Compiling dotenvy v0.15.7
[INFO] [stderr]    Compiling hex v0.4.3
[INFO] [stderr]    Compiling home v0.5.11
[INFO] [stderr]    Compiling whoami v1.6.1
[INFO] [stderr]    Compiling sqlx-postgres v0.8.6
[INFO] [stderr]    Compiling hyper v1.7.0
[INFO] [stderr]    Compiling http-body-util v0.1.3
[INFO] [stderr]    Compiling tracing-log v0.2.0
[INFO] [stderr]    Compiling anyhow v1.0.99
[INFO] [stderr]    Compiling serde_urlencoded v0.7.1
[INFO] [stderr]    Compiling axum-core v0.5.5
[INFO] [stderr]    Compiling tracing-subscriber v0.3.22
[INFO] [stderr]    Compiling sqlx-macros-core v0.8.6
[INFO] [stderr]    Compiling hyper-util v0.1.16
[INFO] [stderr]    Compiling tower v0.5.3
[INFO] [stderr]    Compiling opentelemetry v0.32.0
[INFO] [stderr]    Compiling futures-executor v0.3.31
[INFO] [stderr]    Compiling serde_path_to_error v0.1.17
[INFO] [stderr]    Compiling tracing-opentelemetry v0.33.0
[INFO] [stderr]    Compiling axum v0.8.8
[INFO] [stderr]    Compiling futures v0.3.31
[INFO] [stderr]    Compiling ahash v0.8.12
[INFO] [stderr]    Compiling sqlx-macros v0.8.6
[INFO] [stderr]    Compiling tower-http v0.7.0
[INFO] [stderr]    Compiling metrics v0.24.3
[INFO] [stderr]    Compiling outlet v0.11.0
[INFO] [stderr]    Compiling sqlx v0.8.6
[INFO] [stderr]    Compiling sqlx-pool-router v0.2.0
[INFO] [stderr]    Compiling outlet-postgres v0.8.0 (/opt/rustwide/workdir)
[INFO] [stderr]     Finished `release` profile [optimized] target(s) in 1m 38s
[INFO] running `Command { std: "docker" "inspect" "4a387d4a5be58b5588d7ece6ff0fe97f6e3cec696347b280bbd418b11f2f16c3", kill_on_drop: false }`
[INFO] running `Command { std: "docker" "exec" "-e" "SOURCE_DIR=/opt/rustwide/workdir" "-e" "CARGO_HOME=/opt/rustwide/cargo-home" "-e" "RUSTUP_HOME=/opt/rustwide/rustup-home" "-e" "CARGO_TARGET_DIR=/opt/rustwide/target" "-e" "CARGO_INCREMENTAL=0" "-e" "RUST_BACKTRACE=full" "-e" "RUSTFLAGS=--cap-lints=warn" "-e" "RUSTDOCFLAGS=--cap-lints=warn" "-w" "/opt/rustwide/workdir" "--user" "0:0" "4a387d4a5be58b5588d7ece6ff0fe97f6e3cec696347b280bbd418b11f2f16c3" "/opt/rustwide/cargo-home/bin/cargo" "+1.99.0-beta.8" "test" "--frozen" "--no-run" "--message-format=json" "--release", kill_on_drop: false }`
[INFO] [stderr]    Compiling tokio v1.50.0
[INFO] [stderr]    Compiling regex-syntax v0.8.6
[INFO] [stderr]    Compiling psm v0.1.26
[INFO] [stderr]    Compiling stacker v0.1.21
[INFO] [stderr]    Compiling recursive-proc-macro-impl v0.1.1
[INFO] [stderr]    Compiling tracing-test-macro v0.2.6
[INFO] [stderr]    Compiling recursive v0.1.1
[INFO] [stderr]    Compiling sqlparser v0.61.0
[INFO] [stderr]    Compiling regex-automata v0.4.10
[INFO] [stderr]    Compiling matchers v0.2.0
[INFO] [stderr]    Compiling tracing-subscriber v0.3.22
[INFO] [stderr]    Compiling tokio-stream v0.1.17
[INFO] [stderr]    Compiling hyper v1.7.0
[INFO] [stderr]    Compiling tower v0.5.3
[INFO] [stderr]    Compiling tracing-opentelemetry v0.33.0
[INFO] [stderr]    Compiling sqlx-core v0.8.6
[INFO] [stderr]    Compiling tokio-test v0.4.5
[INFO] [stderr]    Compiling hyper-util v0.1.16
[INFO] [stderr]    Compiling tracing-test v0.2.6
[INFO] [stderr]    Compiling axum v0.8.8
[INFO] [stderr]    Compiling sqlx-postgres v0.8.6
[INFO] [stderr]    Compiling outlet v0.11.0
[INFO] [stderr]    Compiling sqlx v0.8.6
[INFO] [stderr]    Compiling sqlx-pool-router v0.2.0
[INFO] [stderr]    Compiling outlet-postgres v0.8.0 (/opt/rustwide/workdir)
[INFO] [stderr]     Finished `release` profile [optimized] target(s) in 3m 05s
[INFO] running `Command { std: "docker" "inspect" "4a387d4a5be58b5588d7ece6ff0fe97f6e3cec696347b280bbd418b11f2f16c3", kill_on_drop: false }`
[INFO] running `Command { std: "docker" "exec" "-e" "SOURCE_DIR=/opt/rustwide/workdir" "-e" "CARGO_HOME=/opt/rustwide/cargo-home" "-e" "RUSTUP_HOME=/opt/rustwide/rustup-home" "-e" "CARGO_TARGET_DIR=/opt/rustwide/target" "-e" "CARGO_INCREMENTAL=0" "-e" "RUST_BACKTRACE=full" "-e" "RUSTFLAGS=--cap-lints=warn" "-e" "RUSTDOCFLAGS=--cap-lints=warn" "-w" "/opt/rustwide/workdir" "--user" "0:0" "4a387d4a5be58b5588d7ece6ff0fe97f6e3cec696347b280bbd418b11f2f16c3" "/opt/rustwide/cargo-home/bin/cargo" "+1.99.0-beta.8" "test" "--frozen" "--release", kill_on_drop: false }`
[INFO] [stderr]     Finished `release` profile [optimized] target(s) in 0.36s
[INFO] [stderr]      Running unittests src/lib.rs (/opt/rustwide/target/release/deps/outlet_postgres-8b51038549576d94)
[INFO] [stdout] 
[INFO] [stdout] running 33 tests
[INFO] [stdout] test repository::tests::test_ordering_asc ... ok
[INFO] [stdout] test repository::tests::test_complex_filter_combination ... ok
[INFO] [stdout] test repository::tests::test_method_filter ... ok
[INFO] [stdout] test repository::tests::test_correlation_id_filter ... ok
[INFO] [stdout] test repository::tests::test_default_filter_generates_valid_sql ... ok
[INFO] [stdout] test repository::tests::test_status_code_range_filters ... ok
[INFO] [stdout] test repository::tests::test_no_filters_only_has_base_query ... ok
[INFO] [stdout] test repository::tests::test_duration_filters ... ok
[INFO] [stdout] test repository::tests::test_multiple_filters_use_and ... ok
[INFO] [stdout] test repository::tests::test_status_code_exact_filter ... ok
[INFO] [stdout] test repository::tests::test_ordering_desc ... ok
[INFO] [stdout] test repository::tests::test_pagination ... ok
[INFO] [stdout] test repository::tests::test_timestamp_filters ... ok
[INFO] [stdout] test repository::tests::test_uri_pattern_filter ... ok
[INFO] [stdout] test tests::test_batch_with_mixed_bodies ... FAILED
[INFO] [stdout] test tests::test_handler_creation ... FAILED
[INFO] [stdout] test tests::test_batch_write_uses_write_pool ... FAILED
[INFO] [stdout] test tests::test_handle_response_with_typed_body ... FAILED
[INFO] [stdout] test tests::test_headers_conversion ... FAILED
[INFO] [stdout] test tests::test_query_with_pagination_and_ordering ... FAILED
[INFO] [stdout] test tests::test_query_with_multiple_filters ... FAILED
[INFO] [stdout] test tests::test_no_path_filtering_logs_everything ... FAILED
[INFO] [stdout] test tests::test_empty_batch_is_noop ... FAILED
[INFO] [stdout] test tests::test_full_request_response_cycle_with_read_write_separation ... FAILED
[INFO] [stdout] test tests::test_replica_pool_rejects_writes ... FAILED
[INFO] [stdout] test tests::test_repository_queries_use_read_pool ... FAILED
[INFO] [stdout] test tests::test_handle_request_with_typed_body ... FAILED
[INFO] [stdout] test tests::test_handle_unparseable_body_fallback ... FAILED
[INFO] [stdout] test tests::test_write_operations_use_write_pool ... FAILED
[INFO] [stdout] test tests::test_request_batch_insert ... FAILED
[INFO] [stdout] test tests::test_response_batch_insert ... FAILED
[INFO] [stdout] test tests::test_response_write_uses_write_pool ... FAILED
[INFO] [stdout] test tests::test_timestamp_filtering ... FAILED
[INFO] [stdout] 
[INFO] [stdout] failures:
[INFO] [stdout] 
[INFO] [stdout] ---- tests::test_batch_with_mixed_bodies stdout ----
[INFO] [stdout] 
[INFO] [stdout] thread 'tests::test_batch_with_mixed_bodies' (3264) panicked at /opt/rustwide/cargo-home/registry/src/index.crates.io-1949cf8c6b5b557f/sqlx-postgres-0.8.6/src/testing/mod.rs:96:44:
[INFO] [stdout] DATABASE_URL must be set: EnvVar(NotPresent)
[INFO] [stdout] stack backtrace:
[INFO] [stdout]    0:     0x5f752def13c1 - <<std[70759c8f55707aa4]::sys::backtrace::BacktraceLock>::print::DisplayBacktrace as core[df12db4294e9bfd3]::fmt::Display>::fmt
[INFO] [stdout]    1:     0x5f752df0915a - core[df12db4294e9bfd3]::fmt::write
[INFO] [stdout]    2:     0x5f752def5e8c - <alloc[2182bb758b4b3781]::vec::Vec<u8> as core[df12db4294e9bfd3]::io::write::Write>::write_fmt
[INFO] [stdout]    3:     0x5f752decc106 - std[70759c8f55707aa4]::panicking::default_hook::{closure#0}
[INFO] [stdout]    4:     0x5f752dee8eb9 - std[70759c8f55707aa4]::panicking::default_hook
[INFO] [stdout]    5:     0x5f752d9083e0 - test[9d35eded1c95d3be]::test_main_inner::<test[9d35eded1c95d3be]::test_main_static::{closure#0}>::{closure#0}
[INFO] [stdout]    6:     0x5f752dee91e2 - std[70759c8f55707aa4]::panicking::panic_with_hook
[INFO] [stdout]    7:     0x5f752decc1b2 - std[70759c8f55707aa4]::panicking::panic_handler::{closure#0}
[INFO] [stdout]    8:     0x5f752dec4a89 - std[70759c8f55707aa4]::sys::backtrace::__rust_end_short_backtrace::<std[70759c8f55707aa4]::panicking::panic_handler::{closure#0}, !>
[INFO] [stdout]    9:     0x5f752decd03d - __rustc[8fa7c3cbc660c2b3]::rust_begin_unwind
[INFO] [stdout]   10:     0x5f752df098bc - core[df12db4294e9bfd3]::panicking::panic_fmt
[INFO] [stdout]   11:     0x5f752df09692 - core[df12db4294e9bfd3]::result::unwrap_failed
[INFO] [stdout]   12:     0x5f752dccdd0e - <sqlx_postgres[5af69500f530fc43]::database::Postgres as sqlx_core[21cf00523ceb784c]::testing::TestSupport>::test_context::{closure#0}
[INFO] [stdout]   13:     0x5f752d77affb - sqlx_core[21cf00523ceb784c]::testing::run_test::<sqlx_postgres[5af69500f530fc43]::database::Postgres, sqlx_core[21cf00523ceb784c]::testing::run_test_with_pool<sqlx_postgres[5af69500f530fc43]::database::Postgres, fn(sqlx_core[21cf00523ceb784c]::pool::Pool<sqlx_postgres[5af69500f530fc43]::database::Postgres>) -> outlet_postgres[2381a683375fe85a]::tests::test_batch_with_mixed_bodies::test_batch_with_mixed_bodies::{closure#0}, outlet_postgres[2381a683375fe85a]::tests::test_batch_with_mixed_bodies::test_batch_with_mixed_bodies::{closure#0}>::{closure#0}, sqlx_core[21cf00523ceb784c]::testing::run_test_with_pool<sqlx_postgres[5af69500f530fc43]::database::Postgres, fn(sqlx_core[21cf00523ceb784c]::pool::Pool<sqlx_postgres[5af69500f530fc43]::database::Postgres>) -> outlet_postgres[2381a683375fe85a]::tests::test_batch_with_mixed_bodies::test_batch_with_mixed_bodies::{closure#0}, outlet_postgres[2381a683375fe85a]::tests::test_batch_with_mixed_bodies::test_batch_with_mixed_bodies::{closure#0}>::{closure#0}::{closure#0}>::{closure#0}
[INFO] [stdout]   14:     0x5f752d82ef7e - <tokio[294d81b0fbc675b9]::runtime::scheduler::current_thread::Context>::enter::<core[df12db4294e9bfd3]::task::poll::Poll<()>, <tokio[294d81b0fbc675b9]::runtime::scheduler::current_thread::CoreGuard>::block_on<core[df12db4294e9bfd3]::pin::Pin<&mut sqlx_core[21cf00523ceb784c]::testing::run_test<sqlx_postgres[5af69500f530fc43]::database::Postgres, sqlx_core[21cf00523ceb784c]::testing::run_test_with_pool<sqlx_postgres[5af69500f530fc43]::database::Postgres, fn(sqlx_core[21cf00523ceb784c]::pool::Pool<sqlx_postgres[5af69500f530fc43]::database::Postgres>) -> outlet_postgres[2381a683375fe85a]::tests::test_batch_with_mixed_bodies::test_batch_with_mixed_bodies::{closure#0}, outlet_postgres[2381a683375fe85a]::tests::test_batch_with_mixed_bodies::test_batch_with_mixed_bodies::{closure#0}>::{closure#0}, sqlx_core[21cf00523ceb784c]::testing::run_test_with_pool<sqlx_postgres[5af69500f530fc43]::database::Postgres, fn(sqlx_core[21cf00523ceb784c]::pool::Pool<sqlx_postgres[5af69500f530fc43]::database::Postgres>) -> outlet_postgres[2381a683375fe85a]::tests::test_batch_with_mixed_bodies::test_batch_with_mixed_bodies::{closure#0}, outlet_postgres[2381a683375fe85a]::tests::test_batch_with_mixed_bodies::test_batch_with_mixed_bodies::{closure#0}>::{closure#0}::{closure#0}>::{closure#0}>>::{closure#0}::{closure#0}>
[INFO] [stdout]   15:     0x5f752d891fcc - <tokio[294d81b0fbc675b9]::runtime::context::scoped::Scoped<tokio[294d81b0fbc675b9]::runtime::scheduler::Context>>::set::<<tokio[294d81b0fbc675b9]::runtime::scheduler::current_thread::CoreGuard>::enter<<tokio[294d81b0fbc675b9]::runtime::scheduler::current_thread::CoreGuard>::block_on<core[df12db4294e9bfd3]::pin::Pin<&mut sqlx_core[21cf00523ceb784c]::testing::run_test<sqlx_postgres[5af69500f530fc43]::database::Postgres, sqlx_core[21cf00523ceb784c]::testing::run_test_with_pool<sqlx_postgres[5af69500f530fc43]::database::Postgres, fn(sqlx_core[21cf00523ceb784c]::pool::Pool<sqlx_postgres[5af69500f530fc43]::database::Postgres>) -> outlet_postgres[2381a683375fe85a]::tests::test_batch_with_mixed_bodies::test_batch_with_mixed_bodies::{closure#0}, outlet_postgres[2381a683375fe85a]::tests::test_batch_with_mixed_bodies::test_batch_with_mixed_bodies::{closure#0}>::{closure#0}, sqlx_core[21cf00523ceb784c]::testing::run_test_with_pool<sqlx_postgres[5af69500f530fc43]::database::Postgres, fn(sqlx_core[21cf00523ceb784c]::pool::Pool<sqlx_postgres[5af69500f530fc43]::database::Postgres>) -> outlet_postgres[2381a683375fe85a]::tests::test_batch_with_mixed_bodies::test_batch_with_mixed_bodies::{closure#0}, outlet_postgres[2381a683375fe85a]::tests::test_batch_with_mixed_bodies::test_batch_with_mixed_bodies::{closure#0}>::{closure#0}::{closure#0}>::{closure#0}>>::{closure#0}, core[df12db4294e9bfd3]::option::Option<()>>::{closure#0}, (alloc[2182bb758b4b3781]::boxed::Box<tokio[294d81b0fbc675b9]::runtime::scheduler::current_thread::Core>, core[df12db4294e9bfd3]::option::Option<()>)>
[INFO] [stdout]   16:     0x5f752d831527 - <tokio[294d81b0fbc675b9]::runtime::scheduler::current_thread::CoreGuard>::block_on::<core[df12db4294e9bfd3]::pin::Pin<&mut sqlx_core[21cf00523ceb784c]::testing::run_test<sqlx_postgres[5af69500f530fc43]::database::Postgres, sqlx_core[21cf00523ceb784c]::testing::run_test_with_pool<sqlx_postgres[5af69500f530fc43]::database::Postgres, fn(sqlx_core[21cf00523ceb784c]::pool::Pool<sqlx_postgres[5af69500f530fc43]::database::Postgres>) -> outlet_postgres[2381a683375fe85a]::tests::test_batch_with_mixed_bodies::test_batch_with_mixed_bodies::{closure#0}, outlet_postgres[2381a683375fe85a]::tests::test_batch_with_mixed_bodies::test_batch_with_mixed_bodies::{closure#0}>::{closure#0}, sqlx_core[21cf00523ceb784c]::testing::run_test_with_pool<sqlx_postgres[5af69500f530fc43]::database::Postgres, fn(sqlx_core[21cf00523ceb784c]::pool::Pool<sqlx_postgres[5af69500f530fc43]::database::Postgres>) -> outlet_postgres[2381a683375fe85a]::tests::test_batch_with_mixed_bodies::test_batch_with_mixed_bodies::{closure#0}, outlet_postgres[2381a683375fe85a]::tests::test_batch_with_mixed_bodies::test_batch_with_mixed_bodies::{closure#0}>::{closure#0}::{closure#0}>::{closure#0}>>
[INFO] [stdout]   17:     0x5f752d8ad1e7 - tokio[294d81b0fbc675b9]::runtime::context::runtime::enter_runtime::<<tokio[294d81b0fbc675b9]::runtime::scheduler::current_thread::CurrentThread>::block_on<sqlx_core[21cf00523ceb784c]::testing::run_test<sqlx_postgres[5af69500f530fc43]::database::Postgres, sqlx_core[21cf00523ceb784c]::testing::run_test_with_pool<sqlx_postgres[5af69500f530fc43]::database::Postgres, fn(sqlx_core[21cf00523ceb784c]::pool::Pool<sqlx_postgres[5af69500f530fc43]::database::Postgres>) -> outlet_postgres[2381a683375fe85a]::tests::test_batch_with_mixed_bodies::test_batch_with_mixed_bodies::{closure#0}, outlet_postgres[2381a683375fe85a]::tests::test_batch_with_mixed_bodies::test_batch_with_mixed_bodies::{closure#0}>::{closure#0}, sqlx_core[21cf00523ceb784c]::testing::run_test_with_pool<sqlx_postgres[5af69500f530fc43]::database::Postgres, fn(sqlx_core[21cf00523ceb784c]::pool::Pool<sqlx_postgres[5af69500f530fc43]::database::Postgres>) -> outlet_postgres[2381a683375fe85a]::tests::test_batch_with_mixed_bodies::test_batch_with_mixed_bodies::{closure#0}, outlet_postgres[2381a683375fe85a]::tests::test_batch_with_mixed_bodies::test_batch_with_mixed_bodies::{closure#0}>::{closure#0}::{closure#0}>::{closure#0}>::{closure#0}, ()>
[INFO] [stdout]   18:     0x5f752d83fe2e - <tokio[294d81b0fbc675b9]::runtime::runtime::Runtime>::block_on::<sqlx_core[21cf00523ceb784c]::testing::run_test<sqlx_postgres[5af69500f530fc43]::database::Postgres, sqlx_core[21cf00523ceb784c]::testing::run_test_with_pool<sqlx_postgres[5af69500f530fc43]::database::Postgres, fn(sqlx_core[21cf00523ceb784c]::pool::Pool<sqlx_postgres[5af69500f530fc43]::database::Postgres>) -> outlet_postgres[2381a683375fe85a]::tests::test_batch_with_mixed_bodies::test_batch_with_mixed_bodies::{closure#0}, outlet_postgres[2381a683375fe85a]::tests::test_batch_with_mixed_bodies::test_batch_with_mixed_bodies::{closure#0}>::{closure#0}, sqlx_core[21cf00523ceb784c]::testing::run_test_with_pool<sqlx_postgres[5af69500f530fc43]::database::Postgres, fn(sqlx_core[21cf00523ceb784c]::pool::Pool<sqlx_postgres[5af69500f530fc43]::database::Postgres>) -> outlet_postgres[2381a683375fe85a]::tests::test_batch_with_mixed_bodies::test_batch_with_mixed_bodies::{closure#0}, outlet_postgres[2381a683375fe85a]::tests::test_batch_with_mixed_bodies::test_batch_with_mixed_bodies::{closure#0}>::{closure#0}::{closure#0}>::{closure#0}>
[INFO] [stdout]   19:     0x5f752d8e895b - sqlx_core[21cf00523ceb784c]::rt::test_block_on::<sqlx_core[21cf00523ceb784c]::testing::run_test<sqlx_postgres[5af69500f530fc43]::database::Postgres, sqlx_core[21cf00523ceb784c]::testing::run_test_with_pool<sqlx_postgres[5af69500f530fc43]::database::Postgres, fn(sqlx_core[21cf00523ceb784c]::pool::Pool<sqlx_postgres[5af69500f530fc43]::database::Postgres>) -> outlet_postgres[2381a683375fe85a]::tests::test_batch_with_mixed_bodies::test_batch_with_mixed_bodies::{closure#0}, outlet_postgres[2381a683375fe85a]::tests::test_batch_with_mixed_bodies::test_batch_with_mixed_bodies::{closure#0}>::{closure#0}, sqlx_core[21cf00523ceb784c]::testing::run_test_with_pool<sqlx_postgres[5af69500f530fc43]::database::Postgres, fn(sqlx_core[21cf00523ceb784c]::pool::Pool<sqlx_postgres[5af69500f530fc43]::database::Postgres>) -> outlet_postgres[2381a683375fe85a]::tests::test_batch_with_mixed_bodies::test_batch_with_mixed_bodies::{closure#0}, outlet_postgres[2381a683375fe85a]::tests::test_batch_with_mixed_bodies::test_batch_with_mixed_bodies::{closure#0}>::{closure#0}::{closure#0}>::{closure#0}>
[INFO] [stdout]   20:     0x5f752d8cf300 - <outlet_postgres[2381a683375fe85a]::tests::test_batch_with_mixed_bodies::{closure#0} as core[df12db4294e9bfd3]::ops::function::FnOnce<()>>::call_once
[INFO] [stdout]   21:     0x5f752d8fb6cb - test[9d35eded1c95d3be]::__rust_begin_short_backtrace::<core[df12db4294e9bfd3]::result::Result<(), alloc[2182bb758b4b3781]::string::String>, fn() -> core[df12db4294e9bfd3]::result::Result<(), alloc[2182bb758b4b3781]::string::String>>
[INFO] [stdout]   22:     0x5f752d908d35 - test[9d35eded1c95d3be]::run_test::{closure#0}
[INFO] [stdout]   23:     0x5f752d9025f4 - std[70759c8f55707aa4]::sys::backtrace::__rust_begin_short_backtrace::<test[9d35eded1c95d3be]::run_test::{closure#1}, ()>
[INFO] [stdout]   24:     0x5f752d90be92 - <std[70759c8f55707aa4]::thread::lifecycle::spawn_unchecked<test[9d35eded1c95d3be]::run_test::{closure#1}, ()>::{closure#1} as core[df12db4294e9bfd3]::ops::function::FnOnce<()>>::call_once::{shim:vtable#0}
[INFO] [stdout]   25:     0x5f752def05c9 - <std[70759c8f55707aa4]::sys::thread::unix::Thread>::new::thread_start
[INFO] [stdout]   26:     0x7fa09bf85dfa - <unknown>
[INFO] [stdout]   27:     0x7fa09c0193d4 - clone
[INFO] [stdout]   28:                0x0 - <unknown>
[INFO] [stdout] 
[INFO] [stdout] ---- tests::test_handler_creation stdout ----
[INFO] [stdout] 
[INFO] [stdout] thread 'tests::test_handler_creation' (3271) panicked at /opt/rustwide/cargo-home/registry/src/index.crates.io-1949cf8c6b5b557f/sqlx-postgres-0.8.6/src/testing/mod.rs:96:44:
[INFO] [stdout] DATABASE_URL must be set: EnvVar(NotPresent)
[INFO] [stdout] stack backtrace:
[INFO] [stdout]    0:     0x5f752def13c1 - <<std[70759c8f55707aa4]::sys::backtrace::BacktraceLock>::print::DisplayBacktrace as core[df12db4294e9bfd3]::fmt::Display>::fmt
[INFO] [stdout]    1:     0x5f752df0915a - core[df12db4294e9bfd3]::fmt::write
[INFO] [stdout]    2:     0x5f752def5e8c - <alloc[2182bb758b4b3781]::vec::Vec<u8> as core[df12db4294e9bfd3]::io::write::Write>::write_fmt
[INFO] [stdout]    3:     0x5f752decc106 - std[70759c8f55707aa4]::panicking::default_hook::{closure#0}
[INFO] [stdout]    4:     0x5f752dee8eb9 - std[70759c8f55707aa4]::panicking::default_hook
[INFO] [stdout]    5:     0x5f752d9083e0 - test[9d35eded1c95d3be]::test_main_inner::<test[9d35eded1c95d3be]::test_main_static::{closure#0}>::{closure#0}
[INFO] [stdout]    6:     0x5f752dee91e2 - std[70759c8f55707aa4]::panicking::panic_with_hook
[INFO] [stdout]    7:     0x5f752decc1b2 - std[70759c8f55707aa4]::panicking::panic_handler::{closure#0}
[INFO] [stdout]    8:     0x5f752dec4a89 - std[70759c8f55707aa4]::sys::backtrace::__rust_end_short_backtrace::<std[70759c8f55707aa4]::panicking::panic_handler::{closure#0}, !>
[INFO] [stdout]    9:     0x5f752decd03d - __rustc[8fa7c3cbc660c2b3]::rust_begin_unwind
[INFO] [stdout]   10:     0x5f752df098bc - core[df12db4294e9bfd3]::panicking::panic_fmt
[INFO] [stdout]   11:     0x5f752df09692 - core[df12db4294e9bfd3]::result::unwrap_failed
[INFO] [stdout]   12:     0x5f752dccdd0e - <sqlx_postgres[5af69500f530fc43]::database::Postgres as sqlx_core[21cf00523ceb784c]::testing::TestSupport>::test_context::{closure#0}
[INFO] [stdout]   13:     0x5f752d77248b - sqlx_core[21cf00523ceb784c]::testing::run_test::<sqlx_postgres[5af69500f530fc43]::database::Postgres, sqlx_core[21cf00523ceb784c]::testing::run_test_with_pool<sqlx_postgres[5af69500f530fc43]::database::Postgres, fn(sqlx_core[21cf00523ceb784c]::pool::Pool<sqlx_postgres[5af69500f530fc43]::database::Postgres>) -> outlet_postgres[2381a683375fe85a]::tests::test_handler_creation::test_handler_creation::{closure#0}, outlet_postgres[2381a683375fe85a]::tests::test_handler_creation::test_handler_creation::{closure#0}>::{closure#0}, sqlx_core[21cf00523ceb784c]::testing::run_test_with_pool<sqlx_postgres[5af69500f530fc43]::database::Postgres, fn(sqlx_core[21cf00523ceb784c]::pool::Pool<sqlx_postgres[5af69500f530fc43]::database::Postgres>) -> outlet_postgres[2381a683375fe85a]::tests::test_handler_creation::test_handler_creation::{closure#0}, outlet_postgres[2381a683375fe85a]::tests::test_handler_creation::test_handler_creation::{closure#0}>::{closure#0}::{closure#0}>::{closure#0}
[INFO] [stdout]   14:     0x5f752d82e61e - <tokio[294d81b0fbc675b9]::runtime::scheduler::current_thread::Context>::enter::<core[df12db4294e9bfd3]::task::poll::Poll<()>, <tokio[294d81b0fbc675b9]::runtime::scheduler::current_thread::CoreGuard>::block_on<core[df12db4294e9bfd3]::pin::Pin<&mut sqlx_core[21cf00523ceb784c]::testing::run_test<sqlx_postgres[5af69500f530fc43]::database::Postgres, sqlx_core[21cf00523ceb784c]::testing::run_test_with_pool<sqlx_postgres[5af69500f530fc43]::database::Postgres, fn(sqlx_core[21cf00523ceb784c]::pool::Pool<sqlx_postgres[5af69500f530fc43]::database::Postgres>) -> outlet_postgres[2381a683375fe85a]::tests::test_handler_creation::test_handler_creation::{closure#0}, outlet_postgres[2381a683375fe85a]::tests::test_handler_creation::test_handler_creation::{closure#0}>::{closure#0}, sqlx_core[21cf00523ceb784c]::testing::run_test_with_pool<sqlx_postgres[5af69500f530fc43]::database::Postgres, fn(sqlx_core[21cf00523ceb784c]::pool::Pool<sqlx_postgres[5af69500f530fc43]::database::Postgres>) -> outlet_postgres[2381a683375fe85a]::tests::test_handler_creation::test_handler_creation::{closure#0}, outlet_postgres[2381a683375fe85a]::tests::test_handler_creation::test_handler_creation::{closure#0}>::{closure#0}::{closure#0}>::{closure#0}>>::{closure#0}::{closure#0}>
[INFO] [stdout]   15:     0x5f752d89148c - <tokio[294d81b0fbc675b9]::runtime::context::scoped::Scoped<tokio[294d81b0fbc675b9]::runtime::scheduler::Context>>::set::<<tokio[294d81b0fbc675b9]::runtime::scheduler::current_thread::CoreGuard>::enter<<tokio[294d81b0fbc675b9]::runtime::scheduler::current_thread::CoreGuard>::block_on<core[df12db4294e9bfd3]::pin::Pin<&mut sqlx_core[21cf00523ceb784c]::testing::run_test<sqlx_postgres[5af69500f530fc43]::database::Postgres, sqlx_core[21cf00523ceb784c]::testing::run_test_with_pool<sqlx_postgres[5af69500f530fc43]::database::Postgres, fn(sqlx_core[21cf00523ceb784c]::pool::Pool<sqlx_postgres[5af69500f530fc43]::database::Postgres>) -> outlet_postgres[2381a683375fe85a]::tests::test_handler_creation::test_handler_creation::{closure#0}, outlet_postgres[2381a683375fe85a]::tests::test_handler_creation::test_handler_creation::{closure#0}>::{closure#0}, sqlx_core[21cf00523ceb784c]::testing::run_test_with_pool<sqlx_postgres[5af69500f530fc43]::database::Postgres, fn(sqlx_core[21cf00523ceb784c]::pool::Pool<sqlx_postgres[5af69500f530fc43]::database::Postgres>) -> outlet_postgres[2381a683375fe85a]::tests::test_handler_creation::test_handler_creation::{closure#0}, outlet_postgres[2381a683375fe85a]::tests::test_handler_creation::test_handler_creation::{closure#0}>::{closure#0}::{closure#0}>::{closure#0}>>::{closure#0}, core[df12db4294e9bfd3]::option::Option<()>>::{closure#0}, (alloc[2182bb758b4b3781]::boxed::Box<tokio[294d81b0fbc675b9]::runtime::scheduler::current_thread::Core>, core[df12db4294e9bfd3]::option::Option<()>)>
[INFO] [stdout]   16:     0x5f752d830987 - <tokio[294d81b0fbc675b9]::runtime::scheduler::current_thread::CoreGuard>::block_on::<core[df12db4294e9bfd3]::pin::Pin<&mut sqlx_core[21cf00523ceb784c]::testing::run_test<sqlx_postgres[5af69500f530fc43]::database::Postgres, sqlx_core[21cf00523ceb784c]::testing::run_test_with_pool<sqlx_postgres[5af69500f530fc43]::database::Postgres, fn(sqlx_core[21cf00523ceb784c]::pool::Pool<sqlx_postgres[5af69500f530fc43]::database::Postgres>) -> outlet_postgres[2381a683375fe85a]::tests::test_handler_creation::test_handler_creation::{closure#0}, outlet_postgres[2381a683375fe85a]::tests::test_handler_creation::test_handler_creation::{closure#0}>::{closure#0}, sqlx_core[21cf00523ceb784c]::testing::run_test_with_pool<sqlx_postgres[5af69500f530fc43]::database::Postgres, fn(sqlx_core[21cf00523ceb784c]::pool::Pool<sqlx_postgres[5af69500f530fc43]::database::Postgres>) -> outlet_postgres[2381a683375fe85a]::tests::test_handler_creation::test_handler_creation::{closure#0}, outlet_postgres[2381a683375fe85a]::tests::test_handler_creation::test_handler_creation::{closure#0}>::{closure#0}::{closure#0}>::{closure#0}>>
[INFO] [stdout]   17:     0x5f752d8ab807 - tokio[294d81b0fbc675b9]::runtime::context::runtime::enter_runtime::<<tokio[294d81b0fbc675b9]::runtime::scheduler::current_thread::CurrentThread>::block_on<sqlx_core[21cf00523ceb784c]::testing::run_test<sqlx_postgres[5af69500f530fc43]::database::Postgres, sqlx_core[21cf00523ceb784c]::testing::run_test_with_pool<sqlx_postgres[5af69500f530fc43]::database::Postgres, fn(sqlx_core[21cf00523ceb784c]::pool::Pool<sqlx_postgres[5af69500f530fc43]::database::Postgres>) -> outlet_postgres[2381a683375fe85a]::tests::test_handler_creation::test_handler_creation::{closure#0}, outlet_postgres[2381a683375fe85a]::tests::test_handler_creation::test_handler_creation::{closure#0}>::{closure#0}, sqlx_core[21cf00523ceb784c]::testing::run_test_with_pool<sqlx_postgres[5af69500f530fc43]::database::Postgres, fn(sqlx_core[21cf00523ceb784c]::pool::Pool<sqlx_postgres[5af69500f530fc43]::database::Postgres>) -> outlet_postgres[2381a683375fe85a]::tests::test_handler_creation::test_handler_creation::{closure#0}, outlet_postgres[2381a683375fe85a]::tests::test_handler_creation::test_handler_creation::{closure#0}>::{closure#0}::{closure#0}>::{closure#0}>::{closure#0}, ()>
[INFO] [stdout]   18:     0x5f752d83f58e - <tokio[294d81b0fbc675b9]::runtime::runtime::Runtime>::block_on::<sqlx_core[21cf00523ceb784c]::testing::run_test<sqlx_postgres[5af69500f530fc43]::database::Postgres, sqlx_core[21cf00523ceb784c]::testing::run_test_with_pool<sqlx_postgres[5af69500f530fc43]::database::Postgres, fn(sqlx_core[21cf00523ceb784c]::pool::Pool<sqlx_postgres[5af69500f530fc43]::database::Postgres>) -> outlet_postgres[2381a683375fe85a]::tests::test_handler_creation::test_handler_creation::{closure#0}, outlet_postgres[2381a683375fe85a]::tests::test_handler_creation::test_handler_creation::{closure#0}>::{closure#0}, sqlx_core[21cf00523ceb784c]::testing::run_test_with_pool<sqlx_postgres[5af69500f530fc43]::database::Postgres, fn(sqlx_core[21cf00523ceb784c]::pool::Pool<sqlx_postgres[5af69500f530fc43]::database::Postgres>) -> outlet_postgres[2381a683375fe85a]::tests::test_handler_creation::test_handler_creation::{closure#0}, outlet_postgres[2381a683375fe85a]::tests::test_handler_creation::test_handler_creation::{closure#0}>::{closure#0}::{closure#0}>::{closure#0}>
[INFO] [stdout]   19:     0x5f752d8e823b - sqlx_core[21cf00523ceb784c]::rt::test_block_on::<sqlx_core[21cf00523ceb784c]::testing::run_test<sqlx_postgres[5af69500f530fc43]::database::Postgres, sqlx_core[21cf00523ceb784c]::testing::run_test_with_pool<sqlx_postgres[5af69500f530fc43]::database::Postgres, fn(sqlx_core[21cf00523ceb784c]::pool::Pool<sqlx_postgres[5af69500f530fc43]::database::Postgres>) -> outlet_postgres[2381a683375fe85a]::tests::test_handler_creation::test_handler_creation::{closure#0}, outlet_postgres[2381a683375fe85a]::tests::test_handler_creation::test_handler_creation::{closure#0}>::{closure#0}, sqlx_core[21cf00523ceb784c]::testing::run_test_with_pool<sqlx_postgres[5af69500f530fc43]::database::Postgres, fn(sqlx_core[21cf00523ceb784c]::pool::Pool<sqlx_postgres[5af69500f530fc43]::database::Postgres>) -> outlet_postgres[2381a683375fe85a]::tests::test_handler_creation::test_handler_creation::{closure#0}, outlet_postgres[2381a683375fe85a]::tests::test_handler_creation::test_handler_creation::{closure#0}>::{closure#0}::{closure#0}>::{closure#0}>
[INFO] [stdout]   20:     0x5f752d8ceef0 - <outlet_postgres[2381a683375fe85a]::tests::test_handler_creation::{closure#0} as core[df12db4294e9bfd3]::ops::function::FnOnce<()>>::call_once
[INFO] [stdout]   21:     0x5f752d8fb6cb - test[9d35eded1c95d3be]::__rust_begin_short_backtrace::<core[df12db4294e9bfd3]::result::Result<(), alloc[2182bb758b4b3781]::string::String>, fn() -> core[df12db4294e9bfd3]::result::Result<(), alloc[2182bb758b4b3781]::string::String>>
[INFO] [stdout]   22:     0x5f752d908d35 - test[9d35eded1c95d3be]::run_test::{closure#0}
[INFO] [stdout]   23:     0x5f752d9025f4 - std[70759c8f55707aa4]::sys::backtrace::__rust_begin_short_backtrace::<test[9d35eded1c95d3be]::run_test::{closure#1}, ()>
[INFO] [stdout]   24:     0x5f752d90be92 - <std[70759c8f55707aa4]::thread::lifecycle::spawn_unchecked<test[9d35eded1c95d3be]::run_test::{closure#1}, ()>::{closure#1} as core[df12db4294e9bfd3]::ops::function::FnOnce<()>>::call_once::{shim:vtable#0}
[INFO] [stdout]   25:     0x5f752def05c9 - <std[70759c8f55707aa4]::sys::thread::unix::Thread>::new::thread_start
[INFO] [stdout]   26:     0x7fa09bf85dfa - <unknown>
[INFO] [stdout]   27:     0x7fa09c0193d4 - clone
[INFO] [stdout]   28:                0x0 - <unknown>
[INFO] [stdout] 
[INFO] [stdout] ---- tests::test_batch_write_uses_write_pool stdout ----
[INFO] [stdout] 
[INFO] [stdout] thread 'tests::test_batch_write_uses_write_pool' (3265) panicked at /opt/rustwide/cargo-home/registry/src/index.crates.io-1949cf8c6b5b557f/sqlx-postgres-0.8.6/src/testing/mod.rs:96:44:
[INFO] [stdout] DATABASE_URL must be set: EnvVar(NotPresent)
[INFO] [stdout] stack backtrace:
[INFO] [stdout]    0:     0x5f752def13c1 - <<std[70759c8f55707aa4]::sys::backtrace::BacktraceLock>::print::DisplayBacktrace as core[df12db4294e9bfd3]::fmt::Display>::fmt
[INFO] [stdout]    1:     0x5f752df0915a - core[df12db4294e9bfd3]::fmt::write
[INFO] [stdout]    2:     0x5f752def5e8c - <alloc[2182bb758b4b3781]::vec::Vec<u8> as core[df12db4294e9bfd3]::io::write::Write>::write_fmt
[INFO] [stdout]    3:     0x5f752decc106 - std[70759c8f55707aa4]::panicking::default_hook::{closure#0}
[INFO] [stdout]    4:     0x5f752dee8eb9 - std[70759c8f55707aa4]::panicking::default_hook
[INFO] [stdout]    5:     0x5f752d9083e0 - test[9d35eded1c95d3be]::test_main_inner::<test[9d35eded1c95d3be]::test_main_static::{closure#0}>::{closure#0}
[INFO] [stdout]    6:     0x5f752dee91e2 - std[70759c8f55707aa4]::panicking::panic_with_hook
[INFO] [stdout]    7:     0x5f752decc1b2 - std[70759c8f55707aa4]::panicking::panic_handler::{closure#0}
[INFO] [stdout]    8:     0x5f752dec4a89 - std[70759c8f55707aa4]::sys::backtrace::__rust_end_short_backtrace::<std[70759c8f55707aa4]::panicking::panic_handler::{closure#0}, !>
[INFO] [stdout]    9:     0x5f752decd03d - __rustc[8fa7c3cbc660c2b3]::rust_begin_unwind
[INFO] [stdout]   10:     0x5f752df098bc - core[df12db4294e9bfd3]::panicking::panic_fmt
[INFO] [stdout]   11:     0x5f752df09692 - core[df12db4294e9bfd3]::result::unwrap_failed
[INFO] [stdout]   12:     0x5f752dccdd0e - <sqlx_postgres[5af69500f530fc43]::database::Postgres as sqlx_core[21cf00523ceb784c]::testing::TestSupport>::test_context::{closure#0}
[INFO] [stdout]   13:     0x5f752d77ca5e - sqlx_core[21cf00523ceb784c]::testing::run_test::<sqlx_postgres[5af69500f530fc43]::database::Postgres, sqlx_core[21cf00523ceb784c]::testing::run_test_with_pool<sqlx_postgres[5af69500f530fc43]::database::Postgres, fn(sqlx_core[21cf00523ceb784c]::pool::Pool<sqlx_postgres[5af69500f530fc43]::database::Postgres>) -> outlet_postgres[2381a683375fe85a]::tests::test_batch_write_uses_write_pool::test_batch_write_uses_write_pool::{closure#0}, outlet_postgres[2381a683375fe85a]::tests::test_batch_write_uses_write_pool::test_batch_write_uses_write_pool::{closure#0}>::{closure#0}, sqlx_core[21cf00523ceb784c]::testing::run_test_with_pool<sqlx_postgres[5af69500f530fc43]::database::Postgres, fn(sqlx_core[21cf00523ceb784c]::pool::Pool<sqlx_postgres[5af69500f530fc43]::database::Postgres>) -> outlet_postgres[2381a683375fe85a]::tests::test_batch_write_uses_write_pool::test_batch_write_uses_write_pool::{closure#0}, outlet_postgres[2381a683375fe85a]::tests::test_batch_write_uses_write_pool::test_batch_write_uses_write_pool::{closure#0}>::{closure#0}::{closure#0}>::{closure#0}
[INFO] [stdout]   14:     0x5f752d82f10e - <tokio[294d81b0fbc675b9]::runtime::scheduler::current_thread::Context>::enter::<core[df12db4294e9bfd3]::task::poll::Poll<()>, <tokio[294d81b0fbc675b9]::runtime::scheduler::current_thread::CoreGuard>::block_on<core[df12db4294e9bfd3]::pin::Pin<&mut sqlx_core[21cf00523ceb784c]::testing::run_test<sqlx_postgres[5af69500f530fc43]::database::Postgres, sqlx_core[21cf00523ceb784c]::testing::run_test_with_pool<sqlx_postgres[5af69500f530fc43]::database::Postgres, fn(sqlx_core[21cf00523ceb784c]::pool::Pool<sqlx_postgres[5af69500f530fc43]::database::Postgres>) -> outlet_postgres[2381a683375fe85a]::tests::test_batch_write_uses_write_pool::test_batch_write_uses_write_pool::{closure#0}, outlet_postgres[2381a683375fe85a]::tests::test_batch_write_uses_write_pool::test_batch_write_uses_write_pool::{closure#0}>::{closure#0}, sqlx_core[21cf00523ceb784c]::testing::run_test_with_pool<sqlx_postgres[5af69500f530fc43]::database::Postgres, fn(sqlx_core[21cf00523ceb784c]::pool::Pool<sqlx_postgres[5af69500f530fc43]::database::Postgres>) -> outlet_postgres[2381a683375fe85a]::tests::test_batch_write_uses_write_pool::test_batch_write_uses_write_pool::{closure#0}, outlet_postgres[2381a683375fe85a]::tests::test_batch_write_uses_write_pool::test_batch_write_uses_write_pool::{closure#0}>::{closure#0}::{closure#0}>::{closure#0}>>::{closure#0}::{closure#0}>
[INFO] [stdout]   15:     0x5f752d8921ac - <tokio[294d81b0fbc675b9]::runtime::context::scoped::Scoped<tokio[294d81b0fbc675b9]::runtime::scheduler::Context>>::set::<<tokio[294d81b0fbc675b9]::runtime::scheduler::current_thread::CoreGuard>::enter<<tokio[294d81b0fbc675b9]::runtime::scheduler::current_thread::CoreGuard>::block_on<core[df12db4294e9bfd3]::pin::Pin<&mut sqlx_core[21cf00523ceb784c]::testing::run_test<sqlx_postgres[5af69500f530fc43]::database::Postgres, sqlx_core[21cf00523ceb784c]::testing::run_test_with_pool<sqlx_postgres[5af69500f530fc43]::database::Postgres, fn(sqlx_core[21cf00523ceb784c]::pool::Pool<sqlx_postgres[5af69500f530fc43]::database::Postgres>) -> outlet_postgres[2381a683375fe85a]::tests::test_batch_write_uses_write_pool::test_batch_write_uses_write_pool::{closure#0}, outlet_postgres[2381a683375fe85a]::tests::test_batch_write_uses_write_pool::test_batch_write_uses_write_pool::{closure#0}>::{closure#0}, sqlx_core[21cf00523ceb784c]::testing::run_test_with_pool<sqlx_postgres[5af69500f530fc43]::database::Postgres, fn(sqlx_core[21cf00523ceb784c]::pool::Pool<sqlx_postgres[5af69500f530fc43]::database::Postgres>) -> outlet_postgres[2381a683375fe85a]::tests::test_batch_write_uses_write_pool::test_batch_write_uses_write_pool::{closure#0}, outlet_postgres[2381a683375fe85a]::tests::test_batch_write_uses_write_pool::test_batch_write_uses_write_pool::{closure#0}>::{closure#0}::{closure#0}>::{closure#0}>>::{closure#0}, core[df12db4294e9bfd3]::option::Option<()>>::{closure#0}, (alloc[2182bb758b4b3781]::boxed::Box<tokio[294d81b0fbc675b9]::runtime::scheduler::current_thread::Core>, core[df12db4294e9bfd3]::option::Option<()>)>
[INFO] [stdout]   16:     0x5f752d831717 - <tokio[294d81b0fbc675b9]::runtime::scheduler::current_thread::CoreGuard>::block_on::<core[df12db4294e9bfd3]::pin::Pin<&mut sqlx_core[21cf00523ceb784c]::testing::run_test<sqlx_postgres[5af69500f530fc43]::database::Postgres, sqlx_core[21cf00523ceb784c]::testing::run_test_with_pool<sqlx_postgres[5af69500f530fc43]::database::Postgres, fn(sqlx_core[21cf00523ceb784c]::pool::Pool<sqlx_postgres[5af69500f530fc43]::database::Postgres>) -> outlet_postgres[2381a683375fe85a]::tests::test_batch_write_uses_write_pool::test_batch_write_uses_write_pool::{closure#0}, outlet_postgres[2381a683375fe85a]::tests::test_batch_write_uses_write_pool::test_batch_write_uses_write_pool::{closure#0}>::{closure#0}, sqlx_core[21cf00523ceb784c]::testing::run_test_with_pool<sqlx_postgres[5af69500f530fc43]::database::Postgres, fn(sqlx_core[21cf00523ceb784c]::pool::Pool<sqlx_postgres[5af69500f530fc43]::database::Postgres>) -> outlet_postgres[2381a683375fe85a]::tests::test_batch_write_uses_write_pool::test_batch_write_uses_write_pool::{closure#0}, outlet_postgres[2381a683375fe85a]::tests::test_batch_write_uses_write_pool::test_batch_write_uses_write_pool::{closure#0}>::{closure#0}::{closure#0}>::{closure#0}>>
[INFO] [stdout]   17:     0x5f752d8ad637 - tokio[294d81b0fbc675b9]::runtime::context::runtime::enter_runtime::<<tokio[294d81b0fbc675b9]::runtime::scheduler::current_thread::CurrentThread>::block_on<sqlx_core[21cf00523ceb784c]::testing::run_test<sqlx_postgres[5af69500f530fc43]::database::Postgres, sqlx_core[21cf00523ceb784c]::testing::run_test_with_pool<sqlx_postgres[5af69500f530fc43]::database::Postgres, fn(sqlx_core[21cf00523ceb784c]::pool::Pool<sqlx_postgres[5af69500f530fc43]::database::Postgres>) -> outlet_postgres[2381a683375fe85a]::tests::test_batch_write_uses_write_pool::test_batch_write_uses_write_pool::{closure#0}, outlet_postgres[2381a683375fe85a]::tests::test_batch_write_uses_write_pool::test_batch_write_uses_write_pool::{closure#0}>::{closure#0}, sqlx_core[21cf00523ceb784c]::testing::run_test_with_pool<sqlx_postgres[5af69500f530fc43]::database::Postgres, fn(sqlx_core[21cf00523ceb784c]::pool::Pool<sqlx_postgres[5af69500f530fc43]::database::Postgres>) -> outlet_postgres[2381a683375fe85a]::tests::test_batch_write_uses_write_pool::test_batch_write_uses_write_pool::{closure#0}, outlet_postgres[2381a683375fe85a]::tests::test_batch_write_uses_write_pool::test_batch_write_uses_write_pool::{closure#0}>::{closure#0}::{closure#0}>::{closure#0}>::{closure#0}, ()>
[INFO] [stdout]   18:     0x5f752d83ff9e - <tokio[294d81b0fbc675b9]::runtime::runtime::Runtime>::block_on::<sqlx_core[21cf00523ceb784c]::testing::run_test<sqlx_postgres[5af69500f530fc43]::database::Postgres, sqlx_core[21cf00523ceb784c]::testing::run_test_with_pool<sqlx_postgres[5af69500f530fc43]::database::Postgres, fn(sqlx_core[21cf00523ceb784c]::pool::Pool<sqlx_postgres[5af69500f530fc43]::database::Postgres>) -> outlet_postgres[2381a683375fe85a]::tests::test_batch_write_uses_write_pool::test_batch_write_uses_write_pool::{closure#0}, outlet_postgres[2381a683375fe85a]::tests::test_batch_write_uses_write_pool::test_batch_write_uses_write_pool::{closure#0}>::{closure#0}, sqlx_core[21cf00523ceb784c]::testing::run_test_with_pool<sqlx_postgres[5af69500f530fc43]::database::Postgres, fn(sqlx_core[21cf00523ceb784c]::pool::Pool<sqlx_postgres[5af69500f530fc43]::database::Postgres>) -> outlet_postgres[2381a683375fe85a]::tests::test_batch_write_uses_write_pool::test_batch_write_uses_write_pool::{closure#0}, outlet_postgres[2381a683375fe85a]::tests::test_batch_write_uses_write_pool::test_batch_write_uses_write_pool::{closure#0}>::{closure#0}::{closure#0}>::{closure#0}>
[INFO] [stdout]   19:     0x5f752d8e8a8b - sqlx_core[21cf00523ceb784c]::rt::test_block_on::<sqlx_core[21cf00523ceb784c]::testing::run_test<sqlx_postgres[5af69500f530fc43]::database::Postgres, sqlx_core[21cf00523ceb784c]::testing::run_test_with_pool<sqlx_postgres[5af69500f530fc43]::database::Postgres, fn(sqlx_core[21cf00523ceb784c]::pool::Pool<sqlx_postgres[5af69500f530fc43]::database::Postgres>) -> outlet_postgres[2381a683375fe85a]::tests::test_batch_write_uses_write_pool::test_batch_write_uses_write_pool::{closure#0}, outlet_postgres[2381a683375fe85a]::tests::test_batch_write_uses_write_pool::test_batch_write_uses_write_pool::{closure#0}>::{closure#0}, sqlx_core[21cf00523ceb784c]::testing::run_test_with_pool<sqlx_postgres[5af69500f530fc43]::database::Postgres, fn(sqlx_core[21cf00523ceb784c]::pool::Pool<sqlx_postgres[5af69500f530fc43]::database::Postgres>) -> outlet_postgres[2381a683375fe85a]::tests::test_batch_write_uses_write_pool::test_batch_write_uses_write_pool::{closure#0}, outlet_postgres[2381a683375fe85a]::tests::test_batch_write_uses_write_pool::test_batch_write_uses_write_pool::{closure#0}>::{closure#0}::{closure#0}>::{closure#0}>
[INFO] [stdout]   20:     0x5f752d8cf3ad - <outlet_postgres[2381a683375fe85a]::tests::test_batch_write_uses_write_pool::{closure#0} as core[df12db4294e9bfd3]::ops::function::FnOnce<()>>::call_once
[INFO] [stdout]   21:     0x5f752d8fb6cb - test[9d35eded1c95d3be]::__rust_begin_short_backtrace::<core[df12db4294e9bfd3]::result::Result<(), alloc[2182bb758b4b3781]::string::String>, fn() -> core[df12db4294e9bfd3]::result::Result<(), alloc[2182bb758b4b3781]::string::String>>
[INFO] [stdout]   22:     0x5f752d908d35 - test[9d35eded1c95d3be]::run_test::{closure#0}
[INFO] [stdout]   23:     0x5f752d9025f4 - std[70759c8f55707aa4]::sys::backtrace::__rust_begin_short_backtrace::<test[9d35eded1c95d3be]::run_test::{closure#1}, ()>
[INFO] [stdout]   24:     0x5f752d90be92 - <std[70759c8f55707aa4]::thread::lifecycle::spawn_unchecked<test[9d35eded1c95d3be]::run_test::{closure#1}, ()>::{closure#1} as core[df12db4294e9bfd3]::ops::function::FnOnce<()>>::call_once::{shim:vtable#0}
[INFO] [stdout]   25:     0x5f752def05c9 - <std[70759c8f55707aa4]::sys::thread::unix::Thread>::new::thread_start
[INFO] [stdout]   26:     0x7fa09bf85dfa - <unknown>
[INFO] [stdout]   27:     0x7fa09c0193d4 - clone
[INFO] [stdout]   28:                0x0 - <unknown>
[INFO] [stdout] 
[INFO] [stdout] ---- tests::test_handle_response_with_typed_body stdout ----
[INFO] [stdout] 
[INFO] [stdout] thread 'tests::test_handle_response_with_typed_body' (3269) panicked at /opt/rustwide/cargo-home/registry/src/index.crates.io-1949cf8c6b5b557f/sqlx-postgres-0.8.6/src/testing/mod.rs:96:44:
[INFO] [stdout] DATABASE_URL must be set: EnvVar(NotPresent)
[INFO] [stdout] stack backtrace:
[INFO] [stdout]    0:     0x5f752def13c1 - <<std[70759c8f55707aa4]::sys::backtrace::BacktraceLock>::print::DisplayBacktrace as core[df12db4294e9bfd3]::fmt::Display>::fmt
[INFO] [stdout]    1:     0x5f752df0915a - core[df12db4294e9bfd3]::fmt::write
[INFO] [stdout]    2:     0x5f752def5e8c - <alloc[2182bb758b4b3781]::vec::Vec<u8> as core[df12db4294e9bfd3]::io::write::Write>::write_fmt
[INFO] [stdout]    3:     0x5f752decc106 - std[70759c8f55707aa4]::panicking::default_hook::{closure#0}
[INFO] [stdout]    4:     0x5f752dee8eb9 - std[70759c8f55707aa4]::panicking::default_hook
[INFO] [stdout]    5:     0x5f752d9083e0 - test[9d35eded1c95d3be]::test_main_inner::<test[9d35eded1c95d3be]::test_main_static::{closure#0}>::{closure#0}
[INFO] [stdout]    6:     0x5f752dee91e2 - std[70759c8f55707aa4]::panicking::panic_with_hook
[INFO] [stdout]    7:     0x5f752decc1b2 - std[70759c8f55707aa4]::panicking::panic_handler::{closure#0}
[INFO] [stdout]    8:     0x5f752dec4a89 - std[70759c8f55707aa4]::sys::backtrace::__rust_end_short_backtrace::<std[70759c8f55707aa4]::panicking::panic_handler::{closure#0}, !>
[INFO] [stdout]    9:     0x5f752decd03d - __rustc[8fa7c3cbc660c2b3]::rust_begin_unwind
[INFO] [stdout]   10:     0x5f752df098bc - core[df12db4294e9bfd3]::panicking::panic_fmt
[INFO] [stdout]   11:     0x5f752df09692 - core[df12db4294e9bfd3]::result::unwrap_failed
[INFO] [stdout]   12:     0x5f752dccdd0e - <sqlx_postgres[5af69500f530fc43]::database::Postgres as sqlx_core[21cf00523ceb784c]::testing::TestSupport>::test_context::{closure#0}
[INFO] [stdout]   13:     0x5f752d7837f5 - sqlx_core[21cf00523ceb784c]::testing::run_test::<sqlx_postgres[5af69500f530fc43]::database::Postgres, sqlx_core[21cf00523ceb784c]::testing::run_test_with_pool<sqlx_postgres[5af69500f530fc43]::database::Postgres, fn(sqlx_core[21cf00523ceb784c]::pool::Pool<sqlx_postgres[5af69500f530fc43]::database::Postgres>) -> outlet_postgres[2381a683375fe85a]::tests::test_handle_response_with_typed_body::test_handle_response_with_typed_body::{closure#0}, outlet_postgres[2381a683375fe85a]::tests::test_handle_response_with_typed_body::test_handle_response_with_typed_body::{closure#0}>::{closure#0}, sqlx_core[21cf00523ceb784c]::testing::run_test_with_pool<sqlx_postgres[5af69500f530fc43]::database::Postgres, fn(sqlx_core[21cf00523ceb784c]::pool::Pool<sqlx_postgres[5af69500f530fc43]::database::Postgres>) -> outlet_postgres[2381a683375fe85a]::tests::test_handle_response_with_typed_body::test_handle_response_with_typed_body::{closure#0}, outlet_postgres[2381a683375fe85a]::tests::test_handle_response_with_typed_body::test_handle_response_with_typed_body::{closure#0}>::{closure#0}::{closure#0}>::{closure#0}
[INFO] [stdout]   14:     0x5f752d82f8de - <tokio[294d81b0fbc675b9]::runtime::scheduler::current_thread::Context>::enter::<core[df12db4294e9bfd3]::task::poll::Poll<()>, <tokio[294d81b0fbc675b9]::runtime::scheduler::current_thread::CoreGuard>::block_on<core[df12db4294e9bfd3]::pin::Pin<&mut sqlx_core[21cf00523ceb784c]::testing::run_test<sqlx_postgres[5af69500f530fc43]::database::Postgres, sqlx_core[21cf00523ceb784c]::testing::run_test_with_pool<sqlx_postgres[5af69500f530fc43]::database::Postgres, fn(sqlx_core[21cf00523ceb784c]::pool::Pool<sqlx_postgres[5af69500f530fc43]::database::Postgres>) -> outlet_postgres[2381a683375fe85a]::tests::test_handle_response_with_typed_body::test_handle_response_with_typed_body::{closure#0}, outlet_postgres[2381a683375fe85a]::tests::test_handle_response_with_typed_body::test_handle_response_with_typed_body::{closure#0}>::{closure#0}, sqlx_core[21cf00523ceb784c]::testing::run_test_with_pool<sqlx_postgres[5af69500f530fc43]::database::Postgres, fn(sqlx_core[21cf00523ceb784c]::pool::Pool<sqlx_postgres[5af69500f530fc43]::database::Postgres>) -> outlet_postgres[2381a683375fe85a]::tests::test_handle_response_with_typed_body::test_handle_response_with_typed_body::{closure#0}, outlet_postgres[2381a683375fe85a]::tests::test_handle_response_with_typed_body::test_handle_response_with_typed_body::{closure#0}>::{closure#0}::{closure#0}>::{closure#0}>>::{closure#0}::{closure#0}>
[INFO] [stdout]   15:     0x5f752d892b0c - <tokio[294d81b0fbc675b9]::runtime::context::scoped::Scoped<tokio[294d81b0fbc675b9]::runtime::scheduler::Context>>::set::<<tokio[294d81b0fbc675b9]::runtime::scheduler::current_thread::CoreGuard>::enter<<tokio[294d81b0fbc675b9]::runtime::scheduler::current_thread::CoreGuard>::block_on<core[df12db4294e9bfd3]::pin::Pin<&mut sqlx_core[21cf00523ceb784c]::testing::run_test<sqlx_postgres[5af69500f530fc43]::database::Postgres, sqlx_core[21cf00523ceb784c]::testing::run_test_with_pool<sqlx_postgres[5af69500f530fc43]::database::Postgres, fn(sqlx_core[21cf00523ceb784c]::pool::Pool<sqlx_postgres[5af69500f530fc43]::database::Postgres>) -> outlet_postgres[2381a683375fe85a]::tests::test_handle_response_with_typed_body::test_handle_response_with_typed_body::{closure#0}, outlet_postgres[2381a683375fe85a]::tests::test_handle_response_with_typed_body::test_handle_response_with_typed_body::{closure#0}>::{closure#0}, sqlx_core[21cf00523ceb784c]::testing::run_test_with_pool<sqlx_postgres[5af69500f530fc43]::database::Postgres, fn(sqlx_core[21cf00523ceb784c]::pool::Pool<sqlx_postgres[5af69500f530fc43]::database::Postgres>) -> outlet_postgres[2381a683375fe85a]::tests::test_handle_response_with_typed_body::test_handle_response_with_typed_body::{closure#0}, outlet_postgres[2381a683375fe85a]::tests::test_handle_response_with_typed_body::test_handle_response_with_typed_body::{closure#0}>::{closure#0}::{closure#0}>::{closure#0}>>::{closure#0}, core[df12db4294e9bfd3]::option::Option<()>>::{closure#0}, (alloc[2182bb758b4b3781]::boxed::Box<tokio[294d81b0fbc675b9]::runtime::scheduler::current_thread::Core>, core[df12db4294e9bfd3]::option::Option<()>)>
[INFO] [stdout]   16:     0x5f752d8320c7 - <tokio[294d81b0fbc675b9]::runtime::scheduler::current_thread::CoreGuard>::block_on::<core[df12db4294e9bfd3]::pin::Pin<&mut sqlx_core[21cf00523ceb784c]::testing::run_test<sqlx_postgres[5af69500f530fc43]::database::Postgres, sqlx_core[21cf00523ceb784c]::testing::run_test_with_pool<sqlx_postgres[5af69500f530fc43]::database::Postgres, fn(sqlx_core[21cf00523ceb784c]::pool::Pool<sqlx_postgres[5af69500f530fc43]::database::Postgres>) -> outlet_postgres[2381a683375fe85a]::tests::test_handle_response_with_typed_body::test_handle_response_with_typed_body::{closure#0}, outlet_postgres[2381a683375fe85a]::tests::test_handle_response_with_typed_body::test_handle_response_with_typed_body::{closure#0}>::{closure#0}, sqlx_core[21cf00523ceb784c]::testing::run_test_with_pool<sqlx_postgres[5af69500f530fc43]::database::Postgres, fn(sqlx_core[21cf00523ceb784c]::pool::Pool<sqlx_postgres[5af69500f530fc43]::database::Postgres>) -> outlet_postgres[2381a683375fe85a]::tests::test_handle_response_with_typed_body::test_handle_response_with_typed_body::{closure#0}, outlet_postgres[2381a683375fe85a]::tests::test_handle_response_with_typed_body::test_handle_response_with_typed_body::{closure#0}>::{closure#0}::{closure#0}>::{closure#0}>>
[INFO] [stdout]   17:     0x5f752d8aebc7 - tokio[294d81b0fbc675b9]::runtime::context::runtime::enter_runtime::<<tokio[294d81b0fbc675b9]::runtime::scheduler::current_thread::CurrentThread>::block_on<sqlx_core[21cf00523ceb784c]::testing::run_test<sqlx_postgres[5af69500f530fc43]::database::Postgres, sqlx_core[21cf00523ceb784c]::testing::run_test_with_pool<sqlx_postgres[5af69500f530fc43]::database::Postgres, fn(sqlx_core[21cf00523ceb784c]::pool::Pool<sqlx_postgres[5af69500f530fc43]::database::Postgres>) -> outlet_postgres[2381a683375fe85a]::tests::test_handle_response_with_typed_body::test_handle_response_with_typed_body::{closure#0}, outlet_postgres[2381a683375fe85a]::tests::test_handle_response_with_typed_body::test_handle_response_with_typed_body::{closure#0}>::{closure#0}, sqlx_core[21cf00523ceb784c]::testing::run_test_with_pool<sqlx_postgres[5af69500f530fc43]::database::Postgres, fn(sqlx_core[21cf00523ceb784c]::pool::Pool<sqlx_postgres[5af69500f530fc43]::database::Postgres>) -> outlet_postgres[2381a683375fe85a]::tests::test_handle_response_with_typed_body::test_handle_response_with_typed_body::{closure#0}, outlet_postgres[2381a683375fe85a]::tests::test_handle_response_with_typed_body::test_handle_response_with_typed_body::{closure#0}>::{closure#0}::{closure#0}>::{closure#0}>::{closure#0}, ()>
[INFO] [stdout]   18:     0x5f752d8406ce - <tokio[294d81b0fbc675b9]::runtime::runtime::Runtime>::block_on::<sqlx_core[21cf00523ceb784c]::testing::run_test<sqlx_postgres[5af69500f530fc43]::database::Postgres, sqlx_core[21cf00523ceb784c]::testing::run_test_with_pool<sqlx_postgres[5af69500f530fc43]::database::Postgres, fn(sqlx_core[21cf00523ceb784c]::pool::Pool<sqlx_postgres[5af69500f530fc43]::database::Postgres>) -> outlet_postgres[2381a683375fe85a]::tests::test_handle_response_with_typed_body::test_handle_response_with_typed_body::{closure#0}, outlet_postgres[2381a683375fe85a]::tests::test_handle_response_with_typed_body::test_handle_response_with_typed_body::{closure#0}>::{closure#0}, sqlx_core[21cf00523ceb784c]::testing::run_test_with_pool<sqlx_postgres[5af69500f530fc43]::database::Postgres, fn(sqlx_core[21cf00523ceb784c]::pool::Pool<sqlx_postgres[5af69500f530fc43]::database::Postgres>) -> outlet_postgres[2381a683375fe85a]::tests::test_handle_response_with_typed_body::test_handle_response_with_typed_body::{closure#0}, outlet_postgres[2381a683375fe85a]::tests::test_handle_response_with_typed_body::test_handle_response_with_typed_body::{closure#0}>::{closure#0}::{closure#0}>::{closure#0}>
[INFO] [stdout]   19:     0x5f752d8e907b - sqlx_core[21cf00523ceb784c]::rt::test_block_on::<sqlx_core[21cf00523ceb784c]::testing::run_test<sqlx_postgres[5af69500f530fc43]::database::Postgres, sqlx_core[21cf00523ceb784c]::testing::run_test_with_pool<sqlx_postgres[5af69500f530fc43]::database::Postgres, fn(sqlx_core[21cf00523ceb784c]::pool::Pool<sqlx_postgres[5af69500f530fc43]::database::Postgres>) -> outlet_postgres[2381a683375fe85a]::tests::test_handle_response_with_typed_body::test_handle_response_with_typed_body::{closure#0}, outlet_postgres[2381a683375fe85a]::tests::test_handle_response_with_typed_body::test_handle_response_with_typed_body::{closure#0}>::{closure#0}, sqlx_core[21cf00523ceb784c]::testing::run_test_with_pool<sqlx_postgres[5af69500f530fc43]::database::Postgres, fn(sqlx_core[21cf00523ceb784c]::pool::Pool<sqlx_postgres[5af69500f530fc43]::database::Postgres>) -> outlet_postgres[2381a683375fe85a]::tests::test_handle_response_with_typed_body::test_handle_response_with_typed_body::{closure#0}, outlet_postgres[2381a683375fe85a]::tests::test_handle_response_with_typed_body::test_handle_response_with_typed_body::{closure#0}>::{closure#0}::{closure#0}>::{closure#0}>
[INFO] [stdout]   20:     0x5f752d8cf6fd - <outlet_postgres[2381a683375fe85a]::tests::test_handle_response_with_typed_body::{closure#0} as core[df12db4294e9bfd3]::ops::function::FnOnce<()>>::call_once
[INFO] [stdout]   21:     0x5f752d8fb6cb - test[9d35eded1c95d3be]::__rust_begin_short_backtrace::<core[df12db4294e9bfd3]::result::Result<(), alloc[2182bb758b4b3781]::string::String>, fn() -> core[df12db4294e9bfd3]::result::Result<(), alloc[2182bb758b4b3781]::string::String>>
[INFO] [stdout]   22:     0x5f752d908d35 - test[9d35eded1c95d3be]::run_test::{closure#0}
[INFO] [stdout]   23:     0x5f752d9025f4 - std[70759c8f55707aa4]::sys::backtrace::__rust_begin_short_backtrace::<test[9d35eded1c95d3be]::run_test::{closure#1}, ()>
[INFO] [stdout]   24:     0x5f752d90be92 - <std[70759c8f55707aa4]::thread::lifecycle::spawn_unchecked<test[9d35eded1c95d3be]::run_test::{closure#1}, ()>::{closure#1} as core[df12db4294e9bfd3]::ops::function::FnOnce<()>>::call_once::{shim:vtable#0}
[INFO] [stdout]   25:     0x5f752def05c9 - <std[70759c8f55707aa4]::sys::thread::unix::Thread>::new::thread_start
[INFO] [stdout]   26:     0x7fa09bf85dfa - <unknown>
[INFO] [stdout]   27:     0x7fa09c0193d4 - clone
[INFO] [stdout]   28:                0x0 - <unknown>
[INFO] [stdout] 
[INFO] [stdout] ---- tests::test_headers_conversion stdout ----
[INFO] [stdout] 
[INFO] [stdout] thread 'tests::test_headers_conversion' (3272) panicked at /opt/rustwide/cargo-home/registry/src/index.crates.io-1949cf8c6b5b557f/sqlx-postgres-0.8.6/src/testing/mod.rs:96:44:
[INFO] [stdout] DATABASE_URL must be set: EnvVar(NotPresent)
[INFO] [stdout] stack backtrace:
[INFO] [stdout]    0:     0x5f752def13c1 - <<std[70759c8f55707aa4]::sys::backtrace::BacktraceLock>::print::DisplayBacktrace as core[df12db4294e9bfd3]::fmt::Display>::fmt
[INFO] [stdout]    1:     0x5f752df0915a - core[df12db4294e9bfd3]::fmt::write
[INFO] [stdout]    2:     0x5f752def5e8c - <alloc[2182bb758b4b3781]::vec::Vec<u8> as core[df12db4294e9bfd3]::io::write::Write>::write_fmt
[INFO] [stdout]    3:     0x5f752decc106 - std[70759c8f55707aa4]::panicking::default_hook::{closure#0}
[INFO] [stdout]    4:     0x5f752dee8eb9 - std[70759c8f55707aa4]::panicking::default_hook
[INFO] [stdout]    5:     0x5f752d9083e0 - test[9d35eded1c95d3be]::test_main_inner::<test[9d35eded1c95d3be]::test_main_static::{closure#0}>::{closure#0}
[INFO] [stdout]    6:     0x5f752dee91e2 - std[70759c8f55707aa4]::panicking::panic_with_hook
[INFO] [stdout]    7:     0x5f752decc1b2 - std[70759c8f55707aa4]::panicking::panic_handler::{closure#0}
[INFO] [stdout]    8:     0x5f752dec4a89 - std[70759c8f55707aa4]::sys::backtrace::__rust_end_short_backtrace::<std[70759c8f55707aa4]::panicking::panic_handler::{closure#0}, !>
[INFO] [stdout]    9:     0x5f752decd03d - __rustc[8fa7c3cbc660c2b3]::rust_begin_unwind
[INFO] [stdout]   10:     0x5f752df098bc - core[df12db4294e9bfd3]::panicking::panic_fmt
[INFO] [stdout]   11:     0x5f752df09692 - core[df12db4294e9bfd3]::result::unwrap_failed
[INFO] [stdout]   12:     0x5f752dccdd0e - <sqlx_postgres[5af69500f530fc43]::database::Postgres as sqlx_core[21cf00523ceb784c]::testing::TestSupport>::test_context::{closure#0}
[INFO] [stdout]   13:     0x5f752d7734fe - sqlx_core[21cf00523ceb784c]::testing::run_test::<sqlx_postgres[5af69500f530fc43]::database::Postgres, sqlx_core[21cf00523ceb784c]::testing::run_test_with_pool<sqlx_postgres[5af69500f530fc43]::database::Postgres, fn(sqlx_core[21cf00523ceb784c]::pool::Pool<sqlx_postgres[5af69500f530fc43]::database::Postgres>) -> outlet_postgres[2381a683375fe85a]::tests::test_headers_conversion::test_headers_conversion::{closure#0}, outlet_postgres[2381a683375fe85a]::tests::test_headers_conversion::test_headers_conversion::{closure#0}>::{closure#0}, sqlx_core[21cf00523ceb784c]::testing::run_test_with_pool<sqlx_postgres[5af69500f530fc43]::database::Postgres, fn(sqlx_core[21cf00523ceb784c]::pool::Pool<sqlx_postgres[5af69500f530fc43]::database::Postgres>) -> outlet_postgres[2381a683375fe85a]::tests::test_headers_conversion::test_headers_conversion::{closure#0}, outlet_postgres[2381a683375fe85a]::tests::test_headers_conversion::test_headers_conversion::{closure#0}>::{closure#0}::{closure#0}>::{closure#0}
[INFO] [stdout]   14:     0x5f752d82e7ae - <tokio[294d81b0fbc675b9]::runtime::scheduler::current_thread::Context>::enter::<core[df12db4294e9bfd3]::task::poll::Poll<()>, <tokio[294d81b0fbc675b9]::runtime::scheduler::current_thread::CoreGuard>::block_on<core[df12db4294e9bfd3]::pin::Pin<&mut sqlx_core[21cf00523ceb784c]::testing::run_test<sqlx_postgres[5af69500f530fc43]::database::Postgres, sqlx_core[21cf00523ceb784c]::testing::run_test_with_pool<sqlx_postgres[5af69500f530fc43]::database::Postgres, fn(sqlx_core[21cf00523ceb784c]::pool::Pool<sqlx_postgres[5af69500f530fc43]::database::Postgres>) -> outlet_postgres[2381a683375fe85a]::tests::test_headers_conversion::test_headers_conversion::{closure#0}, outlet_postgres[2381a683375fe85a]::tests::test_headers_conversion::test_headers_conversion::{closure#0}>::{closure#0}, sqlx_core[21cf00523ceb784c]::testing::run_test_with_pool<sqlx_postgres[5af69500f530fc43]::database::Postgres, fn(sqlx_core[21cf00523ceb784c]::pool::Pool<sqlx_postgres[5af69500f530fc43]::database::Postgres>) -> outlet_postgres[2381a683375fe85a]::tests::test_headers_conversion::test_headers_conversion::{closure#0}, outlet_postgres[2381a683375fe85a]::tests::test_headers_conversion::test_headers_conversion::{closure#0}>::{closure#0}::{closure#0}>::{closure#0}>>::{closure#0}::{closure#0}>
[INFO] [stdout]   15:     0x5f752d89166c - <tokio[294d81b0fbc675b9]::runtime::context::scoped::Scoped<tokio[294d81b0fbc675b9]::runtime::scheduler::Context>>::set::<<tokio[294d81b0fbc675b9]::runtime::scheduler::current_thread::CoreGuard>::enter<<tokio[294d81b0fbc675b9]::runtime::scheduler::current_thread::CoreGuard>::block_on<core[df12db4294e9bfd3]::pin::Pin<&mut sqlx_core[21cf00523ceb784c]::testing::run_test<sqlx_postgres[5af69500f530fc43]::database::Postgres, sqlx_core[21cf00523ceb784c]::testing::run_test_with_pool<sqlx_postgres[5af69500f530fc43]::database::Postgres, fn(sqlx_core[21cf00523ceb784c]::pool::Pool<sqlx_postgres[5af69500f530fc43]::database::Postgres>) -> outlet_postgres[2381a683375fe85a]::tests::test_headers_conversion::test_headers_conversion::{closure#0}, outlet_postgres[2381a683375fe85a]::tests::test_headers_conversion::test_headers_conversion::{closure#0}>::{closure#0}, sqlx_core[21cf00523ceb784c]::testing::run_test_with_pool<sqlx_postgres[5af69500f530fc43]::database::Postgres, fn(sqlx_core[21cf00523ceb784c]::pool::Pool<sqlx_postgres[5af69500f530fc43]::database::Postgres>) -> outlet_postgres[2381a683375fe85a]::tests::test_headers_conversion::test_headers_conversion::{closure#0}, outlet_postgres[2381a683375fe85a]::tests::test_headers_conversion::test_headers_conversion::{closure#0}>::{closure#0}::{closure#0}>::{closure#0}>>::{closure#0}, core[df12db4294e9bfd3]::option::Option<()>>::{closure#0}, (alloc[2182bb758b4b3781]::boxed::Box<tokio[294d81b0fbc675b9]::runtime::scheduler::current_thread::Core>, core[df12db4294e9bfd3]::option::Option<()>)>
[INFO] [stdout]   16:     0x5f752d830b77 - <tokio[294d81b0fbc675b9]::runtime::scheduler::current_thread::CoreGuard>::block_on::<core[df12db4294e9bfd3]::pin::Pin<&mut sqlx_core[21cf00523ceb784c]::testing::run_test<sqlx_postgres[5af69500f530fc43]::database::Postgres, sqlx_core[21cf00523ceb784c]::testing::run_test_with_pool<sqlx_postgres[5af69500f530fc43]::database::Postgres, fn(sqlx_core[21cf00523ceb784c]::pool::Pool<sqlx_postgres[5af69500f530fc43]::database::Postgres>) -> outlet_postgres[2381a683375fe85a]::tests::test_headers_conversion::test_headers_conversion::{closure#0}, outlet_postgres[2381a683375fe85a]::tests::test_headers_conversion::test_headers_conversion::{closure#0}>::{closure#0}, sqlx_core[21cf00523ceb784c]::testing::run_test_with_pool<sqlx_postgres[5af69500f530fc43]::database::Postgres, fn(sqlx_core[21cf00523ceb784c]::pool::Pool<sqlx_postgres[5af69500f530fc43]::database::Postgres>) -> outlet_postgres[2381a683375fe85a]::tests::test_headers_conversion::test_headers_conversion::{closure#0}, outlet_postgres[2381a683375fe85a]::tests::test_headers_conversion::test_headers_conversion::{closure#0}>::{closure#0}::{closure#0}>::{closure#0}>>
[INFO] [stdout]   17:     0x5f752d8abc57 - tokio[294d81b0fbc675b9]::runtime::context::runtime::enter_runtime::<<tokio[294d81b0fbc675b9]::runtime::scheduler::current_thread::CurrentThread>::block_on<sqlx_core[21cf00523ceb784c]::testing::run_test<sqlx_postgres[5af69500f530fc43]::database::Postgres, sqlx_core[21cf00523ceb784c]::testing::run_test_with_pool<sqlx_postgres[5af69500f530fc43]::database::Postgres, fn(sqlx_core[21cf00523ceb784c]::pool::Pool<sqlx_postgres[5af69500f530fc43]::database::Postgres>) -> outlet_postgres[2381a683375fe85a]::tests::test_headers_conversion::test_headers_conversion::{closure#0}, outlet_postgres[2381a683375fe85a]::tests::test_headers_conversion::test_headers_conversion::{closure#0}>::{closure#0}, sqlx_core[21cf00523ceb784c]::testing::run_test_with_pool<sqlx_postgres[5af69500f530fc43]::database::Postgres, fn(sqlx_core[21cf00523ceb784c]::pool::Pool<sqlx_postgres[5af69500f530fc43]::database::Postgres>) -> outlet_postgres[2381a683375fe85a]::tests::test_headers_conversion::test_headers_conversion::{closure#0}, outlet_postgres[2381a683375fe85a]::tests::test_headers_conversion::test_headers_conversion::{closure#0}>::{closure#0}::{closure#0}>::{closure#0}>::{closure#0}, ()>
[INFO] [stdout]   18:     0x5f752d83f6fe - <tokio[294d81b0fbc675b9]::runtime::runtime::Runtime>::block_on::<sqlx_core[21cf00523ceb784c]::testing::run_test<sqlx_postgres[5af69500f530fc43]::database::Postgres, sqlx_core[21cf00523ceb784c]::testing::run_test_with_pool<sqlx_postgres[5af69500f530fc43]::database::Postgres, fn(sqlx_core[21cf00523ceb784c]::pool::Pool<sqlx_postgres[5af69500f530fc43]::database::Postgres>) -> outlet_postgres[2381a683375fe85a]::tests::test_headers_conversion::test_headers_conversion::{closure#0}, outlet_postgres[2381a683375fe85a]::tests::test_headers_conversion::test_headers_conversion::{closure#0}>::{closure#0}, sqlx_core[21cf00523ceb784c]::testing::run_test_with_pool<sqlx_postgres[5af69500f530fc43]::database::Postgres, fn(sqlx_core[21cf00523ceb784c]::pool::Pool<sqlx_postgres[5af69500f530fc43]::database::Postgres>) -> outlet_postgres[2381a683375fe85a]::tests::test_headers_conversion::test_headers_conversion::{closure#0}, outlet_postgres[2381a683375fe85a]::tests::test_headers_conversion::test_headers_conversion::{closure#0}>::{closure#0}::{closure#0}>::{closure#0}>
[INFO] [stdout]   19:     0x5f752d8e836b - sqlx_core[21cf00523ceb784c]::rt::test_block_on::<sqlx_core[21cf00523ceb784c]::testing::run_test<sqlx_postgres[5af69500f530fc43]::database::Postgres, sqlx_core[21cf00523ceb784c]::testing::run_test_with_pool<sqlx_postgres[5af69500f530fc43]::database::Postgres, fn(sqlx_core[21cf00523ceb784c]::pool::Pool<sqlx_postgres[5af69500f530fc43]::database::Postgres>) -> outlet_postgres[2381a683375fe85a]::tests::test_headers_conversion::test_headers_conversion::{closure#0}, outlet_postgres[2381a683375fe85a]::tests::test_headers_conversion::test_headers_conversion::{closure#0}>::{closure#0}, sqlx_core[21cf00523ceb784c]::testing::run_test_with_pool<sqlx_postgres[5af69500f530fc43]::database::Postgres, fn(sqlx_core[21cf00523ceb784c]::pool::Pool<sqlx_postgres[5af69500f530fc43]::database::Postgres>) -> outlet_postgres[2381a683375fe85a]::tests::test_headers_conversion::test_headers_conversion::{closure#0}, outlet_postgres[2381a683375fe85a]::tests::test_headers_conversion::test_headers_conversion::{closure#0}>::{closure#0}::{closure#0}>::{closure#0}>
[INFO] [stdout]   20:     0x5f752d8cefa0 - <outlet_postgres[2381a683375fe85a]::tests::test_headers_conversion::{closure#0} as core[df12db4294e9bfd3]::ops::function::FnOnce<()>>::call_once
[INFO] [stdout]   21:     0x5f752d8fb6cb - test[9d35eded1c95d3be]::__rust_begin_short_backtrace::<core[df12db4294e9bfd3]::result::Result<(), alloc[2182bb758b4b3781]::string::String>, fn() -> core[df12db4294e9bfd3]::result::Result<(), alloc[2182bb758b4b3781]::string::String>>
[INFO] [stdout]   22:     0x5f752d908d35 - test[9d35eded1c95d3be]::run_test::{closure#0}
[INFO] [stdout]   23:     0x5f752d9025f4 - std[70759c8f55707aa4]::sys::backtrace::__rust_begin_short_backtrace::<test[9d35eded1c95d3be]::run_test::{closure#1}, ()>
[INFO] [stdout]   24:     0x5f752d90be92 - <std[70759c8f55707aa4]::thread::lifecycle::spawn_unchecked<test[9d35eded1c95d3be]::run_test::{closure#1}, ()>::{closure#1} as core[df12db4294e9bfd3]::ops::function::FnOnce<()>>::call_once::{shim:vtable#0}
[INFO] [stdout]   25:     0x5f752def05c9 - <std[70759c8f55707aa4]::sys::thread::unix::Thread>::new::thread_start
[INFO] [stdout]   26:     0x7fa09bf85dfa - <unknown>
[INFO] [stdout]   27:     0x7fa09c0193d4 - clone
[INFO] [stdout]   28:                0x0 - <unknown>
[INFO] [stdout] 
[INFO] [stdout] ---- tests::test_query_with_pagination_and_ordering stdout ----
[INFO] [stdout] 
[INFO] [stdout] thread 'tests::test_query_with_pagination_and_ordering' (3275) panicked at /opt/rustwide/cargo-home/registry/src/index.crates.io-1949cf8c6b5b557f/sqlx-postgres-0.8.6/src/testing/mod.rs:96:44:
[INFO] [stdout] DATABASE_URL must be set: EnvVar(NotPresent)
[INFO] [stdout] stack backtrace:
[INFO] [stdout]    0:     0x5f752def13c1 - <<std[70759c8f55707aa4]::sys::backtrace::BacktraceLock>::print::DisplayBacktrace as core[df12db4294e9bfd3]::fmt::Display>::fmt
[INFO] [stdout]    1:     0x5f752df0915a - core[df12db4294e9bfd3]::fmt::write
[INFO] [stdout]    2:     0x5f752def5e8c - <alloc[2182bb758b4b3781]::vec::Vec<u8> as core[df12db4294e9bfd3]::io::write::Write>::write_fmt
[INFO] [stdout]    3:     0x5f752decc106 - std[70759c8f55707aa4]::panicking::default_hook::{closure#0}
[INFO] [stdout]    4:     0x5f752dee8eb9 - std[70759c8f55707aa4]::panicking::default_hook
[INFO] [stdout]    5:     0x5f752d9083e0 - test[9d35eded1c95d3be]::test_main_inner::<test[9d35eded1c95d3be]::test_main_static::{closure#0}>::{closure#0}
[INFO] [stdout]    6:     0x5f752dee91e2 - std[70759c8f55707aa4]::panicking::panic_with_hook
[INFO] [stdout]    7:     0x5f752decc1b2 - std[70759c8f55707aa4]::panicking::panic_handler::{closure#0}
[INFO] [stdout]    8:     0x5f752dec4a89 - std[70759c8f55707aa4]::sys::backtrace::__rust_end_short_backtrace::<std[70759c8f55707aa4]::panicking::panic_handler::{closure#0}, !>
[INFO] [stdout]    9:     0x5f752decd03d - __rustc[8fa7c3cbc660c2b3]::rust_begin_unwind
[INFO] [stdout]   10:     0x5f752df098bc - core[df12db4294e9bfd3]::panicking::panic_fmt
[INFO] [stdout]   11:     0x5f752df09692 - core[df12db4294e9bfd3]::result::unwrap_failed
[INFO] [stdout]   12:     0x5f752dccdd0e - <sqlx_postgres[5af69500f530fc43]::database::Postgres as sqlx_core[21cf00523ceb784c]::testing::TestSupport>::test_context::{closure#0}
[INFO] [stdout]   13:     0x5f752d78e6b5 - sqlx_core[21cf00523ceb784c]::testing::run_test::<sqlx_postgres[5af69500f530fc43]::database::Postgres, sqlx_core[21cf00523ceb784c]::testing::run_test_with_pool<sqlx_postgres[5af69500f530fc43]::database::Postgres, fn(sqlx_core[21cf00523ceb784c]::pool::Pool<sqlx_postgres[5af69500f530fc43]::database::Postgres>) -> outlet_postgres[2381a683375fe85a]::tests::test_query_with_pagination_and_ordering::test_query_with_pagination_and_ordering::{closure#0}, outlet_postgres[2381a683375fe85a]::tests::test_query_with_pagination_and_ordering::test_query_with_pagination_and_ordering::{closure#0}>::{closure#0}, sqlx_core[21cf00523ceb784c]::testing::run_test_with_pool<sqlx_postgres[5af69500f530fc43]::database::Postgres, fn(sqlx_core[21cf00523ceb784c]::pool::Pool<sqlx_postgres[5af69500f530fc43]::database::Postgres>) -> outlet_postgres[2381a683375fe85a]::tests::test_query_with_pagination_and_ordering::test_query_with_pagination_and_ordering::{closure#0}, outlet_postgres[2381a683375fe85a]::tests::test_query_with_pagination_and_ordering::test_query_with_pagination_and_ordering::{closure#0}>::{closure#0}::{closure#0}>::{closure#0}
[INFO] [stdout]   14:     0x5f752d8300ae - <tokio[294d81b0fbc675b9]::runtime::scheduler::current_thread::Context>::enter::<core[df12db4294e9bfd3]::task::poll::Poll<()>, <tokio[294d81b0fbc675b9]::runtime::scheduler::current_thread::CoreGuard>::block_on<core[df12db4294e9bfd3]::pin::Pin<&mut sqlx_core[21cf00523ceb784c]::testing::run_test<sqlx_postgres[5af69500f530fc43]::database::Postgres, sqlx_core[21cf00523ceb784c]::testing::run_test_with_pool<sqlx_postgres[5af69500f530fc43]::database::Postgres, fn(sqlx_core[21cf00523ceb784c]::pool::Pool<sqlx_postgres[5af69500f530fc43]::database::Postgres>) -> outlet_postgres[2381a683375fe85a]::tests::test_query_with_pagination_and_ordering::test_query_with_pagination_and_ordering::{closure#0}, outlet_postgres[2381a683375fe85a]::tests::test_query_with_pagination_and_ordering::test_query_with_pagination_and_ordering::{closure#0}>::{closure#0}, sqlx_core[21cf00523ceb784c]::testing::run_test_with_pool<sqlx_postgres[5af69500f530fc43]::database::Postgres, fn(sqlx_core[21cf00523ceb784c]::pool::Pool<sqlx_postgres[5af69500f530fc43]::database::Postgres>) -> outlet_postgres[2381a683375fe85a]::tests::test_query_with_pagination_and_ordering::test_query_with_pagination_and_ordering::{closure#0}, outlet_postgres[2381a683375fe85a]::tests::test_query_with_pagination_and_ordering::test_query_with_pagination_and_ordering::{closure#0}>::{closure#0}::{closure#0}>::{closure#0}>>::{closure#0}::{closure#0}>
[INFO] [stdout]   15:     0x5f752d89346c - <tokio[294d81b0fbc675b9]::runtime::context::scoped::Scoped<tokio[294d81b0fbc675b9]::runtime::scheduler::Context>>::set::<<tokio[294d81b0fbc675b9]::runtime::scheduler::current_thread::CoreGuard>::enter<<tokio[294d81b0fbc675b9]::runtime::scheduler::current_thread::CoreGuard>::block_on<core[df12db4294e9bfd3]::pin::Pin<&mut sqlx_core[21cf00523ceb784c]::testing::run_test<sqlx_postgres[5af69500f530fc43]::database::Postgres, sqlx_core[21cf00523ceb784c]::testing::run_test_with_pool<sqlx_postgres[5af69500f530fc43]::database::Postgres, fn(sqlx_core[21cf00523ceb784c]::pool::Pool<sqlx_postgres[5af69500f530fc43]::database::Postgres>) -> outlet_postgres[2381a683375fe85a]::tests::test_query_with_pagination_and_ordering::test_query_with_pagination_and_ordering::{closure#0}, outlet_postgres[2381a683375fe85a]::tests::test_query_with_pagination_and_ordering::test_query_with_pagination_and_ordering::{closure#0}>::{closure#0}, sqlx_core[21cf00523ceb784c]::testing::run_test_with_pool<sqlx_postgres[5af69500f530fc43]::database::Postgres, fn(sqlx_core[21cf00523ceb784c]::pool::Pool<sqlx_postgres[5af69500f530fc43]::database::Postgres>) -> outlet_postgres[2381a683375fe85a]::tests::test_query_with_pagination_and_ordering::test_query_with_pagination_and_ordering::{closure#0}, outlet_postgres[2381a683375fe85a]::tests::test_query_with_pagination_and_ordering::test_query_with_pagination_and_ordering::{closure#0}>::{closure#0}::{closure#0}>::{closure#0}>>::{closure#0}, core[df12db4294e9bfd3]::option::Option<()>>::{closure#0}, (alloc[2182bb758b4b3781]::boxed::Box<tokio[294d81b0fbc675b9]::runtime::scheduler::current_thread::Core>, core[df12db4294e9bfd3]::option::Option<()>)>
[INFO] [stdout]   16:     0x5f752d832a77 - <tokio[294d81b0fbc675b9]::runtime::scheduler::current_thread::CoreGuard>::block_on::<core[df12db4294e9bfd3]::pin::Pin<&mut sqlx_core[21cf00523ceb784c]::testing::run_test<sqlx_postgres[5af69500f530fc43]::database::Postgres, sqlx_core[21cf00523ceb784c]::testing::run_test_with_pool<sqlx_postgres[5af69500f530fc43]::database::Postgres, fn(sqlx_core[21cf00523ceb784c]::pool::Pool<sqlx_postgres[5af69500f530fc43]::database::Postgres>) -> outlet_postgres[2381a683375fe85a]::tests::test_query_with_pagination_and_ordering::test_query_with_pagination_and_ordering::{closure#0}, outlet_postgres[2381a683375fe85a]::tests::test_query_with_pagination_and_ordering::test_query_with_pagination_and_ordering::{closure#0}>::{closure#0}, sqlx_core[21cf00523ceb784c]::testing::run_test_with_pool<sqlx_postgres[5af69500f530fc43]::database::Postgres, fn(sqlx_core[21cf00523ceb784c]::pool::Pool<sqlx_postgres[5af69500f530fc43]::database::Postgres>) -> outlet_postgres[2381a683375fe85a]::tests::test_query_with_pagination_and_ordering::test_query_with_pagination_and_ordering::{closure#0}, outlet_postgres[2381a683375fe85a]::tests::test_query_with_pagination_and_ordering::test_query_with_pagination_and_ordering::{closure#0}>::{closure#0}::{closure#0}>::{closure#0}>>
[INFO] [stdout]   17:     0x5f752d8b0157 - tokio[294d81b0fbc675b9]::runtime::context::runtime::enter_runtime::<<tokio[294d81b0fbc675b9]::runtime::scheduler::current_thread::CurrentThread>::block_on<sqlx_core[21cf00523ceb784c]::testing::run_test<sqlx_postgres[5af69500f530fc43]::database::Postgres, sqlx_core[21cf00523ceb784c]::testing::run_test_with_pool<sqlx_postgres[5af69500f530fc43]::database::Postgres, fn(sqlx_core[21cf00523ceb784c]::pool::Pool<sqlx_postgres[5af69500f530fc43]::database::Postgres>) -> outlet_postgres[2381a683375fe85a]::tests::test_query_with_pagination_and_ordering::test_query_with_pagination_and_ordering::{closure#0}, outlet_postgres[2381a683375fe85a]::tests::test_query_with_pagination_and_ordering::test_query_with_pagination_and_ordering::{closure#0}>::{closure#0}, sqlx_core[21cf00523ceb784c]::testing::run_test_with_pool<sqlx_postgres[5af69500f530fc43]::database::Postgres, fn(sqlx_core[21cf00523ceb784c]::pool::Pool<sqlx_postgres[5af69500f530fc43]::database::Postgres>) -> outlet_postgres[2381a683375fe85a]::tests::test_query_with_pagination_and_ordering::test_query_with_pagination_and_ordering::{closure#0}, outlet_postgres[2381a683375fe85a]::tests::test_query_with_pagination_and_ordering::test_query_with_pagination_and_ordering::{closure#0}>::{closure#0}::{closure#0}>::{closure#0}>::{closure#0}, ()>
[INFO] [stdout]   18:     0x5f752d840dfe - <tokio[294d81b0fbc675b9]::runtime::runtime::Runtime>::block_on::<sqlx_core[21cf00523ceb784c]::testing::run_test<sqlx_postgres[5af69500f530fc43]::database::Postgres, sqlx_core[21cf00523ceb784c]::testing::run_test_with_pool<sqlx_postgres[5af69500f530fc43]::database::Postgres, fn(sqlx_core[21cf00523ceb784c]::pool::Pool<sqlx_postgres[5af69500f530fc43]::database::Postgres>) -> outlet_postgres[2381a683375fe85a]::tests::test_query_with_pagination_and_ordering::test_query_with_pagination_and_ordering::{closure#0}, outlet_postgres[2381a683375fe85a]::tests::test_query_with_pagination_and_ordering::test_query_with_pagination_and_ordering::{closure#0}>::{closure#0}, sqlx_core[21cf00523ceb784c]::testing::run_test_with_pool<sqlx_postgres[5af69500f530fc43]::database::Postgres, fn(sqlx_core[21cf00523ceb784c]::pool::Pool<sqlx_postgres[5af69500f530fc43]::database::Postgres>) -> outlet_postgres[2381a683375fe85a]::tests::test_query_with_pagination_and_ordering::test_query_with_pagination_and_ordering::{closure#0}, outlet_postgres[2381a683375fe85a]::tests::test_query_with_pagination_and_ordering::test_query_with_pagination_and_ordering::{closure#0}>::{closure#0}::{closure#0}>::{closure#0}>
[INFO] [stdout]   19:     0x5f752d8e966b - sqlx_core[21cf00523ceb784c]::rt::test_block_on::<sqlx_core[21cf00523ceb784c]::testing::run_test<sqlx_postgres[5af69500f530fc43]::database::Postgres, sqlx_core[21cf00523ceb784c]::testing::run_test_with_pool<sqlx_postgres[5af69500f530fc43]::database::Postgres, fn(sqlx_core[21cf00523ceb784c]::pool::Pool<sqlx_postgres[5af69500f530fc43]::database::Postgres>) -> outlet_postgres[2381a683375fe85a]::tests::test_query_with_pagination_and_ordering::test_query_with_pagination_and_ordering::{closure#0}, outlet_postgres[2381a683375fe85a]::tests::test_query_with_pagination_and_ordering::test_query_with_pagination_and_ordering::{closure#0}>::{closure#0}, sqlx_core[21cf00523ceb784c]::testing::run_test_with_pool<sqlx_postgres[5af69500f530fc43]::database::Postgres, fn(sqlx_core[21cf00523ceb784c]::pool::Pool<sqlx_postgres[5af69500f530fc43]::database::Postgres>) -> outlet_postgres[2381a683375fe85a]::tests::test_query_with_pagination_and_ordering::test_query_with_pagination_and_ordering::{closure#0}, outlet_postgres[2381a683375fe85a]::tests::test_query_with_pagination_and_ordering::test_query_with_pagination_and_ordering::{closure#0}>::{closure#0}::{closure#0}>::{closure#0}>
[INFO] [stdout]   20:     0x5f752d8cfa50 - <outlet_postgres[2381a683375fe85a]::tests::test_query_with_pagination_and_ordering::{closure#0} as core[df12db4294e9bfd3]::ops::function::FnOnce<()>>::call_once
[INFO] [stdout]   21:     0x5f752d8fb6cb - test[9d35eded1c95d3be]::__rust_begin_short_backtrace::<core[df12db4294e9bfd3]::result::Result<(), alloc[2182bb758b4b3781]::string::String>, fn() -> core[df12db4294e9bfd3]::result::Result<(), alloc[2182bb758b4b3781]::string::String>>
[INFO] [stdout]   22:     0x5f752d908d35 - test[9d35eded1c95d3be]::run_test::{closure#0}
[INFO] [stdout]   23:     0x5f752d9025f4 - std[70759c8f55707aa4]::sys::backtrace::__rust_begin_short_backtrace::<test[9d35eded1c95d3be]::run_test::{closure#1}, ()>
[INFO] [stdout]   24:     0x5f752d90be92 - <std[70759c8f55707aa4]::thread::lifecycle::spawn_unchecked<test[9d35eded1c95d3be]::run_test::{closure#1}, ()>::{closure#1} as core[df12db4294e9bfd3]::ops::function::FnOnce<()>>::call_once::{shim:vtable#0}
[INFO] [stdout]   25:     0x5f752def05c9 - <std[70759c8f55707aa4]::sys::thread::unix::Thread>::new::thread_start
[INFO] [stdout]   26:     0x7fa09bf85dfa - <unknown>
[INFO] [stdout]   27:     0x7fa09c0193d4 - clone
[INFO] [stdout]   28:                0x0 - <unknown>
[INFO] [stdout] 
[INFO] [stdout] ---- tests::test_query_with_multiple_filters stdout ----
[INFO] [stdout] 
[INFO] [stdout] thread 'tests::test_query_with_multiple_filters' (3274) panicked at /opt/rustwide/cargo-home/registry/src/index.crates.io-1949cf8c6b5b557f/sqlx-postgres-0.8.6/src/testing/mod.rs:96:44:
[INFO] [stdout] DATABASE_URL must be set: EnvVar(NotPresent)
[INFO] [stdout] stack backtrace:
[INFO] [stdout]    0:     0x5f752def13c1 - <<std[70759c8f55707aa4]::sys::backtrace::BacktraceLock>::print::DisplayBacktrace as core[df12db4294e9bfd3]::fmt::Display>::fmt
[INFO] [stdout]    1:     0x5f752df0915a - core[df12db4294e9bfd3]::fmt::write
[INFO] [stdout]    2:     0x5f752def5e8c - <alloc[2182bb758b4b3781]::vec::Vec<u8> as core[df12db4294e9bfd3]::io::write::Write>::write_fmt
[INFO] [stdout]    3:     0x5f752decc106 - std[70759c8f55707aa4]::panicking::default_hook::{closure#0}
[INFO] [stdout]    4:     0x5f752dee8eb9 - std[70759c8f55707aa4]::panicking::default_hook
[INFO] [stdout]    5:     0x5f752d9083e0 - test[9d35eded1c95d3be]::test_main_inner::<test[9d35eded1c95d3be]::test_main_static::{closure#0}>::{closure#0}
[INFO] [stdout]    6:     0x5f752dee91e2 - std[70759c8f55707aa4]::panicking::panic_with_hook
[INFO] [stdout]    7:     0x5f752decc1b2 - std[70759c8f55707aa4]::panicking::panic_handler::{closure#0}
[INFO] [stdout]    8:     0x5f752dec4a89 - std[70759c8f55707aa4]::sys::backtrace::__rust_end_short_backtrace::<std[70759c8f55707aa4]::panicking::panic_handler::{closure#0}, !>
[INFO] [stdout]    9:     0x5f752decd03d - __rustc[8fa7c3cbc660c2b3]::rust_begin_unwind
[INFO] [stdout]   10:     0x5f752df098bc - core[df12db4294e9bfd3]::panicking::panic_fmt
[INFO] [stdout]   11:     0x5f752df09692 - core[df12db4294e9bfd3]::result::unwrap_failed
[INFO] [stdout]   12:     0x5f752dccdd0e - <sqlx_postgres[5af69500f530fc43]::database::Postgres as sqlx_core[21cf00523ceb784c]::testing::TestSupport>::test_context::{closure#0}
[INFO] [stdout]   13:     0x5f752d77d3ee - sqlx_core[21cf00523ceb784c]::testing::run_test::<sqlx_postgres[5af69500f530fc43]::database::Postgres, sqlx_core[21cf00523ceb784c]::testing::run_test_with_pool<sqlx_postgres[5af69500f530fc43]::database::Postgres, fn(sqlx_core[21cf00523ceb784c]::pool::Pool<sqlx_postgres[5af69500f530fc43]::database::Postgres>) -> outlet_postgres[2381a683375fe85a]::tests::test_query_with_multiple_filters::test_query_with_multiple_filters::{closure#0}, outlet_postgres[2381a683375fe85a]::tests::test_query_with_multiple_filters::test_query_with_multiple_filters::{closure#0}>::{closure#0}, sqlx_core[21cf00523ceb784c]::testing::run_test_with_pool<sqlx_postgres[5af69500f530fc43]::database::Postgres, fn(sqlx_core[21cf00523ceb784c]::pool::Pool<sqlx_postgres[5af69500f530fc43]::database::Postgres>) -> outlet_postgres[2381a683375fe85a]::tests::test_query_with_multiple_filters::test_query_with_multiple_filters::{closure#0}, outlet_postgres[2381a683375fe85a]::tests::test_query_with_multiple_filters::test_query_with_multiple_filters::{closure#0}>::{closure#0}::{closure#0}>::{closure#0}
[INFO] [stdout]   14:     0x5f752d82f29e - <tokio[294d81b0fbc675b9]::runtime::scheduler::current_thread::Context>::enter::<core[df12db4294e9bfd3]::task::poll::Poll<()>, <tokio[294d81b0fbc675b9]::runtime::scheduler::current_thread::CoreGuard>::block_on<core[df12db4294e9bfd3]::pin::Pin<&mut sqlx_core[21cf00523ceb784c]::testing::run_test<sqlx_postgres[5af69500f530fc43]::database::Postgres, sqlx_core[21cf00523ceb784c]::testing::run_test_with_pool<sqlx_postgres[5af69500f530fc43]::database::Postgres, fn(sqlx_core[21cf00523ceb784c]::pool::Pool<sqlx_postgres[5af69500f530fc43]::database::Postgres>) -> outlet_postgres[2381a683375fe85a]::tests::test_query_with_multiple_filters::test_query_with_multiple_filters::{closure#0}, outlet_postgres[2381a683375fe85a]::tests::test_query_with_multiple_filters::test_query_with_multiple_filters::{closure#0}>::{closure#0}, sqlx_core[21cf00523ceb784c]::testing::run_test_with_pool<sqlx_postgres[5af69500f530fc43]::database::Postgres, fn(sqlx_core[21cf00523ceb784c]::pool::Pool<sqlx_postgres[5af69500f530fc43]::database::Postgres>) -> outlet_postgres[2381a683375fe85a]::tests::test_query_with_multiple_filters::test_query_with_multiple_filters::{closure#0}, outlet_postgres[2381a683375fe85a]::tests::test_query_with_multiple_filters::test_query_with_multiple_filters::{closure#0}>::{closure#0}::{closure#0}>::{closure#0}>>::{closure#0}::{closure#0}>
[INFO] [stdout]   15:     0x5f752d89238c - <tokio[294d81b0fbc675b9]::runtime::context::scoped::Scoped<tokio[294d81b0fbc675b9]::runtime::scheduler::Context>>::set::<<tokio[294d81b0fbc675b9]::runtime::scheduler::current_thread::CoreGuard>::enter<<tokio[294d81b0fbc675b9]::runtime::scheduler::current_thread::CoreGuard>::block_on<core[df12db4294e9bfd3]::pin::Pin<&mut sqlx_core[21cf00523ceb784c]::testing::run_test<sqlx_postgres[5af69500f530fc43]::database::Postgres, sqlx_core[21cf00523ceb784c]::testing::run_test_with_pool<sqlx_postgres[5af69500f530fc43]::database::Postgres, fn(sqlx_core[21cf00523ceb784c]::pool::Pool<sqlx_postgres[5af69500f530fc43]::database::Postgres>) -> outlet_postgres[2381a683375fe85a]::tests::test_query_with_multiple_filters::test_query_with_multiple_filters::{closure#0}, outlet_postgres[2381a683375fe85a]::tests::test_query_with_multiple_filters::test_query_with_multiple_filters::{closure#0}>::{closure#0}, sqlx_core[21cf00523ceb784c]::testing::run_test_with_pool<sqlx_postgres[5af69500f530fc43]::database::Postgres, fn(sqlx_core[21cf00523ceb784c]::pool::Pool<sqlx_postgres[5af69500f530fc43]::database::Postgres>) -> outlet_postgres[2381a683375fe85a]::tests::test_query_with_multiple_filters::test_query_with_multiple_filters::{closure#0}, outlet_postgres[2381a683375fe85a]::tests::test_query_with_multiple_filters::test_query_with_multiple_filters::{closure#0}>::{closure#0}::{closure#0}>::{closure#0}>>::{closure#0}, core[df12db4294e9bfd3]::option::Option<()>>::{closure#0}, (alloc[2182bb758b4b3781]::boxed::Box<tokio[294d81b0fbc675b9]::runtime::scheduler::current_thread::Core>, core[df12db4294e9bfd3]::option::Option<()>)>
[INFO] [stdout]   16:     0x5f752d831907 - <tokio[294d81b0fbc675b9]::runtime::scheduler::current_thread::CoreGuard>::block_on::<core[df12db4294e9bfd3]::pin::Pin<&mut sqlx_core[21cf00523ceb784c]::testing::run_test<sqlx_postgres[5af69500f530fc43]::database::Postgres, sqlx_core[21cf00523ceb784c]::testing::run_test_with_pool<sqlx_postgres[5af69500f530fc43]::database::Postgres, fn(sqlx_core[21cf00523ceb784c]::pool::Pool<sqlx_postgres[5af69500f530fc43]::database::Postgres>) -> outlet_postgres[2381a683375fe85a]::tests::test_query_with_multiple_filters::test_query_with_multiple_filters::{closure#0}, outlet_postgres[2381a683375fe85a]::tests::test_query_with_multiple_filters::test_query_with_multiple_filters::{closure#0}>::{closure#0}, sqlx_core[21cf00523ceb784c]::testing::run_test_with_pool<sqlx_postgres[5af69500f530fc43]::database::Postgres, fn(sqlx_core[21cf00523ceb784c]::pool::Pool<sqlx_postgres[5af69500f530fc43]::database::Postgres>) -> outlet_postgres[2381a683375fe85a]::tests::test_query_with_multiple_filters::test_query_with_multiple_filters::{closure#0}, outlet_postgres[2381a683375fe85a]::tests::test_query_with_multiple_filters::test_query_with_multiple_filters::{closure#0}>::{closure#0}::{closure#0}>::{closure#0}>>
[INFO] [stdout]   17:     0x5f752d8ada87 - tokio[294d81b0fbc675b9]::runtime::context::runtime::enter_runtime::<<tokio[294d81b0fbc675b9]::runtime::scheduler::current_thread::CurrentThread>::block_on<sqlx_core[21cf00523ceb784c]::testing::run_test<sqlx_postgres[5af69500f530fc43]::database::Postgres, sqlx_core[21cf00523ceb784c]::testing::run_test_with_pool<sqlx_postgres[5af69500f530fc43]::database::Postgres, fn(sqlx_core[21cf00523ceb784c]::pool::Pool<sqlx_postgres[5af69500f530fc43]::database::Postgres>) -> outlet_postgres[2381a683375fe85a]::tests::test_query_with_multiple_filters::test_query_with_multiple_filters::{closure#0}, outlet_postgres[2381a683375fe85a]::tests::test_query_with_multiple_filters::test_query_with_multiple_filters::{closure#0}>::{closure#0}, sqlx_core[21cf00523ceb784c]::testing::run_test_with_pool<sqlx_postgres[5af69500f530fc43]::database::Postgres, fn(sqlx_core[21cf00523ceb784c]::pool::Pool<sqlx_postgres[5af69500f530fc43]::database::Postgres>) -> outlet_postgres[2381a683375fe85a]::tests::test_query_with_multiple_filters::test_query_with_multiple_filters::{closure#0}, outlet_postgres[2381a683375fe85a]::tests::test_query_with_multiple_filters::test_query_with_multiple_filters::{closure#0}>::{closure#0}::{closure#0}>::{closure#0}>::{closure#0}, ()>
[INFO] [stdout]   18:     0x5f752d84010e - <tokio[294d81b0fbc675b9]::runtime::runtime::Runtime>::block_on::<sqlx_core[21cf00523ceb784c]::testing::run_test<sqlx_postgres[5af69500f530fc43]::database::Postgres, sqlx_core[21cf00523ceb784c]::testing::run_test_with_pool<sqlx_postgres[5af69500f530fc43]::database::Postgres, fn(sqlx_core[21cf00523ceb784c]::pool::Pool<sqlx_postgres[5af69500f530fc43]::database::Postgres>) -> outlet_postgres[2381a683375fe85a]::tests::test_query_with_multiple_filters::test_query_with_multiple_filters::{closure#0}, outlet_postgres[2381a683375fe85a]::tests::test_query_with_multiple_filters::test_query_with_multiple_filters::{closure#0}>::{closure#0}, sqlx_core[21cf00523ceb784c]::testing::run_test_with_pool<sqlx_postgres[5af69500f530fc43]::database::Postgres, fn(sqlx_core[21cf00523ceb784c]::pool::Pool<sqlx_postgres[5af69500f530fc43]::database::Postgres>) -> outlet_postgres[2381a683375fe85a]::tests::test_query_with_multiple_filters::test_query_with_multiple_filters::{closure#0}, outlet_postgres[2381a683375fe85a]::tests::test_query_with_multiple_filters::test_query_with_multiple_filters::{closure#0}>::{closure#0}::{closure#0}>::{closure#0}>
[INFO] [stdout]   19:     0x5f752d8e8bbb - sqlx_core[21cf00523ceb784c]::rt::test_block_on::<sqlx_core[21cf00523ceb784c]::testing::run_test<sqlx_postgres[5af69500f530fc43]::database::Postgres, sqlx_core[21cf00523ceb784c]::testing::run_test_with_pool<sqlx_postgres[5af69500f530fc43]::database::Postgres, fn(sqlx_core[21cf00523ceb784c]::pool::Pool<sqlx_postgres[5af69500f530fc43]::database::Postgres>) -> outlet_postgres[2381a683375fe85a]::tests::test_query_with_multiple_filters::test_query_with_multiple_filters::{closure#0}, outlet_postgres[2381a683375fe85a]::tests::test_query_with_multiple_filters::test_query_with_multiple_filters::{closure#0}>::{closure#0}, sqlx_core[21cf00523ceb784c]::testing::run_test_with_pool<sqlx_postgres[5af69500f530fc43]::database::Postgres, fn(sqlx_core[21cf00523ceb784c]::pool::Pool<sqlx_postgres[5af69500f530fc43]::database::Postgres>) -> outlet_postgres[2381a683375fe85a]::tests::test_query_with_multiple_filters::test_query_with_multiple_filters::{closure#0}, outlet_postgres[2381a683375fe85a]::tests::test_query_with_multiple_filters::test_query_with_multiple_filters::{closure#0}>::{closure#0}::{closure#0}>::{closure#0}>
[INFO] [stdout]   20:     0x5f752d8cf44d - <outlet_postgres[2381a683375fe85a]::tests::test_query_with_multiple_filters::{closure#0} as core[df12db4294e9bfd3]::ops::function::FnOnce<()>>::call_once
[INFO] [stdout]   21:     0x5f752d8fb6cb - test[9d35eded1c95d3be]::__rust_begin_short_backtrace::<core[df12db4294e9bfd3]::result::Result<(), alloc[2182bb758b4b3781]::string::String>, fn() -> core[df12db4294e9bfd3]::result::Result<(), alloc[2182bb758b4b3781]::string::String>>
[INFO] [stdout]   22:     0x5f752d908d35 - test[9d35eded1c95d3be]::run_test::{closure#0}
[INFO] [stdout]   23:     0x5f752d9025f4 - std[70759c8f55707aa4]::sys::backtrace::__rust_begin_short_backtrace::<test[9d35eded1c95d3be]::run_test::{closure#1}, ()>
[INFO] [stdout]   24:     0x5f752d90be92 - <std[70759c8f55707aa4]::thread::lifecycle::spawn_unchecked<test[9d35eded1c95d3be]::run_test::{closure#1}, ()>::{closure#1} as core[df12db4294e9bfd3]::ops::function::FnOnce<()>>::call_once::{shim:vtable#0}
[INFO] [stdout]   25:     0x5f752def05c9 - <std[70759c8f55707aa4]::sys::thread::unix::Thread>::new::thread_start
[INFO] [stdout]   26:     0x7fa09bf85dfa - <unknown>
[INFO] [stdout]   27:     0x7fa09c0193d4 - clone
[INFO] [stdout]   28:                0x0 - <unknown>
[INFO] [stdout] 
[INFO] [stdout] ---- tests::test_no_path_filtering_logs_everything stdout ----
[INFO] [stdout] 
[INFO] [stdout] thread 'tests::test_no_path_filtering_logs_everything' (3273) panicked at /opt/rustwide/cargo-home/registry/src/index.crates.io-1949cf8c6b5b557f/sqlx-postgres-0.8.6/src/testing/mod.rs:96:44:
[INFO] [stdout] DATABASE_URL must be set: EnvVar(NotPresent)
[INFO] [stdout] stack backtrace:
[INFO] [stdout]    0:     0x5f752def13c1 - <<std[70759c8f55707aa4]::sys::backtrace::BacktraceLock>::print::DisplayBacktrace as core[df12db4294e9bfd3]::fmt::Display>::fmt
[INFO] [stdout]    1:     0x5f752df0915a - core[df12db4294e9bfd3]::fmt::write
[INFO] [stdout]    2:     0x5f752def5e8c - <alloc[2182bb758b4b3781]::vec::Vec<u8> as core[df12db4294e9bfd3]::io::write::Write>::write_fmt
[INFO] [stdout]    3:     0x5f752decc106 - std[70759c8f55707aa4]::panicking::default_hook::{closure#0}
[INFO] [stdout]    4:     0x5f752dee8eb9 - std[70759c8f55707aa4]::panicking::default_hook
[INFO] [stdout]    5:     0x5f752d9083e0 - test[9d35eded1c95d3be]::test_main_inner::<test[9d35eded1c95d3be]::test_main_static::{closure#0}>::{closure#0}
[INFO] [stdout]    6:     0x5f752dee91e2 - std[70759c8f55707aa4]::panicking::panic_with_hook
[INFO] [stdout]    7:     0x5f752decc1b2 - std[70759c8f55707aa4]::panicking::panic_handler::{closure#0}
[INFO] [stdout]    8:     0x5f752dec4a89 - std[70759c8f55707aa4]::sys::backtrace::__rust_end_short_backtrace::<std[70759c8f55707aa4]::panicking::panic_handler::{closure#0}, !>
[INFO] [stdout]    9:     0x5f752decd03d - __rustc[8fa7c3cbc660c2b3]::rust_begin_unwind
[INFO] [stdout]   10:     0x5f752df098bc - core[df12db4294e9bfd3]::panicking::panic_fmt
[INFO] [stdout]   11:     0x5f752df09692 - core[df12db4294e9bfd3]::result::unwrap_failed
[INFO] [stdout]   12:     0x5f752dccdd0e - <sqlx_postgres[5af69500f530fc43]::database::Postgres as sqlx_core[21cf00523ceb784c]::testing::TestSupport>::test_context::{closure#0}
[INFO] [stdout]   13:     0x5f752d78cdc0 - sqlx_core[21cf00523ceb784c]::testing::run_test::<sqlx_postgres[5af69500f530fc43]::database::Postgres, sqlx_core[21cf00523ceb784c]::testing::run_test_with_pool<sqlx_postgres[5af69500f530fc43]::database::Postgres, fn(sqlx_core[21cf00523ceb784c]::pool::Pool<sqlx_postgres[5af69500f530fc43]::database::Postgres>) -> outlet_postgres[2381a683375fe85a]::tests::test_no_path_filtering_logs_everything::test_no_path_filtering_logs_everything::{closure#0}, outlet_postgres[2381a683375fe85a]::tests::test_no_path_filtering_logs_everything::test_no_path_filtering_logs_everything::{closure#0}>::{closure#0}, sqlx_core[21cf00523ceb784c]::testing::run_test_with_pool<sqlx_postgres[5af69500f530fc43]::database::Postgres, fn(sqlx_core[21cf00523ceb784c]::pool::Pool<sqlx_postgres[5af69500f530fc43]::database::Postgres>) -> outlet_postgres[2381a683375fe85a]::tests::test_no_path_filtering_logs_everything::test_no_path_filtering_logs_everything::{closure#0}, outlet_postgres[2381a683375fe85a]::tests::test_no_path_filtering_logs_everything::test_no_path_filtering_logs_everything::{closure#0}>::{closure#0}::{closure#0}>::{closure#0}
[INFO] [stdout]   14:     0x5f752d82ff1e - <tokio[294d81b0fbc675b9]::runtime::scheduler::current_thread::Context>::enter::<core[df12db4294e9bfd3]::task::poll::Poll<()>, <tokio[294d81b0fbc675b9]::runtime::scheduler::current_thread::CoreGuard>::block_on<core[df12db4294e9bfd3]::pin::Pin<&mut sqlx_core[21cf00523ceb784c]::testing::run_test<sqlx_postgres[5af69500f530fc43]::database::Postgres, sqlx_core[21cf00523ceb784c]::testing::run_test_with_pool<sqlx_postgres[5af69500f530fc43]::database::Postgres, fn(sqlx_core[21cf00523ceb784c]::pool::Pool<sqlx_postgres[5af69500f530fc43]::database::Postgres>) -> outlet_postgres[2381a683375fe85a]::tests::test_no_path_filtering_logs_everything::test_no_path_filtering_logs_everything::{closure#0}, outlet_postgres[2381a683375fe85a]::tests::test_no_path_filtering_logs_everything::test_no_path_filtering_logs_everything::{closure#0}>::{closure#0}, sqlx_core[21cf00523ceb784c]::testing::run_test_with_pool<sqlx_postgres[5af69500f530fc43]::database::Postgres, fn(sqlx_core[21cf00523ceb784c]::pool::Pool<sqlx_postgres[5af69500f530fc43]::database::Postgres>) -> outlet_postgres[2381a683375fe85a]::tests::test_no_path_filtering_logs_everything::test_no_path_filtering_logs_everything::{closure#0}, outlet_postgres[2381a683375fe85a]::tests::test_no_path_filtering_logs_everything::test_no_path_filtering_logs_everything::{closure#0}>::{closure#0}::{closure#0}>::{closure#0}>>::{closure#0}::{closure#0}>
[INFO] [stdout]   15:     0x5f752d89328c - <tokio[294d81b0fbc675b9]::runtime::context::scoped::Scoped<tokio[294d81b0fbc675b9]::runtime::scheduler::Context>>::set::<<tokio[294d81b0fbc675b9]::runtime::scheduler::current_thread::CoreGuard>::enter<<tokio[294d81b0fbc675b9]::runtime::scheduler::current_thread::CoreGuard>::block_on<core[df12db4294e9bfd3]::pin::Pin<&mut sqlx_core[21cf00523ceb784c]::testing::run_test<sqlx_postgres[5af69500f530fc43]::database::Postgres, sqlx_core[21cf00523ceb784c]::testing::run_test_with_pool<sqlx_postgres[5af69500f530fc43]::database::Postgres, fn(sqlx_core[21cf00523ceb784c]::pool::Pool<sqlx_postgres[5af69500f530fc43]::database::Postgres>) -> outlet_postgres[2381a683375fe85a]::tests::test_no_path_filtering_logs_everything::test_no_path_filtering_logs_everything::{closure#0}, outlet_postgres[2381a683375fe85a]::tests::test_no_path_filtering_logs_everything::test_no_path_filtering_logs_everything::{closure#0}>::{closure#0}, sqlx_core[21cf00523ceb784c]::testing::run_test_with_pool<sqlx_postgres[5af69500f530fc43]::database::Postgres, fn(sqlx_core[21cf00523ceb784c]::pool::Pool<sqlx_postgres[5af69500f530fc43]::database::Postgres>) -> outlet_postgres[2381a683375fe85a]::tests::test_no_path_filtering_logs_everything::test_no_path_filtering_logs_everything::{closure#0}, outlet_postgres[2381a683375fe85a]::tests::test_no_path_filtering_logs_everything::test_no_path_filtering_logs_everything::{closure#0}>::{closure#0}::{closure#0}>::{closure#0}>>::{closure#0}, core[df12db4294e9bfd3]::option::Option<()>>::{closure#0}, (alloc[2182bb758b4b3781]::boxed::Box<tokio[294d81b0fbc675b9]::runtime::scheduler::current_thread::Core>, core[df12db4294e9bfd3]::option::Option<()>)>
[INFO] [stdout]   16:     0x5f752d832887 - <tokio[294d81b0fbc675b9]::runtime::scheduler::current_thread::CoreGuard>::block_on::<core[df12db4294e9bfd3]::pin::Pin<&mut sqlx_core[21cf00523ceb784c]::testing::run_test<sqlx_postgres[5af69500f530fc43]::database::Postgres, sqlx_core[21cf00523ceb784c]::testing::run_test_with_pool<sqlx_postgres[5af69500f530fc43]::database::Postgres, fn(sqlx_core[21cf00523ceb784c]::pool::Pool<sqlx_postgres[5af69500f530fc43]::database::Postgres>) -> outlet_postgres[2381a683375fe85a]::tests::test_no_path_filtering_logs_everything::test_no_path_filtering_logs_everything::{closure#0}, outlet_postgres[2381a683375fe85a]::tests::test_no_path_filtering_logs_everything::test_no_path_filtering_logs_everything::{closure#0}>::{closure#0}, sqlx_core[21cf00523ceb784c]::testing::run_test_with_pool<sqlx_postgres[5af69500f530fc43]::database::Postgres, fn(sqlx_core[21cf00523ceb784c]::pool::Pool<sqlx_postgres[5af69500f530fc43]::database::Postgres>) -> outlet_postgres[2381a683375fe85a]::tests::test_no_path_filtering_logs_everything::test_no_path_filtering_logs_everything::{closure#0}, outlet_postgres[2381a683375fe85a]::tests::test_no_path_filtering_logs_everything::test_no_path_filtering_logs_everything::{closure#0}>::{closure#0}::{closure#0}>::{closure#0}>>
[INFO] [stdout]   17:     0x5f752d8afd07 - tokio[294d81b0fbc675b9]::runtime::context::runtime::enter_runtime::<<tokio[294d81b0fbc675b9]::runtime::scheduler::current_thread::CurrentThread>::block_on<sqlx_core[21cf00523ceb784c]::testing::run_test<sqlx_postgres[5af69500f530fc43]::database::Postgres, sqlx_core[21cf00523ceb784c]::testing::run_test_with_pool<sqlx_postgres[5af69500f530fc43]::database::Postgres, fn(sqlx_core[21cf00523ceb784c]::pool::Pool<sqlx_postgres[5af69500f530fc43]::database::Postgres>) -> outlet_postgres[2381a683375fe85a]::tests::test_no_path_filtering_logs_everything::test_no_path_filtering_logs_everything::{closure#0}, outlet_postgres[2381a683375fe85a]::tests::test_no_path_filtering_logs_everything::test_no_path_filtering_logs_everything::{closure#0}>::{closure#0}, sqlx_core[21cf00523ceb784c]::testing::run_test_with_pool<sqlx_postgres[5af69500f530fc43]::database::Postgres, fn(sqlx_core[21cf00523ceb784c]::pool::Pool<sqlx_postgres[5af69500f530fc43]::database::Postgres>) -> outlet_postgres[2381a683375fe85a]::tests::test_no_path_filtering_logs_everything::test_no_path_filtering_logs_everything::{closure#0}, outlet_postgres[2381a683375fe85a]::tests::test_no_path_filtering_logs_everything::test_no_path_filtering_logs_everything::{closure#0}>::{closure#0}::{closure#0}>::{closure#0}>::{closure#0}, ()>
[INFO] [stdout]   18:     0x5f752d840c8e - <tokio[294d81b0fbc675b9]::runtime::runtime::Runtime>::block_on::<sqlx_core[21cf00523ceb784c]::testing::run_test<sqlx_postgres[5af69500f530fc43]::database::Postgres, sqlx_core[21cf00523ceb784c]::testing::run_test_with_pool<sqlx_postgres[5af69500f530fc43]::database::Postgres, fn(sqlx_core[21cf00523ceb784c]::pool::Pool<sqlx_postgres[5af69500f530fc43]::database::Postgres>) -> outlet_postgres[2381a683375fe85a]::tests::test_no_path_filtering_logs_everything::test_no_path_filtering_logs_everything::{closure#0}, outlet_postgres[2381a683375fe85a]::tests::test_no_path_filtering_logs_everything::test_no_path_filtering_logs_everything::{closure#0}>::{closure#0}, sqlx_core[21cf00523ceb784c]::testing::run_test_with_pool<sqlx_postgres[5af69500f530fc43]::database::Postgres, fn(sqlx_core[21cf00523ceb784c]::pool::Pool<sqlx_postgres[5af69500f530fc43]::database::Postgres>) -> outlet_postgres[2381a683375fe85a]::tests::test_no_path_filtering_logs_everything::test_no_path_filtering_logs_everything::{closure#0}, outlet_postgres[2381a683375fe85a]::tests::test_no_path_filtering_logs_everything::test_no_path_filtering_logs_everything::{closure#0}>::{closure#0}::{closure#0}>::{closure#0}>
[INFO] [stdout]   19:     0x5f752d8e953b - sqlx_core[21cf00523ceb784c]::rt::test_block_on::<sqlx_core[21cf00523ceb784c]::testing::run_test<sqlx_postgres[5af69500f530fc43]::database::Postgres, sqlx_core[21cf00523ceb784c]::testing::run_test_with_pool<sqlx_postgres[5af69500f530fc43]::database::Postgres, fn(sqlx_core[21cf00523ceb784c]::pool::Pool<sqlx_postgres[5af69500f530fc43]::database::Postgres>) -> outlet_postgres[2381a683375fe85a]::tests::test_no_path_filtering_logs_everything::test_no_path_filtering_logs_everything::{closure#0}, outlet_postgres[2381a683375fe85a]::tests::test_no_path_filtering_logs_everything::test_no_path_filtering_logs_everything::{closure#0}>::{closure#0}, sqlx_core[21cf00523ceb784c]::testing::run_test_with_pool<sqlx_postgres[5af69500f530fc43]::database::Postgres, fn(sqlx_core[21cf00523ceb784c]::pool::Pool<sqlx_postgres[5af69500f530fc43]::database::Postgres>) -> outlet_postgres[2381a683375fe85a]::tests::test_no_path_filtering_logs_everything::test_no_path_filtering_logs_everything::{closure#0}, outlet_postgres[2381a683375fe85a]::tests::test_no_path_filtering_logs_everything::test_no_path_filtering_logs_everything::{closure#0}>::{closure#0}::{closure#0}>::{closure#0}>
[INFO] [stdout]   20:     0x5f752d8cf9a0 - <outlet_postgres[2381a683375fe85a]::tests::test_no_path_filtering_logs_everything::{closure#0} as core[df12db4294e9bfd3]::ops::function::FnOnce<()>>::call_once
[INFO] [stdout]   21:     0x5f752d8fb6cb - test[9d35eded1c95d3be]::__rust_begin_short_backtrace::<core[df12db4294e9bfd3]::result::Result<(), alloc[2182bb758b4b3781]::string::String>, fn() -> core[df12db4294e9bfd3]::result::Result<(), alloc[2182bb758b4b3781]::string::String>>
[INFO] [stdout]   22:     0x5f752d908d35 - test[9d35eded1c95d3be]::run_test::{closure#0}
[INFO] [stdout]   23:     0x5f752d9025f4 - std[70759c8f55707aa4]::sys::backtrace::__rust_begin_short_backtrace::<test[9d35eded1c95d3be]::run_test::{closure#1}, ()>
[INFO] [stdout]   24:     0x5f752d90be92 - <std[70759c8f55707aa4]::thread::lifecycle::spawn_unchecked<test[9d35eded1c95d3be]::run_test::{closure#1}, ()>::{closure#1} as core[df12db4294e9bfd3]::ops::function::FnOnce<()>>::call_once::{shim:vtable#0}
[INFO] [stdout]   25:     0x5f752def05c9 - <std[70759c8f55707aa4]::sys::thread::unix::Thread>::new::thread_start
[INFO] [stdout]   26:     0x7fa09bf85dfa - <unknown>
[INFO] [stdout]   27:     0x7fa09c0193d4 - clone
[INFO] [stdout]   28:                0x0 - <unknown>
[INFO] [stdout] 
[INFO] [stdout] ---- tests::test_empty_batch_is_noop stdout ----
[INFO] [stdout] 
[INFO] [stdout] thread 'tests::test_empty_batch_is_noop' (3266) panicked at /opt/rustwide/cargo-home/registry/src/index.crates.io-1949cf8c6b5b557f/sqlx-postgres-0.8.6/src/testing/mod.rs:96:44:
[INFO] [stdout] DATABASE_URL must be set: EnvVar(NotPresent)
[INFO] [stdout] stack backtrace:
[INFO] [stdout]    0:     0x5f752def13c1 - <<std[70759c8f55707aa4]::sys::backtrace::BacktraceLock>::print::DisplayBacktrace as core[df12db4294e9bfd3]::fmt::Display>::fmt
[INFO] [stdout]    1:     0x5f752df0915a - core[df12db4294e9bfd3]::fmt::write
[INFO] [stdout]    2:     0x5f752def5e8c - <alloc[2182bb758b4b3781]::vec::Vec<u8> as core[df12db4294e9bfd3]::io::write::Write>::write_fmt
[INFO] [stdout]    3:     0x5f752decc106 - std[70759c8f55707aa4]::panicking::default_hook::{closure#0}
[INFO] [stdout]    4:     0x5f752dee8eb9 - std[70759c8f55707aa4]::panicking::default_hook
[INFO] [stdout]    5:     0x5f752d9083e0 - test[9d35eded1c95d3be]::test_main_inner::<test[9d35eded1c95d3be]::test_main_static::{closure#0}>::{closure#0}
[INFO] [stdout]    6:     0x5f752dee91e2 - std[70759c8f55707aa4]::panicking::panic_with_hook
[INFO] [stdout]    7:     0x5f752decc1b2 - std[70759c8f55707aa4]::panicking::panic_handler::{closure#0}
[INFO] [stdout]    8:     0x5f752dec4a89 - std[70759c8f55707aa4]::sys::backtrace::__rust_end_short_backtrace::<std[70759c8f55707aa4]::panicking::panic_handler::{closure#0}, !>
[INFO] [stdout]    9:     0x5f752decd03d - __rustc[8fa7c3cbc660c2b3]::rust_begin_unwind
[INFO] [stdout]   10:     0x5f752df098bc - core[df12db4294e9bfd3]::panicking::panic_fmt
[INFO] [stdout]   11:     0x5f752df09692 - core[df12db4294e9bfd3]::result::unwrap_failed
[INFO] [stdout]   12:     0x5f752dccdd0e - <sqlx_postgres[5af69500f530fc43]::database::Postgres as sqlx_core[21cf00523ceb784c]::testing::TestSupport>::test_context::{closure#0}
[INFO] [stdout]   13:     0x5f752d7754cb - sqlx_core[21cf00523ceb784c]::testing::run_test::<sqlx_postgres[5af69500f530fc43]::database::Postgres, sqlx_core[21cf00523ceb784c]::testing::run_test_with_pool<sqlx_postgres[5af69500f530fc43]::database::Postgres, fn(sqlx_core[21cf00523ceb784c]::pool::Pool<sqlx_postgres[5af69500f530fc43]::database::Postgres>) -> outlet_postgres[2381a683375fe85a]::tests::test_empty_batch_is_noop::test_empty_batch_is_noop::{closure#0}, outlet_postgres[2381a683375fe85a]::tests::test_empty_batch_is_noop::test_empty_batch_is_noop::{closure#0}>::{closure#0}, sqlx_core[21cf00523ceb784c]::testing::run_test_with_pool<sqlx_postgres[5af69500f530fc43]::database::Postgres, fn(sqlx_core[21cf00523ceb784c]::pool::Pool<sqlx_postgres[5af69500f530fc43]::database::Postgres>) -> outlet_postgres[2381a683375fe85a]::tests::test_empty_batch_is_noop::test_empty_batch_is_noop::{closure#0}, outlet_postgres[2381a683375fe85a]::tests::test_empty_batch_is_noop::test_empty_batch_is_noop::{closure#0}>::{closure#0}::{closure#0}>::{closure#0}
[INFO] [stdout]   14:     0x5f752d82e93e - <tokio[294d81b0fbc675b9]::runtime::scheduler::current_thread::Context>::enter::<core[df12db4294e9bfd3]::task::poll::Poll<()>, <tokio[294d81b0fbc675b9]::runtime::scheduler::current_thread::CoreGuard>::block_on<core[df12db4294e9bfd3]::pin::Pin<&mut sqlx_core[21cf00523ceb784c]::testing::run_test<sqlx_postgres[5af69500f530fc43]::database::Postgres, sqlx_core[21cf00523ceb784c]::testing::run_test_with_pool<sqlx_postgres[5af69500f530fc43]::database::Postgres, fn(sqlx_core[21cf00523ceb784c]::pool::Pool<sqlx_postgres[5af69500f530fc43]::database::Postgres>) -> outlet_postgres[2381a683375fe85a]::tests::test_empty_batch_is_noop::test_empty_batch_is_noop::{closure#0}, outlet_postgres[2381a683375fe85a]::tests::test_empty_batch_is_noop::test_empty_batch_is_noop::{closure#0}>::{closure#0}, sqlx_core[21cf00523ceb784c]::testing::run_test_with_pool<sqlx_postgres[5af69500f530fc43]::database::Postgres, fn(sqlx_core[21cf00523ceb784c]::pool::Pool<sqlx_postgres[5af69500f530fc43]::database::Postgres>) -> outlet_postgres[2381a683375fe85a]::tests::test_empty_batch_is_noop::test_empty_batch_is_noop::{closure#0}, outlet_postgres[2381a683375fe85a]::tests::test_empty_batch_is_noop::test_empty_batch_is_noop::{closure#0}>::{closure#0}::{closure#0}>::{closure#0}>>::{closure#0}::{closure#0}>
[INFO] [stdout]   15:     0x5f752d89184c - <tokio[294d81b0fbc675b9]::runtime::context::scoped::Scoped<tokio[294d81b0fbc675b9]::runtime::scheduler::Context>>::set::<<tokio[294d81b0fbc675b9]::runtime::scheduler::current_thread::CoreGuard>::enter<<tokio[294d81b0fbc675b9]::runtime::scheduler::current_thread::CoreGuard>::block_on<core[df12db4294e9bfd3]::pin::Pin<&mut sqlx_core[21cf00523ceb784c]::testing::run_test<sqlx_postgres[5af69500f530fc43]::database::Postgres, sqlx_core[21cf00523ceb784c]::testing::run_test_with_pool<sqlx_postgres[5af69500f530fc43]::database::Postgres, fn(sqlx_core[21cf00523ceb784c]::pool::Pool<sqlx_postgres[5af69500f530fc43]::database::Postgres>) -> outlet_postgres[2381a683375fe85a]::tests::test_empty_batch_is_noop::test_empty_batch_is_noop::{closure#0}, outlet_postgres[2381a683375fe85a]::tests::test_empty_batch_is_noop::test_empty_batch_is_noop::{closure#0}>::{closure#0}, sqlx_core[21cf00523ceb784c]::testing::run_test_with_pool<sqlx_postgres[5af69500f530fc43]::database::Postgres, fn(sqlx_core[21cf00523ceb784c]::pool::Pool<sqlx_postgres[5af69500f530fc43]::database::Postgres>) -> outlet_postgres[2381a683375fe85a]::tests::test_empty_batch_is_noop::test_empty_batch_is_noop::{closure#0}, outlet_postgres[2381a683375fe85a]::tests::test_empty_batch_is_noop::test_empty_batch_is_noop::{closure#0}>::{closure#0}::{closure#0}>::{closure#0}>>::{closure#0}, core[df12db4294e9bfd3]::option::Option<()>>::{closure#0}, (alloc[2182bb758b4b3781]::boxed::Box<tokio[294d81b0fbc675b9]::runtime::scheduler::current_thread::Core>, core[df12db4294e9bfd3]::option::Option<()>)>
[INFO] [stdout]   16:     0x5f752d830d67 - <tokio[294d81b0fbc675b9]::runtime::scheduler::current_thread::CoreGuard>::block_on::<core[df12db4294e9bfd3]::pin::Pin<&mut sqlx_core[21cf00523ceb784c]::testing::run_test<sqlx_postgres[5af69500f530fc43]::database::Postgres, sqlx_core[21cf00523ceb784c]::testing::run_test_with_pool<sqlx_postgres[5af69500f530fc43]::database::Postgres, fn(sqlx_core[21cf00523ceb784c]::pool::Pool<sqlx_postgres[5af69500f530fc43]::database::Postgres>) -> outlet_postgres[2381a683375fe85a]::tests::test_empty_batch_is_noop::test_empty_batch_is_noop::{closure#0}, outlet_postgres[2381a683375fe85a]::tests::test_empty_batch_is_noop::test_empty_batch_is_noop::{closure#0}>::{closure#0}, sqlx_core[21cf00523ceb784c]::testing::run_test_with_pool<sqlx_postgres[5af69500f530fc43]::database::Postgres, fn(sqlx_core[21cf00523ceb784c]::pool::Pool<sqlx_postgres[5af69500f530fc43]::database::Postgres>) -> outlet_postgres[2381a683375fe85a]::tests::test_empty_batch_is_noop::test_empty_batch_is_noop::{closure#0}, outlet_postgres[2381a683375fe85a]::tests::test_empty_batch_is_noop::test_empty_batch_is_noop::{closure#0}>::{closure#0}::{closure#0}>::{closure#0}>>
[INFO] [stdout]   17:     0x5f752d8ac0a7 - tokio[294d81b0fbc675b9]::runtime::context::runtime::enter_runtime::<<tokio[294d81b0fbc675b9]::runtime::scheduler::current_thread::CurrentThread>::block_on<sqlx_core[21cf00523ceb784c]::testing::run_test<sqlx_postgres[5af69500f530fc43]::database::Postgres, sqlx_core[21cf00523ceb784c]::testing::run_test_with_pool<sqlx_postgres[5af69500f530fc43]::database::Postgres, fn(sqlx_core[21cf00523ceb784c]::pool::Pool<sqlx_postgres[5af69500f530fc43]::database::Postgres>) -> outlet_postgres[2381a683375fe85a]::tests::test_empty_batch_is_noop::test_empty_batch_is_noop::{closure#0}, outlet_postgres[2381a683375fe85a]::tests::test_empty_batch_is_noop::test_empty_batch_is_noop::{closure#0}>::{closure#0}, sqlx_core[21cf00523ceb784c]::testing::run_test_with_pool<sqlx_postgres[5af69500f530fc43]::database::Postgres, fn(sqlx_core[21cf00523ceb784c]::pool::Pool<sqlx_postgres[5af69500f530fc43]::database::Postgres>) -> outlet_postgres[2381a683375fe85a]::tests::test_empty_batch_is_noop::test_empty_batch_is_noop::{closure#0}, outlet_postgres[2381a683375fe85a]::tests::test_empty_batch_is_noop::test_empty_batch_is_noop::{closure#0}>::{closure#0}::{closure#0}>::{closure#0}>::{closure#0}, ()>
[INFO] [stdout]   18:     0x5f752d83f86e - <tokio[294d81b0fbc675b9]::runtime::runtime::Runtime>::block_on::<sqlx_core[21cf00523ceb784c]::testing::run_test<sqlx_postgres[5af69500f530fc43]::database::Postgres, sqlx_core[21cf00523ceb784c]::testing::run_test_with_pool<sqlx_postgres[5af69500f530fc43]::database::Postgres, fn(sqlx_core[21cf00523ceb784c]::pool::Pool<sqlx_postgres[5af69500f530fc43]::database::Postgres>) -> outlet_postgres[2381a683375fe85a]::tests::test_empty_batch_is_noop::test_empty_batch_is_noop::{closure#0}, outlet_postgres[2381a683375fe85a]::tests::test_empty_batch_is_noop::test_empty_batch_is_noop::{closure#0}>::{closure#0}, sqlx_core[21cf00523ceb784c]::testing::run_test_with_pool<sqlx_postgres[5af69500f530fc43]::database::Postgres, fn(sqlx_core[21cf00523ceb784c]::pool::Pool<sqlx_postgres[5af69500f530fc43]::database::Postgres>) -> outlet_postgres[2381a683375fe85a]::tests::test_empty_batch_is_noop::test_empty_batch_is_noop::{closure#0}, outlet_postgres[2381a683375fe85a]::tests::test_empty_batch_is_noop::test_empty_batch_is_noop::{closure#0}>::{closure#0}::{closure#0}>::{closure#0}>
[INFO] [stdout]   19:     0x5f752d8e849b - sqlx_core[21cf00523ceb784c]::rt::test_block_on::<sqlx_core[21cf00523ceb784c]::testing::run_test<sqlx_postgres[5af69500f530fc43]::database::Postgres, sqlx_core[21cf00523ceb784c]::testing::run_test_with_pool<sqlx_postgres[5af69500f530fc43]::database::Postgres, fn(sqlx_core[21cf00523ceb784c]::pool::Pool<sqlx_postgres[5af69500f530fc43]::database::Postgres>) -> outlet_postgres[2381a683375fe85a]::tests::test_empty_batch_is_noop::test_empty_batch_is_noop::{closure#0}, outlet_postgres[2381a683375fe85a]::tests::test_empty_batch_is_noop::test_empty_batch_is_noop::{closure#0}>::{closure#0}, sqlx_core[21cf00523ceb784c]::testing::run_test_with_pool<sqlx_postgres[5af69500f530fc43]::database::Postgres, fn(sqlx_core[21cf00523ceb784c]::pool::Pool<sqlx_postgres[5af69500f530fc43]::database::Postgres>) -> outlet_postgres[2381a683375fe85a]::tests::test_empty_batch_is_noop::test_empty_batch_is_noop::{closure#0}, outlet_postgres[2381a683375fe85a]::tests::test_empty_batch_is_noop::test_empty_batch_is_noop::{closure#0}>::{closure#0}::{closure#0}>::{closure#0}>
[INFO] [stdout]   20:     0x5f752d8cf050 - <outlet_postgres[2381a683375fe85a]::tests::test_empty_batch_is_noop::{closure#0} as core[df12db4294e9bfd3]::ops::function::FnOnce<()>>::call_once
[INFO] [stdout]   21:     0x5f752d8fb6cb - test[9d35eded1c95d3be]::__rust_begin_short_backtrace::<core[df12db4294e9bfd3]::result::Result<(), alloc[2182bb758b4b3781]::string::String>, fn() -> core[df12db4294e9bfd3]::result::Result<(), alloc[2182bb758b4b3781]::string::String>>
[INFO] [stdout]   22:     0x5f752d908d35 - test[9d35eded1c95d3be]::run_test::{closure#0}
[INFO] [stdout]   23:     0x5f752d9025f4 - std[70759c8f55707aa4]::sys::backtrace::__rust_begin_short_backtrace::<test[9d35eded1c95d3be]::run_test::{closure#1}, ()>
[INFO] [stdout]   24:     0x5f752d90be92 - <std[70759c8f55707aa4]::thread::lifecycle::spawn_unchecked<test[9d35eded1c95d3be]::run_test::{closure#1}, ()>::{closure#1} as core[df12db4294e9bfd3]::ops::function::FnOnce<()>>::call_once::{shim:vtable#0}
[INFO] [stdout]   25:     0x5f752def05c9 - <std[70759c8f55707aa4]::sys::thread::unix::Thread>::new::thread_start
[INFO] [stdout]   26:     0x7fa09bf85dfa - <unknown>
[INFO] [stdout]   27:     0x7fa09c0193d4 - clone
[INFO] [stdout]   28:                0x0 - <unknown>
[INFO] [stdout] 
[INFO] [stdout] ---- tests::test_full_request_response_cycle_with_read_write_separation stdout ----
[INFO] [stdout] 
[INFO] [stdout] thread 'tests::test_full_request_response_cycle_with_read_write_separation' (3267) panicked at /opt/rustwide/cargo-home/registry/src/index.crates.io-1949cf8c6b5b557f/sqlx-postgres-0.8.6/src/testing/mod.rs:96:44:
[INFO] [stdout] DATABASE_URL must be set: EnvVar(NotPresent)
[INFO] [stdout] stack backtrace:
[INFO] [stdout]    0:     0x5f752def13c1 - <<std[70759c8f55707aa4]::sys::backtrace::BacktraceLock>::print::DisplayBacktrace as core[df12db4294e9bfd3]::fmt::Display>::fmt
[INFO] [stdout]    1:     0x5f752df0915a - core[df12db4294e9bfd3]::fmt::write
[INFO] [stdout]    2:     0x5f752def5e8c - <alloc[2182bb758b4b3781]::vec::Vec<u8> as core[df12db4294e9bfd3]::io::write::Write>::write_fmt
[INFO] [stdout]    3:     0x5f752decc106 - std[70759c8f55707aa4]::panicking::default_hook::{closure#0}
[INFO] [stdout]    4:     0x5f752dee8eb9 - std[70759c8f55707aa4]::panicking::default_hook
[INFO] [stdout]    5:     0x5f752d9083e0 - test[9d35eded1c95d3be]::test_main_inner::<test[9d35eded1c95d3be]::test_main_static::{closure#0}>::{closure#0}
[INFO] [stdout]    6:     0x5f752dee91e2 - std[70759c8f55707aa4]::panicking::panic_with_hook
[INFO] [stdout]    7:     0x5f752decc1b2 - std[70759c8f55707aa4]::panicking::panic_handler::{closure#0}
[INFO] [stdout]    8:     0x5f752dec4a89 - std[70759c8f55707aa4]::sys::backtrace::__rust_end_short_backtrace::<std[70759c8f55707aa4]::panicking::panic_handler::{closure#0}, !>
[INFO] [stdout]    9:     0x5f752decd03d - __rustc[8fa7c3cbc660c2b3]::rust_begin_unwind
[INFO] [stdout]   10:     0x5f752df098bc - core[df12db4294e9bfd3]::panicking::panic_fmt
[INFO] [stdout]   11:     0x5f752df09692 - core[df12db4294e9bfd3]::result::unwrap_failed
[INFO] [stdout]   12:     0x5f752dccdd0e - <sqlx_postgres[5af69500f530fc43]::database::Postgres as sqlx_core[21cf00523ceb784c]::testing::TestSupport>::test_context::{closure#0}
[INFO] [stdout]   13:     0x5f752d79047e - sqlx_core[21cf00523ceb784c]::testing::run_test::<sqlx_postgres[5af69500f530fc43]::database::Postgres, sqlx_core[21cf00523ceb784c]::testing::run_test_with_pool<sqlx_postgres[5af69500f530fc43]::database::Postgres, fn(sqlx_core[21cf00523ceb784c]::pool::Pool<sqlx_postgres[5af69500f530fc43]::database::Postgres>) -> outlet_postgres[2381a683375fe85a]::tests::test_full_request_response_cycle_with_read_write_separation::test_full_request_response_cycle_with_read_write_separation::{closure#0}, outlet_postgres[2381a683375fe85a]::tests::test_full_request_response_cycle_with_read_write_separation::test_full_request_response_cycle_with_read_write_separation::{closure#0}>::{closure#0}, sqlx_core[21cf00523ceb784c]::testing::run_test_with_pool<sqlx_postgres[5af69500f530fc43]::database::Postgres, fn(sqlx_core[21cf00523ceb784c]::pool::Pool<sqlx_postgres[5af69500f530fc43]::database::Postgres>) -> outlet_postgres[2381a683375fe85a]::tests::test_full_request_response_cycle_with_read_write_separation::test_full_request_response_cycle_with_read_write_separation::{closure#0}, outlet_postgres[2381a683375fe85a]::tests::test_full_request_response_cycle_with_read_write_separation::test_full_request_response_cycle_with_read_write_separation::{closure#0}>::{closure#0}::{closure#0}>::{closure#0}
[INFO] [stdout]   14:     0x5f752d83023e - <tokio[294d81b0fbc675b9]::runtime::scheduler::current_thread::Context>::enter::<core[df12db4294e9bfd3]::task::poll::Poll<()>, <tokio[294d81b0fbc675b9]::runtime::scheduler::current_thread::CoreGuard>::block_on<core[df12db4294e9bfd3]::pin::Pin<&mut sqlx_core[21cf00523ceb784c]::testing::run_test<sqlx_postgres[5af69500f530fc43]::database::Postgres, sqlx_core[21cf00523ceb784c]::testing::run_test_with_pool<sqlx_postgres[5af69500f530fc43]::database::Postgres, fn(sqlx_core[21cf00523ceb784c]::pool::Pool<sqlx_postgres[5af69500f530fc43]::database::Postgres>) -> outlet_postgres[2381a683375fe85a]::tests::test_full_request_response_cycle_with_read_write_separation::test_full_request_response_cycle_with_read_write_separation::{closure#0}, outlet_postgres[2381a683375fe85a]::tests::test_full_request_response_cycle_with_read_write_separation::test_full_request_response_cycle_with_read_write_separation::{closure#0}>::{closure#0}, sqlx_core[21cf00523ceb784c]::testing::run_test_with_pool<sqlx_postgres[5af69500f530fc43]::database::Postgres, fn(sqlx_core[21cf00523ceb784c]::pool::Pool<sqlx_postgres[5af69500f530fc43]::database::Postgres>) -> outlet_postgres[2381a683375fe85a]::tests::test_full_request_response_cycle_with_read_write_separation::test_full_request_response_cycle_with_read_write_separation::{closure#0}, outlet_postgres[2381a683375fe85a]::tests::test_full_request_response_cycle_with_read_write_separation::test_full_request_response_cycle_with_read_write_separation::{closure#0}>::{closure#0}::{closure#0}>::{closure#0}>>::{closure#0}::{closure#0}>
[INFO] [stdout]   15:     0x5f752d89364c - <tokio[294d81b0fbc675b9]::runtime::context::scoped::Scoped<tokio[294d81b0fbc675b9]::runtime::scheduler::Context>>::set::<<tokio[294d81b0fbc675b9]::runtime::scheduler::current_thread::CoreGuard>::enter<<tokio[294d81b0fbc675b9]::runtime::scheduler::current_thread::CoreGuard>::block_on<core[df12db4294e9bfd3]::pin::Pin<&mut sqlx_core[21cf00523ceb784c]::testing::run_test<sqlx_postgres[5af69500f530fc43]::database::Postgres, sqlx_core[21cf00523ceb784c]::testing::run_test_with_pool<sqlx_postgres[5af69500f530fc43]::database::Postgres, fn(sqlx_core[21cf00523ceb784c]::pool::Pool<sqlx_postgres[5af69500f530fc43]::database::Postgres>) -> outlet_postgres[2381a683375fe85a]::tests::test_full_request_response_cycle_with_read_write_separation::test_full_request_response_cycle_with_read_write_separation::{closure#0}, outlet_postgres[2381a683375fe85a]::tests::test_full_request_response_cycle_with_read_write_separation::test_full_request_response_cycle_with_read_write_separation::{closure#0}>::{closure#0}, sqlx_core[21cf00523ceb784c]::testing::run_test_with_pool<sqlx_postgres[5af69500f530fc43]::database::Postgres, fn(sqlx_core[21cf00523ceb784c]::pool::Pool<sqlx_postgres[5af69500f530fc43]::database::Postgres>) -> outlet_postgres[2381a683375fe85a]::tests::test_full_request_response_cycle_with_read_write_separation::test_full_request_response_cycle_with_read_write_separation::{closure#0}, outlet_postgres[2381a683375fe85a]::tests::test_full_request_response_cycle_with_read_write_separation::test_full_request_response_cycle_with_read_write_separation::{closure#0}>::{closure#0}::{closure#0}>::{closure#0}>>::{closure#0}, core[df12db4294e9bfd3]::option::Option<()>>::{closure#0}, (alloc[2182bb758b4b3781]::boxed::Box<tokio[294d81b0fbc675b9]::runtime::scheduler::current_thread::Core>, core[df12db4294e9bfd3]::option::Option<()>)>
[INFO] [stdout]   16:     0x5f752d832c67 - <tokio[294d81b0fbc675b9]::runtime::scheduler::current_thread::CoreGuard>::block_on::<core[df12db4294e9bfd3]::pin::Pin<&mut sqlx_core[21cf00523ceb784c]::testing::run_test<sqlx_postgres[5af69500f530fc43]::database::Postgres, sqlx_core[21cf00523ceb784c]::testing::run_test_with_pool<sqlx_postgres[5af69500f530fc43]::database::Postgres, fn(sqlx_core[21cf00523ceb784c]::pool::Pool<sqlx_postgres[5af69500f530fc43]::database::Postgres>) -> outlet_postgres[2381a683375fe85a]::tests::test_full_request_response_cycle_with_read_write_separation::test_full_request_response_cycle_with_read_write_separation::{closure#0}, outlet_postgres[2381a683375fe85a]::tests::test_full_request_response_cycle_with_read_write_separation::test_full_request_response_cycle_with_read_write_separation::{closure#0}>::{closure#0}, sqlx_core[21cf00523ceb784c]::testing::run_test_with_pool<sqlx_postgres[5af69500f530fc43]::database::Postgres, fn(sqlx_core[21cf00523ceb784c]::pool::Pool<sqlx_postgres[5af69500f530fc43]::database::Postgres>) -> outlet_postgres[2381a683375fe85a]::tests::test_full_request_response_cycle_with_read_write_separation::test_full_request_response_cycle_with_read_write_separation::{closure#0}, outlet_postgres[2381a683375fe85a]::tests::test_full_request_response_cycle_with_read_write_separation::test_full_request_response_cycle_with_read_write_separation::{closure#0}>::{closure#0}::{closure#0}>::{closure#0}>>
[INFO] [stdout]   17:     0x5f752d8b05a7 - tokio[294d81b0fbc675b9]::runtime::context::runtime::enter_runtime::<<tokio[294d81b0fbc675b9]::runtime::scheduler::current_thread::CurrentThread>::block_on<sqlx_core[21cf00523ceb784c]::testing::run_test<sqlx_postgres[5af69500f530fc43]::database::Postgres, sqlx_core[21cf00523ceb784c]::testing::run_test_with_pool<sqlx_postgres[5af69500f530fc43]::database::Postgres, fn(sqlx_core[21cf00523ceb784c]::pool::Pool<sqlx_postgres[5af69500f530fc43]::database::Postgres>) -> outlet_postgres[2381a683375fe85a]::tests::test_full_request_response_cycle_with_read_write_separation::test_full_request_response_cycle_with_read_write_separation::{closure#0}, outlet_postgres[2381a683375fe85a]::tests::test_full_request_response_cycle_with_read_write_separation::test_full_request_response_cycle_with_read_write_separation::{closure#0}>::{closure#0}, sqlx_core[21cf00523ceb784c]::testing::run_test_with_pool<sqlx_postgres[5af69500f530fc43]::database::Postgres, fn(sqlx_core[21cf00523ceb784c]::pool::Pool<sqlx_postgres[5af69500f530fc43]::database::Postgres>) -> outlet_postgres[2381a683375fe85a]::tests::test_full_request_response_cycle_with_read_write_separation::test_full_request_response_cycle_with_read_write_separation::{closure#0}, outlet_postgres[2381a683375fe85a]::tests::test_full_request_response_cycle_with_read_write_separation::test_full_request_response_cycle_with_read_write_separation::{closure#0}>::{closure#0}::{closure#0}>::{closure#0}>::{closure#0}, ()>
[INFO] [stdout]   18:     0x5f752d840f6e - <tokio[294d81b0fbc675b9]::runtime::runtime::Runtime>::block_on::<sqlx_core[21cf00523ceb784c]::testing::run_test<sqlx_postgres[5af69500f530fc43]::database::Postgres, sqlx_core[21cf00523ceb784c]::testing::run_test_with_pool<sqlx_postgres[5af69500f530fc43]::database::Postgres, fn(sqlx_core[21cf00523ceb784c]::pool::Pool<sqlx_postgres[5af69500f530fc43]::database::Postgres>) -> outlet_postgres[2381a683375fe85a]::tests::test_full_request_response_cycle_with_read_write_separation::test_full_request_response_cycle_with_read_write_separation::{closure#0}, outlet_postgres[2381a683375fe85a]::tests::test_full_request_response_cycle_with_read_write_separation::test_full_request_response_cycle_with_read_write_separation::{closure#0}>::{closure#0}, sqlx_core[21cf00523ceb784c]::testing::run_test_with_pool<sqlx_postgres[5af69500f530fc43]::database::Postgres, fn(sqlx_core[21cf00523ceb784c]::pool::Pool<sqlx_postgres[5af69500f530fc43]::database::Postgres>) -> outlet_postgres[2381a683375fe85a]::tests::test_full_request_response_cycle_with_read_write_separation::test_full_request_response_cycle_with_read_write_separation::{closure#0}, outlet_postgres[2381a683375fe85a]::tests::test_full_request_response_cycle_with_read_write_separation::test_full_request_response_cycle_with_read_write_separation::{closure#0}>::{closure#0}::{closure#0}>::{closure#0}>
[INFO] [stdout]   19:     0x5f752d8e979b - sqlx_core[21cf00523ceb784c]::rt::test_block_on::<sqlx_core[21cf00523ceb784c]::testing::run_test<sqlx_postgres[5af69500f530fc43]::database::Postgres, sqlx_core[21cf00523ceb784c]::testing::run_test_with_pool<sqlx_postgres[5af69500f530fc43]::database::Postgres, fn(sqlx_core[21cf00523ceb784c]::pool::Pool<sqlx_postgres[5af69500f530fc43]::database::Postgres>) -> outlet_postgres[2381a683375fe85a]::tests::test_full_request_response_cycle_with_read_write_separation::test_full_request_response_cycle_with_read_write_separation::{closure#0}, outlet_postgres[2381a683375fe85a]::tests::test_full_request_response_cycle_with_read_write_separation::test_full_request_response_cycle_with_read_write_separation::{closure#0}>::{closure#0}, sqlx_core[21cf00523ceb784c]::testing::run_test_with_pool<sqlx_postgres[5af69500f530fc43]::database::Postgres, fn(sqlx_core[21cf00523ceb784c]::pool::Pool<sqlx_postgres[5af69500f530fc43]::database::Postgres>) -> outlet_postgres[2381a683375fe85a]::tests::test_full_request_response_cycle_with_read_write_separation::test_full_request_response_cycle_with_read_write_separation::{closure#0}, outlet_postgres[2381a683375fe85a]::tests::test_full_request_response_cycle_with_read_write_separation::test_full_request_response_cycle_with_read_write_separation::{closure#0}>::{closure#0}::{closure#0}>::{closure#0}>
[INFO] [stdout]   20:     0x5f752d8cfb00 - <outlet_postgres[2381a683375fe85a]::tests::test_full_request_response_cycle_with_read_write_separation::{closure#0} as core[df12db4294e9bfd3]::ops::function::FnOnce<()>>::call_once
[INFO] [stdout]   21:     0x5f752d8fb6cb - test[9d35eded1c95d3be]::__rust_begin_short_backtrace::<core[df12db4294e9bfd3]::result::Result<(), alloc[2182bb758b4b3781]::string::String>, fn() -> core[df12db4294e9bfd3]::result::Result<(), alloc[2182bb758b4b3781]::string::String>>
[INFO] [stdout]   22:     0x5f752d908d35 - test[9d35eded1c95d3be]::run_test::{closure#0}
[INFO] [stdout]   23:     0x5f752d9025f4 - std[70759c8f55707aa4]::sys::backtrace::__rust_begin_short_backtrace::<test[9d35eded1c95d3be]::run_test::{closure#1}, ()>
[INFO] [stdout]   24:     0x5f752d90be92 - <std[70759c8f55707aa4]::thread::lifecycle::spawn_unchecked<test[9d35eded1c95d3be]::run_test::{closure#1}, ()>::{closure#1} as core[df12db4294e9bfd3]::ops::function::FnOnce<()>>::call_once::{shim:vtable#0}
[INFO] [stdout]   25:     0x5f752def05c9 - <std[70759c8f55707aa4]::sys::thread::unix::Thread>::new::thread_start
[INFO] [stdout]   26:     0x7fa09bf85dfa - <unknown>
[INFO] [stdout]   27:     0x7fa09c0193d4 - clone
[INFO] [stdout]   28:                0x0 - <unknown>
[INFO] [stdout] 
[INFO] [stdout] ---- tests::test_replica_pool_rejects_writes stdout ----
[INFO] [stdout] 
[INFO] [stdout] thread 'tests::test_replica_pool_rejects_writes' (3276) panicked at /opt/rustwide/cargo-home/registry/src/index.crates.io-1949cf8c6b5b557f/sqlx-postgres-0.8.6/src/testing/mod.rs:96:44:
[INFO] [stdout] DATABASE_URL must be set: EnvVar(NotPresent)
[INFO] [stdout] stack backtrace:
[INFO] [stdout]    0:     0x5f752def13c1 - <<std[70759c8f55707aa4]::sys::backtrace::BacktraceLock>::print::DisplayBacktrace as core[df12db4294e9bfd3]::fmt::Display>::fmt
[INFO] [stdout]    1:     0x5f752df0915a - core[df12db4294e9bfd3]::fmt::write
[INFO] [stdout]    2:     0x5f752def5e8c - <alloc[2182bb758b4b3781]::vec::Vec<u8> as core[df12db4294e9bfd3]::io::write::Write>::write_fmt
[INFO] [stdout]    3:     0x5f752decc106 - std[70759c8f55707aa4]::panicking::default_hook::{closure#0}
[INFO] [stdout]    4:     0x5f752dee8eb9 - std[70759c8f55707aa4]::panicking::default_hook
[INFO] [stdout]    5:     0x5f752d9083e0 - test[9d35eded1c95d3be]::test_main_inner::<test[9d35eded1c95d3be]::test_main_static::{closure#0}>::{closure#0}
[INFO] [stdout]    6:     0x5f752dee91e2 - std[70759c8f55707aa4]::panicking::panic_with_hook
[INFO] [stdout]    7:     0x5f752decc1b2 - std[70759c8f55707aa4]::panicking::panic_handler::{closure#0}
[INFO] [stdout]    8:     0x5f752dec4a89 - std[70759c8f55707aa4]::sys::backtrace::__rust_end_short_backtrace::<std[70759c8f55707aa4]::panicking::panic_handler::{closure#0}, !>
[INFO] [stdout]    9:     0x5f752decd03d - __rustc[8fa7c3cbc660c2b3]::rust_begin_unwind
[INFO] [stdout]   10:     0x5f752df098bc - core[df12db4294e9bfd3]::panicking::panic_fmt
[INFO] [stdout]   11:     0x5f752df09692 - core[df12db4294e9bfd3]::result::unwrap_failed
[INFO] [stdout]   12:     0x5f752dccdd0e - <sqlx_postgres[5af69500f530fc43]::database::Postgres as sqlx_core[21cf00523ceb784c]::testing::TestSupport>::test_context::{closure#0}
[INFO] [stdout]   13:     0x5f752d77ddaa - sqlx_core[21cf00523ceb784c]::testing::run_test::<sqlx_postgres[5af69500f530fc43]::database::Postgres, sqlx_core[21cf00523ceb784c]::testing::run_test_with_pool<sqlx_postgres[5af69500f530fc43]::database::Postgres, fn(sqlx_core[21cf00523ceb784c]::pool::Pool<sqlx_postgres[5af69500f530fc43]::database::Postgres>) -> outlet_postgres[2381a683375fe85a]::tests::test_replica_pool_rejects_writes::test_replica_pool_rejects_writes::{closure#0}, outlet_postgres[2381a683375fe85a]::tests::test_replica_pool_rejects_writes::test_replica_pool_rejects_writes::{closure#0}>::{closure#0}, sqlx_core[21cf00523ceb784c]::testing::run_test_with_pool<sqlx_postgres[5af69500f530fc43]::database::Postgres, fn(sqlx_core[21cf00523ceb784c]::pool::Pool<sqlx_postgres[5af69500f530fc43]::database::Postgres>) -> outlet_postgres[2381a683375fe85a]::tests::test_replica_pool_rejects_writes::test_replica_pool_rejects_writes::{closure#0}, outlet_postgres[2381a683375fe85a]::tests::test_replica_pool_rejects_writes::test_replica_pool_rejects_writes::{closure#0}>::{closure#0}::{closure#0}>::{closure#0}
[INFO] [stdout]   14:     0x5f752d82f42e - <tokio[294d81b0fbc675b9]::runtime::scheduler::current_thread::Context>::enter::<core[df12db4294e9bfd3]::task::poll::Poll<()>, <tokio[294d81b0fbc675b9]::runtime::scheduler::current_thread::CoreGuard>::block_on<core[df12db4294e9bfd3]::pin::Pin<&mut sqlx_core[21cf00523ceb784c]::testing::run_test<sqlx_postgres[5af69500f530fc43]::database::Postgres, sqlx_core[21cf00523ceb784c]::testing::run_test_with_pool<sqlx_postgres[5af69500f530fc43]::database::Postgres, fn(sqlx_core[21cf00523ceb784c]::pool::Pool<sqlx_postgres[5af69500f530fc43]::database::Postgres>) -> outlet_postgres[2381a683375fe85a]::tests::test_replica_pool_rejects_writes::test_replica_pool_rejects_writes::{closure#0}, outlet_postgres[2381a683375fe85a]::tests::test_replica_pool_rejects_writes::test_replica_pool_rejects_writes::{closure#0}>::{closure#0}, sqlx_core[21cf00523ceb784c]::testing::run_test_with_pool<sqlx_postgres[5af69500f530fc43]::database::Postgres, fn(sqlx_core[21cf00523ceb784c]::pool::Pool<sqlx_postgres[5af69500f530fc43]::database::Postgres>) -> outlet_postgres[2381a683375fe85a]::tests::test_replica_pool_rejects_writes::test_replica_pool_rejects_writes::{closure#0}, outlet_postgres[2381a683375fe85a]::tests::test_replica_pool_rejects_writes::test_replica_pool_rejects_writes::{closure#0}>::{closure#0}::{closure#0}>::{closure#0}>>::{closure#0}::{closure#0}>
[INFO] [stdout]   15:     0x5f752d89256c - <tokio[294d81b0fbc675b9]::runtime::context::scoped::Scoped<tokio[294d81b0fbc675b9]::runtime::scheduler::Context>>::set::<<tokio[294d81b0fbc675b9]::runtime::scheduler::current_thread::CoreGuard>::enter<<tokio[294d81b0fbc675b9]::runtime::scheduler::current_thread::CoreGuard>::block_on<core[df12db4294e9bfd3]::pin::Pin<&mut sqlx_core[21cf00523ceb784c]::testing::run_test<sqlx_postgres[5af69500f530fc43]::database::Postgres, sqlx_core[21cf00523ceb784c]::testing::run_test_with_pool<sqlx_postgres[5af69500f530fc43]::database::Postgres, fn(sqlx_core[21cf00523ceb784c]::pool::Pool<sqlx_postgres[5af69500f530fc43]::database::Postgres>) -> outlet_postgres[2381a683375fe85a]::tests::test_replica_pool_rejects_writes::test_replica_pool_rejects_writes::{closure#0}, outlet_postgres[2381a683375fe85a]::tests::test_replica_pool_rejects_writes::test_replica_pool_rejects_writes::{closure#0}>::{closure#0}, sqlx_core[21cf00523ceb784c]::testing::run_test_with_pool<sqlx_postgres[5af69500f530fc43]::database::Postgres, fn(sqlx_core[21cf00523ceb784c]::pool::Pool<sqlx_postgres[5af69500f530fc43]::database::Postgres>) -> outlet_postgres[2381a683375fe85a]::tests::test_replica_pool_rejects_writes::test_replica_pool_rejects_writes::{closure#0}, outlet_postgres[2381a683375fe85a]::tests::test_replica_pool_rejects_writes::test_replica_pool_rejects_writes::{closure#0}>::{closure#0}::{closure#0}>::{closure#0}>>::{closure#0}, core[df12db4294e9bfd3]::option::Option<()>>::{closure#0}, (alloc[2182bb758b4b3781]::boxed::Box<tokio[294d81b0fbc675b9]::runtime::scheduler::current_thread::Core>, core[df12db4294e9bfd3]::option::Option<()>)>
[INFO] [stdout]   16:     0x5f752d831af7 - <tokio[294d81b0fbc675b9]::runtime::scheduler::current_thread::CoreGuard>::block_on::<core[df12db4294e9bfd3]::pin::Pin<&mut sqlx_core[21cf00523ceb784c]::testing::run_test<sqlx_postgres[5af69500f530fc43]::database::Postgres, sqlx_core[21cf00523ceb784c]::testing::run_test_with_pool<sqlx_postgres[5af69500f530fc43]::database::Postgres, fn(sqlx_core[21cf00523ceb784c]::pool::Pool<sqlx_postgres[5af69500f530fc43]::database::Postgres>) -> outlet_postgres[2381a683375fe85a]::tests::test_replica_pool_rejects_writes::test_replica_pool_rejects_writes::{closure#0}, outlet_postgres[2381a683375fe85a]::tests::test_replica_pool_rejects_writes::test_replica_pool_rejects_writes::{closure#0}>::{closure#0}, sqlx_core[21cf00523ceb784c]::testing::run_test_with_pool<sqlx_postgres[5af69500f530fc43]::database::Postgres, fn(sqlx_core[21cf00523ceb784c]::pool::Pool<sqlx_postgres[5af69500f530fc43]::database::Postgres>) -> outlet_postgres[2381a683375fe85a]::tests::test_replica_pool_rejects_writes::test_replica_pool_rejects_writes::{closure#0}, outlet_postgres[2381a683375fe85a]::tests::test_replica_pool_rejects_writes::test_replica_pool_rejects_writes::{closure#0}>::{closure#0}::{closure#0}>::{closure#0}>>
[INFO] [stdout]   17:     0x5f752d8aded7 - tokio[294d81b0fbc675b9]::runtime::context::runtime::enter_runtime::<<tokio[294d81b0fbc675b9]::runtime::scheduler::current_thread::CurrentThread>::block_on<sqlx_core[21cf00523ceb784c]::testing::run_test<sqlx_postgres[5af69500f530fc43]::database::Postgres, sqlx_core[21cf00523ceb784c]::testing::run_test_with_pool<sqlx_postgres[5af69500f530fc43]::database::Postgres, fn(sqlx_core[21cf00523ceb784c]::pool::Pool<sqlx_postgres[5af69500f530fc43]::database::Postgres>) -> outlet_postgres[2381a683375fe85a]::tests::test_replica_pool_rejects_writes::test_replica_pool_rejects_writes::{closure#0}, outlet_postgres[2381a683375fe85a]::tests::test_replica_pool_rejects_writes::test_replica_pool_rejects_writes::{closure#0}>::{closure#0}, sqlx_core[21cf00523ceb784c]::testing::run_test_with_pool<sqlx_postgres[5af69500f530fc43]::database::Postgres, fn(sqlx_core[21cf00523ceb784c]::pool::Pool<sqlx_postgres[5af69500f530fc43]::database::Postgres>) -> outlet_postgres[2381a683375fe85a]::tests::test_replica_pool_rejects_writes::test_replica_pool_rejects_writes::{closure#0}, outlet_postgres[2381a683375fe85a]::tests::test_replica_pool_rejects_writes::test_replica_pool_rejects_writes::{closure#0}>::{closure#0}::{closure#0}>::{closure#0}>::{closure#0}, ()>
[INFO] [stdout]   18:     0x5f752d84027e - <tokio[294d81b0fbc675b9]::runtime::runtime::Runtime>::block_on::<sqlx_core[21cf00523ceb784c]::testing::run_test<sqlx_postgres[5af69500f530fc43]::database::Postgres, sqlx_core[21cf00523ceb784c]::testing::run_test_with_pool<sqlx_postgres[5af69500f530fc43]::database::Postgres, fn(sqlx_core[21cf00523ceb784c]::pool::Pool<sqlx_postgres[5af69500f530fc43]::database::Postgres>) -> outlet_postgres[2381a683375fe85a]::tests::test_replica_pool_rejects_writes::test_replica_pool_rejects_writes::{closure#0}, outlet_postgres[2381a683375fe85a]::tests::test_replica_pool_rejects_writes::test_replica_pool_rejects_writes::{closure#0}>::{closure#0}, sqlx_core[21cf00523ceb784c]::testing::run_test_with_pool<sqlx_postgres[5af69500f530fc43]::database::Postgres, fn(sqlx_core[21cf00523ceb784c]::pool::Pool<sqlx_postgres[5af69500f530fc43]::database::Postgres>) -> outlet_postgres[2381a683375fe85a]::tests::test_replica_pool_rejects_writes::test_replica_pool_rejects_writes::{closure#0}, outlet_postgres[2381a683375fe85a]::tests::test_replica_pool_rejects_writes::test_replica_pool_rejects_writes::{closure#0}>::{closure#0}::{closure#0}>::{closure#0}>
[INFO] [stdout]   19:     0x5f752d8e8ceb - sqlx_core[21cf00523ceb784c]::rt::test_block_on::<sqlx_core[21cf00523ceb784c]::testing::run_test<sqlx_postgres[5af69500f530fc43]::database::Postgres, sqlx_core[21cf00523ceb784c]::testing::run_test_with_pool<sqlx_postgres[5af69500f530fc43]::database::Postgres, fn(sqlx_core[21cf00523ceb784c]::pool::Pool<sqlx_postgres[5af69500f530fc43]::database::Postgres>) -> outlet_postgres[2381a683375fe85a]::tests::test_replica_pool_rejects_writes::test_replica_pool_rejects_writes::{closure#0}, outlet_postgres[2381a683375fe85a]::tests::test_replica_pool_rejects_writes::test_replica_pool_rejects_writes::{closure#0}>::{closure#0}, sqlx_core[21cf00523ceb784c]::testing::run_test_with_pool<sqlx_postgres[5af69500f530fc43]::database::Postgres, fn(sqlx_core[21cf00523ceb784c]::pool::Pool<sqlx_postgres[5af69500f530fc43]::database::Postgres>) -> outlet_postgres[2381a683375fe85a]::tests::test_replica_pool_rejects_writes::test_replica_pool_rejects_writes::{closure#0}, outlet_postgres[2381a683375fe85a]::tests::test_replica_pool_rejects_writes::test_replica_pool_rejects_writes::{closure#0}>::{closure#0}::{closure#0}>::{closure#0}>
[INFO] [stdout]   20:     0x5f752d8cf4f0 - <outlet_postgres[2381a683375fe85a]::tests::test_replica_pool_rejects_writes::{closure#0} as core[df12db4294e9bfd3]::ops::function::FnOnce<()>>::call_once
[INFO] [stdout]   21:     0x5f752d8fb6cb - test[9d35eded1c95d3be]::__rust_begin_short_backtrace::<core[df12db4294e9bfd3]::result::Result<(), alloc[2182bb758b4b3781]::string::String>, fn() -> core[df12db4294e9bfd3]::result::Result<(), alloc[2182bb758b4b3781]::string::String>>
[INFO] [stdout]   22:     0x5f752d908d35 - test[9d35eded1c95d3be]::run_test::{closure#0}
[INFO] [stdout]   23:     0x5f752d9025f4 - std[70759c8f55707aa4]::sys::backtrace::__rust_begin_short_backtrace::<test[9d35eded1c95d3be]::run_test::{closure#1}, ()>
[INFO] [stdout]   24:     0x5f752d90be92 - <std[70759c8f55707aa4]::thread::lifecycle::spawn_unchecked<test[9d35eded1c95d3be]::run_test::{closure#1}, ()>::{closure#1} as core[df12db4294e9bfd3]::ops::function::FnOnce<()>>::call_once::{shim:vtable#0}
[INFO] [stdout]   25:     0x5f752def05c9 - <std[70759c8f55707aa4]::sys::thread::unix::Thread>::new::thread_start
[INFO] [stdout]   26:     0x7fa09bf85dfa - <unknown>
[INFO] [stdout]   27:     0x7fa09c0193d4 - clone
[INFO] [stdout]   28:                0x0 - <unknown>
[INFO] [stdout] 
[INFO] [stdout] ---- tests::test_repository_queries_use_read_pool stdout ----
[INFO] [stdout] 
[INFO] [stdout] thread 'tests::test_repository_queries_use_read_pool' (3277) panicked at /opt/rustwide/cargo-home/registry/src/index.crates.io-1949cf8c6b5b557f/sqlx-postgres-0.8.6/src/testing/mod.rs:96:44:
[INFO] [stdout] DATABASE_URL must be set: EnvVar(NotPresent)
[INFO] [stdout] stack backtrace:
[INFO] [stdout]    0:     0x5f752def13c1 - <<std[70759c8f55707aa4]::sys::backtrace::BacktraceLock>::print::DisplayBacktrace as core[df12db4294e9bfd3]::fmt::Display>::fmt
[INFO] [stdout]    1:     0x5f752df0915a - core[df12db4294e9bfd3]::fmt::write
[INFO] [stdout]    2:     0x5f752def5e8c - <alloc[2182bb758b4b3781]::vec::Vec<u8> as core[df12db4294e9bfd3]::io::write::Write>::write_fmt
[INFO] [stdout]    3:     0x5f752decc106 - std[70759c8f55707aa4]::panicking::default_hook::{closure#0}
[INFO] [stdout]    4:     0x5f752dee8eb9 - std[70759c8f55707aa4]::panicking::default_hook
[INFO] [stdout]    5:     0x5f752d9083e0 - test[9d35eded1c95d3be]::test_main_inner::<test[9d35eded1c95d3be]::test_main_static::{closure#0}>::{closure#0}
[INFO] [stdout]    6:     0x5f752dee91e2 - std[70759c8f55707aa4]::panicking::panic_with_hook
[INFO] [stdout]    7:     0x5f752decc1b2 - std[70759c8f55707aa4]::panicking::panic_handler::{closure#0}
[INFO] [stdout]    8:     0x5f752dec4a89 - std[70759c8f55707aa4]::sys::backtrace::__rust_end_short_backtrace::<std[70759c8f55707aa4]::panicking::panic_handler::{closure#0}, !>
[INFO] [stdout]    9:     0x5f752decd03d - __rustc[8fa7c3cbc660c2b3]::rust_begin_unwind
[INFO] [stdout]   10:     0x5f752df098bc - core[df12db4294e9bfd3]::panicking::panic_fmt
[INFO] [stdout]   11:     0x5f752df09692 - core[df12db4294e9bfd3]::result::unwrap_failed
[INFO] [stdout]   12:     0x5f752dccdd0e - <sqlx_postgres[5af69500f530fc43]::database::Postgres as sqlx_core[21cf00523ceb784c]::testing::TestSupport>::test_context::{closure#0}
[INFO] [stdout]   13:     0x5f752d789a02 - sqlx_core[21cf00523ceb784c]::testing::run_test::<sqlx_postgres[5af69500f530fc43]::database::Postgres, sqlx_core[21cf00523ceb784c]::testing::run_test_with_pool<sqlx_postgres[5af69500f530fc43]::database::Postgres, fn(sqlx_core[21cf00523ceb784c]::pool::Pool<sqlx_postgres[5af69500f530fc43]::database::Postgres>) -> outlet_postgres[2381a683375fe85a]::tests::test_repository_queries_use_read_pool::test_repository_queries_use_read_pool::{closure#0}, outlet_postgres[2381a683375fe85a]::tests::test_repository_queries_use_read_pool::test_repository_queries_use_read_pool::{closure#0}>::{closure#0}, sqlx_core[21cf00523ceb784c]::testing::run_test_with_pool<sqlx_postgres[5af69500f530fc43]::database::Postgres, fn(sqlx_core[21cf00523ceb784c]::pool::Pool<sqlx_postgres[5af69500f530fc43]::database::Postgres>) -> outlet_postgres[2381a683375fe85a]::tests::test_repository_queries_use_read_pool::test_repository_queries_use_read_pool::{closure#0}, outlet_postgres[2381a683375fe85a]::tests::test_repository_queries_use_read_pool::test_repository_queries_use_read_pool::{closure#0}>::{closure#0}::{closure#0}>::{closure#0}
[INFO] [stdout]   14:     0x5f752d82fd8e - <tokio[294d81b0fbc675b9]::runtime::scheduler::current_thread::Context>::enter::<core[df12db4294e9bfd3]::task::poll::Poll<()>, <tokio[294d81b0fbc675b9]::runtime::scheduler::current_thread::CoreGuard>::block_on<core[df12db4294e9bfd3]::pin::Pin<&mut sqlx_core[21cf00523ceb784c]::testing::run_test<sqlx_postgres[5af69500f530fc43]::database::Postgres, sqlx_core[21cf00523ceb784c]::testing::run_test_with_pool<sqlx_postgres[5af69500f530fc43]::database::Postgres, fn(sqlx_core[21cf00523ceb784c]::pool::Pool<sqlx_postgres[5af69500f530fc43]::database::Postgres>) -> outlet_postgres[2381a683375fe85a]::tests::test_repository_queries_use_read_pool::test_repository_queries_use_read_pool::{closure#0}, outlet_postgres[2381a683375fe85a]::tests::test_repository_queries_use_read_pool::test_repository_queries_use_read_pool::{closure#0}>::{closure#0}, sqlx_core[21cf00523ceb784c]::testing::run_test_with_pool<sqlx_postgres[5af69500f530fc43]::database::Postgres, fn(sqlx_core[21cf00523ceb784c]::pool::Pool<sqlx_postgres[5af69500f530fc43]::database::Postgres>) -> outlet_postgres[2381a683375fe85a]::tests::test_repository_queries_use_read_pool::test_repository_queries_use_read_pool::{closure#0}, outlet_postgres[2381a683375fe85a]::tests::test_repository_queries_use_read_pool::test_repository_queries_use_read_pool::{closure#0}>::{closure#0}::{closure#0}>::{closure#0}>>::{closure#0}::{closure#0}>
[INFO] [stdout]   15:     0x5f752d8930ac - <tokio[294d81b0fbc675b9]::runtime::context::scoped::Scoped<tokio[294d81b0fbc675b9]::runtime::scheduler::Context>>::set::<<tokio[294d81b0fbc675b9]::runtime::scheduler::current_thread::CoreGuard>::enter<<tokio[294d81b0fbc675b9]::runtime::scheduler::current_thread::CoreGuard>::block_on<core[df12db4294e9bfd3]::pin::Pin<&mut sqlx_core[21cf00523ceb784c]::testing::run_test<sqlx_postgres[5af69500f530fc43]::database::Postgres, sqlx_core[21cf00523ceb784c]::testing::run_test_with_pool<sqlx_postgres[5af69500f530fc43]::database::Postgres, fn(sqlx_core[21cf00523ceb784c]::pool::Pool<sqlx_postgres[5af69500f530fc43]::database::Postgres>) -> outlet_postgres[2381a683375fe85a]::tests::test_repository_queries_use_read_pool::test_repository_queries_use_read_pool::{closure#0}, outlet_postgres[2381a683375fe85a]::tests::test_repository_queries_use_read_pool::test_repository_queries_use_read_pool::{closure#0}>::{closure#0}, sqlx_core[21cf00523ceb784c]::testing::run_test_with_pool<sqlx_postgres[5af69500f530fc43]::database::Postgres, fn(sqlx_core[21cf00523ceb784c]::pool::Pool<sqlx_postgres[5af69500f530fc43]::database::Postgres>) -> outlet_postgres[2381a683375fe85a]::tests::test_repository_queries_use_read_pool::test_repository_queries_use_read_pool::{closure#0}, outlet_postgres[2381a683375fe85a]::tests::test_repository_queries_use_read_pool::test_repository_queries_use_read_pool::{closure#0}>::{closure#0}::{closure#0}>::{closure#0}>>::{closure#0}, core[df12db4294e9bfd3]::option::Option<()>>::{closure#0}, (alloc[2182bb758b4b3781]::boxed::Box<tokio[294d81b0fbc675b9]::runtime::scheduler::current_thread::Core>, core[df12db4294e9bfd3]::option::Option<()>)>
[INFO] [stdout]   16:     0x5f752d832697 - <tokio[294d81b0fbc675b9]::runtime::scheduler::current_thread::CoreGuard>::block_on::<core[df12db4294e9bfd3]::pin::Pin<&mut sqlx_core[21cf00523ceb784c]::testing::run_test<sqlx_postgres[5af69500f530fc43]::database::Postgres, sqlx_core[21cf00523ceb784c]::testing::run_test_with_pool<sqlx_postgres[5af69500f530fc43]::database::Postgres, fn(sqlx_core[21cf00523ceb784c]::pool::Pool<sqlx_postgres[5af69500f530fc43]::database::Postgres>) -> outlet_postgres[2381a683375fe85a]::tests::test_repository_queries_use_read_pool::test_repository_queries_use_read_pool::{closure#0}, outlet_postgres[2381a683375fe85a]::tests::test_repository_queries_use_read_pool::test_repository_queries_use_read_pool::{closure#0}>::{closure#0}, sqlx_core[21cf00523ceb784c]::testing::run_test_with_pool<sqlx_postgres[5af69500f530fc43]::database::Postgres, fn(sqlx_core[21cf00523ceb784c]::pool::Pool<sqlx_postgres[5af69500f530fc43]::database::Postgres>) -> outlet_postgres[2381a683375fe85a]::tests::test_repository_queries_use_read_pool::test_repository_queries_use_read_pool::{closure#0}, outlet_postgres[2381a683375fe85a]::tests::test_repository_queries_use_read_pool::test_repository_queries_use_read_pool::{closure#0}>::{closure#0}::{closure#0}>::{closure#0}>>
[INFO] [stdout]   17:     0x5f752d8af8b7 - tokio[294d81b0fbc675b9]::runtime::context::runtime::enter_runtime::<<tokio[294d81b0fbc675b9]::runtime::scheduler::current_thread::CurrentThread>::block_on<sqlx_core[21cf00523ceb784c]::testing::run_test<sqlx_postgres[5af69500f530fc43]::database::Postgres, sqlx_core[21cf00523ceb784c]::testing::run_test_with_pool<sqlx_postgres[5af69500f530fc43]::database::Postgres, fn(sqlx_core[21cf00523ceb784c]::pool::Pool<sqlx_postgres[5af69500f530fc43]::database::Postgres>) -> outlet_postgres[2381a683375fe85a]::tests::test_repository_queries_use_read_pool::test_repository_queries_use_read_pool::{closure#0}, outlet_postgres[2381a683375fe85a]::tests::test_repository_queries_use_read_pool::test_repository_queries_use_read_pool::{closure#0}>::{closure#0}, sqlx_core[21cf00523ceb784c]::testing::run_test_with_pool<sqlx_postgres[5af69500f530fc43]::database::Postgres, fn(sqlx_core[21cf00523ceb784c]::pool::Pool<sqlx_postgres[5af69500f530fc43]::database::Postgres>) -> outlet_postgres[2381a683375fe85a]::tests::test_repository_queries_use_read_pool::test_repository_queries_use_read_pool::{closure#0}, outlet_postgres[2381a683375fe85a]::tests::test_repository_queries_use_read_pool::test_repository_queries_use_read_pool::{closure#0}>::{closure#0}::{closure#0}>::{closure#0}>::{closure#0}, ()>
[INFO] [stdout]   18:     0x5f752d840b1e - <tokio[294d81b0fbc675b9]::runtime::runtime::Runtime>::block_on::<sqlx_core[21cf00523ceb784c]::testing::run_test<sqlx_postgres[5af69500f530fc43]::database::Postgres, sqlx_core[21cf00523ceb784c]::testing::run_test_with_pool<sqlx_postgres[5af69500f530fc43]::database::Postgres, fn(sqlx_core[21cf00523ceb784c]::pool::Pool<sqlx_postgres[5af69500f530fc43]::database::Postgres>) -> outlet_postgres[2381a683375fe85a]::tests::test_repository_queries_use_read_pool::test_repository_queries_use_read_pool::{closure#0}, outlet_postgres[2381a683375fe85a]::tests::test_repository_queries_use_read_pool::test_repository_queries_use_read_pool::{closure#0}>::{closure#0}, sqlx_core[21cf00523ceb784c]::testing::run_test_with_pool<sqlx_postgres[5af69500f530fc43]::database::Postgres, fn(sqlx_core[21cf00523ceb784c]::pool::Pool<sqlx_postgres[5af69500f530fc43]::database::Postgres>) -> outlet_postgres[2381a683375fe85a]::tests::test_repository_queries_use_read_pool::test_repository_queries_use_read_pool::{closure#0}, outlet_postgres[2381a683375fe85a]::tests::test_repository_queries_use_read_pool::test_repository_queries_use_read_pool::{closure#0}>::{closure#0}::{closure#0}>::{closure#0}>
[INFO] [stdout]   19:     0x5f752d8e940b - sqlx_core[21cf00523ceb784c]::rt::test_block_on::<sqlx_core[21cf00523ceb784c]::testing::run_test<sqlx_postgres[5af69500f530fc43]::database::Postgres, sqlx_core[21cf00523ceb784c]::testing::run_test_with_pool<sqlx_postgres[5af69500f530fc43]::database::Postgres, fn(sqlx_core[21cf00523ceb784c]::pool::Pool<sqlx_postgres[5af69500f530fc43]::database::Postgres>) -> outlet_postgres[2381a683375fe85a]::tests::test_repository_queries_use_read_pool::test_repository_queries_use_read_pool::{closure#0}, outlet_postgres[2381a683375fe85a]::tests::test_repository_queries_use_read_pool::test_repository_queries_use_read_pool::{closure#0}>::{closure#0}, sqlx_core[21cf00523ceb784c]::testing::run_test_with_pool<sqlx_postgres[5af69500f530fc43]::database::Postgres, fn(sqlx_core[21cf00523ceb784c]::pool::Pool<sqlx_postgres[5af69500f530fc43]::database::Postgres>) -> outlet_postgres[2381a683375fe85a]::tests::test_repository_queries_use_read_pool::test_repository_queries_use_read_pool::{closure#0}, outlet_postgres[2381a683375fe85a]::tests::test_repository_queries_use_read_pool::test_repository_queries_use_read_pool::{closure#0}>::{closure#0}::{closure#0}>::{closure#0}>
[INFO] [stdout]   20:     0x5f752d8cf8fd - <outlet_postgres[2381a683375fe85a]::tests::test_repository_queries_use_read_pool::{closure#0} as core[df12db4294e9bfd3]::ops::function::FnOnce<()>>::call_once
[INFO] [stdout]   21:     0x5f752d8fb6cb - test[9d35eded1c95d3be]::__rust_begin_short_backtrace::<core[df12db4294e9bfd3]::result::Result<(), alloc[2182bb758b4b3781]::string::String>, fn() -> core[df12db4294e9bfd3]::result::Result<(), alloc[2182bb758b4b3781]::string::String>>
[INFO] [stdout]   22:     0x5f752d908d35 - test[9d35eded1c95d3be]::run_test::{closure#0}
[INFO] [stdout]   23:     0x5f752d9025f4 - std[70759c8f55707aa4]::sys::backtrace::__rust_begin_short_backtrace::<test[9d35eded1c95d3be]::run_test::{closure#1}, ()>
[INFO] [stdout]   24:     0x5f752d90be92 - <std[70759c8f55707aa4]::thread::lifecycle::spawn_unchecked<test[9d35eded1c95d3be]::run_test::{closure#1}, ()>::{closure#1} as core[df12db4294e9bfd3]::ops::function::FnOnce<()>>::call_once::{shim:vtable#0}
[INFO] [stdout]   25:     0x5f752def05c9 - <std[70759c8f55707aa4]::sys::thread::unix::Thread>::new::thread_start
[INFO] [stdout]   26:     0x7fa09bf85dfa - <unknown>
[INFO] [stdout]   27:     0x7fa09c0193d4 - clone
[INFO] [stdout]   28:                0x0 - <unknown>
[INFO] [stdout] 
[INFO] [stdout] ---- tests::test_handle_request_with_typed_body stdout ----
[INFO] [stdout] 
[INFO] [stdout] thread 'tests::test_handle_request_with_typed_body' (3268) panicked at /opt/rustwide/cargo-home/registry/src/index.crates.io-1949cf8c6b5b557f/sqlx-postgres-0.8.6/src/testing/mod.rs:96:44:
[INFO] [stdout] DATABASE_URL must be set: EnvVar(NotPresent)
[INFO] [stdout] stack backtrace:
[INFO] [stdout]    0:     0x5f752def13c1 - <<std[70759c8f55707aa4]::sys::backtrace::BacktraceLock>::print::DisplayBacktrace as core[df12db4294e9bfd3]::fmt::Display>::fmt
[INFO] [stdout]    1:     0x5f752df0915a - core[df12db4294e9bfd3]::fmt::write
[INFO] [stdout]    2:     0x5f752def5e8c - <alloc[2182bb758b4b3781]::vec::Vec<u8> as core[df12db4294e9bfd3]::io::write::Write>::write_fmt
[INFO] [stdout]    3:     0x5f752decc106 - std[70759c8f55707aa4]::panicking::default_hook::{closure#0}
[INFO] [stdout]    4:     0x5f752dee8eb9 - std[70759c8f55707aa4]::panicking::default_hook
[INFO] [stdout]    5:     0x5f752d9083e0 - test[9d35eded1c95d3be]::test_main_inner::<test[9d35eded1c95d3be]::test_main_static::{closure#0}>::{closure#0}
[INFO] [stdout]    6:     0x5f752dee91e2 - std[70759c8f55707aa4]::panicking::panic_with_hook
[INFO] [stdout]    7:     0x5f752decc1b2 - std[70759c8f55707aa4]::panicking::panic_handler::{closure#0}
[INFO] [stdout]    8:     0x5f752dec4a89 - std[70759c8f55707aa4]::sys::backtrace::__rust_end_short_backtrace::<std[70759c8f55707aa4]::panicking::panic_handler::{closure#0}, !>
[INFO] [stdout]    9:     0x5f752decd03d - __rustc[8fa7c3cbc660c2b3]::rust_begin_unwind
[INFO] [stdout]   10:     0x5f752df098bc - core[df12db4294e9bfd3]::panicking::panic_fmt
[INFO] [stdout]   11:     0x5f752df09692 - core[df12db4294e9bfd3]::result::unwrap_failed
[INFO] [stdout]   12:     0x5f752dccdd0e - <sqlx_postgres[5af69500f530fc43]::database::Postgres as sqlx_core[21cf00523ceb784c]::testing::TestSupport>::test_context::{closure#0}
[INFO] [stdout]   13:     0x5f752d77f1ba - sqlx_core[21cf00523ceb784c]::testing::run_test::<sqlx_postgres[5af69500f530fc43]::database::Postgres, sqlx_core[21cf00523ceb784c]::testing::run_test_with_pool<sqlx_postgres[5af69500f530fc43]::database::Postgres, fn(sqlx_core[21cf00523ceb784c]::pool::Pool<sqlx_postgres[5af69500f530fc43]::database::Postgres>) -> outlet_postgres[2381a683375fe85a]::tests::test_handle_request_with_typed_body::test_handle_request_with_typed_body::{closure#0}, outlet_postgres[2381a683375fe85a]::tests::test_handle_request_with_typed_body::test_handle_request_with_typed_body::{closure#0}>::{closure#0}, sqlx_core[21cf00523ceb784c]::testing::run_test_with_pool<sqlx_postgres[5af69500f530fc43]::database::Postgres, fn(sqlx_core[21cf00523ceb784c]::pool::Pool<sqlx_postgres[5af69500f530fc43]::database::Postgres>) -> outlet_postgres[2381a683375fe85a]::tests::test_handle_request_with_typed_body::test_handle_request_with_typed_body::{closure#0}, outlet_postgres[2381a683375fe85a]::tests::test_handle_request_with_typed_body::test_handle_request_with_typed_body::{closure#0}>::{closure#0}::{closure#0}>::{closure#0}
[INFO] [stdout]   14:     0x5f752d82f5be - <tokio[294d81b0fbc675b9]::runtime::scheduler::current_thread::Context>::enter::<core[df12db4294e9bfd3]::task::poll::Poll<()>, <tokio[294d81b0fbc675b9]::runtime::scheduler::current_thread::CoreGuard>::block_on<core[df12db4294e9bfd3]::pin::Pin<&mut sqlx_core[21cf00523ceb784c]::testing::run_test<sqlx_postgres[5af69500f530fc43]::database::Postgres, sqlx_core[21cf00523ceb784c]::testing::run_test_with_pool<sqlx_postgres[5af69500f530fc43]::database::Postgres, fn(sqlx_core[21cf00523ceb784c]::pool::Pool<sqlx_postgres[5af69500f530fc43]::database::Postgres>) -> outlet_postgres[2381a683375fe85a]::tests::test_handle_request_with_typed_body::test_handle_request_with_typed_body::{closure#0}, outlet_postgres[2381a683375fe85a]::tests::test_handle_request_with_typed_body::test_handle_request_with_typed_body::{closure#0}>::{closure#0}, sqlx_core[21cf00523ceb784c]::testing::run_test_with_pool<sqlx_postgres[5af69500f530fc43]::database::Postgres, fn(sqlx_core[21cf00523ceb784c]::pool::Pool<sqlx_postgres[5af69500f530fc43]::database::Postgres>) -> outlet_postgres[2381a683375fe85a]::tests::test_handle_request_with_typed_body::test_handle_request_with_typed_body::{closure#0}, outlet_postgres[2381a683375fe85a]::tests::test_handle_request_with_typed_body::test_handle_request_with_typed_body::{closure#0}>::{closure#0}::{closure#0}>::{closure#0}>>::{closure#0}::{closure#0}>
[INFO] [stdout]   15:     0x5f752d89274c - <tokio[294d81b0fbc675b9]::runtime::context::scoped::Scoped<tokio[294d81b0fbc675b9]::runtime::scheduler::Context>>::set::<<tokio[294d81b0fbc675b9]::runtime::scheduler::current_thread::CoreGuard>::enter<<tokio[294d81b0fbc675b9]::runtime::scheduler::current_thread::CoreGuard>::block_on<core[df12db4294e9bfd3]::pin::Pin<&mut sqlx_core[21cf00523ceb784c]::testing::run_test<sqlx_postgres[5af69500f530fc43]::database::Postgres, sqlx_core[21cf00523ceb784c]::testing::run_test_with_pool<sqlx_postgres[5af69500f530fc43]::database::Postgres, fn(sqlx_core[21cf00523ceb784c]::pool::Pool<sqlx_postgres[5af69500f530fc43]::database::Postgres>) -> outlet_postgres[2381a683375fe85a]::tests::test_handle_request_with_typed_body::test_handle_request_with_typed_body::{closure#0}, outlet_postgres[2381a683375fe85a]::tests::test_handle_request_with_typed_body::test_handle_request_with_typed_body::{closure#0}>::{closure#0}, sqlx_core[21cf00523ceb784c]::testing::run_test_with_pool<sqlx_postgres[5af69500f530fc43]::database::Postgres, fn(sqlx_core[21cf00523ceb784c]::pool::Pool<sqlx_postgres[5af69500f530fc43]::database::Postgres>) -> outlet_postgres[2381a683375fe85a]::tests::test_handle_request_with_typed_body::test_handle_request_with_typed_body::{closure#0}, outlet_postgres[2381a683375fe85a]::tests::test_handle_request_with_typed_body::test_handle_request_with_typed_body::{closure#0}>::{closure#0}::{closure#0}>::{closure#0}>>::{closure#0}, core[df12db4294e9bfd3]::option::Option<()>>::{closure#0}, (alloc[2182bb758b4b3781]::boxed::Box<tokio[294d81b0fbc675b9]::runtime::scheduler::current_thread::Core>, core[df12db4294e9bfd3]::option::Option<()>)>
[INFO] [stdout]   16:     0x5f752d831ce7 - <tokio[294d81b0fbc675b9]::runtime::scheduler::current_thread::CoreGuard>::block_on::<core[df12db4294e9bfd3]::pin::Pin<&mut sqlx_core[21cf00523ceb784c]::testing::run_test<sqlx_postgres[5af69500f530fc43]::database::Postgres, sqlx_core[21cf00523ceb784c]::testing::run_test_with_pool<sqlx_postgres[5af69500f530fc43]::database::Postgres, fn(sqlx_core[21cf00523ceb784c]::pool::Pool<sqlx_postgres[5af69500f530fc43]::database::Postgres>) -> outlet_postgres[2381a683375fe85a]::tests::test_handle_request_with_typed_body::test_handle_request_with_typed_body::{closure#0}, outlet_postgres[2381a683375fe85a]::tests::test_handle_request_with_typed_body::test_handle_request_with_typed_body::{closure#0}>::{closure#0}, sqlx_core[21cf00523ceb784c]::testing::run_test_with_pool<sqlx_postgres[5af69500f530fc43]::database::Postgres, fn(sqlx_core[21cf00523ceb784c]::pool::Pool<sqlx_postgres[5af69500f530fc43]::database::Postgres>) -> outlet_postgres[2381a683375fe85a]::tests::test_handle_request_with_typed_body::test_handle_request_with_typed_body::{closure#0}, outlet_postgres[2381a683375fe85a]::tests::test_handle_request_with_typed_body::test_handle_request_with_typed_body::{closure#0}>::{closure#0}::{closure#0}>::{closure#0}>>
[INFO] [stdout]   17:     0x5f752d8ae327 - tokio[294d81b0fbc675b9]::runtime::context::runtime::enter_runtime::<<tokio[294d81b0fbc675b9]::runtime::scheduler::current_thread::CurrentThread>::block_on<sqlx_core[21cf00523ceb784c]::testing::run_test<sqlx_postgres[5af69500f530fc43]::database::Postgres, sqlx_core[21cf00523ceb784c]::testing::run_test_with_pool<sqlx_postgres[5af69500f530fc43]::database::Postgres, fn(sqlx_core[21cf00523ceb784c]::pool::Pool<sqlx_postgres[5af69500f530fc43]::database::Postgres>) -> outlet_postgres[2381a683375fe85a]::tests::test_handle_request_with_typed_body::test_handle_request_with_typed_body::{closure#0}, outlet_postgres[2381a683375fe85a]::tests::test_handle_request_with_typed_body::test_handle_request_with_typed_body::{closure#0}>::{closure#0}, sqlx_core[21cf00523ceb784c]::testing::run_test_with_pool<sqlx_postgres[5af69500f530fc43]::database::Postgres, fn(sqlx_core[21cf00523ceb784c]::pool::Pool<sqlx_postgres[5af69500f530fc43]::database::Postgres>) -> outlet_postgres[2381a683375fe85a]::tests::test_handle_request_with_typed_body::test_handle_request_with_typed_body::{closure#0}, outlet_postgres[2381a683375fe85a]::tests::test_handle_request_with_typed_body::test_handle_request_with_typed_body::{closure#0}>::{closure#0}::{closure#0}>::{closure#0}>::{closure#0}, ()>
[INFO] [stdout]   18:     0x5f752d8403ee - <tokio[294d81b0fbc675b9]::runtime::runtime::Runtime>::block_on::<sqlx_core[21cf00523ceb784c]::testing::run_test<sqlx_postgres[5af69500f530fc43]::database::Postgres, sqlx_core[21cf00523ceb784c]::testing::run_test_with_pool<sqlx_postgres[5af69500f530fc43]::database::Postgres, fn(sqlx_core[21cf00523ceb784c]::pool::Pool<sqlx_postgres[5af69500f530fc43]::database::Postgres>) -> outlet_postgres[2381a683375fe85a]::tests::test_handle_request_with_typed_body::test_handle_request_with_typed_body::{closure#0}, outlet_postgres[2381a683375fe85a]::tests::test_handle_request_with_typed_body::test_handle_request_with_typed_body::{closure#0}>::{closure#0}, sqlx_core[21cf00523ceb784c]::testing::run_test_with_pool<sqlx_postgres[5af69500f530fc43]::database::Postgres, fn(sqlx_core[21cf00523ceb784c]::pool::Pool<sqlx_postgres[5af69500f530fc43]::database::Postgres>) -> outlet_postgres[2381a683375fe85a]::tests::test_handle_request_with_typed_body::test_handle_request_with_typed_body::{closure#0}, outlet_postgres[2381a683375fe85a]::tests::test_handle_request_with_typed_body::test_handle_request_with_typed_body::{closure#0}>::{closure#0}::{closure#0}>::{closure#0}>
[INFO] [stdout]   19:     0x5f752d8e8e1b - sqlx_core[21cf00523ceb784c]::rt::test_block_on::<sqlx_core[21cf00523ceb784c]::testing::run_test<sqlx_postgres[5af69500f530fc43]::database::Postgres, sqlx_core[21cf00523ceb784c]::testing::run_test_with_pool<sqlx_postgres[5af69500f530fc43]::database::Postgres, fn(sqlx_core[21cf00523ceb784c]::pool::Pool<sqlx_postgres[5af69500f530fc43]::database::Postgres>) -> outlet_postgres[2381a683375fe85a]::tests::test_handle_request_with_typed_body::test_handle_request_with_typed_body::{closure#0}, outlet_postgres[2381a683375fe85a]::tests::test_handle_request_with_typed_body::test_handle_request_with_typed_body::{closure#0}>::{closure#0}, sqlx_core[21cf00523ceb784c]::testing::run_test_with_pool<sqlx_postgres[5af69500f530fc43]::database::Postgres, fn(sqlx_core[21cf00523ceb784c]::pool::Pool<sqlx_postgres[5af69500f530fc43]::database::Postgres>) -> outlet_postgres[2381a683375fe85a]::tests::test_handle_request_with_typed_body::test_handle_request_with_typed_body::{closure#0}, outlet_postgres[2381a683375fe85a]::tests::test_handle_request_with_typed_body::test_handle_request_with_typed_body::{closure#0}>::{closure#0}::{closure#0}>::{closure#0}>
[INFO] [stdout]   20:     0x5f752d8cf5a0 - <outlet_postgres[2381a683375fe85a]::tests::test_handle_request_with_typed_body::{closure#0} as core[df12db4294e9bfd3]::ops::function::FnOnce<()>>::call_once
[INFO] [stdout]   21:     0x5f752d8fb6cb - test[9d35eded1c95d3be]::__rust_begin_short_backtrace::<core[df12db4294e9bfd3]::result::Result<(), alloc[2182bb758b4b3781]::string::String>, fn() -> core[df12db4294e9bfd3]::result::Result<(), alloc[2182bb758b4b3781]::string::String>>
[INFO] [stdout]   22:     0x5f752d908d35 - test[9d35eded1c95d3be]::run_test::{closure#0}
[INFO] [stdout]   23:     0x5f752d9025f4 - std[70759c8f55707aa4]::sys::backtrace::__rust_begin_short_backtrace::<test[9d35eded1c95d3be]::run_test::{closure#1}, ()>
[INFO] [stdout]   24:     0x5f752d90be92 - <std[70759c8f55707aa4]::thread::lifecycle::spawn_unchecked<test[9d35eded1c95d3be]::run_test::{closure#1}, ()>::{closure#1} as core[df12db4294e9bfd3]::ops::function::FnOnce<()>>::call_once::{shim:vtable#0}
[INFO] [stdout]   25:     0x5f752def05c9 - <std[70759c8f55707aa4]::sys::thread::unix::Thread>::new::thread_start
[INFO] [stdout]   26:     0x7fa09bf85dfa - <unknown>
[INFO] [stdout]   27:     0x7fa09c0193d4 - clone
[INFO] [stdout]   28:                0x0 - <unknown>
[INFO] [stdout] 
[INFO] [stdout] ---- tests::test_handle_unparseable_body_fallback stdout ----
[INFO] [stdout] 
[INFO] [stdout] thread 'tests::test_handle_unparseable_body_fallback' (3270) panicked at /opt/rustwide/cargo-home/registry/src/index.crates.io-1949cf8c6b5b557f/sqlx-postgres-0.8.6/src/testing/mod.rs:96:44:
[INFO] [stdout] DATABASE_URL must be set: EnvVar(NotPresent)
[INFO] [stdout] stack backtrace:
[INFO] [stdout]    0:     0x5f752def13c1 - <<std[70759c8f55707aa4]::sys::backtrace::BacktraceLock>::print::DisplayBacktrace as core[df12db4294e9bfd3]::fmt::Display>::fmt
[INFO] [stdout]    1:     0x5f752df0915a - core[df12db4294e9bfd3]::fmt::write
[INFO] [stdout]    2:     0x5f752def5e8c - <alloc[2182bb758b4b3781]::vec::Vec<u8> as core[df12db4294e9bfd3]::io::write::Write>::write_fmt
[INFO] [stdout]    3:     0x5f752decc106 - std[70759c8f55707aa4]::panicking::default_hook::{closure#0}
[INFO] [stdout]    4:     0x5f752dee8eb9 - std[70759c8f55707aa4]::panicking::default_hook
[INFO] [stdout]    5:     0x5f752d9083e0 - test[9d35eded1c95d3be]::test_main_inner::<test[9d35eded1c95d3be]::test_main_static::{closure#0}>::{closure#0}
[INFO] [stdout]    6:     0x5f752dee91e2 - std[70759c8f55707aa4]::panicking::panic_with_hook
[INFO] [stdout]    7:     0x5f752decc1b2 - std[70759c8f55707aa4]::panicking::panic_handler::{closure#0}
[INFO] [stdout]    8:     0x5f752dec4a89 - std[70759c8f55707aa4]::sys::backtrace::__rust_end_short_backtrace::<std[70759c8f55707aa4]::panicking::panic_handler::{closure#0}, !>
[INFO] [stdout]    9:     0x5f752decd03d - __rustc[8fa7c3cbc660c2b3]::rust_begin_unwind
[INFO] [stdout]   10:     0x5f752df098bc - core[df12db4294e9bfd3]::panicking::panic_fmt
[INFO] [stdout]   11:     0x5f752df09692 - core[df12db4294e9bfd3]::result::unwrap_failed
[INFO] [stdout]   12:     0x5f752dccdd0e - <sqlx_postgres[5af69500f530fc43]::database::Postgres as sqlx_core[21cf00523ceb784c]::testing::TestSupport>::test_context::{closure#0}
[INFO] [stdout]   13:     0x5f752d7880ab - sqlx_core[21cf00523ceb784c]::testing::run_test::<sqlx_postgres[5af69500f530fc43]::database::Postgres, sqlx_core[21cf00523ceb784c]::testing::run_test_with_pool<sqlx_postgres[5af69500f530fc43]::database::Postgres, fn(sqlx_core[21cf00523ceb784c]::pool::Pool<sqlx_postgres[5af69500f530fc43]::database::Postgres>) -> outlet_postgres[2381a683375fe85a]::tests::test_handle_unparseable_body_fallback::test_handle_unparseable_body_fallback::{closure#0}, outlet_postgres[2381a683375fe85a]::tests::test_handle_unparseable_body_fallback::test_handle_unparseable_body_fallback::{closure#0}>::{closure#0}, sqlx_core[21cf00523ceb784c]::testing::run_test_with_pool<sqlx_postgres[5af69500f530fc43]::database::Postgres, fn(sqlx_core[21cf00523ceb784c]::pool::Pool<sqlx_postgres[5af69500f530fc43]::database::Postgres>) -> outlet_postgres[2381a683375fe85a]::tests::test_handle_unparseable_body_fallback::test_handle_unparseable_body_fallback::{closure#0}, outlet_postgres[2381a683375fe85a]::tests::test_handle_unparseable_body_fallback::test_handle_unparseable_body_fallback::{closure#0}>::{closure#0}::{closure#0}>::{closure#0}
[INFO] [stdout]   14:     0x5f752d82fbfe - <tokio[294d81b0fbc675b9]::runtime::scheduler::current_thread::Context>::enter::<core[df12db4294e9bfd3]::task::poll::Poll<()>, <tokio[294d81b0fbc675b9]::runtime::scheduler::current_thread::CoreGuard>::block_on<core[df12db4294e9bfd3]::pin::Pin<&mut sqlx_core[21cf00523ceb784c]::testing::run_test<sqlx_postgres[5af69500f530fc43]::database::Postgres, sqlx_core[21cf00523ceb784c]::testing::run_test_with_pool<sqlx_postgres[5af69500f530fc43]::database::Postgres, fn(sqlx_core[21cf00523ceb784c]::pool::Pool<sqlx_postgres[5af69500f530fc43]::database::Postgres>) -> outlet_postgres[2381a683375fe85a]::tests::test_handle_unparseable_body_fallback::test_handle_unparseable_body_fallback::{closure#0}, outlet_postgres[2381a683375fe85a]::tests::test_handle_unparseable_body_fallback::test_handle_unparseable_body_fallback::{closure#0}>::{closure#0}, sqlx_core[21cf00523ceb784c]::testing::run_test_with_pool<sqlx_postgres[5af69500f530fc43]::database::Postgres, fn(sqlx_core[21cf00523ceb784c]::pool::Pool<sqlx_postgres[5af69500f530fc43]::database::Postgres>) -> outlet_postgres[2381a683375fe85a]::tests::test_handle_unparseable_body_fallback::test_handle_unparseable_body_fallback::{closure#0}, outlet_postgres[2381a683375fe85a]::tests::test_handle_unparseable_body_fallback::test_handle_unparseable_body_fallback::{closure#0}>::{closure#0}::{closure#0}>::{closure#0}>>::{closure#0}::{closure#0}>
[INFO] [stdout]   15:     0x5f752d892ecc - <tokio[294d81b0fbc675b9]::runtime::context::scoped::Scoped<tokio[294d81b0fbc675b9]::runtime::scheduler::Context>>::set::<<tokio[294d81b0fbc675b9]::runtime::scheduler::current_thread::CoreGuard>::enter<<tokio[294d81b0fbc675b9]::runtime::scheduler::current_thread::CoreGuard>::block_on<core[df12db4294e9bfd3]::pin::Pin<&mut sqlx_core[21cf00523ceb784c]::testing::run_test<sqlx_postgres[5af69500f530fc43]::database::Postgres, sqlx_core[21cf00523ceb784c]::testing::run_test_with_pool<sqlx_postgres[5af69500f530fc43]::database::Postgres, fn(sqlx_core[21cf00523ceb784c]::pool::Pool<sqlx_postgres[5af69500f530fc43]::database::Postgres>) -> outlet_postgres[2381a683375fe85a]::tests::test_handle_unparseable_body_fallback::test_handle_unparseable_body_fallback::{closure#0}, outlet_postgres[2381a683375fe85a]::tests::test_handle_unparseable_body_fallback::test_handle_unparseable_body_fallback::{closure#0}>::{closure#0}, sqlx_core[21cf00523ceb784c]::testing::run_test_with_pool<sqlx_postgres[5af69500f530fc43]::database::Postgres, fn(sqlx_core[21cf00523ceb784c]::pool::Pool<sqlx_postgres[5af69500f530fc43]::database::Postgres>) -> outlet_postgres[2381a683375fe85a]::tests::test_handle_unparseable_body_fallback::test_handle_unparseable_body_fallback::{closure#0}, outlet_postgres[2381a683375fe85a]::tests::test_handle_unparseable_body_fallback::test_handle_unparseable_body_fallback::{closure#0}>::{closure#0}::{closure#0}>::{closure#0}>>::{closure#0}, core[df12db4294e9bfd3]::option::Option<()>>::{closure#0}, (alloc[2182bb758b4b3781]::boxed::Box<tokio[294d81b0fbc675b9]::runtime::scheduler::current_thread::Core>, core[df12db4294e9bfd3]::option::Option<()>)>
[INFO] [stdout]   16:     0x5f752d8324a7 - <tokio[294d81b0fbc675b9]::runtime::scheduler::current_thread::CoreGuard>::block_on::<core[df12db4294e9bfd3]::pin::Pin<&mut sqlx_core[21cf00523ceb784c]::testing::run_test<sqlx_postgres[5af69500f530fc43]::database::Postgres, sqlx_core[21cf00523ceb784c]::testing::run_test_with_pool<sqlx_postgres[5af69500f530fc43]::database::Postgres, fn(sqlx_core[21cf00523ceb784c]::pool::Pool<sqlx_postgres[5af69500f530fc43]::database::Postgres>) -> outlet_postgres[2381a683375fe85a]::tests::test_handle_unparseable_body_fallback::test_handle_unparseable_body_fallback::{closure#0}, outlet_postgres[2381a683375fe85a]::tests::test_handle_unparseable_body_fallback::test_handle_unparseable_body_fallback::{closure#0}>::{closure#0}, sqlx_core[21cf00523ceb784c]::testing::run_test_with_pool<sqlx_postgres[5af69500f530fc43]::database::Postgres, fn(sqlx_core[21cf00523ceb784c]::pool::Pool<sqlx_postgres[5af69500f530fc43]::database::Postgres>) -> outlet_postgres[2381a683375fe85a]::tests::test_handle_unparseable_body_fallback::test_handle_unparseable_body_fallback::{closure#0}, outlet_postgres[2381a683375fe85a]::tests::test_handle_unparseable_body_fallback::test_handle_unparseable_body_fallback::{closure#0}>::{closure#0}::{closure#0}>::{closure#0}>>
[INFO] [stdout]   17:     0x5f752d8af467 - tokio[294d81b0fbc675b9]::runtime::context::runtime::enter_runtime::<<tokio[294d81b0fbc675b9]::runtime::scheduler::current_thread::CurrentThread>::block_on<sqlx_core[21cf00523ceb784c]::testing::run_test<sqlx_postgres[5af69500f530fc43]::database::Postgres, sqlx_core[21cf00523ceb784c]::testing::run_test_with_pool<sqlx_postgres[5af69500f530fc43]::database::Postgres, fn(sqlx_core[21cf00523ceb784c]::pool::Pool<sqlx_postgres[5af69500f530fc43]::database::Postgres>) -> outlet_postgres[2381a683375fe85a]::tests::test_handle_unparseable_body_fallback::test_handle_unparseable_body_fallback::{closure#0}, outlet_postgres[2381a683375fe85a]::tests::test_handle_unparseable_body_fallback::test_handle_unparseable_body_fallback::{closure#0}>::{closure#0}, sqlx_core[21cf00523ceb784c]::testing::run_test_with_pool<sqlx_postgres[5af69500f530fc43]::database::Postgres, fn(sqlx_core[21cf00523ceb784c]::pool::Pool<sqlx_postgres[5af69500f530fc43]::database::Postgres>) -> outlet_postgres[2381a683375fe85a]::tests::test_handle_unparseable_body_fallback::test_handle_unparseable_body_fallback::{closure#0}, outlet_postgres[2381a683375fe85a]::tests::test_handle_unparseable_body_fallback::test_handle_unparseable_body_fallback::{closure#0}>::{closure#0}::{closure#0}>::{closure#0}>::{closure#0}, ()>
[INFO] [stdout]   18:     0x5f752d8409ae - <tokio[294d81b0fbc675b9]::runtime::runtime::Runtime>::block_on::<sqlx_core[21cf00523ceb784c]::testing::run_test<sqlx_postgres[5af69500f530fc43]::database::Postgres, sqlx_core[21cf00523ceb784c]::testing::run_test_with_pool<sqlx_postgres[5af69500f530fc43]::database::Postgres, fn(sqlx_core[21cf00523ceb784c]::pool::Pool<sqlx_postgres[5af69500f530fc43]::database::Postgres>) -> outlet_postgres[2381a683375fe85a]::tests::test_handle_unparseable_body_fallback::test_handle_unparseable_body_fallback::{closure#0}, outlet_postgres[2381a683375fe85a]::tests::test_handle_unparseable_body_fallback::test_handle_unparseable_body_fallback::{closure#0}>::{closure#0}, sqlx_core[21cf00523ceb784c]::testing::run_test_with_pool<sqlx_postgres[5af69500f530fc43]::database::Postgres, fn(sqlx_core[21cf00523ceb784c]::pool::Pool<sqlx_postgres[5af69500f530fc43]::database::Postgres>) -> outlet_postgres[2381a683375fe85a]::tests::test_handle_unparseable_body_fallback::test_handle_unparseable_body_fallback::{closure#0}, outlet_postgres[2381a683375fe85a]::tests::test_handle_unparseable_body_fallback::test_handle_unparseable_body_fallback::{closure#0}>::{closure#0}::{closure#0}>::{closure#0}>
[INFO] [stdout]   19:     0x5f752d8e92db - sqlx_core[21cf00523ceb784c]::rt::test_block_on::<sqlx_core[21cf00523ceb784c]::testing::run_test<sqlx_postgres[5af69500f530fc43]::database::Postgres, sqlx_core[21cf00523ceb784c]::testing::run_test_with_pool<sqlx_postgres[5af69500f530fc43]::database::Postgres, fn(sqlx_core[21cf00523ceb784c]::pool::Pool<sqlx_postgres[5af69500f530fc43]::database::Postgres>) -> outlet_postgres[2381a683375fe85a]::tests::test_handle_unparseable_body_fallback::test_handle_unparseable_body_fallback::{closure#0}, outlet_postgres[2381a683375fe85a]::tests::test_handle_unparseable_body_fallback::test_handle_unparseable_body_fallback::{closure#0}>::{closure#0}, sqlx_core[21cf00523ceb784c]::testing::run_test_with_pool<sqlx_postgres[5af69500f530fc43]::database::Postgres, fn(sqlx_core[21cf00523ceb784c]::pool::Pool<sqlx_postgres[5af69500f530fc43]::database::Postgres>) -> outlet_postgres[2381a683375fe85a]::tests::test_handle_unparseable_body_fallback::test_handle_unparseable_body_fallback::{closure#0}, outlet_postgres[2381a683375fe85a]::tests::test_handle_unparseable_body_fallback::test_handle_unparseable_body_fallback::{closure#0}>::{closure#0}::{closure#0}>::{closure#0}>
[INFO] [stdout]   20:     0x5f752d8cf850 - <outlet_postgres[2381a683375fe85a]::tests::test_handle_unparseable_body_fallback::{closure#0} as core[df12db4294e9bfd3]::ops::function::FnOnce<()>>::call_once
[INFO] [stdout]   21:     0x5f752d8fb6cb - test[9d35eded1c95d3be]::__rust_begin_short_backtrace::<core[df12db4294e9bfd3]::result::Result<(), alloc[2182bb758b4b3781]::string::String>, fn() -> core[df12db4294e9bfd3]::result::Result<(), alloc[2182bb758b4b3781]::string::String>>
[INFO] [stdout]   22:     0x5f752d908d35 - test[9d35eded1c95d3be]::run_test::{closure#0}
[INFO] [stdout]   23:     0x5f752d9025f4 - std[70759c8f55707aa4]::sys::backtrace::__rust_begin_short_backtrace::<test[9d35eded1c95d3be]::run_test::{closure#1}, ()>
[INFO] [stdout]   24:     0x5f752d90be92 - <std[70759c8f55707aa4]::thread::lifecycle::spawn_unchecked<test[9d35eded1c95d3be]::run_test::{closure#1}, ()>::{closure#1} as core[df12db4294e9bfd3]::ops::function::FnOnce<()>>::call_once::{shim:vtable#0}
[INFO] [stdout]   25:     0x5f752def05c9 - <std[70759c8f55707aa4]::sys::thread::unix::Thread>::new::thread_start
[INFO] [stdout]   26:     0x7fa09bf85dfa - <unknown>
[INFO] [stdout]   27:     0x7fa09c0193d4 - clone
[INFO] [stdout]   28:                0x0 - <unknown>
[INFO] [stdout] 
[INFO] [stdout] ---- tests::test_write_operations_use_write_pool stdout ----
[INFO] [stdout] 
[INFO] [stdout] thread 'tests::test_write_operations_use_write_pool' (3282) panicked at /opt/rustwide/cargo-home/registry/src/index.crates.io-1949cf8c6b5b557f/sqlx-postgres-0.8.6/src/testing/mod.rs:96:44:
[INFO] [stdout] DATABASE_URL must be set: EnvVar(NotPresent)
[INFO] [stdout] stack backtrace:
[INFO] [stdout]    0:     0x5f752def13c1 - <<std[70759c8f55707aa4]::sys::backtrace::BacktraceLock>::print::DisplayBacktrace as core[df12db4294e9bfd3]::fmt::Display>::fmt
[INFO] [stdout]    1:     0x5f752df0915a - core[df12db4294e9bfd3]::fmt::write
[INFO] [stdout]    2:     0x5f752def5e8c - <alloc[2182bb758b4b3781]::vec::Vec<u8> as core[df12db4294e9bfd3]::io::write::Write>::write_fmt
[INFO] [stdout]    3:     0x5f752decc106 - std[70759c8f55707aa4]::panicking::default_hook::{closure#0}
[INFO] [stdout]    4:     0x5f752dee8eb9 - std[70759c8f55707aa4]::panicking::default_hook
[INFO] [stdout]    5:     0x5f752d9083e0 - test[9d35eded1c95d3be]::test_main_inner::<test[9d35eded1c95d3be]::test_main_static::{closure#0}>::{closure#0}
[INFO] [stdout]    6:     0x5f752dee91e2 - std[70759c8f55707aa4]::panicking::panic_with_hook
[INFO] [stdout]    7:     0x5f752decc1b2 - std[70759c8f55707aa4]::panicking::panic_handler::{closure#0}
[INFO] [stdout]    8:     0x5f752dec4a89 - std[70759c8f55707aa4]::sys::backtrace::__rust_end_short_backtrace::<std[70759c8f55707aa4]::panicking::panic_handler::{closure#0}, !>
[INFO] [stdout]    9:     0x5f752decd03d - __rustc[8fa7c3cbc660c2b3]::rust_begin_unwind
[INFO] [stdout]   10:     0x5f752df098bc - core[df12db4294e9bfd3]::panicking::panic_fmt
[INFO] [stdout]   11:     0x5f752df09692 - core[df12db4294e9bfd3]::result::unwrap_failed
[INFO] [stdout]   12:     0x5f752dccdd0e - <sqlx_postgres[5af69500f530fc43]::database::Postgres as sqlx_core[21cf00523ceb784c]::testing::TestSupport>::test_context::{closure#0}
[INFO] [stdout]   13:     0x5f752d786b3a - sqlx_core[21cf00523ceb784c]::testing::run_test::<sqlx_postgres[5af69500f530fc43]::database::Postgres, sqlx_core[21cf00523ceb784c]::testing::run_test_with_pool<sqlx_postgres[5af69500f530fc43]::database::Postgres, fn(sqlx_core[21cf00523ceb784c]::pool::Pool<sqlx_postgres[5af69500f530fc43]::database::Postgres>) -> outlet_postgres[2381a683375fe85a]::tests::test_write_operations_use_write_pool::test_write_operations_use_write_pool::{closure#0}, outlet_postgres[2381a683375fe85a]::tests::test_write_operations_use_write_pool::test_write_operations_use_write_pool::{closure#0}>::{closure#0}, sqlx_core[21cf00523ceb784c]::testing::run_test_with_pool<sqlx_postgres[5af69500f530fc43]::database::Postgres, fn(sqlx_core[21cf00523ceb784c]::pool::Pool<sqlx_postgres[5af69500f530fc43]::database::Postgres>) -> outlet_postgres[2381a683375fe85a]::tests::test_write_operations_use_write_pool::test_write_operations_use_write_pool::{closure#0}, outlet_postgres[2381a683375fe85a]::tests::test_write_operations_use_write_pool::test_write_operations_use_write_pool::{closure#0}>::{closure#0}::{closure#0}>::{closure#0}
[INFO] [stdout]   14:     0x5f752d82fa6e - <tokio[294d81b0fbc675b9]::runtime::scheduler::current_thread::Context>::enter::<core[df12db4294e9bfd3]::task::poll::Poll<()>, <tokio[294d81b0fbc675b9]::runtime::scheduler::current_thread::CoreGuard>::block_on<core[df12db4294e9bfd3]::pin::Pin<&mut sqlx_core[21cf00523ceb784c]::testing::run_test<sqlx_postgres[5af69500f530fc43]::database::Postgres, sqlx_core[21cf00523ceb784c]::testing::run_test_with_pool<sqlx_postgres[5af69500f530fc43]::database::Postgres, fn(sqlx_core[21cf00523ceb784c]::pool::Pool<sqlx_postgres[5af69500f530fc43]::database::Postgres>) -> outlet_postgres[2381a683375fe85a]::tests::test_write_operations_use_write_pool::test_write_operations_use_write_pool::{closure#0}, outlet_postgres[2381a683375fe85a]::tests::test_write_operations_use_write_pool::test_write_operations_use_write_pool::{closure#0}>::{closure#0}, sqlx_core[21cf00523ceb784c]::testing::run_test_with_pool<sqlx_postgres[5af69500f530fc43]::database::Postgres, fn(sqlx_core[21cf00523ceb784c]::pool::Pool<sqlx_postgres[5af69500f530fc43]::database::Postgres>) -> outlet_postgres[2381a683375fe85a]::tests::test_write_operations_use_write_pool::test_write_operations_use_write_pool::{closure#0}, outlet_postgres[2381a683375fe85a]::tests::test_write_operations_use_write_pool::test_write_operations_use_write_pool::{closure#0}>::{closure#0}::{closure#0}>::{closure#0}>>::{closure#0}::{closure#0}>
[INFO] [stdout]   15:     0x5f752d892cec - <tokio[294d81b0fbc675b9]::runtime::context::scoped::Scoped<tokio[294d81b0fbc675b9]::runtime::scheduler::Context>>::set::<<tokio[294d81b0fbc675b9]::runtime::scheduler::current_thread::CoreGuard>::enter<<tokio[294d81b0fbc675b9]::runtime::scheduler::current_thread::CoreGuard>::block_on<core[df12db4294e9bfd3]::pin::Pin<&mut sqlx_core[21cf00523ceb784c]::testing::run_test<sqlx_postgres[5af69500f530fc43]::database::Postgres, sqlx_core[21cf00523ceb784c]::testing::run_test_with_pool<sqlx_postgres[5af69500f530fc43]::database::Postgres, fn(sqlx_core[21cf00523ceb784c]::pool::Pool<sqlx_postgres[5af69500f530fc43]::database::Postgres>) -> outlet_postgres[2381a683375fe85a]::tests::test_write_operations_use_write_pool::test_write_operations_use_write_pool::{closure#0}, outlet_postgres[2381a683375fe85a]::tests::test_write_operations_use_write_pool::test_write_operations_use_write_pool::{closure#0}>::{closure#0}, sqlx_core[21cf00523ceb784c]::testing::run_test_with_pool<sqlx_postgres[5af69500f530fc43]::database::Postgres, fn(sqlx_core[21cf00523ceb784c]::pool::Pool<sqlx_postgres[5af69500f530fc43]::database::Postgres>) -> outlet_postgres[2381a683375fe85a]::tests::test_write_operations_use_write_pool::test_write_operations_use_write_pool::{closure#0}, outlet_postgres[2381a683375fe85a]::tests::test_write_operations_use_write_pool::test_write_operations_use_write_pool::{closure#0}>::{closure#0}::{closure#0}>::{closure#0}>>::{closure#0}, core[df12db4294e9bfd3]::option::Option<()>>::{closure#0}, (alloc[2182bb758b4b3781]::boxed::Box<tokio[294d81b0fbc675b9]::runtime::scheduler::current_thread::Core>, core[df12db4294e9bfd3]::option::Option<()>)>
[INFO] [stdout]   16:     0x5f752d8322b7 - <tokio[294d81b0fbc675b9]::runtime::scheduler::current_thread::CoreGuard>::block_on::<core[df12db4294e9bfd3]::pin::Pin<&mut sqlx_core[21cf00523ceb784c]::testing::run_test<sqlx_postgres[5af69500f530fc43]::database::Postgres, sqlx_core[21cf00523ceb784c]::testing::run_test_with_pool<sqlx_postgres[5af69500f530fc43]::database::Postgres, fn(sqlx_core[21cf00523ceb784c]::pool::Pool<sqlx_postgres[5af69500f530fc43]::database::Postgres>) -> outlet_postgres[2381a683375fe85a]::tests::test_write_operations_use_write_pool::test_write_operations_use_write_pool::{closure#0}, outlet_postgres[2381a683375fe85a]::tests::test_write_operations_use_write_pool::test_write_operations_use_write_pool::{closure#0}>::{closure#0}, sqlx_core[21cf00523ceb784c]::testing::run_test_with_pool<sqlx_postgres[5af69500f530fc43]::database::Postgres, fn(sqlx_core[21cf00523ceb784c]::pool::Pool<sqlx_postgres[5af69500f530fc43]::database::Postgres>) -> outlet_postgres[2381a683375fe85a]::tests::test_write_operations_use_write_pool::test_write_operations_use_write_pool::{closure#0}, outlet_postgres[2381a683375fe85a]::tests::test_write_operations_use_write_pool::test_write_operations_use_write_pool::{closure#0}>::{closure#0}::{closure#0}>::{closure#0}>>
[INFO] [stdout]   17:     0x5f752d8af017 - tokio[294d81b0fbc675b9]::runtime::context::runtime::enter_runtime::<<tokio[294d81b0fbc675b9]::runtime::scheduler::current_thread::CurrentThread>::block_on<sqlx_core[21cf00523ceb784c]::testing::run_test<sqlx_postgres[5af69500f530fc43]::database::Postgres, sqlx_core[21cf00523ceb784c]::testing::run_test_with_pool<sqlx_postgres[5af69500f530fc43]::database::Postgres, fn(sqlx_core[21cf00523ceb784c]::pool::Pool<sqlx_postgres[5af69500f530fc43]::database::Postgres>) -> outlet_postgres[2381a683375fe85a]::tests::test_write_operations_use_write_pool::test_write_operations_use_write_pool::{closure#0}, outlet_postgres[2381a683375fe85a]::tests::test_write_operations_use_write_pool::test_write_operations_use_write_pool::{closure#0}>::{closure#0}, sqlx_core[21cf00523ceb784c]::testing::run_test_with_pool<sqlx_postgres[5af69500f530fc43]::database::Postgres, fn(sqlx_core[21cf00523ceb784c]::pool::Pool<sqlx_postgres[5af69500f530fc43]::database::Postgres>) -> outlet_postgres[2381a683375fe85a]::tests::test_write_operations_use_write_pool::test_write_operations_use_write_pool::{closure#0}, outlet_postgres[2381a683375fe85a]::tests::test_write_operations_use_write_pool::test_write_operations_use_write_pool::{closure#0}>::{closure#0}::{closure#0}>::{closure#0}>::{closure#0}, ()>
[INFO] [stdout]   18:     0x5f752d84083e - <tokio[294d81b0fbc675b9]::runtime::runtime::Runtime>::block_on::<sqlx_core[21cf00523ceb784c]::testing::run_test<sqlx_postgres[5af69500f530fc43]::database::Postgres, sqlx_core[21cf00523ceb784c]::testing::run_test_with_pool<sqlx_postgres[5af69500f530fc43]::database::Postgres, fn(sqlx_core[21cf00523ceb784c]::pool::Pool<sqlx_postgres[5af69500f530fc43]::database::Postgres>) -> outlet_postgres[2381a683375fe85a]::tests::test_write_operations_use_write_pool::test_write_operations_use_write_pool::{closure#0}, outlet_postgres[2381a683375fe85a]::tests::test_write_operations_use_write_pool::test_write_operations_use_write_pool::{closure#0}>::{closure#0}, sqlx_core[21cf00523ceb784c]::testing::run_test_with_pool<sqlx_postgres[5af69500f530fc43]::database::Postgres, fn(sqlx_core[21cf00523ceb784c]::pool::Pool<sqlx_postgres[5af69500f530fc43]::database::Postgres>) -> outlet_postgres[2381a683375fe85a]::tests::test_write_operations_use_write_pool::test_write_operations_use_write_pool::{closure#0}, outlet_postgres[2381a683375fe85a]::tests::test_write_operations_use_write_pool::test_write_operations_use_write_pool::{closure#0}>::{closure#0}::{closure#0}>::{closure#0}>
[INFO] [stdout]   19:     0x5f752d8e91ab - sqlx_core[21cf00523ceb784c]::rt::test_block_on::<sqlx_core[21cf00523ceb784c]::testing::run_test<sqlx_postgres[5af69500f530fc43]::database::Postgres, sqlx_core[21cf00523ceb784c]::testing::run_test_with_pool<sqlx_postgres[5af69500f530fc43]::database::Postgres, fn(sqlx_core[21cf00523ceb784c]::pool::Pool<sqlx_postgres[5af69500f530fc43]::database::Postgres>) -> outlet_postgres[2381a683375fe85a]::tests::test_write_operations_use_write_pool::test_write_operations_use_write_pool::{closure#0}, outlet_postgres[2381a683375fe85a]::tests::test_write_operations_use_write_pool::test_write_operations_use_write_pool::{closure#0}>::{closure#0}, sqlx_core[21cf00523ceb784c]::testing::run_test_with_pool<sqlx_postgres[5af69500f530fc43]::database::Postgres, fn(sqlx_core[21cf00523ceb784c]::pool::Pool<sqlx_postgres[5af69500f530fc43]::database::Postgres>) -> outlet_postgres[2381a683375fe85a]::tests::test_write_operations_use_write_pool::test_write_operations_use_write_pool::{closure#0}, outlet_postgres[2381a683375fe85a]::tests::test_write_operations_use_write_pool::test_write_operations_use_write_pool::{closure#0}>::{closure#0}::{closure#0}>::{closure#0}>
[INFO] [stdout]   20:     0x5f752d8cf7a0 - <outlet_postgres[2381a683375fe85a]::tests::test_write_operations_use_write_pool::{closure#0} as core[df12db4294e9bfd3]::ops::function::FnOnce<()>>::call_once
[INFO] [stdout]   21:     0x5f752d8fb6cb - test[9d35eded1c95d3be]::__rust_begin_short_backtrace::<core[df12db4294e9bfd3]::result::Result<(), alloc[2182bb758b4b3781]::string::String>, fn() -> core[df12db4294e9bfd3]::result::Result<(), alloc[2182bb758b4b3781]::string::String>>
[INFO] [stdout]   22:     0x5f752d908d35 - test[9d35eded1c95d3be]::run_test::{closure#0}
[INFO] [stdout]   23:     0x5f752d9025f4 - std[70759c8f55707aa4]::sys::backtrace::__rust_begin_short_backtrace::<test[9d35eded1c95d3be]::run_test::{closure#1}, ()>
[INFO] [stdout]   24:     0x5f752d90be92 - <std[70759c8f55707aa4]::thread::lifecycle::spawn_unchecked<test[9d35eded1c95d3be]::run_test::{closure#1}, ()>::{closure#1} as core[df12db4294e9bfd3]::ops::function::FnOnce<()>>::call_once::{shim:vtable#0}
[INFO] [stdout]   25:     0x5f752def05c9 - <std[70759c8f55707aa4]::sys::thread::unix::Thread>::new::thread_start
[INFO] [stdout]   26:     0x7fa09bf85dfa - <unknown>
[INFO] [stdout]   27:     0x7fa09c0193d4 - clone
[INFO] [stdout]   28:                0x0 - <unknown>
[INFO] [stdout] 
[INFO] [stdout] ---- tests::test_request_batch_insert stdout ----
[INFO] [stdout] 
[INFO] [stdout] thread 'tests::test_request_batch_insert' (3278) panicked at /opt/rustwide/cargo-home/registry/src/index.crates.io-1949cf8c6b5b557f/sqlx-postgres-0.8.6/src/testing/mod.rs:96:44:
[INFO] [stdout] DATABASE_URL must be set: EnvVar(NotPresent)
[INFO] [stdout] stack backtrace:
[INFO] [stdout]    0:     0x5f752def13c1 - <<std[70759c8f55707aa4]::sys::backtrace::BacktraceLock>::print::DisplayBacktrace as core[df12db4294e9bfd3]::fmt::Display>::fmt
[INFO] [stdout]    1:     0x5f752df0915a - core[df12db4294e9bfd3]::fmt::write
[INFO] [stdout]    2:     0x5f752def5e8c - <alloc[2182bb758b4b3781]::vec::Vec<u8> as core[df12db4294e9bfd3]::io::write::Write>::write_fmt
[INFO] [stdout]    3:     0x5f752decc106 - std[70759c8f55707aa4]::panicking::default_hook::{closure#0}
[INFO] [stdout]    4:     0x5f752dee8eb9 - std[70759c8f55707aa4]::panicking::default_hook
[INFO] [stdout]    5:     0x5f752d9083e0 - test[9d35eded1c95d3be]::test_main_inner::<test[9d35eded1c95d3be]::test_main_static::{closure#0}>::{closure#0}
[INFO] [stdout]    6:     0x5f752dee91e2 - std[70759c8f55707aa4]::panicking::panic_with_hook
[INFO] [stdout]    7:     0x5f752decc1b2 - std[70759c8f55707aa4]::panicking::panic_handler::{closure#0}
[INFO] [stdout]    8:     0x5f752dec4a89 - std[70759c8f55707aa4]::sys::backtrace::__rust_end_short_backtrace::<std[70759c8f55707aa4]::panicking::panic_handler::{closure#0}, !>
[INFO] [stdout]    9:     0x5f752decd03d - __rustc[8fa7c3cbc660c2b3]::rust_begin_unwind
[INFO] [stdout]   10:     0x5f752df098bc - core[df12db4294e9bfd3]::panicking::panic_fmt
[INFO] [stdout]   11:     0x5f752df09692 - core[df12db4294e9bfd3]::result::unwrap_failed
[INFO] [stdout]   12:     0x5f752dccdd0e - <sqlx_postgres[5af69500f530fc43]::database::Postgres as sqlx_core[21cf00523ceb784c]::testing::TestSupport>::test_context::{closure#0}
[INFO] [stdout]   13:     0x5f752d77800d - sqlx_core[21cf00523ceb784c]::testing::run_test::<sqlx_postgres[5af69500f530fc43]::database::Postgres, sqlx_core[21cf00523ceb784c]::testing::run_test_with_pool<sqlx_postgres[5af69500f530fc43]::database::Postgres, fn(sqlx_core[21cf00523ceb784c]::pool::Pool<sqlx_postgres[5af69500f530fc43]::database::Postgres>) -> outlet_postgres[2381a683375fe85a]::tests::test_request_batch_insert::test_request_batch_insert::{closure#0}, outlet_postgres[2381a683375fe85a]::tests::test_request_batch_insert::test_request_batch_insert::{closure#0}>::{closure#0}, sqlx_core[21cf00523ceb784c]::testing::run_test_with_pool<sqlx_postgres[5af69500f530fc43]::database::Postgres, fn(sqlx_core[21cf00523ceb784c]::pool::Pool<sqlx_postgres[5af69500f530fc43]::database::Postgres>) -> outlet_postgres[2381a683375fe85a]::tests::test_request_batch_insert::test_request_batch_insert::{closure#0}, outlet_postgres[2381a683375fe85a]::tests::test_request_batch_insert::test_request_batch_insert::{closure#0}>::{closure#0}::{closure#0}>::{closure#0}
[INFO] [stdout]   14:     0x5f752d82ec5e - <tokio[294d81b0fbc675b9]::runtime::scheduler::current_thread::Context>::enter::<core[df12db4294e9bfd3]::task::poll::Poll<()>, <tokio[294d81b0fbc675b9]::runtime::scheduler::current_thread::CoreGuard>::block_on<core[df12db4294e9bfd3]::pin::Pin<&mut sqlx_core[21cf00523ceb784c]::testing::run_test<sqlx_postgres[5af69500f530fc43]::database::Postgres, sqlx_core[21cf00523ceb784c]::testing::run_test_with_pool<sqlx_postgres[5af69500f530fc43]::database::Postgres, fn(sqlx_core[21cf00523ceb784c]::pool::Pool<sqlx_postgres[5af69500f530fc43]::database::Postgres>) -> outlet_postgres[2381a683375fe85a]::tests::test_request_batch_insert::test_request_batch_insert::{closure#0}, outlet_postgres[2381a683375fe85a]::tests::test_request_batch_insert::test_request_batch_insert::{closure#0}>::{closure#0}, sqlx_core[21cf00523ceb784c]::testing::run_test_with_pool<sqlx_postgres[5af69500f530fc43]::database::Postgres, fn(sqlx_core[21cf00523ceb784c]::pool::Pool<sqlx_postgres[5af69500f530fc43]::database::Postgres>) -> outlet_postgres[2381a683375fe85a]::tests::test_request_batch_insert::test_request_batch_insert::{closure#0}, outlet_postgres[2381a683375fe85a]::tests::test_request_batch_insert::test_request_batch_insert::{closure#0}>::{closure#0}::{closure#0}>::{closure#0}>>::{closure#0}::{closure#0}>
[INFO] [stdout]   15:     0x5f752d891c0c - <tokio[294d81b0fbc675b9]::runtime::context::scoped::Scoped<tokio[294d81b0fbc675b9]::runtime::scheduler::Context>>::set::<<tokio[294d81b0fbc675b9]::runtime::scheduler::current_thread::CoreGuard>::enter<<tokio[294d81b0fbc675b9]::runtime::scheduler::current_thread::CoreGuard>::block_on<core[df12db4294e9bfd3]::pin::Pin<&mut sqlx_core[21cf00523ceb784c]::testing::run_test<sqlx_postgres[5af69500f530fc43]::database::Postgres, sqlx_core[21cf00523ceb784c]::testing::run_test_with_pool<sqlx_postgres[5af69500f530fc43]::database::Postgres, fn(sqlx_core[21cf00523ceb784c]::pool::Pool<sqlx_postgres[5af69500f530fc43]::database::Postgres>) -> outlet_postgres[2381a683375fe85a]::tests::test_request_batch_insert::test_request_batch_insert::{closure#0}, outlet_postgres[2381a683375fe85a]::tests::test_request_batch_insert::test_request_batch_insert::{closure#0}>::{closure#0}, sqlx_core[21cf00523ceb784c]::testing::run_test_with_pool<sqlx_postgres[5af69500f530fc43]::database::Postgres, fn(sqlx_core[21cf00523ceb784c]::pool::Pool<sqlx_postgres[5af69500f530fc43]::database::Postgres>) -> outlet_postgres[2381a683375fe85a]::tests::test_request_batch_insert::test_request_batch_insert::{closure#0}, outlet_postgres[2381a683375fe85a]::tests::test_request_batch_insert::test_request_batch_insert::{closure#0}>::{closure#0}::{closure#0}>::{closure#0}>>::{closure#0}, core[df12db4294e9bfd3]::option::Option<()>>::{closure#0}, (alloc[2182bb758b4b3781]::boxed::Box<tokio[294d81b0fbc675b9]::runtime::scheduler::current_thread::Core>, core[df12db4294e9bfd3]::option::Option<()>)>
[INFO] [stdout]   16:     0x5f752d831147 - <tokio[294d81b0fbc675b9]::runtime::scheduler::current_thread::CoreGuard>::block_on::<core[df12db4294e9bfd3]::pin::Pin<&mut sqlx_core[21cf00523ceb784c]::testing::run_test<sqlx_postgres[5af69500f530fc43]::database::Postgres, sqlx_core[21cf00523ceb784c]::testing::run_test_with_pool<sqlx_postgres[5af69500f530fc43]::database::Postgres, fn(sqlx_core[21cf00523ceb784c]::pool::Pool<sqlx_postgres[5af69500f530fc43]::database::Postgres>) -> outlet_postgres[2381a683375fe85a]::tests::test_request_batch_insert::test_request_batch_insert::{closure#0}, outlet_postgres[2381a683375fe85a]::tests::test_request_batch_insert::test_request_batch_insert::{closure#0}>::{closure#0}, sqlx_core[21cf00523ceb784c]::testing::run_test_with_pool<sqlx_postgres[5af69500f530fc43]::database::Postgres, fn(sqlx_core[21cf00523ceb784c]::pool::Pool<sqlx_postgres[5af69500f530fc43]::database::Postgres>) -> outlet_postgres[2381a683375fe85a]::tests::test_request_batch_insert::test_request_batch_insert::{closure#0}, outlet_postgres[2381a683375fe85a]::tests::test_request_batch_insert::test_request_batch_insert::{closure#0}>::{closure#0}::{closure#0}>::{closure#0}>>
[INFO] [stdout]   17:     0x5f752d8ac947 - tokio[294d81b0fbc675b9]::runtime::context::runtime::enter_runtime::<<tokio[294d81b0fbc675b9]::runtime::scheduler::current_thread::CurrentThread>::block_on<sqlx_core[21cf00523ceb784c]::testing::run_test<sqlx_postgres[5af69500f530fc43]::database::Postgres, sqlx_core[21cf00523ceb784c]::testing::run_test_with_pool<sqlx_postgres[5af69500f530fc43]::database::Postgres, fn(sqlx_core[21cf00523ceb784c]::pool::Pool<sqlx_postgres[5af69500f530fc43]::database::Postgres>) -> outlet_postgres[2381a683375fe85a]::tests::test_request_batch_insert::test_request_batch_insert::{closure#0}, outlet_postgres[2381a683375fe85a]::tests::test_request_batch_insert::test_request_batch_insert::{closure#0}>::{closure#0}, sqlx_core[21cf00523ceb784c]::testing::run_test_with_pool<sqlx_postgres[5af69500f530fc43]::database::Postgres, fn(sqlx_core[21cf00523ceb784c]::pool::Pool<sqlx_postgres[5af69500f530fc43]::database::Postgres>) -> outlet_postgres[2381a683375fe85a]::tests::test_request_batch_insert::test_request_batch_insert::{closure#0}, outlet_postgres[2381a683375fe85a]::tests::test_request_batch_insert::test_request_batch_insert::{closure#0}>::{closure#0}::{closure#0}>::{closure#0}>::{closure#0}, ()>
[INFO] [stdout]   18:     0x5f752d83fb4e - <tokio[294d81b0fbc675b9]::runtime::runtime::Runtime>::block_on::<sqlx_core[21cf00523ceb784c]::testing::run_test<sqlx_postgres[5af69500f530fc43]::database::Postgres, sqlx_core[21cf00523ceb784c]::testing::run_test_with_pool<sqlx_postgres[5af69500f530fc43]::database::Postgres, fn(sqlx_core[21cf00523ceb784c]::pool::Pool<sqlx_postgres[5af69500f530fc43]::database::Postgres>) -> outlet_postgres[2381a683375fe85a]::tests::test_request_batch_insert::test_request_batch_insert::{closure#0}, outlet_postgres[2381a683375fe85a]::tests::test_request_batch_insert::test_request_batch_insert::{closure#0}>::{closure#0}, sqlx_core[21cf00523ceb784c]::testing::run_test_with_pool<sqlx_postgres[5af69500f530fc43]::database::Postgres, fn(sqlx_core[21cf00523ceb784c]::pool::Pool<sqlx_postgres[5af69500f530fc43]::database::Postgres>) -> outlet_postgres[2381a683375fe85a]::tests::test_request_batch_insert::test_request_batch_insert::{closure#0}, outlet_postgres[2381a683375fe85a]::tests::test_request_batch_insert::test_request_batch_insert::{closure#0}>::{closure#0}::{closure#0}>::{closure#0}>
[INFO] [stdout]   19:     0x5f752d8e86fb - sqlx_core[21cf00523ceb784c]::rt::test_block_on::<sqlx_core[21cf00523ceb784c]::testing::run_test<sqlx_postgres[5af69500f530fc43]::database::Postgres, sqlx_core[21cf00523ceb784c]::testing::run_test_with_pool<sqlx_postgres[5af69500f530fc43]::database::Postgres, fn(sqlx_core[21cf00523ceb784c]::pool::Pool<sqlx_postgres[5af69500f530fc43]::database::Postgres>) -> outlet_postgres[2381a683375fe85a]::tests::test_request_batch_insert::test_request_batch_insert::{closure#0}, outlet_postgres[2381a683375fe85a]::tests::test_request_batch_insert::test_request_batch_insert::{closure#0}>::{closure#0}, sqlx_core[21cf00523ceb784c]::testing::run_test_with_pool<sqlx_postgres[5af69500f530fc43]::database::Postgres, fn(sqlx_core[21cf00523ceb784c]::pool::Pool<sqlx_postgres[5af69500f530fc43]::database::Postgres>) -> outlet_postgres[2381a683375fe85a]::tests::test_request_batch_insert::test_request_batch_insert::{closure#0}, outlet_postgres[2381a683375fe85a]::tests::test_request_batch_insert::test_request_batch_insert::{closure#0}>::{closure#0}::{closure#0}>::{closure#0}>
[INFO] [stdout]   20:     0x5f752d8cf1b0 - <outlet_postgres[2381a683375fe85a]::tests::test_request_batch_insert::{closure#0} as core[df12db4294e9bfd3]::ops::function::FnOnce<()>>::call_once
[INFO] [stdout]   21:     0x5f752d8fb6cb - test[9d35eded1c95d3be]::__rust_begin_short_backtrace::<core[df12db4294e9bfd3]::result::Result<(), alloc[2182bb758b4b3781]::string::String>, fn() -> core[df12db4294e9bfd3]::result::Result<(), alloc[2182bb758b4b3781]::string::String>>
[INFO] [stdout]   22:     0x5f752d908d35 - test[9d35eded1c95d3be]::run_test::{closure#0}
[INFO] [stdout]   23:     0x5f752d9025f4 - std[70759c8f55707aa4]::sys::backtrace::__rust_begin_short_backtrace::<test[9d35eded1c95d3be]::run_test::{closure#1}, ()>
[INFO] [stdout]   24:     0x5f752d90be92 - <std[70759c8f55707aa4]::thread::lifecycle::spawn_unchecked<test[9d35eded1c95d3be]::run_test::{closure#1}, ()>::{closure#1} as core[df12db4294e9bfd3]::ops::function::FnOnce<()>>::call_once::{shim:vtable#0}
[INFO] [stdout]   25:     0x5f752def05c9 - <std[70759c8f55707aa4]::sys::thread::unix::Thread>::new::thread_start
[INFO] [stdout]   26:     0x7fa09bf85dfa - <unknown>
[INFO] [stdout]   27:     0x7fa09c0193d4 - clone
[INFO] [stdout]   28:                0x0 - <unknown>
[INFO] [stdout] 
[INFO] [stdout] ---- tests::test_response_batch_insert stdout ----
[INFO] [stdout] 
[INFO] [stdout] thread 'tests::test_response_batch_insert' (3279) panicked at /opt/rustwide/cargo-home/registry/src/index.crates.io-1949cf8c6b5b557f/sqlx-postgres-0.8.6/src/testing/mod.rs:96:44:
[INFO] [stdout] DATABASE_URL must be set: EnvVar(NotPresent)
[INFO] [stdout] stack backtrace:
[INFO] [stdout]    0:     0x5f752def13c1 - <<std[70759c8f55707aa4]::sys::backtrace::BacktraceLock>::print::DisplayBacktrace as core[df12db4294e9bfd3]::fmt::Display>::fmt
[INFO] [stdout]    1:     0x5f752df0915a - core[df12db4294e9bfd3]::fmt::write
[INFO] [stdout]    2:     0x5f752def5e8c - <alloc[2182bb758b4b3781]::vec::Vec<u8> as core[df12db4294e9bfd3]::io::write::Write>::write_fmt
[INFO] [stdout]    3:     0x5f752decc106 - std[70759c8f55707aa4]::panicking::default_hook::{closure#0}
[INFO] [stdout]    4:     0x5f752dee8eb9 - std[70759c8f55707aa4]::panicking::default_hook
[INFO] [stdout]    5:     0x5f752d9083e0 - test[9d35eded1c95d3be]::test_main_inner::<test[9d35eded1c95d3be]::test_main_static::{closure#0}>::{closure#0}
[INFO] [stdout]    6:     0x5f752dee91e2 - std[70759c8f55707aa4]::panicking::panic_with_hook
[INFO] [stdout]    7:     0x5f752decc1b2 - std[70759c8f55707aa4]::panicking::panic_handler::{closure#0}
[INFO] [stdout]    8:     0x5f752dec4a89 - std[70759c8f55707aa4]::sys::backtrace::__rust_end_short_backtrace::<std[70759c8f55707aa4]::panicking::panic_handler::{closure#0}, !>
[INFO] [stdout]    9:     0x5f752decd03d - __rustc[8fa7c3cbc660c2b3]::rust_begin_unwind
[INFO] [stdout]   10:     0x5f752df098bc - core[df12db4294e9bfd3]::panicking::panic_fmt
[INFO] [stdout]   11:     0x5f752df09692 - core[df12db4294e9bfd3]::result::unwrap_failed
[INFO] [stdout]   12:     0x5f752dccdd0e - <sqlx_postgres[5af69500f530fc43]::database::Postgres as sqlx_core[21cf00523ceb784c]::testing::TestSupport>::test_context::{closure#0}
[INFO] [stdout]   13:     0x5f752d779bfa - sqlx_core[21cf00523ceb784c]::testing::run_test::<sqlx_postgres[5af69500f530fc43]::database::Postgres, sqlx_core[21cf00523ceb784c]::testing::run_test_with_pool<sqlx_postgres[5af69500f530fc43]::database::Postgres, fn(sqlx_core[21cf00523ceb784c]::pool::Pool<sqlx_postgres[5af69500f530fc43]::database::Postgres>) -> outlet_postgres[2381a683375fe85a]::tests::test_response_batch_insert::test_response_batch_insert::{closure#0}, outlet_postgres[2381a683375fe85a]::tests::test_response_batch_insert::test_response_batch_insert::{closure#0}>::{closure#0}, sqlx_core[21cf00523ceb784c]::testing::run_test_with_pool<sqlx_postgres[5af69500f530fc43]::database::Postgres, fn(sqlx_core[21cf00523ceb784c]::pool::Pool<sqlx_postgres[5af69500f530fc43]::database::Postgres>) -> outlet_postgres[2381a683375fe85a]::tests::test_response_batch_insert::test_response_batch_insert::{closure#0}, outlet_postgres[2381a683375fe85a]::tests::test_response_batch_insert::test_response_batch_insert::{closure#0}>::{closure#0}::{closure#0}>::{closure#0}
[INFO] [stdout]   14:     0x5f752d82edee - <tokio[294d81b0fbc675b9]::runtime::scheduler::current_thread::Context>::enter::<core[df12db4294e9bfd3]::task::poll::Poll<()>, <tokio[294d81b0fbc675b9]::runtime::scheduler::current_thread::CoreGuard>::block_on<core[df12db4294e9bfd3]::pin::Pin<&mut sqlx_core[21cf00523ceb784c]::testing::run_test<sqlx_postgres[5af69500f530fc43]::database::Postgres, sqlx_core[21cf00523ceb784c]::testing::run_test_with_pool<sqlx_postgres[5af69500f530fc43]::database::Postgres, fn(sqlx_core[21cf00523ceb784c]::pool::Pool<sqlx_postgres[5af69500f530fc43]::database::Postgres>) -> outlet_postgres[2381a683375fe85a]::tests::test_response_batch_insert::test_response_batch_insert::{closure#0}, outlet_postgres[2381a683375fe85a]::tests::test_response_batch_insert::test_response_batch_insert::{closure#0}>::{closure#0}, sqlx_core[21cf00523ceb784c]::testing::run_test_with_pool<sqlx_postgres[5af69500f530fc43]::database::Postgres, fn(sqlx_core[21cf00523ceb784c]::pool::Pool<sqlx_postgres[5af69500f530fc43]::database::Postgres>) -> outlet_postgres[2381a683375fe85a]::tests::test_response_batch_insert::test_response_batch_insert::{closure#0}, outlet_postgres[2381a683375fe85a]::tests::test_response_batch_insert::test_response_batch_insert::{closure#0}>::{closure#0}::{closure#0}>::{closure#0}>>::{closure#0}::{closure#0}>
[INFO] [stderr] error: test failed, to rerun pass `--lib`
[INFO] [stdout]   15:     0x5f752d891dec - <tokio[294d81b0fbc675b9]::runtime::context::scoped::Scoped<tokio[294d81b0fbc675b9]::runtime::scheduler::Context>>::set::<<tokio[294d81b0fbc675b9]::runtime::scheduler::current_thread::CoreGuard>::enter<<tokio[294d81b0fbc675b9]::runtime::scheduler::current_thread::CoreGuard>::block_on<core[df12db4294e9bfd3]::pin::Pin<&mut sqlx_core[21cf00523ceb784c]::testing::run_test<sqlx_postgres[5af69500f530fc43]::database::Postgres, sqlx_core[21cf00523ceb784c]::testing::run_test_with_pool<sqlx_postgres[5af69500f530fc43]::database::Postgres, fn(sqlx_core[21cf00523ceb784c]::pool::Pool<sqlx_postgres[5af69500f530fc43]::database::Postgres>) -> outlet_postgres[2381a683375fe85a]::tests::test_response_batch_insert::test_response_batch_insert::{closure#0}, outlet_postgres[2381a683375fe85a]::tests::test_response_batch_insert::test_response_batch_insert::{closure#0}>::{closure#0}, sqlx_core[21cf00523ceb784c]::testing::run_test_with_pool<sqlx_postgres[5af69500f530fc43]::database::Postgres, fn(sqlx_core[21cf00523ceb784c]::pool::Pool<sqlx_postgres[5af69500f530fc43]::database::Postgres>) -> outlet_postgres[2381a683375fe85a]::tests::test_response_batch_insert::test_response_batch_insert::{closure#0}, outlet_postgres[2381a683375fe85a]::tests::test_response_batch_insert::test_response_batch_insert::{closure#0}>::{closure#0}::{closure#0}>::{closure#0}>>::{closure#0}, core[df12db4294e9bfd3]::option::Option<()>>::{closure#0}, (alloc[2182bb758b4b3781]::boxed::Box<tokio[294d81b0fbc675b9]::runtime::scheduler::current_thread::Core>, core[df12db4294e9bfd3]::option::Option<()>)>
[INFO] [stdout]   16:     0x5f752d831337 - <tokio[294d81b0fbc675b9]::runtime::scheduler::current_thread::CoreGuard>::block_on::<core[df12db4294e9bfd3]::pin::Pin<&mut sqlx_core[21cf00523ceb784c]::testing::run_test<sqlx_postgres[5af69500f530fc43]::database::Postgres, sqlx_core[21cf00523ceb784c]::testing::run_test_with_pool<sqlx_postgres[5af69500f530fc43]::database::Postgres, fn(sqlx_core[21cf00523ceb784c]::pool::Pool<sqlx_postgres[5af69500f530fc43]::database::Postgres>) -> outlet_postgres[2381a683375fe85a]::tests::test_response_batch_insert::test_response_batch_insert::{closure#0}, outlet_postgres[2381a683375fe85a]::tests::test_response_batch_insert::test_response_batch_insert::{closure#0}>::{closure#0}, sqlx_core[21cf00523ceb784c]::testing::run_test_with_pool<sqlx_postgres[5af69500f530fc43]::database::Postgres, fn(sqlx_core[21cf00523ceb784c]::pool::Pool<sqlx_postgres[5af69500f530fc43]::database::Postgres>) -> outlet_postgres[2381a683375fe85a]::tests::test_response_batch_insert::test_response_batch_insert::{closure#0}, outlet_postgres[2381a683375fe85a]::tests::test_response_batch_insert::test_response_batch_insert::{closure#0}>::{closure#0}::{closure#0}>::{closure#0}>>
[INFO] [stdout]   17:     0x5f752d8acd97 - tokio[294d81b0fbc675b9]::runtime::context::runtime::enter_runtime::<<tokio[294d81b0fbc675b9]::runtime::scheduler::current_thread::CurrentThread>::block_on<sqlx_core[21cf00523ceb784c]::testing::run_test<sqlx_postgres[5af69500f530fc43]::database::Postgres, sqlx_core[21cf00523ceb784c]::testing::run_test_with_pool<sqlx_postgres[5af69500f530fc43]::database::Postgres, fn(sqlx_core[21cf00523ceb784c]::pool::Pool<sqlx_postgres[5af69500f530fc43]::database::Postgres>) -> outlet_postgres[2381a683375fe85a]::tests::test_response_batch_insert::test_response_batch_insert::{closure#0}, outlet_postgres[2381a683375fe85a]::tests::test_response_batch_insert::test_response_batch_insert::{closure#0}>::{closure#0}, sqlx_core[21cf00523ceb784c]::testing::run_test_with_pool<sqlx_postgres[5af69500f530fc43]::database::Postgres, fn(sqlx_core[21cf00523ceb784c]::pool::Pool<sqlx_postgres[5af69500f530fc43]::database::Postgres>) -> outlet_postgres[2381a683375fe85a]::tests::test_response_batch_insert::test_response_batch_insert::{closure#0}, outlet_postgres[2381a683375fe85a]::tests::test_response_batch_insert::test_response_batch_insert::{closure#0}>::{closure#0}::{closure#0}>::{closure#0}>::{closure#0}, ()>
[INFO] [stdout]   18:     0x5f752d83fcbe - <tokio[294d81b0fbc675b9]::runtime::runtime::Runtime>::block_on::<sqlx_core[21cf00523ceb784c]::testing::run_test<sqlx_postgres[5af69500f530fc43]::database::Postgres, sqlx_core[21cf00523ceb784c]::testing::run_test_with_pool<sqlx_postgres[5af69500f530fc43]::database::Postgres, fn(sqlx_core[21cf00523ceb784c]::pool::Pool<sqlx_postgres[5af69500f530fc43]::database::Postgres>) -> outlet_postgres[2381a683375fe85a]::tests::test_response_batch_insert::test_response_batch_insert::{closure#0}, outlet_postgres[2381a683375fe85a]::tests::test_response_batch_insert::test_response_batch_insert::{closure#0}>::{closure#0}, sqlx_core[21cf00523ceb784c]::testing::run_test_with_pool<sqlx_postgres[5af69500f530fc43]::database::Postgres, fn(sqlx_core[21cf00523ceb784c]::pool::Pool<sqlx_postgres[5af69500f530fc43]::database::Postgres>) -> outlet_postgres[2381a683375fe85a]::tests::test_response_batch_insert::test_response_batch_insert::{closure#0}, outlet_postgres[2381a683375fe85a]::tests::test_response_batch_insert::test_response_batch_insert::{closure#0}>::{closure#0}::{closure#0}>::{closure#0}>
[INFO] [stdout]   19:     0x5f752d8e882b - sqlx_core[21cf00523ceb784c]::rt::test_block_on::<sqlx_core[21cf00523ceb784c]::testing::run_test<sqlx_postgres[5af69500f530fc43]::database::Postgres, sqlx_core[21cf00523ceb784c]::testing::run_test_with_pool<sqlx_postgres[5af69500f530fc43]::database::Postgres, fn(sqlx_core[21cf00523ceb784c]::pool::Pool<sqlx_postgres[5af69500f530fc43]::database::Postgres>) -> outlet_postgres[2381a683375fe85a]::tests::test_response_batch_insert::test_response_batch_insert::{closure#0}, outlet_postgres[2381a683375fe85a]::tests::test_response_batch_insert::test_response_batch_insert::{closure#0}>::{closure#0}, sqlx_core[21cf00523ceb784c]::testing::run_test_with_pool<sqlx_postgres[5af69500f530fc43]::database::Postgres, fn(sqlx_core[21cf00523ceb784c]::pool::Pool<sqlx_postgres[5af69500f530fc43]::database::Postgres>) -> outlet_postgres[2381a683375fe85a]::tests::test_response_batch_insert::test_response_batch_insert::{closure#0}, outlet_postgres[2381a683375fe85a]::tests::test_response_batch_insert::test_response_batch_insert::{closure#0}>::{closure#0}::{closure#0}>::{closure#0}>
[INFO] [stdout]   20:     0x5f752d8cf25d - <outlet_postgres[2381a683375fe85a]::tests::test_response_batch_insert::{closure#0} as core[df12db4294e9bfd3]::ops::function::FnOnce<()>>::call_once
[INFO] [stdout]   21:     0x5f752d8fb6cb - test[9d35eded1c95d3be]::__rust_begin_short_backtrace::<core[df12db4294e9bfd3]::result::Result<(), alloc[2182bb758b4b3781]::string::String>, fn() -> core[df12db4294e9bfd3]::result::Result<(), alloc[2182bb758b4b3781]::string::String>>
[INFO] [stdout]   22:     0x5f752d908d35 - test[9d35eded1c95d3be]::run_test::{closure#0}
[INFO] [stdout]   23:     0x5f752d9025f4 - std[70759c8f55707aa4]::sys::backtrace::__rust_begin_short_backtrace::<test[9d35eded1c95d3be]::run_test::{closure#1}, ()>
[INFO] [stdout]   24:     0x5f752d90be92 - <std[70759c8f55707aa4]::thread::lifecycle::spawn_unchecked<test[9d35eded1c95d3be]::run_test::{closure#1}, ()>::{closure#1} as core[df12db4294e9bfd3]::ops::function::FnOnce<()>>::call_once::{shim:vtable#0}
[INFO] [stdout]   25:     0x5f752def05c9 - <std[70759c8f55707aa4]::sys::thread::unix::Thread>::new::thread_start
[INFO] [stdout]   26:     0x7fa09bf85dfa - <unknown>
[INFO] [stdout]   27:     0x7fa09c0193d4 - clone
[INFO] [stdout]   28:                0x0 - <unknown>
[INFO] [stdout] 
[INFO] [stdout] ---- tests::test_response_write_uses_write_pool stdout ----
[INFO] [stdout] 
[INFO] [stdout] thread 'tests::test_response_write_uses_write_pool' (3280) panicked at /opt/rustwide/cargo-home/registry/src/index.crates.io-1949cf8c6b5b557f/sqlx-postgres-0.8.6/src/testing/mod.rs:96:44:
[INFO] [stdout] DATABASE_URL must be set: EnvVar(NotPresent)
[INFO] [stdout] stack backtrace:
[INFO] [stdout]    0:     0x5f752def13c1 - <<std[70759c8f55707aa4]::sys::backtrace::BacktraceLock>::print::DisplayBacktrace as core[df12db4294e9bfd3]::fmt::Display>::fmt
[INFO] [stdout]    1:     0x5f752df0915a - core[df12db4294e9bfd3]::fmt::write
[INFO] [stdout]    2:     0x5f752def5e8c - <alloc[2182bb758b4b3781]::vec::Vec<u8> as core[df12db4294e9bfd3]::io::write::Write>::write_fmt
[INFO] [stdout]    3:     0x5f752decc106 - std[70759c8f55707aa4]::panicking::default_hook::{closure#0}
[INFO] [stdout]    4:     0x5f752dee8eb9 - std[70759c8f55707aa4]::panicking::default_hook
[INFO] [stdout]    5:     0x5f752d9083e0 - test[9d35eded1c95d3be]::test_main_inner::<test[9d35eded1c95d3be]::test_main_static::{closure#0}>::{closure#0}
[INFO] [stdout]    6:     0x5f752dee91e2 - std[70759c8f55707aa4]::panicking::panic_with_hook
[INFO] [stdout]    7:     0x5f752decc1b2 - std[70759c8f55707aa4]::panicking::panic_handler::{closure#0}
[INFO] [stdout]    8:     0x5f752dec4a89 - std[70759c8f55707aa4]::sys::backtrace::__rust_end_short_backtrace::<std[70759c8f55707aa4]::panicking::panic_handler::{closure#0}, !>
[INFO] [stdout]    9:     0x5f752decd03d - __rustc[8fa7c3cbc660c2b3]::rust_begin_unwind
[INFO] [stdout]   10:     0x5f752df098bc - core[df12db4294e9bfd3]::panicking::panic_fmt
[INFO] [stdout]   11:     0x5f752df09692 - core[df12db4294e9bfd3]::result::unwrap_failed
[INFO] [stdout]   12:     0x5f752dccdd0e - <sqlx_postgres[5af69500f530fc43]::database::Postgres as sqlx_core[21cf00523ceb784c]::testing::TestSupport>::test_context::{closure#0}
[INFO] [stdout]   13:     0x5f752d78076f - sqlx_core[21cf00523ceb784c]::testing::run_test::<sqlx_postgres[5af69500f530fc43]::database::Postgres, sqlx_core[21cf00523ceb784c]::testing::run_test_with_pool<sqlx_postgres[5af69500f530fc43]::database::Postgres, fn(sqlx_core[21cf00523ceb784c]::pool::Pool<sqlx_postgres[5af69500f530fc43]::database::Postgres>) -> outlet_postgres[2381a683375fe85a]::tests::test_response_write_uses_write_pool::test_response_write_uses_write_pool::{closure#0}, outlet_postgres[2381a683375fe85a]::tests::test_response_write_uses_write_pool::test_response_write_uses_write_pool::{closure#0}>::{closure#0}, sqlx_core[21cf00523ceb784c]::testing::run_test_with_pool<sqlx_postgres[5af69500f530fc43]::database::Postgres, fn(sqlx_core[21cf00523ceb784c]::pool::Pool<sqlx_postgres[5af69500f530fc43]::database::Postgres>) -> outlet_postgres[2381a683375fe85a]::tests::test_response_write_uses_write_pool::test_response_write_uses_write_pool::{closure#0}, outlet_postgres[2381a683375fe85a]::tests::test_response_write_uses_write_pool::test_response_write_uses_write_pool::{closure#0}>::{closure#0}::{closure#0}>::{closure#0}
[INFO] [stdout]   14:     0x5f752d82f74e - <tokio[294d81b0fbc675b9]::runtime::scheduler::current_thread::Context>::enter::<core[df12db4294e9bfd3]::task::poll::Poll<()>, <tokio[294d81b0fbc675b9]::runtime::scheduler::current_thread::CoreGuard>::block_on<core[df12db4294e9bfd3]::pin::Pin<&mut sqlx_core[21cf00523ceb784c]::testing::run_test<sqlx_postgres[5af69500f530fc43]::database::Postgres, sqlx_core[21cf00523ceb784c]::testing::run_test_with_pool<sqlx_postgres[5af69500f530fc43]::database::Postgres, fn(sqlx_core[21cf00523ceb784c]::pool::Pool<sqlx_postgres[5af69500f530fc43]::database::Postgres>) -> outlet_postgres[2381a683375fe85a]::tests::test_response_write_uses_write_pool::test_response_write_uses_write_pool::{closure#0}, outlet_postgres[2381a683375fe85a]::tests::test_response_write_uses_write_pool::test_response_write_uses_write_pool::{closure#0}>::{closure#0}, sqlx_core[21cf00523ceb784c]::testing::run_test_with_pool<sqlx_postgres[5af69500f530fc43]::database::Postgres, fn(sqlx_core[21cf00523ceb784c]::pool::Pool<sqlx_postgres[5af69500f530fc43]::database::Postgres>) -> outlet_postgres[2381a683375fe85a]::tests::test_response_write_uses_write_pool::test_response_write_uses_write_pool::{closure#0}, outlet_postgres[2381a683375fe85a]::tests::test_response_write_uses_write_pool::test_response_write_uses_write_pool::{closure#0}>::{closure#0}::{closure#0}>::{closure#0}>>::{closure#0}::{closure#0}>
[INFO] [stdout]   15:     0x5f752d89292c - <tokio[294d81b0fbc675b9]::runtime::context::scoped::Scoped<tokio[294d81b0fbc675b9]::runtime::scheduler::Context>>::set::<<tokio[294d81b0fbc675b9]::runtime::scheduler::current_thread::CoreGuard>::enter<<tokio[294d81b0fbc675b9]::runtime::scheduler::current_thread::CoreGuard>::block_on<core[df12db4294e9bfd3]::pin::Pin<&mut sqlx_core[21cf00523ceb784c]::testing::run_test<sqlx_postgres[5af69500f530fc43]::database::Postgres, sqlx_core[21cf00523ceb784c]::testing::run_test_with_pool<sqlx_postgres[5af69500f530fc43]::database::Postgres, fn(sqlx_core[21cf00523ceb784c]::pool::Pool<sqlx_postgres[5af69500f530fc43]::database::Postgres>) -> outlet_postgres[2381a683375fe85a]::tests::test_response_write_uses_write_pool::test_response_write_uses_write_pool::{closure#0}, outlet_postgres[2381a683375fe85a]::tests::test_response_write_uses_write_pool::test_response_write_uses_write_pool::{closure#0}>::{closure#0}, sqlx_core[21cf00523ceb784c]::testing::run_test_with_pool<sqlx_postgres[5af69500f530fc43]::database::Postgres, fn(sqlx_core[21cf00523ceb784c]::pool::Pool<sqlx_postgres[5af69500f530fc43]::database::Postgres>) -> outlet_postgres[2381a683375fe85a]::tests::test_response_write_uses_write_pool::test_response_write_uses_write_pool::{closure#0}, outlet_postgres[2381a683375fe85a]::tests::test_response_write_uses_write_pool::test_response_write_uses_write_pool::{closure#0}>::{closure#0}::{closure#0}>::{closure#0}>>::{closure#0}, core[df12db4294e9bfd3]::option::Option<()>>::{closure#0}, (alloc[2182bb758b4b3781]::boxed::Box<tokio[294d81b0fbc675b9]::runtime::scheduler::current_thread::Core>, core[df12db4294e9bfd3]::option::Option<()>)>
[INFO] [stdout]   16:     0x5f752d831ed7 - <tokio[294d81b0fbc675b9]::runtime::scheduler::current_thread::CoreGuard>::block_on::<core[df12db4294e9bfd3]::pin::Pin<&mut sqlx_core[21cf00523ceb784c]::testing::run_test<sqlx_postgres[5af69500f530fc43]::database::Postgres, sqlx_core[21cf00523ceb784c]::testing::run_test_with_pool<sqlx_postgres[5af69500f530fc43]::database::Postgres, fn(sqlx_core[21cf00523ceb784c]::pool::Pool<sqlx_postgres[5af69500f530fc43]::database::Postgres>) -> outlet_postgres[2381a683375fe85a]::tests::test_response_write_uses_write_pool::test_response_write_uses_write_pool::{closure#0}, outlet_postgres[2381a683375fe85a]::tests::test_response_write_uses_write_pool::test_response_write_uses_write_pool::{closure#0}>::{closure#0}, sqlx_core[21cf00523ceb784c]::testing::run_test_with_pool<sqlx_postgres[5af69500f530fc43]::database::Postgres, fn(sqlx_core[21cf00523ceb784c]::pool::Pool<sqlx_postgres[5af69500f530fc43]::database::Postgres>) -> outlet_postgres[2381a683375fe85a]::tests::test_response_write_uses_write_pool::test_response_write_uses_write_pool::{closure#0}, outlet_postgres[2381a683375fe85a]::tests::test_response_write_uses_write_pool::test_response_write_uses_write_pool::{closure#0}>::{closure#0}::{closure#0}>::{closure#0}>>
[INFO] [stdout]   17:     0x5f752d8ae777 - tokio[294d81b0fbc675b9]::runtime::context::runtime::enter_runtime::<<tokio[294d81b0fbc675b9]::runtime::scheduler::current_thread::CurrentThread>::block_on<sqlx_core[21cf00523ceb784c]::testing::run_test<sqlx_postgres[5af69500f530fc43]::database::Postgres, sqlx_core[21cf00523ceb784c]::testing::run_test_with_pool<sqlx_postgres[5af69500f530fc43]::database::Postgres, fn(sqlx_core[21cf00523ceb784c]::pool::Pool<sqlx_postgres[5af69500f530fc43]::database::Postgres>) -> outlet_postgres[2381a683375fe85a]::tests::test_response_write_uses_write_pool::test_response_write_uses_write_pool::{closure#0}, outlet_postgres[2381a683375fe85a]::tests::test_response_write_uses_write_pool::test_response_write_uses_write_pool::{closure#0}>::{closure#0}, sqlx_core[21cf00523ceb784c]::testing::run_test_with_pool<sqlx_postgres[5af69500f530fc43]::database::Postgres, fn(sqlx_core[21cf00523ceb784c]::pool::Pool<sqlx_postgres[5af69500f530fc43]::database::Postgres>) -> outlet_postgres[2381a683375fe85a]::tests::test_response_write_uses_write_pool::test_response_write_uses_write_pool::{closure#0}, outlet_postgres[2381a683375fe85a]::tests::test_response_write_uses_write_pool::test_response_write_uses_write_pool::{closure#0}>::{closure#0}::{closure#0}>::{closure#0}>::{closure#0}, ()>
[INFO] [stdout]   18:     0x5f752d84055e - <tokio[294d81b0fbc675b9]::runtime::runtime::Runtime>::block_on::<sqlx_core[21cf00523ceb784c]::testing::run_test<sqlx_postgres[5af69500f530fc43]::database::Postgres, sqlx_core[21cf00523ceb784c]::testing::run_test_with_pool<sqlx_postgres[5af69500f530fc43]::database::Postgres, fn(sqlx_core[21cf00523ceb784c]::pool::Pool<sqlx_postgres[5af69500f530fc43]::database::Postgres>) -> outlet_postgres[2381a683375fe85a]::tests::test_response_write_uses_write_pool::test_response_write_uses_write_pool::{closure#0}, outlet_postgres[2381a683375fe85a]::tests::test_response_write_uses_write_pool::test_response_write_uses_write_pool::{closure#0}>::{closure#0}, sqlx_core[21cf00523ceb784c]::testing::run_test_with_pool<sqlx_postgres[5af69500f530fc43]::database::Postgres, fn(sqlx_core[21cf00523ceb784c]::pool::Pool<sqlx_postgres[5af69500f530fc43]::database::Postgres>) -> outlet_postgres[2381a683375fe85a]::tests::test_response_write_uses_write_pool::test_response_write_uses_write_pool::{closure#0}, outlet_postgres[2381a683375fe85a]::tests::test_response_write_uses_write_pool::test_response_write_uses_write_pool::{closure#0}>::{closure#0}::{closure#0}>::{closure#0}>
[INFO] [stdout]   19:     0x5f752d8e8f4b - sqlx_core[21cf00523ceb784c]::rt::test_block_on::<sqlx_core[21cf00523ceb784c]::testing::run_test<sqlx_postgres[5af69500f530fc43]::database::Postgres, sqlx_core[21cf00523ceb784c]::testing::run_test_with_pool<sqlx_postgres[5af69500f530fc43]::database::Postgres, fn(sqlx_core[21cf00523ceb784c]::pool::Pool<sqlx_postgres[5af69500f530fc43]::database::Postgres>) -> outlet_postgres[2381a683375fe85a]::tests::test_response_write_uses_write_pool::test_response_write_uses_write_pool::{closure#0}, outlet_postgres[2381a683375fe85a]::tests::test_response_write_uses_write_pool::test_response_write_uses_write_pool::{closure#0}>::{closure#0}, sqlx_core[21cf00523ceb784c]::testing::run_test_with_pool<sqlx_postgres[5af69500f530fc43]::database::Postgres, fn(sqlx_core[21cf00523ceb784c]::pool::Pool<sqlx_postgres[5af69500f530fc43]::database::Postgres>) -> outlet_postgres[2381a683375fe85a]::tests::test_response_write_uses_write_pool::test_response_write_uses_write_pool::{closure#0}, outlet_postgres[2381a683375fe85a]::tests::test_response_write_uses_write_pool::test_response_write_uses_write_pool::{closure#0}>::{closure#0}::{closure#0}>::{closure#0}>
[INFO] [stdout]   20:     0x5f752d8cf650 - <outlet_postgres[2381a683375fe85a]::tests::test_response_write_uses_write_pool::{closure#0} as core[df12db4294e9bfd3]::ops::function::FnOnce<()>>::call_once
[INFO] [stdout]   21:     0x5f752d8fb6cb - test[9d35eded1c95d3be]::__rust_begin_short_backtrace::<core[df12db4294e9bfd3]::result::Result<(), alloc[2182bb758b4b3781]::string::String>, fn() -> core[df12db4294e9bfd3]::result::Result<(), alloc[2182bb758b4b3781]::string::String>>
[INFO] [stdout]   22:     0x5f752d908d35 - test[9d35eded1c95d3be]::run_test::{closure#0}
[INFO] [stdout]   23:     0x5f752d9025f4 - std[70759c8f55707aa4]::sys::backtrace::__rust_begin_short_backtrace::<test[9d35eded1c95d3be]::run_test::{closure#1}, ()>
[INFO] [stdout]   24:     0x5f752d90be92 - <std[70759c8f55707aa4]::thread::lifecycle::spawn_unchecked<test[9d35eded1c95d3be]::run_test::{closure#1}, ()>::{closure#1} as core[df12db4294e9bfd3]::ops::function::FnOnce<()>>::call_once::{shim:vtable#0}
[INFO] [stdout]   25:     0x5f752def05c9 - <std[70759c8f55707aa4]::sys::thread::unix::Thread>::new::thread_start
[INFO] [stdout]   26:     0x7fa09bf85dfa - <unknown>
[INFO] [stdout]   27:     0x7fa09c0193d4 - clone
[INFO] [stdout]   28:                0x0 - <unknown>
[INFO] [stdout] 
[INFO] [stdout] ---- tests::test_timestamp_filtering stdout ----
[INFO] [stdout] 
[INFO] [stdout] thread 'tests::test_timestamp_filtering' (3281) panicked at /opt/rustwide/cargo-home/registry/src/index.crates.io-1949cf8c6b5b557f/sqlx-postgres-0.8.6/src/testing/mod.rs:96:44:
[INFO] [stdout] DATABASE_URL must be set: EnvVar(NotPresent)
[INFO] [stdout] stack backtrace:
[INFO] [stdout]    0:     0x5f752def13c1 - <<std[70759c8f55707aa4]::sys::backtrace::BacktraceLock>::print::DisplayBacktrace as core[df12db4294e9bfd3]::fmt::Display>::fmt
[INFO] [stdout]    1:     0x5f752df0915a - core[df12db4294e9bfd3]::fmt::write
[INFO] [stdout]    2:     0x5f752def5e8c - <alloc[2182bb758b4b3781]::vec::Vec<u8> as core[df12db4294e9bfd3]::io::write::Write>::write_fmt
[INFO] [stdout]    3:     0x5f752decc106 - std[70759c8f55707aa4]::panicking::default_hook::{closure#0}
[INFO] [stdout]    4:     0x5f752dee8eb9 - std[70759c8f55707aa4]::panicking::default_hook
[INFO] [stdout]    5:     0x5f752d9083e0 - test[9d35eded1c95d3be]::test_main_inner::<test[9d35eded1c95d3be]::test_main_static::{closure#0}>::{closure#0}
[INFO] [stdout]    6:     0x5f752dee91e2 - std[70759c8f55707aa4]::panicking::panic_with_hook
[INFO] [stdout]    7:     0x5f752decc1b2 - std[70759c8f55707aa4]::panicking::panic_handler::{closure#0}
[INFO] [stdout]    8:     0x5f752dec4a89 - std[70759c8f55707aa4]::sys::backtrace::__rust_end_short_backtrace::<std[70759c8f55707aa4]::panicking::panic_handler::{closure#0}, !>
[INFO] [stdout]    9:     0x5f752decd03d - __rustc[8fa7c3cbc660c2b3]::rust_begin_unwind
[INFO] [stdout]   10:     0x5f752df098bc - core[df12db4294e9bfd3]::panicking::panic_fmt
[INFO] [stdout]   11:     0x5f752df09692 - core[df12db4294e9bfd3]::result::unwrap_failed
[INFO] [stdout]   12:     0x5f752dccdd0e - <sqlx_postgres[5af69500f530fc43]::database::Postgres as sqlx_core[21cf00523ceb784c]::testing::TestSupport>::test_context::{closure#0}
[INFO] [stdout]   13:     0x5f752d7763fb - sqlx_core[21cf00523ceb784c]::testing::run_test::<sqlx_postgres[5af69500f530fc43]::database::Postgres, sqlx_core[21cf00523ceb784c]::testing::run_test_with_pool<sqlx_postgres[5af69500f530fc43]::database::Postgres, fn(sqlx_core[21cf00523ceb784c]::pool::Pool<sqlx_postgres[5af69500f530fc43]::database::Postgres>) -> outlet_postgres[2381a683375fe85a]::tests::test_timestamp_filtering::test_timestamp_filtering::{closure#0}, outlet_postgres[2381a683375fe85a]::tests::test_timestamp_filtering::test_timestamp_filtering::{closure#0}>::{closure#0}, sqlx_core[21cf00523ceb784c]::testing::run_test_with_pool<sqlx_postgres[5af69500f530fc43]::database::Postgres, fn(sqlx_core[21cf00523ceb784c]::pool::Pool<sqlx_postgres[5af69500f530fc43]::database::Postgres>) -> outlet_postgres[2381a683375fe85a]::tests::test_timestamp_filtering::test_timestamp_filtering::{closure#0}, outlet_postgres[2381a683375fe85a]::tests::test_timestamp_filtering::test_timestamp_filtering::{closure#0}>::{closure#0}::{closure#0}>::{closure#0}
[INFO] [stdout]   14:     0x5f752d82eace - <tokio[294d81b0fbc675b9]::runtime::scheduler::current_thread::Context>::enter::<core[df12db4294e9bfd3]::task::poll::Poll<()>, <tokio[294d81b0fbc675b9]::runtime::scheduler::current_thread::CoreGuard>::block_on<core[df12db4294e9bfd3]::pin::Pin<&mut sqlx_core[21cf00523ceb784c]::testing::run_test<sqlx_postgres[5af69500f530fc43]::database::Postgres, sqlx_core[21cf00523ceb784c]::testing::run_test_with_pool<sqlx_postgres[5af69500f530fc43]::database::Postgres, fn(sqlx_core[21cf00523ceb784c]::pool::Pool<sqlx_postgres[5af69500f530fc43]::database::Postgres>) -> outlet_postgres[2381a683375fe85a]::tests::test_timestamp_filtering::test_timestamp_filtering::{closure#0}, outlet_postgres[2381a683375fe85a]::tests::test_timestamp_filtering::test_timestamp_filtering::{closure#0}>::{closure#0}, sqlx_core[21cf00523ceb784c]::testing::run_test_with_pool<sqlx_postgres[5af69500f530fc43]::database::Postgres, fn(sqlx_core[21cf00523ceb784c]::pool::Pool<sqlx_postgres[5af69500f530fc43]::database::Postgres>) -> outlet_postgres[2381a683375fe85a]::tests::test_timestamp_filtering::test_timestamp_filtering::{closure#0}, outlet_postgres[2381a683375fe85a]::tests::test_timestamp_filtering::test_timestamp_filtering::{closure#0}>::{closure#0}::{closure#0}>::{closure#0}>>::{closure#0}::{closure#0}>
[INFO] [stdout]   15:     0x5f752d891a2c - <tokio[294d81b0fbc675b9]::runtime::context::scoped::Scoped<tokio[294d81b0fbc675b9]::runtime::scheduler::Context>>::set::<<tokio[294d81b0fbc675b9]::runtime::scheduler::current_thread::CoreGuard>::enter<<tokio[294d81b0fbc675b9]::runtime::scheduler::current_thread::CoreGuard>::block_on<core[df12db4294e9bfd3]::pin::Pin<&mut sqlx_core[21cf00523ceb784c]::testing::run_test<sqlx_postgres[5af69500f530fc43]::database::Postgres, sqlx_core[21cf00523ceb784c]::testing::run_test_with_pool<sqlx_postgres[5af69500f530fc43]::database::Postgres, fn(sqlx_core[21cf00523ceb784c]::pool::Pool<sqlx_postgres[5af69500f530fc43]::database::Postgres>) -> outlet_postgres[2381a683375fe85a]::tests::test_timestamp_filtering::test_timestamp_filtering::{closure#0}, outlet_postgres[2381a683375fe85a]::tests::test_timestamp_filtering::test_timestamp_filtering::{closure#0}>::{closure#0}, sqlx_core[21cf00523ceb784c]::testing::run_test_with_pool<sqlx_postgres[5af69500f530fc43]::database::Postgres, fn(sqlx_core[21cf00523ceb784c]::pool::Pool<sqlx_postgres[5af69500f530fc43]::database::Postgres>) -> outlet_postgres[2381a683375fe85a]::tests::test_timestamp_filtering::test_timestamp_filtering::{closure#0}, outlet_postgres[2381a683375fe85a]::tests::test_timestamp_filtering::test_timestamp_filtering::{closure#0}>::{closure#0}::{closure#0}>::{closure#0}>>::{closure#0}, core[df12db4294e9bfd3]::option::Option<()>>::{closure#0}, (alloc[2182bb758b4b3781]::boxed::Box<tokio[294d81b0fbc675b9]::runtime::scheduler::current_thread::Core>, core[df12db4294e9bfd3]::option::Option<()>)>
[INFO] [stdout]   16:     0x5f752d830f57 - <tokio[294d81b0fbc675b9]::runtime::scheduler::current_thread::CoreGuard>::block_on::<core[df12db4294e9bfd3]::pin::Pin<&mut sqlx_core[21cf00523ceb784c]::testing::run_test<sqlx_postgres[5af69500f530fc43]::database::Postgres, sqlx_core[21cf00523ceb784c]::testing::run_test_with_pool<sqlx_postgres[5af69500f530fc43]::database::Postgres, fn(sqlx_core[21cf00523ceb784c]::pool::Pool<sqlx_postgres[5af69500f530fc43]::database::Postgres>) -> outlet_postgres[2381a683375fe85a]::tests::test_timestamp_filtering::test_timestamp_filtering::{closure#0}, outlet_postgres[2381a683375fe85a]::tests::test_timestamp_filtering::test_timestamp_filtering::{closure#0}>::{closure#0}, sqlx_core[21cf00523ceb784c]::testing::run_test_with_pool<sqlx_postgres[5af69500f530fc43]::database::Postgres, fn(sqlx_core[21cf00523ceb784c]::pool::Pool<sqlx_postgres[5af69500f530fc43]::database::Postgres>) -> outlet_postgres[2381a683375fe85a]::tests::test_timestamp_filtering::test_timestamp_filtering::{closure#0}, outlet_postgres[2381a683375fe85a]::tests::test_timestamp_filtering::test_timestamp_filtering::{closure#0}>::{closure#0}::{closure#0}>::{closure#0}>>
[INFO] [stdout]   17:     0x5f752d8ac4f7 - tokio[294d81b0fbc675b9]::runtime::context::runtime::enter_runtime::<<tokio[294d81b0fbc675b9]::runtime::scheduler::current_thread::CurrentThread>::block_on<sqlx_core[21cf00523ceb784c]::testing::run_test<sqlx_postgres[5af69500f530fc43]::database::Postgres, sqlx_core[21cf00523ceb784c]::testing::run_test_with_pool<sqlx_postgres[5af69500f530fc43]::database::Postgres, fn(sqlx_core[21cf00523ceb784c]::pool::Pool<sqlx_postgres[5af69500f530fc43]::database::Postgres>) -> outlet_postgres[2381a683375fe85a]::tests::test_timestamp_filtering::test_timestamp_filtering::{closure#0}, outlet_postgres[2381a683375fe85a]::tests::test_timestamp_filtering::test_timestamp_filtering::{closure#0}>::{closure#0}, sqlx_core[21cf00523ceb784c]::testing::run_test_with_pool<sqlx_postgres[5af69500f530fc43]::database::Postgres, fn(sqlx_core[21cf00523ceb784c]::pool::Pool<sqlx_postgres[5af69500f530fc43]::database::Postgres>) -> outlet_postgres[2381a683375fe85a]::tests::test_timestamp_filtering::test_timestamp_filtering::{closure#0}, outlet_postgres[2381a683375fe85a]::tests::test_timestamp_filtering::test_timestamp_filtering::{closure#0}>::{closure#0}::{closure#0}>::{closure#0}>::{closure#0}, ()>
[INFO] [stdout]   18:     0x5f752d83f9de - <tokio[294d81b0fbc675b9]::runtime::runtime::Runtime>::block_on::<sqlx_core[21cf00523ceb784c]::testing::run_test<sqlx_postgres[5af69500f530fc43]::database::Postgres, sqlx_core[21cf00523ceb784c]::testing::run_test_with_pool<sqlx_postgres[5af69500f530fc43]::database::Postgres, fn(sqlx_core[21cf00523ceb784c]::pool::Pool<sqlx_postgres[5af69500f530fc43]::database::Postgres>) -> outlet_postgres[2381a683375fe85a]::tests::test_timestamp_filtering::test_timestamp_filtering::{closure#0}, outlet_postgres[2381a683375fe85a]::tests::test_timestamp_filtering::test_timestamp_filtering::{closure#0}>::{closure#0}, sqlx_core[21cf00523ceb784c]::testing::run_test_with_pool<sqlx_postgres[5af69500f530fc43]::database::Postgres, fn(sqlx_core[21cf00523ceb784c]::pool::Pool<sqlx_postgres[5af69500f530fc43]::database::Postgres>) -> outlet_postgres[2381a683375fe85a]::tests::test_timestamp_filtering::test_timestamp_filtering::{closure#0}, outlet_postgres[2381a683375fe85a]::tests::test_timestamp_filtering::test_timestamp_filtering::{closure#0}>::{closure#0}::{closure#0}>::{closure#0}>
[INFO] [stdout]   19:     0x5f752d8e85cb - sqlx_core[21cf00523ceb784c]::rt::test_block_on::<sqlx_core[21cf00523ceb784c]::testing::run_test<sqlx_postgres[5af69500f530fc43]::database::Postgres, sqlx_core[21cf00523ceb784c]::testing::run_test_with_pool<sqlx_postgres[5af69500f530fc43]::database::Postgres, fn(sqlx_core[21cf00523ceb784c]::pool::Pool<sqlx_postgres[5af69500f530fc43]::database::Postgres>) -> outlet_postgres[2381a683375fe85a]::tests::test_timestamp_filtering::test_timestamp_filtering::{closure#0}, outlet_postgres[2381a683375fe85a]::tests::test_timestamp_filtering::test_timestamp_filtering::{closure#0}>::{closure#0}, sqlx_core[21cf00523ceb784c]::testing::run_test_with_pool<sqlx_postgres[5af69500f530fc43]::database::Postgres, fn(sqlx_core[21cf00523ceb784c]::pool::Pool<sqlx_postgres[5af69500f530fc43]::database::Postgres>) -> outlet_postgres[2381a683375fe85a]::tests::test_timestamp_filtering::test_timestamp_filtering::{closure#0}, outlet_postgres[2381a683375fe85a]::tests::test_timestamp_filtering::test_timestamp_filtering::{closure#0}>::{closure#0}::{closure#0}>::{closure#0}>
[INFO] [stdout]   20:     0x5f752d8cf100 - <outlet_postgres[2381a683375fe85a]::tests::test_timestamp_filtering::{closure#0} as core[df12db4294e9bfd3]::ops::function::FnOnce<()>>::call_once
[INFO] [stdout]   21:     0x5f752d8fb6cb - test[9d35eded1c95d3be]::__rust_begin_short_backtrace::<core[df12db4294e9bfd3]::result::Result<(), alloc[2182bb758b4b3781]::string::String>, fn() -> core[df12db4294e9bfd3]::result::Result<(), alloc[2182bb758b4b3781]::string::String>>
[INFO] [stdout]   22:     0x5f752d908d35 - test[9d35eded1c95d3be]::run_test::{closure#0}
[INFO] [stdout]   23:     0x5f752d9025f4 - std[70759c8f55707aa4]::sys::backtrace::__rust_begin_short_backtrace::<test[9d35eded1c95d3be]::run_test::{closure#1}, ()>
[INFO] [stdout]   24:     0x5f752d90be92 - <std[70759c8f55707aa4]::thread::lifecycle::spawn_unchecked<test[9d35eded1c95d3be]::run_test::{closure#1}, ()>::{closure#1} as core[df12db4294e9bfd3]::ops::function::FnOnce<()>>::call_once::{shim:vtable#0}
[INFO] [stdout]   25:     0x5f752def05c9 - <std[70759c8f55707aa4]::sys::thread::unix::Thread>::new::thread_start
[INFO] [stdout]   26:     0x7fa09bf85dfa - <unknown>
[INFO] [stdout]   27:     0x7fa09c0193d4 - clone
[INFO] [stdout]   28:                0x0 - <unknown>
[INFO] [stdout] 
[INFO] [stdout] 
[INFO] [stdout] failures:
[INFO] [stdout]     tests::test_batch_with_mixed_bodies
[INFO] [stdout]     tests::test_batch_write_uses_write_pool
[INFO] [stdout]     tests::test_empty_batch_is_noop
[INFO] [stdout]     tests::test_full_request_response_cycle_with_read_write_separation
[INFO] [stdout]     tests::test_handle_request_with_typed_body
[INFO] [stdout]     tests::test_handle_response_with_typed_body
[INFO] [stdout]     tests::test_handle_unparseable_body_fallback
[INFO] [stdout]     tests::test_handler_creation
[INFO] [stdout]     tests::test_headers_conversion
[INFO] [stdout]     tests::test_no_path_filtering_logs_everything
[INFO] [stdout]     tests::test_query_with_multiple_filters
[INFO] [stdout]     tests::test_query_with_pagination_and_ordering
[INFO] [stdout]     tests::test_replica_pool_rejects_writes
[INFO] [stdout]     tests::test_repository_queries_use_read_pool
[INFO] [stdout]     tests::test_request_batch_insert
[INFO] [stdout]     tests::test_response_batch_insert
[INFO] [stdout]     tests::test_response_write_uses_write_pool
[INFO] [stdout]     tests::test_timestamp_filtering
[INFO] [stdout]     tests::test_write_operations_use_write_pool
[INFO] [stdout] 
[INFO] [stdout] test result: FAILED. 14 passed; 19 failed; 0 ignored; 0 measured; 0 filtered out; finished in 0.02s
[INFO] [stdout] 
[INFO] running `Command { std: "docker" "inspect" "4a387d4a5be58b5588d7ece6ff0fe97f6e3cec696347b280bbd418b11f2f16c3", kill_on_drop: false }`
[INFO] running `Command { std: "docker" "rm" "-f" "4a387d4a5be58b5588d7ece6ff0fe97f6e3cec696347b280bbd418b11f2f16c3", kill_on_drop: false }`
[INFO] [stdout] 4a387d4a5be58b5588d7ece6ff0fe97f6e3cec696347b280bbd418b11f2f16c3
