[INFO] fetching crate oth_checkcerts 0.2.0...
[INFO] testing oth_checkcerts-0.2.0 against 1.99.0-beta.8+cargoflags=--release for beta-release-1.100-2
[INFO] extracting crate oth_checkcerts 0.2.0 into /workspace/builds/worker-0-tc1/source
[INFO] started tweaking crates.io crate oth_checkcerts 0.2.0
[INFO] removed 0 missing tests
[INFO] finished tweaking crates.io crate oth_checkcerts 0.2.0
[INFO] tweaked toml for crates.io crate oth_checkcerts 0.2.0 written to /workspace/builds/worker-0-tc1/source/Cargo.toml
[INFO] validating manifest of crates.io crate oth_checkcerts 0.2.0 on toolchain 1.99.0-beta.8
[INFO] running `Command { std: CARGO_HOME="/workspace/cargo-home" RUSTUP_HOME="/workspace/rustup-home" "/workspace/cargo-home/bin/cargo" "+1.99.0-beta.8" "metadata" "--manifest-path" "Cargo.toml" "--no-deps", kill_on_drop: false }`
[INFO] crate crates.io crate oth_checkcerts 0.2.0 already has a lockfile, it will not be regenerated
[INFO] running `Command { std: CARGO_HOME="/workspace/cargo-home" RUSTUP_HOME="/workspace/rustup-home" "/workspace/cargo-home/bin/cargo" "+1.99.0-beta.8" "fetch" "--manifest-path" "Cargo.toml", kill_on_drop: false }`
[INFO] [stderr]  Downloading crates ...
[INFO] [stderr]   Downloaded asn1-rs-derive v0.5.1
[INFO] [stderr]   Downloaded oid-registry v0.7.1
[INFO] [stderr]   Downloaded der-parser v9.0.0
[INFO] [stderr]   Downloaded asn1-rs v0.6.2
[INFO] [stderr]   Downloaded x509-parser v0.16.0
[INFO] running `Command { std: "docker" "create" "-v" "/var/lib/crater-agent-workspace/builds/worker-0-tc1/source:/opt/rustwide/workdir:ro,Z" "-v" "/var/lib/crater-agent-workspace/builds/worker-0-tc1/target:/opt/rustwide/target:rw,Z" "-v" "/var/lib/crater-agent-workspace/cargo-home:/opt/rustwide/cargo-home:ro,Z" "-v" "/var/lib/crater-agent-workspace/rustup-home:/opt/rustwide/rustup-home:ro,Z" "-m" "1610612736" "--network" "none" "ghcr.io/rust-lang/crates-build-env/linux@sha256:77db811e55d90add9212f6832c23229e3de5f1c1f9905e8cb07319ea15df73ac" "sleep" "infinity", kill_on_drop: false }`
[INFO] [stdout] c4a49e9c21a2138942e8eb40ee6cc71c4a2c36d8ad497b0da66dcae6a68e29c7
[INFO] running `Command { std: "docker" "start" "c4a49e9c21a2138942e8eb40ee6cc71c4a2c36d8ad497b0da66dcae6a68e29c7", kill_on_drop: false }`
[INFO] running `Command { std: "docker" "inspect" "c4a49e9c21a2138942e8eb40ee6cc71c4a2c36d8ad497b0da66dcae6a68e29c7", kill_on_drop: false }`
[INFO] running `Command { std: "docker" "exec" "-e" "SOURCE_DIR=/opt/rustwide/workdir" "-e" "CARGO_HOME=/opt/rustwide/cargo-home" "-e" "RUSTUP_HOME=/opt/rustwide/rustup-home" "-e" "CARGO_TARGET_DIR=/opt/rustwide/target" "-w" "/opt/rustwide/workdir" "--user" "0:0" "c4a49e9c21a2138942e8eb40ee6cc71c4a2c36d8ad497b0da66dcae6a68e29c7" "/opt/rustwide/cargo-home/bin/cargo" "+1.99.0-beta.8" "metadata" "--no-deps" "--format-version=1", kill_on_drop: false }`
[INFO] running `Command { std: "docker" "inspect" "c4a49e9c21a2138942e8eb40ee6cc71c4a2c36d8ad497b0da66dcae6a68e29c7", kill_on_drop: false }`
[INFO] running `Command { std: "docker" "exec" "-e" "SOURCE_DIR=/opt/rustwide/workdir" "-e" "CARGO_HOME=/opt/rustwide/cargo-home" "-e" "RUSTUP_HOME=/opt/rustwide/rustup-home" "-e" "CARGO_TARGET_DIR=/opt/rustwide/target" "-e" "CARGO_INCREMENTAL=0" "-e" "RUST_BACKTRACE=full" "-e" "RUSTFLAGS=--cap-lints=warn" "-e" "RUSTDOCFLAGS=--cap-lints=warn" "-w" "/opt/rustwide/workdir" "--user" "0:0" "c4a49e9c21a2138942e8eb40ee6cc71c4a2c36d8ad497b0da66dcae6a68e29c7" "/opt/rustwide/cargo-home/bin/cargo" "+1.99.0-beta.8" "build" "--frozen" "--message-format=json" "--release", kill_on_drop: false }`
[INFO] [stderr]    Compiling num-conv v0.2.2
[INFO] [stderr]    Compiling time-core v0.1.9
[INFO] [stderr]    Compiling aws-lc-rs v1.17.0
[INFO] [stderr]    Compiling nom v7.1.3
[INFO] [stderr]    Compiling syn v2.0.118
[INFO] [stderr]    Compiling untrusted v0.7.1
[INFO] [stderr]    Compiling parking_lot_core v0.9.12
[INFO] [stderr]    Compiling rustls v0.23.40
[INFO] [stderr]    Compiling oid-registry v0.7.1
[INFO] [stderr]    Compiling num-integer v0.1.46
[INFO] [stderr]    Compiling rustls-pemfile v2.2.0
[INFO] [stderr]    Compiling clap_builder v4.6.0
[INFO] [stderr]    Compiling data-encoding v2.11.0
[INFO] [stderr]    Compiling rustls-native-certs v0.7.3
[INFO] [stderr]    Compiling parking_lot v0.12.5
[INFO] [stderr]    Compiling time-macros v0.2.29
[INFO] [stderr]    Compiling num-bigint v0.4.6
[INFO] [stderr]    Compiling time v0.3.49
[INFO] [stderr]    Compiling rustls-webpki v0.103.13
[INFO] [stderr]    Compiling rusticata-macros v4.1.0
[INFO] [stderr]    Compiling synstructure v0.13.2
[INFO] [stderr]    Compiling thiserror-impl v1.0.69
[INFO] [stderr]    Compiling serde_derive v1.0.228
[INFO] [stderr]    Compiling displaydoc v0.2.6
[INFO] [stderr]    Compiling asn1-rs-impl v0.2.0
[INFO] [stderr]    Compiling tokio-macros v2.7.0
[INFO] [stderr]    Compiling thiserror-impl v2.0.18
[INFO] [stderr]    Compiling clap_derive v4.6.1
[INFO] [stderr]    Compiling asn1-rs-derive v0.5.1
[INFO] [stderr]    Compiling tokio v1.52.3
[INFO] [stderr]    Compiling thiserror v1.0.69
[INFO] [stderr]    Compiling asn1-rs v0.6.2
[INFO] [stderr]    Compiling thiserror v2.0.18
[INFO] [stderr]    Compiling clap v4.6.1
[INFO] [stderr]    Compiling serde v1.0.228
[INFO] [stderr]    Compiling der-parser v9.0.0
[INFO] [stderr]    Compiling x509-parser v0.16.0
[INFO] [stderr]    Compiling toml_datetime v0.6.11
[INFO] [stderr]    Compiling serde_spanned v0.6.9
[INFO] [stderr]    Compiling toml_edit v0.22.27
[INFO] [stderr]    Compiling toml v0.8.23
[INFO] [stderr]    Compiling tokio-rustls v0.26.4
[INFO] [stderr]    Compiling oth_checkcerts v0.2.0 (/opt/rustwide/workdir)
[INFO] [stderr]     Finished `release` profile [optimized] target(s) in 33.87s
[INFO] running `Command { std: "docker" "inspect" "c4a49e9c21a2138942e8eb40ee6cc71c4a2c36d8ad497b0da66dcae6a68e29c7", kill_on_drop: false }`
[INFO] running `Command { std: "docker" "exec" "-e" "SOURCE_DIR=/opt/rustwide/workdir" "-e" "CARGO_HOME=/opt/rustwide/cargo-home" "-e" "RUSTUP_HOME=/opt/rustwide/rustup-home" "-e" "CARGO_TARGET_DIR=/opt/rustwide/target" "-e" "CARGO_INCREMENTAL=0" "-e" "RUST_BACKTRACE=full" "-e" "RUSTFLAGS=--cap-lints=warn" "-e" "RUSTDOCFLAGS=--cap-lints=warn" "-w" "/opt/rustwide/workdir" "--user" "0:0" "c4a49e9c21a2138942e8eb40ee6cc71c4a2c36d8ad497b0da66dcae6a68e29c7" "/opt/rustwide/cargo-home/bin/cargo" "+1.99.0-beta.8" "test" "--frozen" "--no-run" "--message-format=json" "--release", kill_on_drop: false }`
[INFO] [stderr]    Compiling getrandom v0.3.4
[INFO] [stderr]    Compiling tempfile v3.27.0
[INFO] [stderr]    Compiling oth_checkcerts v0.2.0 (/opt/rustwide/workdir)
[INFO] [stderr]     Finished `release` profile [optimized] target(s) in 1.81s
[INFO] running `Command { std: "docker" "inspect" "c4a49e9c21a2138942e8eb40ee6cc71c4a2c36d8ad497b0da66dcae6a68e29c7", kill_on_drop: false }`
[INFO] running `Command { std: "docker" "exec" "-e" "SOURCE_DIR=/opt/rustwide/workdir" "-e" "CARGO_HOME=/opt/rustwide/cargo-home" "-e" "RUSTUP_HOME=/opt/rustwide/rustup-home" "-e" "CARGO_TARGET_DIR=/opt/rustwide/target" "-e" "CARGO_INCREMENTAL=0" "-e" "RUST_BACKTRACE=full" "-e" "RUSTFLAGS=--cap-lints=warn" "-e" "RUSTDOCFLAGS=--cap-lints=warn" "-w" "/opt/rustwide/workdir" "--user" "0:0" "c4a49e9c21a2138942e8eb40ee6cc71c4a2c36d8ad497b0da66dcae6a68e29c7" "/opt/rustwide/cargo-home/bin/cargo" "+1.99.0-beta.8" "test" "--frozen" "--release", kill_on_drop: false }`
[INFO] [stderr]     Finished `release` profile [optimized] target(s) in 0.07s
[INFO] [stderr]      Running unittests src/lib/lib.rs (/opt/rustwide/target/release/deps/oth_checkcertslib-4a66f0de1b86d396)
[INFO] [stdout] 
[INFO] [stdout] running 52 tests
[INFO] [stdout] test config::tests::test_load_config_file_not_found ... ok
[INFO] [stdout] test fetcher::tests::test_find_location_header_found ... ok
[INFO] [stdout] test fetcher::tests::test_find_location_header_case_insensitive ... ok
[INFO] [stdout] test fetcher::tests::test_find_location_header_mixed_case ... ok
[INFO] [stdout] test fetcher::tests::test_find_location_header_not_found ... ok
[INFO] [stdout] test config::tests::test_load_config_malformed_entry ... ok
[INFO] [stdout] test fetcher::tests::test_find_location_header_uppercase ... ok
[INFO] [stdout] test fetcher::tests::test_matches_san_mismatch ... ok
[INFO] [stdout] test fetcher::tests::test_matches_san_wildcard ... ok
[INFO] [stdout] test fetcher::tests::test_parse_status_code_invalid ... ok
[INFO] [stdout] test config::tests::test_load_config_empty_urls ... ok
[INFO] [stdout] test fetcher::tests::test_parse_url_http_rejected ... ok
[INFO] [stdout] test config::tests::test_load_config_single_entry_no_issuer ... ok
[INFO] [stdout] test fetcher::tests::test_parse_status_code_valid ... ok
[INFO] [stdout] test fetcher::tests::test_parse_url_no_protocol ... ok
[INFO] [stdout] test fetcher::tests::test_matches_san_exact ... ok
[INFO] [stdout] test fetcher::tests::test_parse_url_valid_https ... ok
[INFO] [stdout] test fetcher::tests::test_parse_url_with_port ... ok
[INFO] [stdout] test fetcher::tests::test_resolve_redirect_absolute ... ok
[INFO] [stdout] test fetcher::tests::test_resolve_redirect_cross_host_with_port ... ok
[INFO] [stdout] test fetcher::tests::test_parse_url_https_root ... ok
[INFO] [stdout] test fetcher::tests::test_resolve_redirect_relative ... ok
[INFO] [stdout] test config::tests::test_load_config_valid ... ok
[INFO] [stdout] test fetcher::tests::test_resolve_redirect_relative_normal ... ok
[INFO] [stdout] test fetcher::tests::test_ssrf_127_rejected ... ok
[INFO] [stdout] test fetcher::tests::test_resolve_redirect_relative_with_port ... ok
[INFO] [stdout] test fetcher::tests::test_ssrf_link_local_rejected ... ok
[INFO] [stdout] test fetcher::tests::test_ssrf_metadata_rejected ... ok
[INFO] [stdout] test fetcher::tests::test_sha256_fingerprint_consistent ... ok
[INFO] [stdout] test fetcher::tests::test_parse_url_unsupported_protocol ... ok
[INFO] [stdout] test fetcher::tests::test_ssrf_private_rejected ... ok
[INFO] [stdout] test fetcher::tests::test_ssrf_v6_loopback_rejected ... ok
[INFO] [stdout] test inspector::tests::test_display_certificate_github_com ... ok
[INFO] [stdout] test inspector::tests::test_display_certificate_google_com ... ok
[INFO] [stdout] test inspector::tests::test_display_certificate_output_format ... ok
[INFO] [stdout] test model::tests::test_certificate_info_all_fields ... ok
[INFO] [stdout] test config::tests::test_load_config_malformed_toml ... ok
[INFO] [stdout] test model::tests::test_certificate_info_clone ... ok
[INFO] [stdout] test model::tests::test_match_status_does_not_match ... ok
[INFO] [stdout] test model::tests::test_serial_number_format ... ok
[INFO] [stdout] test model::tests::test_match_status_matches ... ok
[INFO] [stdout] test model::tests::test_url_entry_with_issuer ... ok
[INFO] [stdout] test model::tests::test_url_entry_without_issuer ... ok
[INFO] [stdout] test model::tests::test_verification_result ... ok
[INFO] [stdout] test verifier::tests::test_match_status_does_not_match_equality ... ok
[INFO] [stdout] test verifier::tests::test_match_status_equality ... ok
[INFO] [stdout] test verifier::tests::test_verify_issuer_case_sensitive ... ok
[INFO] [stdout] test verifier::tests::test_verify_issuer_empty_expected ... ok
[INFO] [stdout] test verifier::tests::test_verify_issuer_mismatch ... ok
[INFO] [stdout] test verifier::tests::test_verify_issuer_matches ... ok
[INFO] [stdout] test verifier::tests::test_verify_result_contains_certificate ... ok
[INFO] [stdout] test fetcher::tests::test_ssrf_loopback_rejected ... ok
[INFO] [stdout] 
[INFO] [stdout] test result: ok. 52 passed; 0 failed; 0 ignored; 0 measured; 0 filtered out; finished in 0.00s
[INFO] [stdout] 
[INFO] [stderr]      Running unittests src/bin/main.rs (/opt/rustwide/target/release/deps/oth_checkcerts-96c91a5c0b46d962)
[INFO] [stdout] 
[INFO] [stdout] running 0 tests
[INFO] [stdout] 
[INFO] [stdout] test result: ok. 0 passed; 0 failed; 0 ignored; 0 measured; 0 filtered out; finished in 0.00s
[INFO] [stdout] 
[INFO] [stderr]      Running tests/integration.rs (/opt/rustwide/target/release/deps/integration-29c3793395304f48)
[INFO] [stdout] 
[INFO] [stdout] running 27 tests
[INFO] [stdout] test test_inspect_help ... ok
[INFO] [stdout] test test_inspect_missing_config_file ... ok
[INFO] [stdout] test test_inspect_no_args_exits_gracefully ... ok
[INFO] [stdout] test test_empty_config_file ... ok
[INFO] [stdout] test test_inspect_http_rejected ... ok
[INFO] [stdout] test test_inspect_ssrf_rfc1918 ... ok
[INFO] [stdout] test test_invalid_subcommand ... ok
[INFO] [stdout] test test_inspect_connection_failure_exits_1 ... ok
[INFO] [stdout] test test_inspect_ssrf_metadata ... ok
[INFO] [stdout] test test_inspect_ssrf_localhost ... ok
[INFO] [stdout] test test_inspect_github_com ... FAILED
[INFO] [stdout] test test_inspect_multiple_urls ... FAILED
[INFO] [stdout] test test_inspect_google_com ... FAILED
[INFO] [stdout] test test_inspect_url_unreachable ... ok
[INFO] [stdout] test test_main_help ... ok
[INFO] [stdout] test test_inspect_url_flag_google ... FAILED
[INFO] [stdout] test test_verify_connection_failure_exits_1 ... ok
[INFO] [stdout] test test_verify_no_args_exits_gracefully ... ok
[INFO] [stdout] test test_inspect_url_short_flag ... FAILED
[INFO] [stdout] test test_inspect_url_and_config_mutually_exclusive ... FAILED
[INFO] [stdout] test test_verify_no_url_flag ... ok
[INFO] [stdout] test test_verify_google_com_matches ... FAILED
[INFO] [stdout] test test_verify_correct_issuer_exits_0 ... FAILED
[INFO] [stdout] test test_verify_ssrf_localhost ... ok
[INFO] [stdout] test test_verify_no_expected_issuer_skips ... ok
[INFO] [stdout] test test_subcommand_help ... ok
[INFO] [stdout] test test_verify_wrong_issuer_exits_1 ... FAILED
[INFO] [stdout] 
[INFO] [stdout] failures:
[INFO] [stdout] 
[INFO] [stdout] ---- test_inspect_github_com stdout ----
[INFO] [stdout] 
[INFO] [stdout] thread 'test_inspect_github_com' (1327) panicked at tests/integration.rs:67:5:
[INFO] [stdout] inspect should succeed for github.com
[INFO] [stdout] stack backtrace:
[INFO] [stdout]    0:     0x64edc7858731 - <<std[70759c8f55707aa4]::sys::backtrace::BacktraceLock>::print::DisplayBacktrace as core[df12db4294e9bfd3]::fmt::Display>::fmt
[INFO] [stdout]    1:     0x64edc786cc3a - core[df12db4294e9bfd3]::fmt::write
[INFO] [stdout]    2:     0x64edc785ce2c - <alloc[2182bb758b4b3781]::vec::Vec<u8> as core[df12db4294e9bfd3]::io::write::Write>::write_fmt
[INFO] [stdout]    3:     0x64edc7833696 - std[70759c8f55707aa4]::panicking::default_hook::{closure#0}
[INFO] [stdout]    4:     0x64edc7850599 - std[70759c8f55707aa4]::panicking::default_hook
[INFO] [stdout]    5:     0x64edc77ebaa0 - test[9d35eded1c95d3be]::test_main_inner::<test[9d35eded1c95d3be]::test_main_static::{closure#0}>::{closure#0}
[INFO] [stdout]    6:     0x64edc7850752 - std[70759c8f55707aa4]::panicking::panic_with_hook
[INFO] [stdout]    7:     0x64edc7833774 - std[70759c8f55707aa4]::panicking::panic_handler::{closure#0}
[INFO] [stdout]    8:     0x64edc782c3a9 - std[70759c8f55707aa4]::sys::backtrace::__rust_end_short_backtrace::<std[70759c8f55707aa4]::panicking::panic_handler::{closure#0}, !>
[INFO] [stdout]    9:     0x64edc783433d - __rustc[8fa7c3cbc660c2b3]::rust_begin_unwind
[INFO] [stdout]   10:     0x64edc786d36c - core[df12db4294e9bfd3]::panicking::panic_fmt
[INFO] [stdout]   11:     0x64edc77d86fd - <integration[26af400083447003]::test_inspect_github_com::{closure#0} as core[df12db4294e9bfd3]::ops::function::FnOnce<()>>::call_once
[INFO] [stdout]   12:     0x64edc77ded8b - test[9d35eded1c95d3be]::__rust_begin_short_backtrace::<core[df12db4294e9bfd3]::result::Result<(), alloc[2182bb758b4b3781]::string::String>, fn() -> core[df12db4294e9bfd3]::result::Result<(), alloc[2182bb758b4b3781]::string::String>>
[INFO] [stdout]   13:     0x64edc77ec3f5 - test[9d35eded1c95d3be]::run_test::{closure#0}
[INFO] [stdout]   14:     0x64edc77e5cb4 - std[70759c8f55707aa4]::sys::backtrace::__rust_begin_short_backtrace::<test[9d35eded1c95d3be]::run_test::{closure#1}, ()>
[INFO] [stdout]   15:     0x64edc77ef552 - <std[70759c8f55707aa4]::thread::lifecycle::spawn_unchecked<test[9d35eded1c95d3be]::run_test::{closure#1}, ()>::{closure#1} as core[df12db4294e9bfd3]::ops::function::FnOnce<()>>::call_once::{shim:vtable#0}
[INFO] [stdout]   16:     0x64edc7857e19 - <std[70759c8f55707aa4]::sys::thread::unix::Thread>::new::thread_start
[INFO] [stdout]   17:     0x749cff668dfa - <unknown>
[INFO] [stdout]   18:     0x749cff6fc3d4 - clone
[INFO] [stdout]   19:                0x0 - <unknown>
[INFO] [stdout] 
[INFO] [stdout] ---- test_inspect_multiple_urls stdout ----
[INFO] [stdout] 
[INFO] [stdout] thread 'test_inspect_multiple_urls' (1333) panicked at tests/integration.rs:93:5:
[INFO] [stdout] assertion failed: output.status.success()
[INFO] [stdout] stack backtrace:
[INFO] [stdout]    0:     0x64edc7858731 - <<std[70759c8f55707aa4]::sys::backtrace::BacktraceLock>::print::DisplayBacktrace as core[df12db4294e9bfd3]::fmt::Display>::fmt
[INFO] [stdout]    1:     0x64edc786cc3a - core[df12db4294e9bfd3]::fmt::write
[INFO] [stdout]    2:     0x64edc785ce2c - <alloc[2182bb758b4b3781]::vec::Vec<u8> as core[df12db4294e9bfd3]::io::write::Write>::write_fmt
[INFO] [stderr] error: test failed, to rerun pass `--test integration`
[INFO] [stdout]    3:     0x64edc7833696 - std[70759c8f55707aa4]::panicking::default_hook::{closure#0}
[INFO] [stdout]    4:     0x64edc7850599 - std[70759c8f55707aa4]::panicking::default_hook
[INFO] [stdout]    5:     0x64edc77ebaa0 - test[9d35eded1c95d3be]::test_main_inner::<test[9d35eded1c95d3be]::test_main_static::{closure#0}>::{closure#0}
[INFO] [stdout]    6:     0x64edc7850752 - std[70759c8f55707aa4]::panicking::panic_with_hook
[INFO] [stdout]    7:     0x64edc7833774 - std[70759c8f55707aa4]::panicking::panic_handler::{closure#0}
[INFO] [stdout]    8:     0x64edc782c3a9 - std[70759c8f55707aa4]::sys::backtrace::__rust_end_short_backtrace::<std[70759c8f55707aa4]::panicking::panic_handler::{closure#0}, !>
[INFO] [stdout]    9:     0x64edc783433d - __rustc[8fa7c3cbc660c2b3]::rust_begin_unwind
[INFO] [stdout]   10:     0x64edc786d36c - core[df12db4294e9bfd3]::panicking::panic_fmt
[INFO] [stdout]   11:     0x64edc786d332 - core[df12db4294e9bfd3]::panicking::panic
[INFO] [stdout]   12:     0x64edc77d9c25 - <integration[26af400083447003]::test_inspect_multiple_urls::{closure#0} as core[df12db4294e9bfd3]::ops::function::FnOnce<()>>::call_once
[INFO] [stdout]   13:     0x64edc77ded8b - test[9d35eded1c95d3be]::__rust_begin_short_backtrace::<core[df12db4294e9bfd3]::result::Result<(), alloc[2182bb758b4b3781]::string::String>, fn() -> core[df12db4294e9bfd3]::result::Result<(), alloc[2182bb758b4b3781]::string::String>>
[INFO] [stdout]   14:     0x64edc77ec3f5 - test[9d35eded1c95d3be]::run_test::{closure#0}
[INFO] [stdout]   15:     0x64edc77e5cb4 - std[70759c8f55707aa4]::sys::backtrace::__rust_begin_short_backtrace::<test[9d35eded1c95d3be]::run_test::{closure#1}, ()>
[INFO] [stdout]   16:     0x64edc77ef552 - <std[70759c8f55707aa4]::thread::lifecycle::spawn_unchecked<test[9d35eded1c95d3be]::run_test::{closure#1}, ()>::{closure#1} as core[df12db4294e9bfd3]::ops::function::FnOnce<()>>::call_once::{shim:vtable#0}
[INFO] [stdout]   17:     0x64edc7857e19 - <std[70759c8f55707aa4]::sys::thread::unix::Thread>::new::thread_start
[INFO] [stdout]   18:     0x749cff668dfa - <unknown>
[INFO] [stdout]   19:     0x749cff6fc3d4 - clone
[INFO] [stdout]   20:                0x0 - <unknown>
[INFO] [stdout] 
[INFO] [stdout] ---- test_inspect_google_com stdout ----
[INFO] [stdout] 
[INFO] [stdout] thread 'test_inspect_google_com' (1328) panicked at tests/integration.rs:40:5:
[INFO] [stdout] inspect should succeed for google.com
[INFO] [stdout] stack backtrace:
[INFO] [stdout]    0:     0x64edc7858731 - <<std[70759c8f55707aa4]::sys::backtrace::BacktraceLock>::print::DisplayBacktrace as core[df12db4294e9bfd3]::fmt::Display>::fmt
[INFO] [stdout]    1:     0x64edc786cc3a - core[df12db4294e9bfd3]::fmt::write
[INFO] [stdout]    2:     0x64edc785ce2c - <alloc[2182bb758b4b3781]::vec::Vec<u8> as core[df12db4294e9bfd3]::io::write::Write>::write_fmt
[INFO] [stdout]    3:     0x64edc7833696 - std[70759c8f55707aa4]::panicking::default_hook::{closure#0}
[INFO] [stdout]    4:     0x64edc7850599 - std[70759c8f55707aa4]::panicking::default_hook
[INFO] [stdout]    5:     0x64edc77ebaa0 - test[9d35eded1c95d3be]::test_main_inner::<test[9d35eded1c95d3be]::test_main_static::{closure#0}>::{closure#0}
[INFO] [stdout]    6:     0x64edc7850752 - std[70759c8f55707aa4]::panicking::panic_with_hook
[INFO] [stdout]    7:     0x64edc7833774 - std[70759c8f55707aa4]::panicking::panic_handler::{closure#0}
[INFO] [stdout]    8:     0x64edc782c3a9 - std[70759c8f55707aa4]::sys::backtrace::__rust_end_short_backtrace::<std[70759c8f55707aa4]::panicking::panic_handler::{closure#0}, !>
[INFO] [stdout]    9:     0x64edc783433d - __rustc[8fa7c3cbc660c2b3]::rust_begin_unwind
[INFO] [stdout]   10:     0x64edc786d36c - core[df12db4294e9bfd3]::panicking::panic_fmt
[INFO] [stdout]   11:     0x64edc77d8bc9 - <integration[26af400083447003]::test_inspect_google_com::{closure#0} as core[df12db4294e9bfd3]::ops::function::FnOnce<()>>::call_once
[INFO] [stdout]   12:     0x64edc77ded8b - test[9d35eded1c95d3be]::__rust_begin_short_backtrace::<core[df12db4294e9bfd3]::result::Result<(), alloc[2182bb758b4b3781]::string::String>, fn() -> core[df12db4294e9bfd3]::result::Result<(), alloc[2182bb758b4b3781]::string::String>>
[INFO] [stdout]   13:     0x64edc77ec3f5 - test[9d35eded1c95d3be]::run_test::{closure#0}
[INFO] [stdout]   14:     0x64edc77e5cb4 - std[70759c8f55707aa4]::sys::backtrace::__rust_begin_short_backtrace::<test[9d35eded1c95d3be]::run_test::{closure#1}, ()>
[INFO] [stdout]   15:     0x64edc77ef552 - <std[70759c8f55707aa4]::thread::lifecycle::spawn_unchecked<test[9d35eded1c95d3be]::run_test::{closure#1}, ()>::{closure#1} as core[df12db4294e9bfd3]::ops::function::FnOnce<()>>::call_once::{shim:vtable#0}
[INFO] [stdout]   16:     0x64edc7857e19 - <std[70759c8f55707aa4]::sys::thread::unix::Thread>::new::thread_start
[INFO] [stdout]   17:     0x749cff668dfa - <unknown>
[INFO] [stdout]   18:     0x749cff6fc3d4 - clone
[INFO] [stdout]   19:                0x0 - <unknown>
[INFO] [stdout] 
[INFO] [stdout] ---- test_inspect_url_flag_google stdout ----
[INFO] [stdout] 
[INFO] [stdout] thread 'test_inspect_url_flag_google' (1348) panicked at tests/integration.rs:360:5:
[INFO] [stdout] inspect --url should succeed for google.com
[INFO] [stdout] stack backtrace:
[INFO] [stdout]    0:     0x64edc7858731 - <<std[70759c8f55707aa4]::sys::backtrace::BacktraceLock>::print::DisplayBacktrace as core[df12db4294e9bfd3]::fmt::Display>::fmt
[INFO] [stdout]    1:     0x64edc786cc3a - core[df12db4294e9bfd3]::fmt::write
[INFO] [stdout]    2:     0x64edc785ce2c - <alloc[2182bb758b4b3781]::vec::Vec<u8> as core[df12db4294e9bfd3]::io::write::Write>::write_fmt
[INFO] [stdout]    3:     0x64edc7833696 - std[70759c8f55707aa4]::panicking::default_hook::{closure#0}
[INFO] [stdout]    4:     0x64edc7850599 - std[70759c8f55707aa4]::panicking::default_hook
[INFO] [stdout]    5:     0x64edc77ebaa0 - test[9d35eded1c95d3be]::test_main_inner::<test[9d35eded1c95d3be]::test_main_static::{closure#0}>::{closure#0}
[INFO] [stdout]    6:     0x64edc7850752 - std[70759c8f55707aa4]::panicking::panic_with_hook
[INFO] [stdout]    7:     0x64edc7833774 - std[70759c8f55707aa4]::panicking::panic_handler::{closure#0}
[INFO] [stdout]    8:     0x64edc782c3a9 - std[70759c8f55707aa4]::sys::backtrace::__rust_end_short_backtrace::<std[70759c8f55707aa4]::panicking::panic_handler::{closure#0}, !>
[INFO] [stdout]    9:     0x64edc783433d - __rustc[8fa7c3cbc660c2b3]::rust_begin_unwind
[INFO] [stdout]   10:     0x64edc786d36c - core[df12db4294e9bfd3]::panicking::panic_fmt
[INFO] [stdout]   11:     0x64edc77dad71 - <integration[26af400083447003]::test_inspect_url_flag_google::{closure#0} as core[df12db4294e9bfd3]::ops::function::FnOnce<()>>::call_once
[INFO] [stdout]   12:     0x64edc77ded8b - test[9d35eded1c95d3be]::__rust_begin_short_backtrace::<core[df12db4294e9bfd3]::result::Result<(), alloc[2182bb758b4b3781]::string::String>, fn() -> core[df12db4294e9bfd3]::result::Result<(), alloc[2182bb758b4b3781]::string::String>>
[INFO] [stdout]   13:     0x64edc77ec3f5 - test[9d35eded1c95d3be]::run_test::{closure#0}
[INFO] [stdout]   14:     0x64edc77e5cb4 - std[70759c8f55707aa4]::sys::backtrace::__rust_begin_short_backtrace::<test[9d35eded1c95d3be]::run_test::{closure#1}, ()>
[INFO] [stdout]   15:     0x64edc77ef552 - <std[70759c8f55707aa4]::thread::lifecycle::spawn_unchecked<test[9d35eded1c95d3be]::run_test::{closure#1}, ()>::{closure#1} as core[df12db4294e9bfd3]::ops::function::FnOnce<()>>::call_once::{shim:vtable#0}
[INFO] [stdout]   16:     0x64edc7857e19 - <std[70759c8f55707aa4]::sys::thread::unix::Thread>::new::thread_start
[INFO] [stdout]   17:     0x749cff668dfa - <unknown>
[INFO] [stdout]   18:     0x749cff6fc3d4 - clone
[INFO] [stdout]   19:                0x0 - <unknown>
[INFO] [stdout] 
[INFO] [stdout] ---- test_inspect_url_short_flag stdout ----
[INFO] [stdout] 
[INFO] [stdout] thread 'test_inspect_url_short_flag' (1350) panicked at tests/integration.rs:393:5:
[INFO] [stdout] inspect -u should succeed for google.com
[INFO] [stdout] stack backtrace:
[INFO] [stdout]    0:     0x64edc7858731 - <<std[70759c8f55707aa4]::sys::backtrace::BacktraceLock>::print::DisplayBacktrace as core[df12db4294e9bfd3]::fmt::Display>::fmt
[INFO] [stdout]    1:     0x64edc786cc3a - core[df12db4294e9bfd3]::fmt::write
[INFO] [stdout]    2:     0x64edc785ce2c - <alloc[2182bb758b4b3781]::vec::Vec<u8> as core[df12db4294e9bfd3]::io::write::Write>::write_fmt
[INFO] [stdout]    3:     0x64edc7833696 - std[70759c8f55707aa4]::panicking::default_hook::{closure#0}
[INFO] [stdout]    4:     0x64edc7850599 - std[70759c8f55707aa4]::panicking::default_hook
[INFO] [stdout]    5:     0x64edc77ebaa0 - test[9d35eded1c95d3be]::test_main_inner::<test[9d35eded1c95d3be]::test_main_static::{closure#0}>::{closure#0}
[INFO] [stdout]    6:     0x64edc7850752 - std[70759c8f55707aa4]::panicking::panic_with_hook
[INFO] [stdout]    7:     0x64edc7833774 - std[70759c8f55707aa4]::panicking::panic_handler::{closure#0}
[INFO] [stdout]    8:     0x64edc782c3a9 - std[70759c8f55707aa4]::sys::backtrace::__rust_end_short_backtrace::<std[70759c8f55707aa4]::panicking::panic_handler::{closure#0}, !>
[INFO] [stdout]    9:     0x64edc783433d - __rustc[8fa7c3cbc660c2b3]::rust_begin_unwind
[INFO] [stdout]   10:     0x64edc786d36c - core[df12db4294e9bfd3]::panicking::panic_fmt
[INFO] [stdout]   11:     0x64edc77da9db - <integration[26af400083447003]::test_inspect_url_short_flag::{closure#0} as core[df12db4294e9bfd3]::ops::function::FnOnce<()>>::call_once
[INFO] [stdout]   12:     0x64edc77ded8b - test[9d35eded1c95d3be]::__rust_begin_short_backtrace::<core[df12db4294e9bfd3]::result::Result<(), alloc[2182bb758b4b3781]::string::String>, fn() -> core[df12db4294e9bfd3]::result::Result<(), alloc[2182bb758b4b3781]::string::String>>
[INFO] [stdout]   13:     0x64edc77ec3f5 - test[9d35eded1c95d3be]::run_test::{closure#0}
[INFO] [stdout]   14:     0x64edc77e5cb4 - std[70759c8f55707aa4]::sys::backtrace::__rust_begin_short_backtrace::<test[9d35eded1c95d3be]::run_test::{closure#1}, ()>
[INFO] [stdout]   15:     0x64edc77ef552 - <std[70759c8f55707aa4]::thread::lifecycle::spawn_unchecked<test[9d35eded1c95d3be]::run_test::{closure#1}, ()>::{closure#1} as core[df12db4294e9bfd3]::ops::function::FnOnce<()>>::call_once::{shim:vtable#0}
[INFO] [stdout]   16:     0x64edc7857e19 - <std[70759c8f55707aa4]::sys::thread::unix::Thread>::new::thread_start
[INFO] [stdout]   17:     0x749cff668dfa - <unknown>
[INFO] [stdout]   18:     0x749cff6fc3d4 - clone
[INFO] [stdout]   19:                0x0 - <unknown>
[INFO] [stdout] 
[INFO] [stdout] ---- test_inspect_url_and_config_mutually_exclusive stdout ----
[INFO] [stdout] 
[INFO] [stdout] thread 'test_inspect_url_and_config_mutually_exclusive' (1347) panicked at tests/integration.rs:437:5:
[INFO] [stdout] inspect should succeed with --url taking precedence
[INFO] [stdout] stack backtrace:
[INFO] [stdout]    0:     0x64edc7858731 - <<std[70759c8f55707aa4]::sys::backtrace::BacktraceLock>::print::DisplayBacktrace as core[df12db4294e9bfd3]::fmt::Display>::fmt
[INFO] [stdout]    1:     0x64edc786cc3a - core[df12db4294e9bfd3]::fmt::write
[INFO] [stdout]    2:     0x64edc785ce2c - <alloc[2182bb758b4b3781]::vec::Vec<u8> as core[df12db4294e9bfd3]::io::write::Write>::write_fmt
[INFO] [stdout]    3:     0x64edc7833696 - std[70759c8f55707aa4]::panicking::default_hook::{closure#0}
[INFO] [stdout]    4:     0x64edc7850599 - std[70759c8f55707aa4]::panicking::default_hook
[INFO] [stdout]    5:     0x64edc77ebaa0 - test[9d35eded1c95d3be]::test_main_inner::<test[9d35eded1c95d3be]::test_main_static::{closure#0}>::{closure#0}
[INFO] [stdout]    6:     0x64edc7850752 - std[70759c8f55707aa4]::panicking::panic_with_hook
[INFO] [stdout]    7:     0x64edc7833774 - std[70759c8f55707aa4]::panicking::panic_handler::{closure#0}
[INFO] [stdout]    8:     0x64edc782c3a9 - std[70759c8f55707aa4]::sys::backtrace::__rust_end_short_backtrace::<std[70759c8f55707aa4]::panicking::panic_handler::{closure#0}, !>
[INFO] [stdout]    9:     0x64edc783433d - __rustc[8fa7c3cbc660c2b3]::rust_begin_unwind
[INFO] [stdout]   10:     0x64edc786d36c - core[df12db4294e9bfd3]::panicking::panic_fmt
[INFO] [stdout]   11:     0x64edc77dd583 - <integration[26af400083447003]::test_inspect_url_and_config_mutually_exclusive::{closure#0} as core[df12db4294e9bfd3]::ops::function::FnOnce<()>>::call_once
[INFO] [stdout]   12:     0x64edc77ded8b - test[9d35eded1c95d3be]::__rust_begin_short_backtrace::<core[df12db4294e9bfd3]::result::Result<(), alloc[2182bb758b4b3781]::string::String>, fn() -> core[df12db4294e9bfd3]::result::Result<(), alloc[2182bb758b4b3781]::string::String>>
[INFO] [stdout]   13:     0x64edc77ec3f5 - test[9d35eded1c95d3be]::run_test::{closure#0}
[INFO] [stdout]   14:     0x64edc77e5cb4 - std[70759c8f55707aa4]::sys::backtrace::__rust_begin_short_backtrace::<test[9d35eded1c95d3be]::run_test::{closure#1}, ()>
[INFO] [stdout]   15:     0x64edc77ef552 - <std[70759c8f55707aa4]::thread::lifecycle::spawn_unchecked<test[9d35eded1c95d3be]::run_test::{closure#1}, ()>::{closure#1} as core[df12db4294e9bfd3]::ops::function::FnOnce<()>>::call_once::{shim:vtable#0}
[INFO] [stdout]   16:     0x64edc7857e19 - <std[70759c8f55707aa4]::sys::thread::unix::Thread>::new::thread_start
[INFO] [stdout]   17:     0x749cff668dfa - <unknown>
[INFO] [stdout]   18:     0x749cff6fc3d4 - clone
[INFO] [stdout]   19:                0x0 - <unknown>
[INFO] [stdout] 
[INFO] [stdout] ---- test_verify_google_com_matches stdout ----
[INFO] [stdout] 
[INFO] [stdout] thread 'test_verify_google_com_matches' (1617) panicked at tests/integration.rs:270:5:
[INFO] [stdout] verify should exit 0 for correct Google CN
[INFO] [stdout] stack backtrace:
[INFO] [stdout]    0:     0x64edc7858731 - <<std[70759c8f55707aa4]::sys::backtrace::BacktraceLock>::print::DisplayBacktrace as core[df12db4294e9bfd3]::fmt::Display>::fmt
[INFO] [stdout]    1:     0x64edc786cc3a - core[df12db4294e9bfd3]::fmt::write
[INFO] [stdout]    2:     0x64edc785ce2c - <alloc[2182bb758b4b3781]::vec::Vec<u8> as core[df12db4294e9bfd3]::io::write::Write>::write_fmt
[INFO] [stdout]    3:     0x64edc7833696 - std[70759c8f55707aa4]::panicking::default_hook::{closure#0}
[INFO] [stdout]    4:     0x64edc7850599 - std[70759c8f55707aa4]::panicking::default_hook
[INFO] [stdout]    5:     0x64edc77ebaa0 - test[9d35eded1c95d3be]::test_main_inner::<test[9d35eded1c95d3be]::test_main_static::{closure#0}>::{closure#0}
[INFO] [stdout]    6:     0x64edc7850752 - std[70759c8f55707aa4]::panicking::panic_with_hook
[INFO] [stdout]    7:     0x64edc7833774 - std[70759c8f55707aa4]::panicking::panic_handler::{closure#0}
[INFO] [stdout]    8:     0x64edc782c3a9 - std[70759c8f55707aa4]::sys::backtrace::__rust_end_short_backtrace::<std[70759c8f55707aa4]::panicking::panic_handler::{closure#0}, !>
[INFO] [stdout]    9:     0x64edc783433d - __rustc[8fa7c3cbc660c2b3]::rust_begin_unwind
[INFO] [stdout]   10:     0x64edc786d36c - core[df12db4294e9bfd3]::panicking::panic_fmt
[INFO] [stdout]   11:     0x64edc77db488 - <integration[26af400083447003]::test_verify_google_com_matches::{closure#0} as core[df12db4294e9bfd3]::ops::function::FnOnce<()>>::call_once
[INFO] [stdout]   12:     0x64edc77ded8b - test[9d35eded1c95d3be]::__rust_begin_short_backtrace::<core[df12db4294e9bfd3]::result::Result<(), alloc[2182bb758b4b3781]::string::String>, fn() -> core[df12db4294e9bfd3]::result::Result<(), alloc[2182bb758b4b3781]::string::String>>
[INFO] [stdout]   13:     0x64edc77ec3f5 - test[9d35eded1c95d3be]::run_test::{closure#0}
[INFO] [stdout]   14:     0x64edc77e5cb4 - std[70759c8f55707aa4]::sys::backtrace::__rust_begin_short_backtrace::<test[9d35eded1c95d3be]::run_test::{closure#1}, ()>
[INFO] [stdout]   15:     0x64edc77ef552 - <std[70759c8f55707aa4]::thread::lifecycle::spawn_unchecked<test[9d35eded1c95d3be]::run_test::{closure#1}, ()>::{closure#1} as core[df12db4294e9bfd3]::ops::function::FnOnce<()>>::call_once::{shim:vtable#0}
[INFO] [stdout]   16:     0x64edc7857e19 - <std[70759c8f55707aa4]::sys::thread::unix::Thread>::new::thread_start
[INFO] [stdout]   17:     0x749cff668dfa - <unknown>
[INFO] [stdout]   18:     0x749cff6fc3d4 - clone
[INFO] [stdout]   19:                0x0 - <unknown>
[INFO] [stdout] 
[INFO] [stdout] ---- test_verify_correct_issuer_exits_0 stdout ----
[INFO] [stdout] 
[INFO] [stdout] thread 'test_verify_correct_issuer_exits_0' (1603) panicked at tests/integration.rs:176:5:
[INFO] [stdout] verify should exit 0 for correct issuer
[INFO] [stdout] stack backtrace:
[INFO] [stdout]    0:     0x64edc7858731 - <<std[70759c8f55707aa4]::sys::backtrace::BacktraceLock>::print::DisplayBacktrace as core[df12db4294e9bfd3]::fmt::Display>::fmt
[INFO] [stdout]    1:     0x64edc786cc3a - core[df12db4294e9bfd3]::fmt::write
[INFO] [stdout]    2:     0x64edc785ce2c - <alloc[2182bb758b4b3781]::vec::Vec<u8> as core[df12db4294e9bfd3]::io::write::Write>::write_fmt
[INFO] [stdout]    3:     0x64edc7833696 - std[70759c8f55707aa4]::panicking::default_hook::{closure#0}
[INFO] [stdout]    4:     0x64edc7850599 - std[70759c8f55707aa4]::panicking::default_hook
[INFO] [stdout]    5:     0x64edc77ebaa0 - test[9d35eded1c95d3be]::test_main_inner::<test[9d35eded1c95d3be]::test_main_static::{closure#0}>::{closure#0}
[INFO] [stdout]    6:     0x64edc7850752 - std[70759c8f55707aa4]::panicking::panic_with_hook
[INFO] [stdout]    7:     0x64edc7833774 - std[70759c8f55707aa4]::panicking::panic_handler::{closure#0}
[INFO] [stdout]    8:     0x64edc782c3a9 - std[70759c8f55707aa4]::sys::backtrace::__rust_end_short_backtrace::<std[70759c8f55707aa4]::panicking::panic_handler::{closure#0}, !>
[INFO] [stdout]    9:     0x64edc783433d - __rustc[8fa7c3cbc660c2b3]::rust_begin_unwind
[INFO] [stdout]   10:     0x64edc786d36c - core[df12db4294e9bfd3]::panicking::panic_fmt
[INFO] [stdout]   11:     0x64edc77dbf88 - <integration[26af400083447003]::test_verify_correct_issuer_exits_0::{closure#0} as core[df12db4294e9bfd3]::ops::function::FnOnce<()>>::call_once
[INFO] [stdout]   12:     0x64edc77ded8b - test[9d35eded1c95d3be]::__rust_begin_short_backtrace::<core[df12db4294e9bfd3]::result::Result<(), alloc[2182bb758b4b3781]::string::String>, fn() -> core[df12db4294e9bfd3]::result::Result<(), alloc[2182bb758b4b3781]::string::String>>
[INFO] [stdout]   13:     0x64edc77ec3f5 - test[9d35eded1c95d3be]::run_test::{closure#0}
[INFO] [stdout]   14:     0x64edc77e5cb4 - std[70759c8f55707aa4]::sys::backtrace::__rust_begin_short_backtrace::<test[9d35eded1c95d3be]::run_test::{closure#1}, ()>
[INFO] [stdout]   15:     0x64edc77ef552 - <std[70759c8f55707aa4]::thread::lifecycle::spawn_unchecked<test[9d35eded1c95d3be]::run_test::{closure#1}, ()>::{closure#1} as core[df12db4294e9bfd3]::ops::function::FnOnce<()>>::call_once::{shim:vtable#0}
[INFO] [stdout]   16:     0x64edc7857e19 - <std[70759c8f55707aa4]::sys::thread::unix::Thread>::new::thread_start
[INFO] [stdout]   17:     0x749cff668dfa - <unknown>
[INFO] [stdout]   18:     0x749cff6fc3d4 - clone
[INFO] [stdout]   19:                0x0 - <unknown>
[INFO] [stdout] 
[INFO] [stdout] ---- test_verify_wrong_issuer_exits_1 stdout ----
[INFO] [stdout] 
[INFO] [stdout] thread 'test_verify_wrong_issuer_exits_1' (1689) panicked at tests/integration.rs:199:5:
[INFO] [stdout] assertion failed: stdout.contains("MISMATCH")
[INFO] [stdout] stack backtrace:
[INFO] [stdout]    0:     0x64edc7858731 - <<std[70759c8f55707aa4]::sys::backtrace::BacktraceLock>::print::DisplayBacktrace as core[df12db4294e9bfd3]::fmt::Display>::fmt
[INFO] [stdout]    1:     0x64edc786cc3a - core[df12db4294e9bfd3]::fmt::write
[INFO] [stdout]    2:     0x64edc785ce2c - <alloc[2182bb758b4b3781]::vec::Vec<u8> as core[df12db4294e9bfd3]::io::write::Write>::write_fmt
[INFO] [stdout]    3:     0x64edc7833696 - std[70759c8f55707aa4]::panicking::default_hook::{closure#0}
[INFO] [stdout]    4:     0x64edc7850599 - std[70759c8f55707aa4]::panicking::default_hook
[INFO] [stdout]    5:     0x64edc77ebaa0 - test[9d35eded1c95d3be]::test_main_inner::<test[9d35eded1c95d3be]::test_main_static::{closure#0}>::{closure#0}
[INFO] [stdout]    6:     0x64edc7850752 - std[70759c8f55707aa4]::panicking::panic_with_hook
[INFO] [stdout]    7:     0x64edc7833774 - std[70759c8f55707aa4]::panicking::panic_handler::{closure#0}
[INFO] [stdout]    8:     0x64edc782c3a9 - std[70759c8f55707aa4]::sys::backtrace::__rust_end_short_backtrace::<std[70759c8f55707aa4]::panicking::panic_handler::{closure#0}, !>
[INFO] [stdout]    9:     0x64edc783433d - __rustc[8fa7c3cbc660c2b3]::rust_begin_unwind
[INFO] [stdout]   10:     0x64edc786d36c - core[df12db4294e9bfd3]::panicking::panic_fmt
[INFO] [stdout]   11:     0x64edc786d332 - core[df12db4294e9bfd3]::panicking::panic
[INFO] [stdout]   12:     0x64edc77dbbe7 - <integration[26af400083447003]::test_verify_wrong_issuer_exits_1::{closure#0} as core[df12db4294e9bfd3]::ops::function::FnOnce<()>>::call_once
[INFO] [stdout]   13:     0x64edc77ded8b - test[9d35eded1c95d3be]::__rust_begin_short_backtrace::<core[df12db4294e9bfd3]::result::Result<(), alloc[2182bb758b4b3781]::string::String>, fn() -> core[df12db4294e9bfd3]::result::Result<(), alloc[2182bb758b4b3781]::string::String>>
[INFO] [stdout]   14:     0x64edc77ec3f5 - test[9d35eded1c95d3be]::run_test::{closure#0}
[INFO] [stdout]   15:     0x64edc77e5cb4 - std[70759c8f55707aa4]::sys::backtrace::__rust_begin_short_backtrace::<test[9d35eded1c95d3be]::run_test::{closure#1}, ()>
[INFO] [stdout]   16:     0x64edc77ef552 - <std[70759c8f55707aa4]::thread::lifecycle::spawn_unchecked<test[9d35eded1c95d3be]::run_test::{closure#1}, ()>::{closure#1} as core[df12db4294e9bfd3]::ops::function::FnOnce<()>>::call_once::{shim:vtable#0}
[INFO] [stdout]   17:     0x64edc7857e19 - <std[70759c8f55707aa4]::sys::thread::unix::Thread>::new::thread_start
[INFO] [stdout]   18:     0x749cff668dfa - <unknown>
[INFO] [stdout]   19:     0x749cff6fc3d4 - clone
[INFO] [stdout]   20:                0x0 - <unknown>
[INFO] [stdout] 
[INFO] [stdout] 
[INFO] [stdout] failures:
[INFO] [stdout]     test_inspect_github_com
[INFO] [stdout]     test_inspect_google_com
[INFO] [stdout]     test_inspect_multiple_urls
[INFO] [stdout]     test_inspect_url_and_config_mutually_exclusive
[INFO] [stdout]     test_inspect_url_flag_google
[INFO] [stdout]     test_inspect_url_short_flag
[INFO] [stdout]     test_verify_correct_issuer_exits_0
[INFO] [stdout]     test_verify_google_com_matches
[INFO] [stdout]     test_verify_wrong_issuer_exits_1
[INFO] [stdout] 
[INFO] [stdout] test result: FAILED. 18 passed; 9 failed; 0 ignored; 0 measured; 0 filtered out; finished in 0.02s
[INFO] [stdout] 
[INFO] running `Command { std: "docker" "inspect" "c4a49e9c21a2138942e8eb40ee6cc71c4a2c36d8ad497b0da66dcae6a68e29c7", kill_on_drop: false }`
[INFO] running `Command { std: "docker" "rm" "-f" "c4a49e9c21a2138942e8eb40ee6cc71c4a2c36d8ad497b0da66dcae6a68e29c7", kill_on_drop: false }`
[INFO] [stdout] c4a49e9c21a2138942e8eb40ee6cc71c4a2c36d8ad497b0da66dcae6a68e29c7
