[INFO] fetching crate ot-tools-operations 0.11.3...
[INFO] testing ot-tools-operations-0.11.3 against 1.100.0-beta.1+cargoflags=--release for beta-release-1.100-2
[INFO] extracting crate ot-tools-operations 0.11.3 into /workspace/builds/worker-1-tc2/source
[INFO] started tweaking crates.io crate ot-tools-operations 0.11.3
[INFO] removed 0 missing examples
[INFO] finished tweaking crates.io crate ot-tools-operations 0.11.3
[INFO] tweaked toml for crates.io crate ot-tools-operations 0.11.3 written to /workspace/builds/worker-1-tc2/source/Cargo.toml
[INFO] validating manifest of crates.io crate ot-tools-operations 0.11.3 on toolchain 1.100.0-beta.1
[INFO] running `Command { std: CARGO_HOME="/workspace/cargo-home" RUSTUP_HOME="/workspace/rustup-home" "/workspace/cargo-home/bin/cargo" "+1.100.0-beta.1" "metadata" "--manifest-path" "Cargo.toml" "--no-deps", kill_on_drop: false }`
[INFO] crate crates.io crate ot-tools-operations 0.11.3 already has a lockfile, it will not be regenerated
[INFO] running `Command { std: CARGO_HOME="/workspace/cargo-home" RUSTUP_HOME="/workspace/rustup-home" "/workspace/cargo-home/bin/cargo" "+1.100.0-beta.1" "fetch" "--manifest-path" "Cargo.toml", kill_on_drop: false }`
[INFO] [stderr] warning: `package.homepage` is redundant with `package.repository`
[INFO] [stderr]   --> Cargo.toml:59:12
[INFO] [stderr]    |
[INFO] [stderr] 59 | homepage = "https://gitlab.com/ot-tools/ot-tools-io/"
[INFO] [stderr]    |            ^^^^^^^^^^^^^^^^^^^^^^^^^^^^^^^^^^^^^^^^^^
[INFO] [stderr] ...
[INFO] [stderr] 63 | repository = "https://gitlab.com/ot-tools/ot-tools-io/"
[INFO] [stderr]    |              ------------------------------------------
[INFO] [stderr]    |
[INFO] [stderr]    = note: `cargo::redundant_homepage` is set to `warn` by default
[INFO] [stderr] help: consider removing `package.homepage`
[INFO] [stderr] warning: `ot-tools-operations` (manifest) generated 1 warning
[INFO] [stderr]     Blocking waiting for file lock on package cache
[INFO] running `Command { std: "docker" "create" "-v" "/var/lib/crater-agent-workspace/builds/worker-1-tc2/source:/opt/rustwide/workdir:ro,Z" "-v" "/var/lib/crater-agent-workspace/builds/worker-1-tc2/target:/opt/rustwide/target:rw,Z" "-v" "/var/lib/crater-agent-workspace/cargo-home:/opt/rustwide/cargo-home:ro,Z" "-v" "/var/lib/crater-agent-workspace/rustup-home:/opt/rustwide/rustup-home:ro,Z" "-m" "1610612736" "--network" "none" "ghcr.io/rust-lang/crates-build-env/linux@sha256:77db811e55d90add9212f6832c23229e3de5f1c1f9905e8cb07319ea15df73ac" "sleep" "infinity", kill_on_drop: false }`
[INFO] [stdout] 2d4e6b3313355ae60c03860172f65fd9fdfbd5cfa176281e9113a4ea33faa289
[INFO] running `Command { std: "docker" "start" "2d4e6b3313355ae60c03860172f65fd9fdfbd5cfa176281e9113a4ea33faa289", kill_on_drop: false }`
[INFO] running `Command { std: "docker" "inspect" "2d4e6b3313355ae60c03860172f65fd9fdfbd5cfa176281e9113a4ea33faa289", kill_on_drop: false }`
[INFO] running `Command { std: "docker" "exec" "-e" "SOURCE_DIR=/opt/rustwide/workdir" "-e" "CARGO_HOME=/opt/rustwide/cargo-home" "-e" "RUSTUP_HOME=/opt/rustwide/rustup-home" "-e" "CARGO_TARGET_DIR=/opt/rustwide/target" "-w" "/opt/rustwide/workdir" "--user" "0:0" "2d4e6b3313355ae60c03860172f65fd9fdfbd5cfa176281e9113a4ea33faa289" "/opt/rustwide/cargo-home/bin/cargo" "+1.100.0-beta.1" "metadata" "--no-deps" "--format-version=1", kill_on_drop: false }`
[INFO] running `Command { std: "docker" "inspect" "2d4e6b3313355ae60c03860172f65fd9fdfbd5cfa176281e9113a4ea33faa289", kill_on_drop: false }`
[INFO] running `Command { std: "docker" "exec" "-e" "SOURCE_DIR=/opt/rustwide/workdir" "-e" "CARGO_HOME=/opt/rustwide/cargo-home" "-e" "RUSTUP_HOME=/opt/rustwide/rustup-home" "-e" "CARGO_TARGET_DIR=/opt/rustwide/target" "-e" "CARGO_INCREMENTAL=0" "-e" "RUST_BACKTRACE=full" "-e" "RUSTFLAGS=--cap-lints=warn" "-e" "RUSTDOCFLAGS=--cap-lints=warn" "-w" "/opt/rustwide/workdir" "--user" "0:0" "2d4e6b3313355ae60c03860172f65fd9fdfbd5cfa176281e9113a4ea33faa289" "/opt/rustwide/cargo-home/bin/cargo" "+1.100.0-beta.1" "build" "--frozen" "--message-format=json" "--release", kill_on_drop: false }`
[INFO] [stderr] warning: `package.homepage` is redundant with `package.repository`
[INFO] [stderr]   --> Cargo.toml:59:12
[INFO] [stderr]    |
[INFO] [stderr] 59 | homepage = "https://gitlab.com/ot-tools/ot-tools-io/"
[INFO] [stderr]    |            ^^^^^^^^^^^^^^^^^^^^^^^^^^^^^^^^^^^^^^^^^^
[INFO] [stderr] ...
[INFO] [stderr] 63 | repository = "https://gitlab.com/ot-tools/ot-tools-io/"
[INFO] [stderr]    |              ------------------------------------------
[INFO] [stderr]    |
[INFO] [stderr]    = note: `cargo::redundant_homepage` is set to `warn` by default
[INFO] [stderr] help: consider removing `package.homepage`
[INFO] [stderr] warning: `ot-tools-operations` (manifest) generated 1 warning
[INFO] [stderr]    Compiling serde v1.0.228
[INFO] [stderr]    Compiling zerocopy v0.8.54
[INFO] [stderr]    Compiling syn v2.0.118
[INFO] [stderr]    Compiling getrandom v0.3.4
[INFO] [stderr]    Compiling serde_json v1.0.150
[INFO] [stderr]    Compiling audio-codec-algorithms v0.8.0
[INFO] [stderr]    Compiling copy_dir v0.1.3
[INFO] [stderr]    Compiling anstream v1.0.0
[INFO] [stderr]    Compiling jiff v0.2.32
[INFO] [stderr]    Compiling aifc v0.7.0
[INFO] [stderr]    Compiling rand_core v0.9.5
[INFO] [stderr]    Compiling serde_derive v1.0.228
[INFO] [stderr]    Compiling thiserror-impl v2.0.18
[INFO] [stderr]    Compiling enum-iterator-derive v1.5.0
[INFO] [stderr]    Compiling ot-tools-io-derive v0.11.3
[INFO] [stderr]    Compiling enum-iterator v2.3.0
[INFO] [stderr]    Compiling thiserror v2.0.18
[INFO] [stderr]    Compiling env_logger v0.11.11
[INFO] [stderr]    Compiling ppv-lite86 v0.2.21
[INFO] [stderr]    Compiling rand_chacha v0.9.0
[INFO] [stderr]    Compiling rand v0.9.4
[INFO] [stderr]    Compiling serde_norway v0.9.42
[INFO] [stderr]    Compiling bincode v1.3.3
[INFO] [stderr]    Compiling serde-big-array v0.5.1
[INFO] [stderr]    Compiling ot-tools-io v0.11.3
[INFO] [stderr]    Compiling ot-tools-interfaces v0.11.3
[INFO] [stderr]    Compiling ot-tools-operations v0.11.3 (/opt/rustwide/workdir)
[INFO] [stderr] warning: unused dependency `env_logger`
[INFO] [stderr]  --> Cargo.toml:4:15
[INFO] [stderr]   |
[INFO] [stderr] 4 | [dependencies.env_logger]
[INFO] [stderr]   |               ^^^^^^^^^^^
[INFO] [stderr]   |
[INFO] [stderr]   = note: `cargo::unused_dependencies` is set to `warn` by default
[INFO] [stderr] help: consider removing the dependency on `env_logger`
[INFO] [stderr] warning: `ot-tools-operations` (manifest) generated 1 warning
[INFO] [stderr]     Finished `release` profile [optimized] target(s) in 20.56s
[INFO] running `Command { std: "docker" "inspect" "2d4e6b3313355ae60c03860172f65fd9fdfbd5cfa176281e9113a4ea33faa289", kill_on_drop: false }`
[INFO] running `Command { std: "docker" "exec" "-e" "SOURCE_DIR=/opt/rustwide/workdir" "-e" "CARGO_HOME=/opt/rustwide/cargo-home" "-e" "RUSTUP_HOME=/opt/rustwide/rustup-home" "-e" "CARGO_TARGET_DIR=/opt/rustwide/target" "-e" "CARGO_INCREMENTAL=0" "-e" "RUST_BACKTRACE=full" "-e" "RUSTFLAGS=--cap-lints=warn" "-e" "RUSTDOCFLAGS=--cap-lints=warn" "-w" "/opt/rustwide/workdir" "--user" "0:0" "2d4e6b3313355ae60c03860172f65fd9fdfbd5cfa176281e9113a4ea33faa289" "/opt/rustwide/cargo-home/bin/cargo" "+1.100.0-beta.1" "test" "--frozen" "--no-run" "--message-format=json" "--release", kill_on_drop: false }`
[INFO] [stderr] warning: `package.homepage` is redundant with `package.repository`
[INFO] [stderr]   --> Cargo.toml:59:12
[INFO] [stderr]    |
[INFO] [stderr] 59 | homepage = "https://gitlab.com/ot-tools/ot-tools-io/"
[INFO] [stderr]    |            ^^^^^^^^^^^^^^^^^^^^^^^^^^^^^^^^^^^^^^^^^^
[INFO] [stderr] ...
[INFO] [stderr] 63 | repository = "https://gitlab.com/ot-tools/ot-tools-io/"
[INFO] [stderr]    |              ------------------------------------------
[INFO] [stderr]    |
[INFO] [stderr]    = note: `cargo::redundant_homepage` is set to `warn` by default
[INFO] [stderr] help: consider removing `package.homepage`
[INFO] [stderr] warning: `ot-tools-operations` (manifest) generated 1 warning
[INFO] [stderr]    Compiling ot-tools-operations v0.11.3 (/opt/rustwide/workdir)
[INFO] [stderr] warning: unused dependency `env_logger`
[INFO] [stderr]  --> Cargo.toml:4:15
[INFO] [stderr]   |
[INFO] [stderr] 4 | [dependencies.env_logger]
[INFO] [stderr]   |               ^^^^^^^^^^^
[INFO] [stderr]   |
[INFO] [stderr]   = note: `cargo::unused_dependencies` is set to `warn` by default
[INFO] [stderr] help: consider removing the dependency on `env_logger`
[INFO] [stderr] help: to still use for development builds, move to `dev-dependencies`
[INFO] [stderr] warning: `ot-tools-operations` (manifest) generated 1 warning
[INFO] [stderr]     Finished `release` profile [optimized] target(s) in 6.45s
[INFO] running `Command { std: "docker" "inspect" "2d4e6b3313355ae60c03860172f65fd9fdfbd5cfa176281e9113a4ea33faa289", kill_on_drop: false }`
[INFO] running `Command { std: "docker" "exec" "-e" "SOURCE_DIR=/opt/rustwide/workdir" "-e" "CARGO_HOME=/opt/rustwide/cargo-home" "-e" "RUSTUP_HOME=/opt/rustwide/rustup-home" "-e" "CARGO_TARGET_DIR=/opt/rustwide/target" "-e" "CARGO_INCREMENTAL=0" "-e" "RUST_BACKTRACE=full" "-e" "RUSTFLAGS=--cap-lints=warn" "-e" "RUSTDOCFLAGS=--cap-lints=warn" "-w" "/opt/rustwide/workdir" "--user" "0:0" "2d4e6b3313355ae60c03860172f65fd9fdfbd5cfa176281e9113a4ea33faa289" "/opt/rustwide/cargo-home/bin/cargo" "+1.100.0-beta.1" "test" "--frozen" "--release", kill_on_drop: false }`
[INFO] [stderr] warning: `package.homepage` is redundant with `package.repository`
[INFO] [stderr]   --> Cargo.toml:59:12
[INFO] [stderr]    |
[INFO] [stderr] 59 | homepage = "https://gitlab.com/ot-tools/ot-tools-io/"
[INFO] [stderr]    |            ^^^^^^^^^^^^^^^^^^^^^^^^^^^^^^^^^^^^^^^^^^
[INFO] [stderr] ...
[INFO] [stderr] 63 | repository = "https://gitlab.com/ot-tools/ot-tools-io/"
[INFO] [stderr]    |              ------------------------------------------
[INFO] [stderr]    |
[INFO] [stderr]    = note: `cargo::redundant_homepage` is set to `warn` by default
[INFO] [stderr] help: consider removing `package.homepage`
[INFO] [stderr] warning: `ot-tools-operations` (manifest) generated 1 warning
[INFO] [stderr] warning: unused dependency `env_logger`
[INFO] [stderr]  --> Cargo.toml:4:15
[INFO] [stderr]   |
[INFO] [stderr] 4 | [dependencies.env_logger]
[INFO] [stderr]   |               ^^^^^^^^^^^
[INFO] [stderr]   |
[INFO] [stderr]   = note: `cargo::unused_dependencies` is set to `warn` by default
[INFO] [stderr] help: consider removing the dependency on `env_logger`
[INFO] [stderr] help: to still use for development builds, move to `dev-dependencies`
[INFO] [stderr] warning: `ot-tools-operations` (manifest) generated 1 warning
[INFO] [stderr]     Finished `release` profile [optimized] target(s) in 0.07s
[INFO] [stderr]      Running unittests src/lib.rs (/opt/rustwide/target/release/build/ot-tools-operations/843a2daacc8778e2/out/ot_tools_operations-843a2daacc8778e2)
[INFO] [stdout] 
[INFO] [stdout] running 89 tests
[INFO] [stdout] test operations::bank_slots_samples_project_transfer::tests::dry_run::blank_project ... ignored
[INFO] [stdout] test operations::bank_slots_fix_dangling::tests::builder::blank_project ... FAILED
[INFO] [stdout] test operations::bank_slots_fix_dangling::tests::dry_run::blank_project ... FAILED
[INFO] [stdout] test operations::bank_slots_fix_dangling::tests::main::blank_project ... FAILED
[INFO] [stdout] test operations::bank_slots_samples_project_transfer::tests::builder::no_optional_args ... FAILED
[INFO] [stdout] test operations::bank_slots_samples_project_transfer::tests::builder::all_args ... FAILED
[INFO] [stdout] test operations::slots_samples_project_transfer::tests::blank_projects_ok::blank_projects_ok ... FAILED
[INFO] [stdout] test utils::chains::test_constant_slice_lengths::is_ok ... ok
[INFO] [stdout] test utils::chains::test_slices_from_wavs::is_ok ... ok
[INFO] [stdout] test utils::audio::test_get_bar_length::simple_120bpm_valid ... FAILED
[INFO] [stdout] test utils::chains::test_slices_from_wavs_with_silence::is_ok ... ok
[INFO] [stdout] test utils::audio::test_get_bar_length::simple_150bpm_valid ... FAILED
[INFO] [stdout] test utils::conversions::conversion_fnc_tests::bin_gain_from_human::err_oob_too_high ... ok
[INFO] [stdout] test utils::conversions::conversion_fnc_tests::bin_gain_from_human::err_oob_too_low ... ok
[INFO] [stdout] test utils::conversions::conversion_fnc_tests::bin_gain_from_human::ok_negative_23_half ... ok
[INFO] [stdout] test utils::conversions::conversion_fnc_tests::bin_gain_from_human::ok_positive_23_half ... ok
[INFO] [stdout] test utils::conversions::conversion_fnc_tests::bin_gain_from_human::ok_negative_24 ... ok
[INFO] [stdout] test utils::conversions::conversion_fnc_tests::bin_gain_from_human::ok_zero ... ok
[INFO] [stdout] test utils::conversions::conversion_fnc_tests::bin_gain_from_human::ok_positive_24 ... ok
[INFO] [stdout] test utils::conversions::conversion_fnc_tests::bin_gain_from_human::ok_zero_minus_half ... ok
[INFO] [stdout] test utils::conversions::conversion_fnc_tests::bin_gain_from_human::ok_zero_half ... ok
[INFO] [stdout] test utils::audio::test_get_bar_length::simple_ok ... FAILED
[INFO] [stdout] test utils::conversions::conversion_fnc_tests::bin_tempo_from_human::err_oob_too_low ... ok
[INFO] [stdout] test utils::audio::test_get_bar_length::simple_200bpm_valid ... FAILED
[INFO] [stdout] test utils::conversions::conversion_fnc_tests::bin_tempo_from_human::ok_120 ... ok
[INFO] [stdout] test utils::audio::test_get_bar_length::simple_30bpm_valid ... FAILED
[INFO] [stdout] test utils::conversions::conversion_fnc_tests::bin_tempo_from_human::ok_100 ... ok
[INFO] [stdout] test utils::audio::test_get_total_bar_length_interleaved::simple_120bpm_valid ... FAILED
[INFO] [stdout] test utils::audio::test_get_total_bar_length_interleaved::simple_150bpm_valid ... FAILED
[INFO] [stdout] test utils::audio::test_get_total_bar_length_interleaved::simple_200bpm_valid ... FAILED
[INFO] [stdout] test utils::audio::test_get_total_bar_length_interleaved::simple_300bpm_valid ... FAILED
[INFO] [stdout] test utils::audio::test_get_total_bar_length_interleaved::simple_30bpm_valid ... FAILED
[INFO] [stdout] test utils::audio::test_get_total_bar_length_interleaved::simple_ok ... FAILED
[INFO] [stdout] test utils::audio::test_get_bar_length::simple_300bpm_valid ... FAILED
[INFO] [stdout] test utils::conversions::conversion_fnc_tests::bin_tempo_from_human::ok_300 ... ok
[INFO] [stdout] test utils::conversions::conversion_fnc_tests::trig_bitmasks::test_halfpage_trig_bitmask_unmask_127 ... ok
[INFO] [stdout] test utils::conversions::conversion_fnc_tests::trig_bitmasks::test_all_track_trigs_from_bitmasks ... ok
[INFO] [stdout] test utils::conversions::conversion_fnc_tests::bin_tempo_from_human::ok_30 ... ok
[INFO] [stdout] test utils::conversions::conversion_fnc_tests::trig_bitmasks::test_halfpage_trig_bitmask_unmask_0 ... ok
[INFO] [stdout] test utils::conversions::conversion_fnc_tests::trig_bitmasks::test_halfpage_trig_bitmask_unmask_15 ... ok
[INFO] [stdout] test utils::conversions::conversion_fnc_tests::trig_bitmasks::test_halfpage_trig_bitmask_unmask_1 ... ok
[INFO] [stdout] test utils::conversions::conversion_fnc_tests::trig_bitmasks::test_halfpage_trig_bitmask_unmask_128 ... ok
[INFO] [stdout] test utils::conversions::conversion_fnc_tests::trig_bitmasks::test_halfpage_trig_bitmask_unmask_16 ... ok
[INFO] [stdout] test utils::conversions::conversion_fnc_tests::bin_tempo_from_human::err_oob_too_high ... ok
[INFO] [stdout] test utils::conversions::conversion_fnc_tests::trig_bitmasks::test_halfpage_trig_bitmask_unmask_7 ... ok
[INFO] [stdout] test utils::conversions::conversion_fnc_tests::trig_bitmasks::test_halfpage_trig_bitmask_unmask_3 ... ok
[INFO] [stdout] test utils::conversions::conversion_fnc_tests::trig_bitmasks::test_halfpage_trig_bitmask_unmask_31 ... ok
[INFO] [stdout] test utils::conversions::conversion_fnc_tests::trig_bitmasks::test_halfpage_trig_bitmask_unmask_8 ... ok
[INFO] [stdout] test utils::conversions::conversion_fnc_tests::trig_bitmasks::test_halfpage_trig_bitmask_unmask_32 ... ok
[INFO] [stdout] test utils::conversions::conversion_fnc_tests::trig_bitmasks::test_halfpage_trig_bitmask_unmask_4 ... ok
[INFO] [stdout] test utils::conversions::conversion_fnc_tests::trig_bitmasks::test_halfpage_trig_bitmask_unmask_64 ... ok
[INFO] [stdout] test utils::conversions::conversion_fnc_tests::trig_bitmasks::test_no_track_trigs_from_bitmasks ... ok
[INFO] [stdout] test utils::conversions::conversion_fnc_tests::trig_bitmasks::test_halfpage_trig_bitmask_unmask_255 ... ok
[INFO] [stdout] test utils::conversions::conversion_fnc_tests::trig_bitmasks::test_halfpage_trig_bitmask_unmask_2 ... ok
[INFO] [stdout] test utils::find_slots::filter_slots_chainable::all_active_and_valid ... ok
[INFO] [stdout] test utils::find_slots::filter_slots_chainable::all_active_no_paths ... ok
[INFO] [stdout] test utils::find_slots::filter_slots_chainable::all_active_with_paths_with_initd_slices ... ok
[INFO] [stdout] test utils::find_slots::filter_slots_chainable::all_active_with_paths_with_uninit_slices_with_bad_slot_ids ... ok
[INFO] [stdout] test utils::find_slots::filter_slots_chainable::all_inactive ... ok
[INFO] [stdout] test utils::find_slots::filter_slots_chainable::some_active_and_valid ... ok
[INFO] [stdout] test utils::find_slots::filter_slots_chainable::some_active_and_valid_rev ... ok
[INFO] [stdout] test utils::conversions::conversion_fnc_tests::trig_bitmasks::test_halfpage_trig_bitmask_unmask_63 ... ok
[INFO] [stdout] test utils::find_slots::find_slots_used_by_banks::bank_mixed_and_stuff ... ok
[INFO] [stdout] test utils::find_slots::find_inactive_slot_ids::all_inactive::desc_sort ... ok
[INFO] [stdout] test utils::find_slots::find_inactive_slot_ids::one_active::asc_sort ... ok
[INFO] [stdout] test utils::find_slots::find_dangling_slot_refs_banks::bank_has_no_dangling ... ok
[INFO] [stdout] test utils::find_slots::find_inactive_slot_ids::one_active::desc_sort ... ok
[INFO] [stdout] test utils::find_slots::find_dangling_slot_refs_banks::default_all_inactive ... ok
[INFO] [stdout] test utils::find_slots::find_inactive_slot_ids::all_inactive::asc_sort ... ok
[INFO] [stdout] test utils::find_slots::find_dangling_slot_refs_banks::default_some_active_at_end ... ok
[INFO] [stdout] test utils::find_slots::find_dangling_slot_refs_banks::bank_has_non_default_dangling ... ok
[INFO] [stdout] test utils::find_slots::find_slots_used_by_banks::default_all_inactive ... ok
[INFO] [stdout] test utils::find_slots::find_dangling_slot_refs_banks::default_some_active ... ok
[INFO] [stdout] test utils::find_slots::find_dangling_slot_refs_banks::default_all_active ... ok
[INFO] [stdout] test utils::find_slots::find_slots_used_by_banks::default_all_active ... ok
[INFO] [stdout] test utils::find_slots::find_slots_used_by_banks::default_some_active ... ok
[INFO] [stdout] test utils::generators::slice_updates::patterns_slice_updates_generator::slice_ref_change ... FAILED
[INFO] [stdout] test utils::generators::slice_updates::parts_slice_updates_generator::slice_ref_change ... FAILED
[INFO] [stdout] test utils::generators::slot_updates::parts_slot_id_updates_generator::slot_ref_change ... FAILED
[INFO] [stdout] test utils::generators::slot_usages::pattern_slot_id_usages_generator::romant_delete ... FAILED
[INFO] [stdout] test utils::generators::slot_usages::parts_slot_id_usages_generator::test_static ... FAILED
[INFO] [stdout] test utils::find_slots::find_slots_used_by_banks::bank_uses_100_only ... ok
[INFO] [stdout] test utils::generators::slot_updates::patterns_slot_id_updates_generator::slot_ref_change ... FAILED
[INFO] [stdout] test utils::find_slots::iter_bank_slot_id_usages::test ... FAILED
[INFO] [stdout] test utils::generators::slot_usages::parts_slot_id_usages_generator::test_flex ... FAILED
[INFO] [stdout] test utils::find_slots::find_slots_used_by_banks::default_some_active_at_end ... ok
[INFO] [stdout] test operations::bank_slots_samples_project_transfer::tests::main::romant_deleting_test ... FAILED
[INFO] [stdout] test operations::bank_slots_samples_project_transfer::tests::main::basic_populated_test ... FAILED
[INFO] [stdout] test operations::bank_slots_samples_project_transfer::tests::main::blank_project ... ok
[INFO] [stdout] 
[INFO] [stdout] failures:
[INFO] [stdout] 
[INFO] [stdout] ---- operations::bank_slots_fix_dangling::tests::builder::blank_project stdout ----
[INFO] [stdout] Error: FileIo(Custom { kind: NotFound, error: "source path does not exist" })
[INFO] [stdout] 
[INFO] [stdout] ---- operations::bank_slots_fix_dangling::tests::dry_run::blank_project stdout ----
[INFO] [stdout] Error: FileIo(Custom { kind: NotFound, error: "source path does not exist" })
[INFO] [stdout] 
[INFO] [stdout] ---- operations::bank_slots_fix_dangling::tests::main::blank_project stdout ----
[INFO] [stdout] Error: FileIo(Custom { kind: NotFound, error: "source path does not exist" })
[INFO] [stdout] 
[INFO] [stdout] ---- operations::bank_slots_samples_project_transfer::tests::builder::no_optional_args stdout ----
[INFO] [stdout] Error: FileIo(Custom { kind: NotFound, error: "source path does not exist" })
[INFO] [stdout] 
[INFO] [stdout] ---- operations::bank_slots_samples_project_transfer::tests::builder::all_args stdout ----
[INFO] [stdout] Error: FileIo(Custom { kind: NotFound, error: "source path does not exist" })
[INFO] [stdout] 
[INFO] [stdout] ---- operations::slots_samples_project_transfer::tests::blank_projects_ok::blank_projects_ok stdout ----
[INFO] [stdout] Error: FileIo(Custom { kind: NotFound, error: "source path does not exist" })
[INFO] [stdout] 
[INFO] [stdout] ---- utils::audio::test_get_bar_length::simple_120bpm_valid stdout ----
[INFO] [stdout] 
[INFO] [stdout] thread 'utils::audio::test_get_bar_length::simple_120bpm_valid' (785) panicked at src/utils/audio.rs:45:44:
[INFO] [stdout] called `Result::unwrap()` on an `Err` value: Audio(Wav(HoundLib(IoError(Os { code: 2, kind: NotFound, message: "No such file or directory" }))))
[INFO] [stdout] stack backtrace:
[INFO] [stdout]    0:     0x620e6e87c8e1 - <<std[617be2ca0a6fd877]::sys::backtrace::BacktraceLock>::print::DisplayBacktrace as core[a373ad73a504971]::fmt::Display>::fmt
[INFO] [stdout]    1:     0x620e6e894a4a - core[a373ad73a504971]::fmt::write
[INFO] [stdout]    2:     0x620e6e8825ac - <alloc[2e1b2a31b91974c5]::vec::Vec<u8> as core[a373ad73a504971]::io::write::Write>::write_fmt
[INFO] [stdout]    3:     0x620e6e855f86 - std[617be2ca0a6fd877]::panicking::default_hook::{closure#0}
[INFO] [stdout]    4:     0x620e6e8734f9 - std[617be2ca0a6fd877]::panicking::default_hook
[INFO] [stdout]    5:     0x620e6e7af9a0 - test[aada8e7e76ba119b]::test_main_inner::{closure#0}
[INFO] [stdout]    6:     0x620e6e8736b2 - std[617be2ca0a6fd877]::panicking::panic_with_hook
[INFO] [stdout]    7:     0x620e6e856032 - std[617be2ca0a6fd877]::panicking::panic_handler::{closure#0}
[INFO] [stdout]    8:     0x620e6e84eb59 - std[617be2ca0a6fd877]::sys::backtrace::__rust_end_short_backtrace::<std[617be2ca0a6fd877]::panicking::panic_handler::{closure#0}, !>
[INFO] [stdout]    9:     0x620e6e856cfd - __rustc[ea4f61d10b84890b]::rust_begin_unwind
[INFO] [stdout]   10:     0x620e6e8951ac - core[a373ad73a504971]::panicking::panic_fmt
[INFO] [stdout]   11:     0x620e6e894f82 - core[a373ad73a504971]::result::unwrap_failed
[INFO] [stdout]   12:     0x620e6e758e28 - <ot_tools_operations[aabbe21deecfac97]::utils::audio::test_get_bar_length::simple_120bpm_valid::{closure#0} as core[a373ad73a504971]::ops::function::FnOnce<()>>::call_once
[INFO] [stdout]   13:     0x620e6e7a2deb - test[aada8e7e76ba119b]::__rust_begin_short_backtrace::<core[a373ad73a504971]::result::Result<(), alloc[2e1b2a31b91974c5]::string::String>, fn() -> core[a373ad73a504971]::result::Result<(), alloc[2e1b2a31b91974c5]::string::String>>
[INFO] [stdout]   14:     0x620e6e7affc5 - test[aada8e7e76ba119b]::run_test::{closure#0}
[INFO] [stdout]   15:     0x620e6e7a98b4 - std[617be2ca0a6fd877]::sys::backtrace::__rust_begin_short_backtrace::<test[aada8e7e76ba119b]::run_test::{closure#1}, ()>
[INFO] [stdout]   16:     0x620e6e7b3052 - <std[617be2ca0a6fd877]::thread::lifecycle::spawn_unchecked<test[aada8e7e76ba119b]::run_test::{closure#1}, ()>::{closure#1} as core[a373ad73a504971]::ops::function::FnOnce<()>>::call_once::{shim:vtable#0}
[INFO] [stdout]   17:     0x620e6e87c07f - <std[617be2ca0a6fd877]::sys::thread::unix::Thread>::new::thread_start
[INFO] [stdout]   18:     0x74db9db1ddfa - <unknown>
[INFO] [stdout]   19:     0x74db9dbb13d4 - clone
[INFO] [stdout]   20:                0x0 - <unknown>
[INFO] [stdout] 
[INFO] [stdout] ---- utils::audio::test_get_bar_length::simple_150bpm_valid stdout ----
[INFO] [stdout] 
[INFO] [stdout] thread 'utils::audio::test_get_bar_length::simple_150bpm_valid' (786) panicked at src/utils/audio.rs:69:44:
[INFO] [stdout] called `Result::unwrap()` on an `Err` value: Audio(Wav(HoundLib(IoError(Os { code: 2, kind: NotFound, message: "No such file or directory" }))))
[INFO] [stdout] stack backtrace:
[INFO] [stdout]    0:     0x620e6e87c8e1 - <<std[617be2ca0a6fd877]::sys::backtrace::BacktraceLock>::print::DisplayBacktrace as core[a373ad73a504971]::fmt::Display>::fmt
[INFO] [stdout]    1:     0x620e6e894a4a - core[a373ad73a504971]::fmt::write
[INFO] [stdout]    2:     0x620e6e8825ac - <alloc[2e1b2a31b91974c5]::vec::Vec<u8> as core[a373ad73a504971]::io::write::Write>::write_fmt
[INFO] [stdout]    3:     0x620e6e855f86 - std[617be2ca0a6fd877]::panicking::default_hook::{closure#0}
[INFO] [stdout]    4:     0x620e6e8734f9 - std[617be2ca0a6fd877]::panicking::default_hook
[INFO] [stdout]    5:     0x620e6e7af9a0 - test[aada8e7e76ba119b]::test_main_inner::{closure#0}
[INFO] [stdout]    6:     0x620e6e8736b2 - std[617be2ca0a6fd877]::panicking::panic_with_hook
[INFO] [stdout]    7:     0x620e6e856032 - std[617be2ca0a6fd877]::panicking::panic_handler::{closure#0}
[INFO] [stdout]    8:     0x620e6e84eb59 - std[617be2ca0a6fd877]::sys::backtrace::__rust_end_short_backtrace::<std[617be2ca0a6fd877]::panicking::panic_handler::{closure#0}, !>
[INFO] [stdout]    9:     0x620e6e856cfd - __rustc[ea4f61d10b84890b]::rust_begin_unwind
[INFO] [stdout]   10:     0x620e6e8951ac - core[a373ad73a504971]::panicking::panic_fmt
[INFO] [stdout]   11:     0x620e6e894f82 - core[a373ad73a504971]::result::unwrap_failed
[INFO] [stdout]   12:     0x620e6e759158 - <ot_tools_operations[aabbe21deecfac97]::utils::audio::test_get_bar_length::simple_150bpm_valid::{closure#0} as core[a373ad73a504971]::ops::function::FnOnce<()>>::call_once
[INFO] [stdout]   13:     0x620e6e7a2deb - test[aada8e7e76ba119b]::__rust_begin_short_backtrace::<core[a373ad73a504971]::result::Result<(), alloc[2e1b2a31b91974c5]::string::String>, fn() -> core[a373ad73a504971]::result::Result<(), alloc[2e1b2a31b91974c5]::string::String>>
[INFO] [stdout]   14:     0x620e6e7affc5 - test[aada8e7e76ba119b]::run_test::{closure#0}
[INFO] [stdout]   15:     0x620e6e7a98b4 - std[617be2ca0a6fd877]::sys::backtrace::__rust_begin_short_backtrace::<test[aada8e7e76ba119b]::run_test::{closure#1}, ()>
[INFO] [stdout]   16:     0x620e6e7b3052 - <std[617be2ca0a6fd877]::thread::lifecycle::spawn_unchecked<test[aada8e7e76ba119b]::run_test::{closure#1}, ()>::{closure#1} as core[a373ad73a504971]::ops::function::FnOnce<()>>::call_once::{shim:vtable#0}
[INFO] [stdout]   17:     0x620e6e87c07f - <std[617be2ca0a6fd877]::sys::thread::unix::Thread>::new::thread_start
[INFO] [stdout]   18:     0x74db9db1ddfa - <unknown>
[INFO] [stdout]   19:     0x74db9dbb13d4 - clone
[INFO] [stdout]   20:                0x0 - <unknown>
[INFO] [stdout] 
[INFO] [stdout] ---- utils::audio::test_get_bar_length::simple_ok stdout ----
[INFO] [stdout] 
[INFO] [stdout] thread 'utils::audio::test_get_bar_length::simple_ok' (790) panicked at src/utils/audio.rs:34:44:
[INFO] [stdout] called `Result::unwrap()` on an `Err` value: Audio(Wav(HoundLib(IoError(Os { code: 2, kind: NotFound, message: "No such file or directory" }))))
[INFO] [stdout] stack backtrace:
[INFO] [stdout]    0:     0x620e6e87c8e1 - <<std[617be2ca0a6fd877]::sys::backtrace::BacktraceLock>::print::DisplayBacktrace as core[a373ad73a504971]::fmt::Display>::fmt
[INFO] [stdout]    1:     0x620e6e894a4a - core[a373ad73a504971]::fmt::write
[INFO] [stdout]    2:     0x620e6e8825ac - <alloc[2e1b2a31b91974c5]::vec::Vec<u8> as core[a373ad73a504971]::io::write::Write>::write_fmt
[INFO] [stdout]    3:     0x620e6e855f86 - std[617be2ca0a6fd877]::panicking::default_hook::{closure#0}
[INFO] [stdout]    4:     0x620e6e8734f9 - std[617be2ca0a6fd877]::panicking::default_hook
[INFO] [stdout]    5:     0x620e6e7af9a0 - test[aada8e7e76ba119b]::test_main_inner::{closure#0}
[INFO] [stdout]    6:     0x620e6e8736b2 - std[617be2ca0a6fd877]::panicking::panic_with_hook
[INFO] [stdout]    7:     0x620e6e856032 - std[617be2ca0a6fd877]::panicking::panic_handler::{closure#0}
[INFO] [stdout]    8:     0x620e6e84eb59 - std[617be2ca0a6fd877]::sys::backtrace::__rust_end_short_backtrace::<std[617be2ca0a6fd877]::panicking::panic_handler::{closure#0}, !>
[INFO] [stdout]    9:     0x620e6e856cfd - __rustc[ea4f61d10b84890b]::rust_begin_unwind
[INFO] [stdout]   10:     0x620e6e8951ac - core[a373ad73a504971]::panicking::panic_fmt
[INFO] [stdout]   11:     0x620e6e894f82 - core[a373ad73a504971]::result::unwrap_failed
[INFO] [stdout]   12:     0x620e6e759a3d - <ot_tools_operations[aabbe21deecfac97]::utils::audio::test_get_bar_length::simple_ok::{closure#0} as core[a373ad73a504971]::ops::function::FnOnce<()>>::call_once
[INFO] [stdout]   13:     0x620e6e7a2deb - test[aada8e7e76ba119b]::__rust_begin_short_backtrace::<core[a373ad73a504971]::result::Result<(), alloc[2e1b2a31b91974c5]::string::String>, fn() -> core[a373ad73a504971]::result::Result<(), alloc[2e1b2a31b91974c5]::string::String>>
[INFO] [stdout]   14:     0x620e6e7affc5 - test[aada8e7e76ba119b]::run_test::{closure#0}
[INFO] [stdout]   15:     0x620e6e7a98b4 - std[617be2ca0a6fd877]::sys::backtrace::__rust_begin_short_backtrace::<test[aada8e7e76ba119b]::run_test::{closure#1}, ()>
[INFO] [stdout]   16:     0x620e6e7b3052 - <std[617be2ca0a6fd877]::thread::lifecycle::spawn_unchecked<test[aada8e7e76ba119b]::run_test::{closure#1}, ()>::{closure#1} as core[a373ad73a504971]::ops::function::FnOnce<()>>::call_once::{shim:vtable#0}
[INFO] [stdout]   17:     0x620e6e87c07f - <std[617be2ca0a6fd877]::sys::thread::unix::Thread>::new::thread_start
[INFO] [stdout]   18:     0x74db9db1ddfa - <unknown>
[INFO] [stdout]   19:     0x74db9dbb13d4 - clone
[INFO] [stdout]   20:                0x0 - <unknown>
[INFO] [stdout] 
[INFO] [stdout] ---- utils::audio::test_get_bar_length::simple_200bpm_valid stdout ----
[INFO] [stdout] 
[INFO] [stdout] thread 'utils::audio::test_get_bar_length::simple_200bpm_valid' (787) panicked at src/utils/audio.rs:81:44:
[INFO] [stdout] called `Result::unwrap()` on an `Err` value: Audio(Wav(HoundLib(IoError(Os { code: 2, kind: NotFound, message: "No such file or directory" }))))
[INFO] [stdout] stack backtrace:
[INFO] [stdout]    0:     0x620e6e87c8e1 - <<std[617be2ca0a6fd877]::sys::backtrace::BacktraceLock>::print::DisplayBacktrace as core[a373ad73a504971]::fmt::Display>::fmt
[INFO] [stdout]    1:     0x620e6e894a4a - core[a373ad73a504971]::fmt::write
[INFO] [stdout]    2:     0x620e6e8825ac - <alloc[2e1b2a31b91974c5]::vec::Vec<u8> as core[a373ad73a504971]::io::write::Write>::write_fmt
[INFO] [stdout]    3:     0x620e6e855f86 - std[617be2ca0a6fd877]::panicking::default_hook::{closure#0}
[INFO] [stdout]    4:     0x620e6e8734f9 - std[617be2ca0a6fd877]::panicking::default_hook
[INFO] [stdout]    5:     0x620e6e7af9a0 - test[aada8e7e76ba119b]::test_main_inner::{closure#0}
[INFO] [stdout]    6:     0x620e6e8736b2 - std[617be2ca0a6fd877]::panicking::panic_with_hook
[INFO] [stdout]    7:     0x620e6e856032 - std[617be2ca0a6fd877]::panicking::panic_handler::{closure#0}
[INFO] [stdout]    8:     0x620e6e84eb59 - std[617be2ca0a6fd877]::sys::backtrace::__rust_end_short_backtrace::<std[617be2ca0a6fd877]::panicking::panic_handler::{closure#0}, !>
[INFO] [stdout]    9:     0x620e6e856cfd - __rustc[ea4f61d10b84890b]::rust_begin_unwind
[INFO] [stdout]   10:     0x620e6e8951ac - core[a373ad73a504971]::panicking::panic_fmt
[INFO] [stdout]   11:     0x620e6e894f82 - core[a373ad73a504971]::result::unwrap_failed
[INFO] [stdout]   12:     0x620e6e759488 - <ot_tools_operations[aabbe21deecfac97]::utils::audio::test_get_bar_length::simple_200bpm_valid::{closure#0} as core[a373ad73a504971]::ops::function::FnOnce<()>>::call_once
[INFO] [stdout]   13:     0x620e6e7a2deb - test[aada8e7e76ba119b]::__rust_begin_short_backtrace::<core[a373ad73a504971]::result::Result<(), alloc[2e1b2a31b91974c5]::string::String>, fn() -> core[a373ad73a504971]::result::Result<(), alloc[2e1b2a31b91974c5]::string::String>>
[INFO] [stdout]   14:     0x620e6e7affc5 - test[aada8e7e76ba119b]::run_test::{closure#0}
[INFO] [stdout]   15:     0x620e6e7a98b4 - std[617be2ca0a6fd877]::sys::backtrace::__rust_begin_short_backtrace::<test[aada8e7e76ba119b]::run_test::{closure#1}, ()>
[INFO] [stdout]   16:     0x620e6e7b3052 - <std[617be2ca0a6fd877]::thread::lifecycle::spawn_unchecked<test[aada8e7e76ba119b]::run_test::{closure#1}, ()>::{closure#1} as core[a373ad73a504971]::ops::function::FnOnce<()>>::call_once::{shim:vtable#0}
[INFO] [stdout]   17:     0x620e6e87c07f - <std[617be2ca0a6fd877]::sys::thread::unix::Thread>::new::thread_start
[INFO] [stdout]   18:     0x74db9db1ddfa - <unknown>
[INFO] [stdout]   19:     0x74db9dbb13d4 - clone
[INFO] [stdout]   20:                0x0 - <unknown>
[INFO] [stdout] 
[INFO] [stdout] ---- utils::audio::test_get_bar_length::simple_30bpm_valid stdout ----
[INFO] [stdout] 
[INFO] [stdout] thread 'utils::audio::test_get_bar_length::simple_30bpm_valid' (789) panicked at src/utils/audio.rs:93:44:
[INFO] [stdout] called `Result::unwrap()` on an `Err` value: Audio(Wav(HoundLib(IoError(Os { code: 2, kind: NotFound, message: "No such file or directory" }))))
[INFO] [stdout] stack backtrace:
[INFO] [stdout]    0:     0x620e6e87c8e1 - <<std[617be2ca0a6fd877]::sys::backtrace::BacktraceLock>::print::DisplayBacktrace as core[a373ad73a504971]::fmt::Display>::fmt
[INFO] [stdout]    1:     0x620e6e894a4a - core[a373ad73a504971]::fmt::write
[INFO] [stdout]    2:     0x620e6e8825ac - <alloc[2e1b2a31b91974c5]::vec::Vec<u8> as core[a373ad73a504971]::io::write::Write>::write_fmt
[INFO] [stdout]    3:     0x620e6e855f86 - std[617be2ca0a6fd877]::panicking::default_hook::{closure#0}
[INFO] [stdout]    4:     0x620e6e8734f9 - std[617be2ca0a6fd877]::panicking::default_hook
[INFO] [stdout]    5:     0x620e6e7af9a0 - test[aada8e7e76ba119b]::test_main_inner::{closure#0}
[INFO] [stdout]    6:     0x620e6e8736b2 - std[617be2ca0a6fd877]::panicking::panic_with_hook
[INFO] [stdout]    7:     0x620e6e856032 - std[617be2ca0a6fd877]::panicking::panic_handler::{closure#0}
[INFO] [stdout]    8:     0x620e6e84eb59 - std[617be2ca0a6fd877]::sys::backtrace::__rust_end_short_backtrace::<std[617be2ca0a6fd877]::panicking::panic_handler::{closure#0}, !>
[INFO] [stdout]    9:     0x620e6e856cfd - __rustc[ea4f61d10b84890b]::rust_begin_unwind
[INFO] [stdout]   10:     0x620e6e8951ac - core[a373ad73a504971]::panicking::panic_fmt
[INFO] [stdout]   11:     0x620e6e894f82 - core[a373ad73a504971]::result::unwrap_failed
[INFO] [stdout]   12:     0x620e6e758af8 - <ot_tools_operations[aabbe21deecfac97]::utils::audio::test_get_bar_length::simple_30bpm_valid::{closure#0} as core[a373ad73a504971]::ops::function::FnOnce<()>>::call_once
[INFO] [stdout]   13:     0x620e6e7a2deb - test[aada8e7e76ba119b]::__rust_begin_short_backtrace::<core[a373ad73a504971]::result::Result<(), alloc[2e1b2a31b91974c5]::string::String>, fn() -> core[a373ad73a504971]::result::Result<(), alloc[2e1b2a31b91974c5]::string::String>>
[INFO] [stdout]   14:     0x620e6e7affc5 - test[aada8e7e76ba119b]::run_test::{closure#0}
[INFO] [stdout]   15:     0x620e6e7a98b4 - std[617be2ca0a6fd877]::sys::backtrace::__rust_begin_short_backtrace::<test[aada8e7e76ba119b]::run_test::{closure#1}, ()>
[INFO] [stdout]   16:     0x620e6e7b3052 - <std[617be2ca0a6fd877]::thread::lifecycle::spawn_unchecked<test[aada8e7e76ba119b]::run_test::{closure#1}, ()>::{closure#1} as core[a373ad73a504971]::ops::function::FnOnce<()>>::call_once::{shim:vtable#0}
[INFO] [stdout]   17:     0x620e6e87c07f - <std[617be2ca0a6fd877]::sys::thread::unix::Thread>::new::thread_start
[INFO] [stdout]   18:     0x74db9db1ddfa - <unknown>
[INFO] [stdout]   19:     0x74db9dbb13d4 - clone
[INFO] [stdout]   20:                0x0 - <unknown>
[INFO] [stdout] 
[INFO] [stdout] ---- utils::audio::test_get_total_bar_length_interleaved::simple_120bpm_valid stdout ----
[INFO] [stdout] 
[INFO] [stdout] thread 'utils::audio::test_get_total_bar_length_interleaved::simple_120bpm_valid' (791) panicked at src/utils/audio.rs:161:44:
[INFO] [stdout] called `Result::unwrap()` on an `Err` value: Audio(Wav(HoundLib(IoError(Os { code: 2, kind: NotFound, message: "No such file or directory" }))))
[INFO] [stdout] stack backtrace:
[INFO] [stdout]    0:     0x620e6e87c8e1 - <<std[617be2ca0a6fd877]::sys::backtrace::BacktraceLock>::print::DisplayBacktrace as core[a373ad73a504971]::fmt::Display>::fmt
[INFO] [stdout]    1:     0x620e6e894a4a - core[a373ad73a504971]::fmt::write
[INFO] [stdout]    2:     0x620e6e8825ac - <alloc[2e1b2a31b91974c5]::vec::Vec<u8> as core[a373ad73a504971]::io::write::Write>::write_fmt
[INFO] [stdout]    3:     0x620e6e855f86 - std[617be2ca0a6fd877]::panicking::default_hook::{closure#0}
[INFO] [stdout]    4:     0x620e6e8734f9 - std[617be2ca0a6fd877]::panicking::default_hook
[INFO] [stdout]    5:     0x620e6e7af9a0 - test[aada8e7e76ba119b]::test_main_inner::{closure#0}
[INFO] [stdout]    6:     0x620e6e8736b2 - std[617be2ca0a6fd877]::panicking::panic_with_hook
[INFO] [stdout]    7:     0x620e6e856032 - std[617be2ca0a6fd877]::panicking::panic_handler::{closure#0}
[INFO] [stdout]    8:     0x620e6e84eb59 - std[617be2ca0a6fd877]::sys::backtrace::__rust_end_short_backtrace::<std[617be2ca0a6fd877]::panicking::panic_handler::{closure#0}, !>
[INFO] [stdout]    9:     0x620e6e856cfd - __rustc[ea4f61d10b84890b]::rust_begin_unwind
[INFO] [stdout]   10:     0x620e6e8951ac - core[a373ad73a504971]::panicking::panic_fmt
[INFO] [stdout]   11:     0x620e6e894f82 - core[a373ad73a504971]::result::unwrap_failed
[INFO] [stdout]   12:     0x620e6e74fcd0 - <ot_tools_operations[aabbe21deecfac97]::utils::audio::test_get_total_bar_length_interleaved::simple_120bpm_valid::{closure#0} as core[a373ad73a504971]::ops::function::FnOnce<()>>::call_once
[INFO] [stdout]   13:     0x620e6e7a2deb - test[aada8e7e76ba119b]::__rust_begin_short_backtrace::<core[a373ad73a504971]::result::Result<(), alloc[2e1b2a31b91974c5]::string::String>, fn() -> core[a373ad73a504971]::result::Result<(), alloc[2e1b2a31b91974c5]::string::String>>
[INFO] [stdout]   14:     0x620e6e7affc5 - test[aada8e7e76ba119b]::run_test::{closure#0}
[INFO] [stdout]   15:     0x620e6e7a98b4 - std[617be2ca0a6fd877]::sys::backtrace::__rust_begin_short_backtrace::<test[aada8e7e76ba119b]::run_test::{closure#1}, ()>
[INFO] [stdout]   16:     0x620e6e7b3052 - <std[617be2ca0a6fd877]::thread::lifecycle::spawn_unchecked<test[aada8e7e76ba119b]::run_test::{closure#1}, ()>::{closure#1} as core[a373ad73a504971]::ops::function::FnOnce<()>>::call_once::{shim:vtable#0}
[INFO] [stdout]   17:     0x620e6e87c07f - <std[617be2ca0a6fd877]::sys::thread::unix::Thread>::new::thread_start
[INFO] [stdout]   18:     0x74db9db1ddfa - <unknown>
[INFO] [stdout]   19:     0x74db9dbb13d4 - clone
[INFO] [stdout]   20:                0x0 - <unknown>
[INFO] [stdout] 
[INFO] [stdout] ---- utils::audio::test_get_total_bar_length_interleaved::simple_150bpm_valid stdout ----
[INFO] [stdout] 
[INFO] [stdout] thread 'utils::audio::test_get_total_bar_length_interleaved::simple_150bpm_valid' (792) panicked at src/utils/audio.rs:181:44:
[INFO] [stdout] called `Result::unwrap()` on an `Err` value: Audio(Wav(HoundLib(IoError(Os { code: 2, kind: NotFound, message: "No such file or directory" }))))
[INFO] [stdout] stack backtrace:
[INFO] [stdout]    0:     0x620e6e87c8e1 - <<std[617be2ca0a6fd877]::sys::backtrace::BacktraceLock>::print::DisplayBacktrace as core[a373ad73a504971]::fmt::Display>::fmt
[INFO] [stdout]    1:     0x620e6e894a4a - core[a373ad73a504971]::fmt::write
[INFO] [stdout]    2:     0x620e6e8825ac - <alloc[2e1b2a31b91974c5]::vec::Vec<u8> as core[a373ad73a504971]::io::write::Write>::write_fmt
[INFO] [stdout]    3:     0x620e6e855f86 - std[617be2ca0a6fd877]::panicking::default_hook::{closure#0}
[INFO] [stdout]    4:     0x620e6e8734f9 - std[617be2ca0a6fd877]::panicking::default_hook
[INFO] [stdout]    5:     0x620e6e7af9a0 - test[aada8e7e76ba119b]::test_main_inner::{closure#0}
[INFO] [stdout]    6:     0x620e6e8736b2 - std[617be2ca0a6fd877]::panicking::panic_with_hook
[INFO] [stdout]    7:     0x620e6e856032 - std[617be2ca0a6fd877]::panicking::panic_handler::{closure#0}
[INFO] [stdout]    8:     0x620e6e84eb59 - std[617be2ca0a6fd877]::sys::backtrace::__rust_end_short_backtrace::<std[617be2ca0a6fd877]::panicking::panic_handler::{closure#0}, !>
[INFO] [stdout]    9:     0x620e6e856cfd - __rustc[ea4f61d10b84890b]::rust_begin_unwind
[INFO] [stdout]   10:     0x620e6e8951ac - core[a373ad73a504971]::panicking::panic_fmt
[INFO] [stdout]   11:     0x620e6e894f82 - core[a373ad73a504971]::result::unwrap_failed
[INFO] [stdout]   12:     0x620e6e750630 - <ot_tools_operations[aabbe21deecfac97]::utils::audio::test_get_total_bar_length_interleaved::simple_150bpm_valid::{closure#0} as core[a373ad73a504971]::ops::function::FnOnce<()>>::call_once
[INFO] [stdout]   13:     0x620e6e7a2deb - test[aada8e7e76ba119b]::__rust_begin_short_backtrace::<core[a373ad73a504971]::result::Result<(), alloc[2e1b2a31b91974c5]::string::String>, fn() -> core[a373ad73a504971]::result::Result<(), alloc[2e1b2a31b91974c5]::string::String>>
[INFO] [stdout]   14:     0x620e6e7affc5 - test[aada8e7e76ba119b]::run_test::{closure#0}
[INFO] [stdout]   15:     0x620e6e7a98b4 - std[617be2ca0a6fd877]::sys::backtrace::__rust_begin_short_backtrace::<test[aada8e7e76ba119b]::run_test::{closure#1}, ()>
[INFO] [stdout]   16:     0x620e6e7b3052 - <std[617be2ca0a6fd877]::thread::lifecycle::spawn_unchecked<test[aada8e7e76ba119b]::run_test::{closure#1}, ()>::{closure#1} as core[a373ad73a504971]::ops::function::FnOnce<()>>::call_once::{shim:vtable#0}
[INFO] [stdout]   17:     0x620e6e87c07f - <std[617be2ca0a6fd877]::sys::thread::unix::Thread>::new::thread_start
[INFO] [stdout]   18:     0x74db9db1ddfa - <unknown>
[INFO] [stdout]   19:     0x74db9dbb13d4 - clone
[INFO] [stdout]   20:                0x0 - <unknown>
[INFO] [stdout] 
[INFO] [stdout] ---- utils::audio::test_get_total_bar_length_interleaved::simple_200bpm_valid stdout ----
[INFO] [stdout] 
[INFO] [stdout] thread 'utils::audio::test_get_total_bar_length_interleaved::simple_200bpm_valid' (793) panicked at src/utils/audio.rs:201:44:
[INFO] [stdout] called `Result::unwrap()` on an `Err` value: Audio(Wav(HoundLib(IoError(Os { code: 2, kind: NotFound, message: "No such file or directory" }))))
[INFO] [stdout] stack backtrace:
[INFO] [stdout]    0:     0x620e6e87c8e1 - <<std[617be2ca0a6fd877]::sys::backtrace::BacktraceLock>::print::DisplayBacktrace as core[a373ad73a504971]::fmt::Display>::fmt
[INFO] [stdout]    1:     0x620e6e894a4a - core[a373ad73a504971]::fmt::write
[INFO] [stdout]    2:     0x620e6e8825ac - <alloc[2e1b2a31b91974c5]::vec::Vec<u8> as core[a373ad73a504971]::io::write::Write>::write_fmt
[INFO] [stdout]    3:     0x620e6e855f86 - std[617be2ca0a6fd877]::panicking::default_hook::{closure#0}
[INFO] [stdout]    4:     0x620e6e8734f9 - std[617be2ca0a6fd877]::panicking::default_hook
[INFO] [stdout]    5:     0x620e6e7af9a0 - test[aada8e7e76ba119b]::test_main_inner::{closure#0}
[INFO] [stdout]    6:     0x620e6e8736b2 - std[617be2ca0a6fd877]::panicking::panic_with_hook
[INFO] [stdout]    7:     0x620e6e856032 - std[617be2ca0a6fd877]::panicking::panic_handler::{closure#0}
[INFO] [stdout]    8:     0x620e6e84eb59 - std[617be2ca0a6fd877]::sys::backtrace::__rust_end_short_backtrace::<std[617be2ca0a6fd877]::panicking::panic_handler::{closure#0}, !>
[INFO] [stdout]    9:     0x620e6e856cfd - __rustc[ea4f61d10b84890b]::rust_begin_unwind
[INFO] [stdout]   10:     0x620e6e8951ac - core[a373ad73a504971]::panicking::panic_fmt
[INFO] [stdout]   11:     0x620e6e894f82 - core[a373ad73a504971]::result::unwrap_failed
[INFO] [stdout]   12:     0x620e6e750f90 - <ot_tools_operations[aabbe21deecfac97]::utils::audio::test_get_total_bar_length_interleaved::simple_200bpm_valid::{closure#0} as core[a373ad73a504971]::ops::function::FnOnce<()>>::call_once
[INFO] [stdout]   13:     0x620e6e7a2deb - test[aada8e7e76ba119b]::__rust_begin_short_backtrace::<core[a373ad73a504971]::result::Result<(), alloc[2e1b2a31b91974c5]::string::String>, fn() -> core[a373ad73a504971]::result::Result<(), alloc[2e1b2a31b91974c5]::string::String>>
[INFO] [stdout]   14:     0x620e6e7affc5 - test[aada8e7e76ba119b]::run_test::{closure#0}
[INFO] [stdout]   15:     0x620e6e7a98b4 - std[617be2ca0a6fd877]::sys::backtrace::__rust_begin_short_backtrace::<test[aada8e7e76ba119b]::run_test::{closure#1}, ()>
[INFO] [stdout]   16:     0x620e6e7b3052 - <std[617be2ca0a6fd877]::thread::lifecycle::spawn_unchecked<test[aada8e7e76ba119b]::run_test::{closure#1}, ()>::{closure#1} as core[a373ad73a504971]::ops::function::FnOnce<()>>::call_once::{shim:vtable#0}
[INFO] [stdout]   17:     0x620e6e87c07f - <std[617be2ca0a6fd877]::sys::thread::unix::Thread>::new::thread_start
[INFO] [stdout]   18:     0x74db9db1ddfa - <unknown>
[INFO] [stdout]   19:     0x74db9dbb13d4 - clone
[INFO] [stdout]   20:                0x0 - <unknown>
[INFO] [stdout] 
[INFO] [stdout] ---- utils::audio::test_get_total_bar_length_interleaved::simple_300bpm_valid stdout ----
[INFO] [stdout] 
[INFO] [stdout] thread 'utils::audio::test_get_total_bar_length_interleaved::simple_300bpm_valid' (794) panicked at src/utils/audio.rs:221:44:
[INFO] [stdout] called `Result::unwrap()` on an `Err` value: Audio(Wav(HoundLib(IoError(Os { code: 2, kind: NotFound, message: "No such file or directory" }))))
[INFO] [stdout] stack backtrace:
[INFO] [stdout]    0:     0x620e6e87c8e1 - <<std[617be2ca0a6fd877]::sys::backtrace::BacktraceLock>::print::DisplayBacktrace as core[a373ad73a504971]::fmt::Display>::fmt
[INFO] [stdout]    1:     0x620e6e894a4a - core[a373ad73a504971]::fmt::write
[INFO] [stdout]    2:     0x620e6e8825ac - <alloc[2e1b2a31b91974c5]::vec::Vec<u8> as core[a373ad73a504971]::io::write::Write>::write_fmt
[INFO] [stdout]    3:     0x620e6e855f86 - std[617be2ca0a6fd877]::panicking::default_hook::{closure#0}
[INFO] [stdout]    4:     0x620e6e8734f9 - std[617be2ca0a6fd877]::panicking::default_hook
[INFO] [stdout]    5:     0x620e6e7af9a0 - test[aada8e7e76ba119b]::test_main_inner::{closure#0}
[INFO] [stdout]    6:     0x620e6e8736b2 - std[617be2ca0a6fd877]::panicking::panic_with_hook
[INFO] [stdout]    7:     0x620e6e856032 - std[617be2ca0a6fd877]::panicking::panic_handler::{closure#0}
[INFO] [stdout]    8:     0x620e6e84eb59 - std[617be2ca0a6fd877]::sys::backtrace::__rust_end_short_backtrace::<std[617be2ca0a6fd877]::panicking::panic_handler::{closure#0}, !>
[INFO] [stdout]    9:     0x620e6e856cfd - __rustc[ea4f61d10b84890b]::rust_begin_unwind
[INFO] [stdout]   10:     0x620e6e8951ac - core[a373ad73a504971]::panicking::panic_fmt
[INFO] [stdout]   11:     0x620e6e894f82 - core[a373ad73a504971]::result::unwrap_failed
[INFO] [stdout]   12:     0x620e6e7518f0 - <ot_tools_operations[aabbe21deecfac97]::utils::audio::test_get_total_bar_length_interleaved::simple_300bpm_valid::{closure#0} as core[a373ad73a504971]::ops::function::FnOnce<()>>::call_once
[INFO] [stdout]   13:     0x620e6e7a2deb - test[aada8e7e76ba119b]::__rust_begin_short_backtrace::<core[a373ad73a504971]::result::Result<(), alloc[2e1b2a31b91974c5]::string::String>, fn() -> core[a373ad73a504971]::result::Result<(), alloc[2e1b2a31b91974c5]::string::String>>
[INFO] [stdout]   14:     0x620e6e7affc5 - test[aada8e7e76ba119b]::run_test::{closure#0}
[INFO] [stdout]   15:     0x620e6e7a98b4 - std[617be2ca0a6fd877]::sys::backtrace::__rust_begin_short_backtrace::<test[aada8e7e76ba119b]::run_test::{closure#1}, ()>
[INFO] [stdout]   16:     0x620e6e7b3052 - <std[617be2ca0a6fd877]::thread::lifecycle::spawn_unchecked<test[aada8e7e76ba119b]::run_test::{closure#1}, ()>::{closure#1} as core[a373ad73a504971]::ops::function::FnOnce<()>>::call_once::{shim:vtable#0}
[INFO] [stdout]   17:     0x620e6e87c07f - <std[617be2ca0a6fd877]::sys::thread::unix::Thread>::new::thread_start
[INFO] [stdout]   18:     0x74db9db1ddfa - <unknown>
[INFO] [stdout]   19:     0x74db9dbb13d4 - clone
[INFO] [stdout]   20:                0x0 - <unknown>
[INFO] [stdout] 
[INFO] [stdout] ---- utils::audio::test_get_total_bar_length_interleaved::simple_30bpm_valid stdout ----
[INFO] [stdout] 
[INFO] [stdout] thread 'utils::audio::test_get_total_bar_length_interleaved::simple_30bpm_valid' (795) panicked at src/utils/audio.rs:241:44:
[INFO] [stdout] called `Result::unwrap()` on an `Err` value: Audio(Wav(HoundLib(IoError(Os { code: 2, kind: NotFound, message: "No such file or directory" }))))
[INFO] [stdout] stack backtrace:
[INFO] [stdout]    0:     0x620e6e87c8e1 - <<std[617be2ca0a6fd877]::sys::backtrace::BacktraceLock>::print::DisplayBacktrace as core[a373ad73a504971]::fmt::Display>::fmt
[INFO] [stdout]    1:     0x620e6e894a4a - core[a373ad73a504971]::fmt::write
[INFO] [stdout]    2:     0x620e6e8825ac - <alloc[2e1b2a31b91974c5]::vec::Vec<u8> as core[a373ad73a504971]::io::write::Write>::write_fmt
[INFO] [stdout]    3:     0x620e6e855f86 - std[617be2ca0a6fd877]::panicking::default_hook::{closure#0}
[INFO] [stdout]    4:     0x620e6e8734f9 - std[617be2ca0a6fd877]::panicking::default_hook
[INFO] [stdout]    5:     0x620e6e7af9a0 - test[aada8e7e76ba119b]::test_main_inner::{closure#0}
[INFO] [stdout]    6:     0x620e6e8736b2 - std[617be2ca0a6fd877]::panicking::panic_with_hook
[INFO] [stdout]    7:     0x620e6e856032 - std[617be2ca0a6fd877]::panicking::panic_handler::{closure#0}
[INFO] [stdout]    8:     0x620e6e84eb59 - std[617be2ca0a6fd877]::sys::backtrace::__rust_end_short_backtrace::<std[617be2ca0a6fd877]::panicking::panic_handler::{closure#0}, !>
[INFO] [stdout]    9:     0x620e6e856cfd - __rustc[ea4f61d10b84890b]::rust_begin_unwind
[INFO] [stdout]   10:     0x620e6e8951ac - core[a373ad73a504971]::panicking::panic_fmt
[INFO] [stdout]   11:     0x620e6e894f82 - core[a373ad73a504971]::result::unwrap_failed
[INFO] [stdout]   12:     0x620e6e74f370 - <ot_tools_operations[aabbe21deecfac97]::utils::audio::test_get_total_bar_length_interleaved::simple_30bpm_valid::{closure#0} as core[a373ad73a504971]::ops::function::FnOnce<()>>::call_once
[INFO] [stdout]   13:     0x620e6e7a2deb - test[aada8e7e76ba119b]::__rust_begin_short_backtrace::<core[a373ad73a504971]::result::Result<(), alloc[2e1b2a31b91974c5]::string::String>, fn() -> core[a373ad73a504971]::result::Result<(), alloc[2e1b2a31b91974c5]::string::String>>
[INFO] [stdout]   14:     0x620e6e7affc5 - test[aada8e7e76ba119b]::run_test::{closure#0}
[INFO] [stdout]   15:     0x620e6e7a98b4 - std[617be2ca0a6fd877]::sys::backtrace::__rust_begin_short_backtrace::<test[aada8e7e76ba119b]::run_test::{closure#1}, ()>
[INFO] [stdout]   16:     0x620e6e7b3052 - <std[617be2ca0a6fd877]::thread::lifecycle::spawn_unchecked<test[aada8e7e76ba119b]::run_test::{closure#1}, ()>::{closure#1} as core[a373ad73a504971]::ops::function::FnOnce<()>>::call_once::{shim:vtable#0}
[INFO] [stdout]   17:     0x620e6e87c07f - <std[617be2ca0a6fd877]::sys::thread::unix::Thread>::new::thread_start
[INFO] [stdout]   18:     0x74db9db1ddfa - <unknown>
[INFO] [stdout]   19:     0x74db9dbb13d4 - clone
[INFO] [stdout]   20:                0x0 - <unknown>
[INFO] [stdout] 
[INFO] [stdout] ---- utils::audio::test_get_total_bar_length_interleaved::simple_ok stdout ----
[INFO] [stdout] 
[INFO] [stdout] thread 'utils::audio::test_get_total_bar_length_interleaved::simple_ok' (796) panicked at src/utils/audio.rs:142:44:
[INFO] [stdout] called `Result::unwrap()` on an `Err` value: Audio(Wav(HoundLib(IoError(Os { code: 2, kind: NotFound, message: "No such file or directory" }))))
[INFO] [stdout] stack backtrace:
[INFO] [stdout]    0:     0x620e6e87c8e1 - <<std[617be2ca0a6fd877]::sys::backtrace::BacktraceLock>::print::DisplayBacktrace as core[a373ad73a504971]::fmt::Display>::fmt
[INFO] [stdout]    1:     0x620e6e894a4a - core[a373ad73a504971]::fmt::write
[INFO] [stdout]    2:     0x620e6e8825ac - <alloc[2e1b2a31b91974c5]::vec::Vec<u8> as core[a373ad73a504971]::io::write::Write>::write_fmt
[INFO] [stdout]    3:     0x620e6e855f86 - std[617be2ca0a6fd877]::panicking::default_hook::{closure#0}
[INFO] [stdout]    4:     0x620e6e8734f9 - std[617be2ca0a6fd877]::panicking::default_hook
[INFO] [stdout]    5:     0x620e6e7af9a0 - test[aada8e7e76ba119b]::test_main_inner::{closure#0}
[INFO] [stdout]    6:     0x620e6e8736b2 - std[617be2ca0a6fd877]::panicking::panic_with_hook
[INFO] [stdout]    7:     0x620e6e856032 - std[617be2ca0a6fd877]::panicking::panic_handler::{closure#0}
[INFO] [stdout]    8:     0x620e6e84eb59 - std[617be2ca0a6fd877]::sys::backtrace::__rust_end_short_backtrace::<std[617be2ca0a6fd877]::panicking::panic_handler::{closure#0}, !>
[INFO] [stdout]    9:     0x620e6e856cfd - __rustc[ea4f61d10b84890b]::rust_begin_unwind
[INFO] [stdout]   10:     0x620e6e8951ac - core[a373ad73a504971]::panicking::panic_fmt
[INFO] [stdout]   11:     0x620e6e894f82 - core[a373ad73a504971]::result::unwrap_failed
[INFO] [stdout]   12:     0x620e6e7520db - <ot_tools_operations[aabbe21deecfac97]::utils::audio::test_get_total_bar_length_interleaved::simple_ok::{closure#0} as core[a373ad73a504971]::ops::function::FnOnce<()>>::call_once
[INFO] [stdout]   13:     0x620e6e7a2deb - test[aada8e7e76ba119b]::__rust_begin_short_backtrace::<core[a373ad73a504971]::result::Result<(), alloc[2e1b2a31b91974c5]::string::String>, fn() -> core[a373ad73a504971]::result::Result<(), alloc[2e1b2a31b91974c5]::string::String>>
[INFO] [stdout]   14:     0x620e6e7affc5 - test[aada8e7e76ba119b]::run_test::{closure#0}
[INFO] [stdout]   15:     0x620e6e7a98b4 - std[617be2ca0a6fd877]::sys::backtrace::__rust_begin_short_backtrace::<test[aada8e7e76ba119b]::run_test::{closure#1}, ()>
[INFO] [stdout]   16:     0x620e6e7b3052 - <std[617be2ca0a6fd877]::thread::lifecycle::spawn_unchecked<test[aada8e7e76ba119b]::run_test::{closure#1}, ()>::{closure#1} as core[a373ad73a504971]::ops::function::FnOnce<()>>::call_once::{shim:vtable#0}
[INFO] [stdout]   17:     0x620e6e87c07f - <std[617be2ca0a6fd877]::sys::thread::unix::Thread>::new::thread_start
[INFO] [stdout]   18:     0x74db9db1ddfa - <unknown>
[INFO] [stdout]   19:     0x74db9dbb13d4 - clone
[INFO] [stdout]   20:                0x0 - <unknown>
[INFO] [stdout] 
[INFO] [stdout] ---- utils::audio::test_get_bar_length::simple_300bpm_valid stdout ----
[INFO] [stdout] 
[INFO] [stdout] thread 'utils::audio::test_get_bar_length::simple_300bpm_valid' (788) panicked at src/utils/audio.rs:57:44:
[INFO] [stdout] called `Result::unwrap()` on an `Err` value: Audio(Wav(HoundLib(IoError(Os { code: 2, kind: NotFound, message: "No such file or directory" }))))
[INFO] [stdout] stack backtrace:
[INFO] [stdout]    0:     0x620e6e87c8e1 - <<std[617be2ca0a6fd877]::sys::backtrace::BacktraceLock>::print::DisplayBacktrace as core[a373ad73a504971]::fmt::Display>::fmt
[INFO] [stdout]    1:     0x620e6e894a4a - core[a373ad73a504971]::fmt::write
[INFO] [stdout]    2:     0x620e6e8825ac - <alloc[2e1b2a31b91974c5]::vec::Vec<u8> as core[a373ad73a504971]::io::write::Write>::write_fmt
[INFO] [stdout]    3:     0x620e6e855f86 - std[617be2ca0a6fd877]::panicking::default_hook::{closure#0}
[INFO] [stdout]    4:     0x620e6e8734f9 - std[617be2ca0a6fd877]::panicking::default_hook
[INFO] [stdout]    5:     0x620e6e7af9a0 - test[aada8e7e76ba119b]::test_main_inner::{closure#0}
[INFO] [stdout]    6:     0x620e6e8736b2 - std[617be2ca0a6fd877]::panicking::panic_with_hook
[INFO] [stdout]    7:     0x620e6e856032 - std[617be2ca0a6fd877]::panicking::panic_handler::{closure#0}
[INFO] [stdout]    8:     0x620e6e84eb59 - std[617be2ca0a6fd877]::sys::backtrace::__rust_end_short_backtrace::<std[617be2ca0a6fd877]::panicking::panic_handler::{closure#0}, !>
[INFO] [stdout]    9:     0x620e6e856cfd - __rustc[ea4f61d10b84890b]::rust_begin_unwind
[INFO] [stdout]   10:     0x620e6e8951ac - core[a373ad73a504971]::panicking::panic_fmt
[INFO] [stdout]   11:     0x620e6e894f82 - core[a373ad73a504971]::result::unwrap_failed
[INFO] [stdout]   12:     0x620e6e7597ba - <ot_tools_operations[aabbe21deecfac97]::utils::audio::test_get_bar_length::simple_300bpm_valid::{closure#0} as core[a373ad73a504971]::ops::function::FnOnce<()>>::call_once
[INFO] [stdout]   13:     0x620e6e7a2deb - test[aada8e7e76ba119b]::__rust_begin_short_backtrace::<core[a373ad73a504971]::result::Result<(), alloc[2e1b2a31b91974c5]::string::String>, fn() -> core[a373ad73a504971]::result::Result<(), alloc[2e1b2a31b91974c5]::string::String>>
[INFO] [stdout]   14:     0x620e6e7affc5 - test[aada8e7e76ba119b]::run_test::{closure#0}
[INFO] [stdout]   15:     0x620e6e7a98b4 - std[617be2ca0a6fd877]::sys::backtrace::__rust_begin_short_backtrace::<test[aada8e7e76ba119b]::run_test::{closure#1}, ()>
[INFO] [stdout]   16:     0x620e6e7b3052 - <std[617be2ca0a6fd877]::thread::lifecycle::spawn_unchecked<test[aada8e7e76ba119b]::run_test::{closure#1}, ()>::{closure#1} as core[a373ad73a504971]::ops::function::FnOnce<()>>::call_once::{shim:vtable#0}
[INFO] [stdout]   17:     0x620e6e87c07f - <std[617be2ca0a6fd877]::sys::thread::unix::Thread>::new::thread_start
[INFO] [stdout]   18:     0x74db9db1ddfa - <unknown>
[INFO] [stdout]   19:     0x74db9dbb13d4 - clone
[INFO] [stdout]   20:                0x0 - <unknown>
[INFO] [stdout] 
[INFO] [stdout] ---- utils::generators::slice_updates::patterns_slice_updates_generator::slice_ref_change stdout ----
[INFO] [stdout] Error: OtToolsIo(FileOs { source: Os { code: 2, kind: NotFound, message: "No such file or directory" }, path: "test-data/blank-project/bank01.work" })
[INFO] [stdout] 
[INFO] [stdout] ---- utils::generators::slice_updates::parts_slice_updates_generator::slice_ref_change stdout ----
[INFO] [stdout] Error: OtToolsIo(FileOs { source: Os { code: 2, kind: NotFound, message: "No such file or directory" }, path: "test-data/blank-project/bank01.work" })
[INFO] [stdout] 
[INFO] [stdout] ---- utils::generators::slot_updates::parts_slot_id_updates_generator::slot_ref_change stdout ----
[INFO] [stdout] Error: OtToolsIo(FileOs { source: Os { code: 2, kind: NotFound, message: "No such file or directory" }, path: "test-data/blank-project/bank01.work" })
[INFO] [stdout] 
[INFO] [stdout] ---- utils::generators::slot_usages::pattern_slot_id_usages_generator::romant_delete stdout ----
[INFO] [stdout] Testing: bank=A path="test-data/romant-deleting/bank01.work"
[INFO] [stdout] Error: OtToolsIo(FileOs { source: Os { code: 2, kind: NotFound, message: "No such file or directory" }, path: "test-data/romant-deleting/bank01.work" })
[INFO] [stdout] 
[INFO] [stdout] ---- utils::generators::slot_usages::parts_slot_id_usages_generator::test_static stdout ----
[INFO] [stdout] Error: OtToolsIo(FileOs { source: Os { code: 2, kind: NotFound, message: "No such file or directory" }, path: "test-data/romant-deleting/bank16.work" })
[INFO] [stdout] 
[INFO] [stdout] ---- utils::generators::slot_updates::patterns_slot_id_updates_generator::slot_ref_change stdout ----
[INFO] [stdout] Error: OtToolsIo(FileOs { source: Os { code: 2, kind: NotFound, message: "No such file or directory" }, path: "test-data/blank-project/bank01.work" })
[INFO] [stdout] 
[INFO] [stdout] ---- utils::find_slots::iter_bank_slot_id_usages::test stdout ----
[INFO] [stdout] Error: OtToolsIo(FileOs { source: Os { code: 2, kind: NotFound, message: "No such file or directory" }, path: "test-data/romant-deleting/bank16.work" })
[INFO] [stdout] 
[INFO] [stdout] ---- utils::generators::slot_usages::parts_slot_id_usages_generator::test_flex stdout ----
[INFO] [stdout] Error: OtToolsIo(FileOs { source: Os { code: 2, kind: NotFound, message: "No such file or directory" }, path: "test-data/romant-deleting/bank16.work" })
[INFO] [stdout] 
[INFO] [stdout] ---- operations::bank_slots_samples_project_transfer::tests::main::romant_deleting_test stdout ----
[INFO] [stdout] Error: FileIo(Custom { kind: NotFound, error: "source path does not exist" })
[INFO] [stdout] 
[INFO] [stdout] ---- operations::bank_slots_samples_project_transfer::tests::main::basic_populated_test stdout ----
[INFO] [stdout] ----
[INFO] [stdout] Error: FileIo(Os { code: 2, kind: NotFound, message: "No such file or directory" })
[INFO] [stdout] 
[INFO] [stdout] 
[INFO] [stdout] failures:
[INFO] [stdout]     operations::bank_slots_fix_dangling::tests::builder::blank_project
[INFO] [stdout]     operations::bank_slots_fix_dangling::tests::dry_run::blank_project
[INFO] [stdout]     operations::bank_slots_fix_dangling::tests::main::blank_project
[INFO] [stdout]     operations::bank_slots_samples_project_transfer::tests::builder::all_args
[INFO] [stdout]     operations::bank_slots_samples_project_transfer::tests::builder::no_optional_args
[INFO] [stdout]     operations::bank_slots_samples_project_transfer::tests::main::basic_populated_test
[INFO] [stdout]     operations::bank_slots_samples_project_transfer::tests::main::romant_deleting_test
[INFO] [stdout]     operations::slots_samples_project_transfer::tests::blank_projects_ok::blank_projects_ok
[INFO] [stdout]     utils::audio::test_get_bar_length::simple_120bpm_valid
[INFO] [stdout]     utils::audio::test_get_bar_length::simple_150bpm_valid
[INFO] [stdout]     utils::audio::test_get_bar_length::simple_200bpm_valid
[INFO] [stdout]     utils::audio::test_get_bar_length::simple_300bpm_valid
[INFO] [stdout]     utils::audio::test_get_bar_length::simple_30bpm_valid
[INFO] [stdout]     utils::audio::test_get_bar_length::simple_ok
[INFO] [stdout]     utils::audio::test_get_total_bar_length_interleaved::simple_120bpm_valid
[INFO] [stdout]     utils::audio::test_get_total_bar_length_interleaved::simple_150bpm_valid
[INFO] [stdout]     utils::audio::test_get_total_bar_length_interleaved::simple_200bpm_valid
[INFO] [stdout]     utils::audio::test_get_total_bar_length_interleaved::simple_300bpm_valid
[INFO] [stdout]     utils::audio::test_get_total_bar_length_interleaved::simple_30bpm_valid
[INFO] [stdout]     utils::audio::test_get_total_bar_length_interleaved::simple_ok
[INFO] [stdout]     utils::find_slots::iter_bank_slot_id_usages::test
[INFO] [stdout]     utils::generators::slice_updates::parts_slice_updates_generator::slice_ref_change
[INFO] [stdout]     utils::generators::slice_updates::patterns_slice_updates_generator::slice_ref_change
[INFO] [stdout]     utils::generators::slot_updates::parts_slot_id_updates_generator::slot_ref_change
[INFO] [stdout]     utils::generators::slot_updates::patterns_slot_id_updates_generator::slot_ref_change
[INFO] [stdout]     utils::generators::slot_usages::parts_slot_id_usages_generator::test_flex
[INFO] [stdout]     utils::generators::slot_usages::parts_slot_id_usages_generator::test_static
[INFO] [stdout]     utils::generators::slot_usages::pattern_slot_id_usages_generator::romant_delete
[INFO] [stdout] 
[INFO] [stdout] test result: FAILED. 60 passed; 28 failed; 1 ignored; 0 measured; 0 filtered out; finished in 0.28s
[INFO] [stdout] 
[INFO] [stderr] error: test failed, to rerun pass `--lib`
[INFO] running `Command { std: "docker" "inspect" "2d4e6b3313355ae60c03860172f65fd9fdfbd5cfa176281e9113a4ea33faa289", kill_on_drop: false }`
[INFO] running `Command { std: "docker" "rm" "-f" "2d4e6b3313355ae60c03860172f65fd9fdfbd5cfa176281e9113a4ea33faa289", kill_on_drop: false }`
[INFO] [stdout] 2d4e6b3313355ae60c03860172f65fd9fdfbd5cfa176281e9113a4ea33faa289
