[INFO] fetching crate ot-tools-io 0.11.3...
[INFO] testing ot-tools-io-0.11.3 against 1.99.0-beta.8+cargoflags=--release for beta-release-1.100-2
[INFO] extracting crate ot-tools-io 0.11.3 into /workspace/builds/worker-2-tc1/source
[INFO] started tweaking crates.io crate ot-tools-io 0.11.3
[INFO] removed 0 missing examples
[INFO] removed 0 missing tests
[INFO] finished tweaking crates.io crate ot-tools-io 0.11.3
[INFO] tweaked toml for crates.io crate ot-tools-io 0.11.3 written to /workspace/builds/worker-2-tc1/source/Cargo.toml
[INFO] validating manifest of crates.io crate ot-tools-io 0.11.3 on toolchain 1.99.0-beta.8
[INFO] running `Command { std: CARGO_HOME="/workspace/cargo-home" RUSTUP_HOME="/workspace/rustup-home" "/workspace/cargo-home/bin/cargo" "+1.99.0-beta.8" "metadata" "--manifest-path" "Cargo.toml" "--no-deps", kill_on_drop: false }`
[INFO] crate crates.io crate ot-tools-io 0.11.3 already has a lockfile, it will not be regenerated
[INFO] running `Command { std: CARGO_HOME="/workspace/cargo-home" RUSTUP_HOME="/workspace/rustup-home" "/workspace/cargo-home/bin/cargo" "+1.99.0-beta.8" "fetch" "--manifest-path" "Cargo.toml", kill_on_drop: false }`
[INFO] [stderr]     Updating crates.io index
[INFO] [stderr]  Downloading crates ...
[INFO] [stderr]   Downloaded ot-tools-io-derive v0.11.3
[INFO] [stderr]   Downloaded serde-big-array v0.5.1
[INFO] running `Command { std: "docker" "create" "-v" "/var/lib/crater-agent-workspace/builds/worker-2-tc1/source:/opt/rustwide/workdir:ro,Z" "-v" "/var/lib/crater-agent-workspace/builds/worker-2-tc1/target:/opt/rustwide/target:rw,Z" "-v" "/var/lib/crater-agent-workspace/cargo-home:/opt/rustwide/cargo-home:ro,Z" "-v" "/var/lib/crater-agent-workspace/rustup-home:/opt/rustwide/rustup-home:ro,Z" "-m" "1610612736" "--network" "none" "ghcr.io/rust-lang/crates-build-env/linux@sha256:77db811e55d90add9212f6832c23229e3de5f1c1f9905e8cb07319ea15df73ac" "sleep" "infinity", kill_on_drop: false }`
[INFO] [stdout] e396d6544a5bf5638cb863df3b36c90f88264c4cbb4e9294433e3fba3d7c1d92
[INFO] running `Command { std: "docker" "start" "e396d6544a5bf5638cb863df3b36c90f88264c4cbb4e9294433e3fba3d7c1d92", kill_on_drop: false }`
[INFO] running `Command { std: "docker" "inspect" "e396d6544a5bf5638cb863df3b36c90f88264c4cbb4e9294433e3fba3d7c1d92", kill_on_drop: false }`
[INFO] running `Command { std: "docker" "exec" "-e" "SOURCE_DIR=/opt/rustwide/workdir" "-e" "CARGO_HOME=/opt/rustwide/cargo-home" "-e" "RUSTUP_HOME=/opt/rustwide/rustup-home" "-e" "CARGO_TARGET_DIR=/opt/rustwide/target" "-w" "/opt/rustwide/workdir" "--user" "0:0" "e396d6544a5bf5638cb863df3b36c90f88264c4cbb4e9294433e3fba3d7c1d92" "/opt/rustwide/cargo-home/bin/cargo" "+1.99.0-beta.8" "metadata" "--no-deps" "--format-version=1", kill_on_drop: false }`
[INFO] running `Command { std: "docker" "inspect" "e396d6544a5bf5638cb863df3b36c90f88264c4cbb4e9294433e3fba3d7c1d92", kill_on_drop: false }`
[INFO] running `Command { std: "docker" "exec" "-e" "SOURCE_DIR=/opt/rustwide/workdir" "-e" "CARGO_HOME=/opt/rustwide/cargo-home" "-e" "RUSTUP_HOME=/opt/rustwide/rustup-home" "-e" "CARGO_TARGET_DIR=/opt/rustwide/target" "-e" "CARGO_INCREMENTAL=0" "-e" "RUST_BACKTRACE=full" "-e" "RUSTFLAGS=--cap-lints=warn" "-e" "RUSTDOCFLAGS=--cap-lints=warn" "-w" "/opt/rustwide/workdir" "--user" "0:0" "e396d6544a5bf5638cb863df3b36c90f88264c4cbb4e9294433e3fba3d7c1d92" "/opt/rustwide/cargo-home/bin/cargo" "+1.99.0-beta.8" "build" "--frozen" "--message-format=json" "--release", kill_on_drop: false }`
[INFO] [stderr]    Compiling syn v2.0.118
[INFO] [stderr]    Compiling serde v1.0.228
[INFO] [stderr]    Compiling either v1.16.0
[INFO] [stderr]    Compiling unsafe-libyaml-norway v0.2.15
[INFO] [stderr]    Compiling indexmap v2.14.0
[INFO] [stderr]    Compiling serde_json v1.0.150
[INFO] [stderr]    Compiling itertools v0.15.0
[INFO] [stderr]    Compiling serde_derive v1.0.228
[INFO] [stderr]    Compiling enum-iterator-derive v1.5.0
[INFO] [stderr]    Compiling thiserror-impl v2.0.18
[INFO] [stderr]    Compiling ot-tools-io-derive v0.11.3
[INFO] [stderr]    Compiling enum-iterator v2.3.0
[INFO] [stderr]    Compiling thiserror v2.0.18
[INFO] [stderr]    Compiling bincode v1.3.3
[INFO] [stderr]    Compiling serde_norway v0.9.42
[INFO] [stderr]    Compiling serde-big-array v0.5.1
[INFO] [stderr]    Compiling ot-tools-io v0.11.3 (/opt/rustwide/workdir)
[INFO] [stderr]     Finished `release` profile [optimized] target(s) in 25.01s
[INFO] running `Command { std: "docker" "inspect" "e396d6544a5bf5638cb863df3b36c90f88264c4cbb4e9294433e3fba3d7c1d92", kill_on_drop: false }`
[INFO] running `Command { std: "docker" "exec" "-e" "SOURCE_DIR=/opt/rustwide/workdir" "-e" "CARGO_HOME=/opt/rustwide/cargo-home" "-e" "RUSTUP_HOME=/opt/rustwide/rustup-home" "-e" "CARGO_TARGET_DIR=/opt/rustwide/target" "-e" "CARGO_INCREMENTAL=0" "-e" "RUST_BACKTRACE=full" "-e" "RUSTFLAGS=--cap-lints=warn" "-e" "RUSTDOCFLAGS=--cap-lints=warn" "-w" "/opt/rustwide/workdir" "--user" "0:0" "e396d6544a5bf5638cb863df3b36c90f88264c4cbb4e9294433e3fba3d7c1d92" "/opt/rustwide/cargo-home/bin/cargo" "+1.99.0-beta.8" "test" "--frozen" "--no-run" "--message-format=json" "--release", kill_on_drop: false }`
[INFO] [stderr]    Compiling ot-tools-io v0.11.3 (/opt/rustwide/workdir)
[INFO] [stderr]     Finished `release` profile [optimized] target(s) in 24.05s
[INFO] running `Command { std: "docker" "inspect" "e396d6544a5bf5638cb863df3b36c90f88264c4cbb4e9294433e3fba3d7c1d92", kill_on_drop: false }`
[INFO] running `Command { std: "docker" "exec" "-e" "SOURCE_DIR=/opt/rustwide/workdir" "-e" "CARGO_HOME=/opt/rustwide/cargo-home" "-e" "RUSTUP_HOME=/opt/rustwide/rustup-home" "-e" "CARGO_TARGET_DIR=/opt/rustwide/target" "-e" "CARGO_INCREMENTAL=0" "-e" "RUST_BACKTRACE=full" "-e" "RUSTFLAGS=--cap-lints=warn" "-e" "RUSTDOCFLAGS=--cap-lints=warn" "-w" "/opt/rustwide/workdir" "--user" "0:0" "e396d6544a5bf5638cb863df3b36c90f88264c4cbb4e9294433e3fba3d7c1d92" "/opt/rustwide/cargo-home/bin/cargo" "+1.99.0-beta.8" "test" "--frozen" "--release", kill_on_drop: false }`
[INFO] [stderr]     Finished `release` profile [optimized] target(s) in 0.05s
[INFO] [stderr]      Running unittests src/lib.rs (/opt/rustwide/target/release/deps/ot_tools_io-e39931744bf488bd)
[INFO] [stdout] 
[INFO] [stdout] running 718 tests
[INFO] [stdout] test arrangements::file::checksum_field::files::no_saved_flag ... FAILED
[INFO] [stdout] test arrangements::file::checksum_field::files::blank ... FAILED
[INFO] [stdout] test arrangements::file::checksum_field::files::blank_samename_saved ... FAILED
[INFO] [stdout] test arrangements::file::checksum_field::files::one_pattern ... FAILED
[INFO] [stdout] test arrangements::file::checksum_field::files::two_rem_row_wtext ... FAILED
[INFO] [stdout] test arrangements::file::checksum_field::files::one_pattern_1_loop ... FAILED
[INFO] [stdout] test arrangements::file::checksum_field::files::blank_diffname2 ... FAILED
[INFO] [stdout] test arrangements::file::checksum_field::files::one_rem_row_wtext ... FAILED
[INFO] [stdout] test arrangements::file::checksum_field::files::four_patterns ... FAILED
[INFO] [stdout] test arrangements::file::checksum_field::files::blank_samename_unsaved ... FAILED
[INFO] [stdout] test arrangements::file::checksum_field::files::with_saved_flag ... FAILED
[INFO] [stdout] test arrangements::file::from_bytes::valid ... FAILED
[INFO] [stdout] test arrangements::file::checksum_field::invalid ... ok
[INFO] [stdout] test arrangements::file::header_field::valid ... ok
[INFO] [stdout] test arrangements::file::checksum_field::valid ... ok
[INFO] [stdout] test arrangements::file::checksum_field::files::blank_diffname1 ... FAILED
[INFO] [stdout] test arrangements::file::parse_to_bytes::nope ... ignored
[INFO] [stdout] test arrangements::file::file_version_field::invalid ... ok
[INFO] [stdout] test arrangements::file::checksum_field::files::full_options ... FAILED
[INFO] [stdout] test arrangements::file::validate::err_saved_state ... ok
[INFO] [stdout] test arrangements::file::to_bytes::valid ... FAILED
[INFO] [stdout] test arrangements::file::checksum_field::files::full_options_no_rems ... FAILED
[INFO] [stdout] test arrangements::file::is_default::true_not_modified_default ... ok
[INFO] [stdout] test arrangements::row::arrange_row::empty_row::valid_json ... ok
[INFO] [stdout] test arrangements::file::checksum_field::files::blank_project_file ... FAILED
[INFO] [stdout] test arrangements::file::file_version_field::valid ... ok
[INFO] [stdout] test arrangements::file::header_field::invalid ... ok
[INFO] [stdout] test arrangements::file::parse_from_bytes::valid_empty_rows ... ok
[INFO] [stdout] test arrangements::file::checksum_field::files::one_rem_row_notext ... FAILED
[INFO] [stdout] test arrangements::file::checksum_field::files::one_halt ... FAILED
[INFO] [stdout] test arrangements::file::checksum_field::files::one_pattern_1_jump_1_loop ... FAILED
[INFO] [stdout] test arrangements::row::arrange_row::pattern::valid_json ... ok
[INFO] [stdout] test arrangements::row::arrange_row::empty_row::valid_yaml ... ok
[INFO] [stdout] test arrangements::row::arrange_row::reminder_row::valid_string ... ok
[INFO] [stdout] test arrangements::row::arrange_row::loop_or_jump_or_halt::valid_json ... ok
[INFO] [stdout] test arrangements::row::arrange_row::loop_or_jump_or_halt::valid_yaml ... ok
[INFO] [stdout] test arrangements::row::arrange_row::pattern::valid_yaml ... ok
[INFO] [stdout] test arrangements::row::arrange_row::reminder_row::valid_string_json ... ok
[INFO] [stdout] test arrangements::file::validate::err_saved_states ... ok
[INFO] [stdout] test arrangements::row::arrange_row::reminder_row::valid_string_yaml ... ok
[INFO] [stdout] test arrangements::row::deserialize::empty::valid_json ... ok
[INFO] [stdout] test arrangements::row::deserialize::empty::valid_yaml ... ok
[INFO] [stdout] test arrangements::file::is_default::false_modified_file ... FAILED
[INFO] [stdout] test arrangements::file::is_default::true_not_modified_file ... FAILED
[INFO] [stdout] test arrangements::row::deserialize::reminder::valid_yaml ... ok
[INFO] [stdout] test arrangements::row::loop_or_jump_or_halt_row::new_without_unused::valid ... ok
[INFO] [stdout] test arrangements::row::parse_from_bytes::loop_jump_or_halt_row::invalid_loop_count ... ok
[INFO] [stdout] test arrangements::row::arrange_row::reminder_row::empty_string ... ok
[INFO] [stdout] test arrangements::row::parse_from_bytes::invalid_row_type ... ok
[INFO] [stdout] test arrangements::row::parse_from_bytes::loop_jump_or_halt_row::valid ... ok
[INFO] [stdout] test arrangements::row::loop_or_jump_or_halt_row::new::valid ... ok
[INFO] [stdout] test arrangements::row::arrange_row::reminder_row::empty_string_json ... ok
[INFO] [stdout] test arrangements::row::arrange_row::reminder_row::empty_string_yaml ... ok
[INFO] [stdout] test arrangements::row::deserialize::loop_jump_or_halt::valid_json ... ok
[INFO] [stdout] test arrangements::row::loop_or_jump_or_halt_row::validate::invalid_loop_count ... ok
[INFO] [stdout] test arrangements::row::parse_from_bytes::pattern_row::invalid_too_many_repetitions ... ok
[INFO] [stdout] test arrangements::row::deserialize::loop_jump_or_halt::valid_yaml ... ok
[INFO] [stdout] test arrangements::row::deserialize::reminder::valid_json ... ok
[INFO] [stdout] test arrangements::row::parse_from_bytes::empty_row::row_index_matters ... ok
[INFO] [stdout] test arrangements::row::parse_from_bytes::pattern_row::valid_all ... ok
[INFO] [stdout] test arrangements::file::checksum_field::files::one_pattern_1_jump_1_loop_1_halt ... FAILED
[INFO] [stdout] test arrangements::row::loop_or_jump_or_halt_row::validate::valid ... ok
[INFO] [stdout] test arrangements::row::parse_from_bytes::pattern_row::valid_last_midi_transpose_only ... ok
[INFO] [stdout] test arrangements::row::parse_from_bytes::pattern_row::zero_valued_is_still_pattern_row ... ok
[INFO] [stdout] test arrangements::row::parse_to_bytes::empty_row::valid ... ok
[INFO] [stdout] test arrangements::row::parse_to_bytes::reminder::empty_string ... ok
[INFO] [stdout] test arrangements::row::pattern_row::validate::invalid_midi_transpose_upper ... ok
[INFO] [stdout] test arrangements::row::parse_from_bytes::reminder_row::valid ... ok
[INFO] [stdout] test arrangements::row::pattern_row::validate::ok_maxish_values ... ok
[INFO] [stdout] test arrangements::row::pattern_row::validate::invalid_scene_b ... ok
[INFO] [stdout] test arrangements::row::pattern_row::validate::valid_scene_b_off ... ok
[INFO] [stdout] test arrangements::row::reminder_row::display::hello_world ... ok
[INFO] [stdout] test arrangements::row::reminder_row::new_from_string::ok_hello_world ... ok
[INFO] [stdout] test arrangements::row::pattern_row::validate::invalid_midi_transpose_lower ... ok
[INFO] [stdout] test arrangements::row::parse_from_bytes::reminder_row::valid_drop_excess_characters ... ok
[INFO] [stdout] test arrangements::row::reminder_row::display::empty_string ... ok
[INFO] [stdout] test arrangements::row::pattern_row::validate::valid_scene_b_max ... ok
[INFO] [stdout] test arrangements::row::parse_to_bytes::pattern::valid ... ok
[INFO] [stdout] test arrangements::row::pattern_row::validate::valid_scene_a_max ... ok
[INFO] [stdout] test arrangements::row::pattern_row::validate::valid_scene_a_off ... ok
[INFO] [stdout] test arrangements::row::reminder_row::validate::invalid_ascii ... ok
[INFO] [stdout] test arrangements::row::parse_to_bytes::reminder::valid_string ... ok
[INFO] [stdout] test arrangements::row::reminder_row::new_without_unused::ok_hello_world ... ok
[INFO] [stdout] test arrangements::row::pattern_row::validate::invalid_scene_a ... ok
[INFO] [stdout] test arrangements::row::reminder_row::display::invalid_ascii ... ok
[INFO] [stdout] test arrangements::state::new_and_validate::invalid_row ... ok
[INFO] [stdout] test arrangements::row::reminder_row::new_without_unused::ok_only_spaces ... ok
[INFO] [stdout] test arrangements::state::new_and_validate::invalid_rows ... ok
[INFO] [stdout] test arrangements::row::parse_from_bytes::pattern_row::valid_pattern_id_only ... ok
[INFO] [stdout] test arrangements::row::reminder_row::new_from_string::ok_only_spaces ... ok
[INFO] [stdout] test banks::checksum_field::files::default_bank1_file ... FAILED
[INFO] [stdout] test arrangements::row::pattern_row::validate::invalid_repetitions ... ok
[INFO] [stdout] test arrangements::row::parse_to_bytes::loop_or_jump_or_halt::valid ... ok
[INFO] [stdout] test arrangements::state::parse_from_bytes::valid_empty_rows ... ok
[INFO] [stdout] test arrangements::row::reminder_row::validate::empty_string ... ok
[INFO] [stdout] test arrangements::row::reminder_row::validate::valid_string ... ok
[INFO] [stdout] test arrangements::state::new_and_validate::invalid_name ... ok
[INFO] [stdout] test arrangements::state::parse_to_bytes::arrangement_block ... ok
[INFO] [stdout] test banks::checksum_field::files::flex_strt::flex_strt_118 ... FAILED
[INFO] [stdout] test banks::checksum_field::files::flex_strt::flex_strt_119 ... FAILED
[INFO] [stdout] test banks::checksum_field::files::flex_strt::flex_strt_122 ... FAILED
[INFO] [stdout] test arrangements::state::new_and_validate::ok ... ok
[INFO] [stdout] test banks::checksum_field::files::flex_strt::flex_strt_111 ... FAILED
[INFO] [stdout] test banks::checksum_field::files::flex_strt::flex_strt_115 ... FAILED
[INFO] [stdout] test arrangements::row::reminder_row::new_without_unused::ok_invalid ... ok
[INFO] [stdout] test banks::checksum_field::files::flex_strt::flex_strt_117 ... FAILED
[INFO] [stdout] test banks::checksum_field::files::flex_strt::flex_strt_124 ... FAILED
[INFO] [stdout] test banks::checksum_field::files::flex_strt::flex_strt_114 ... FAILED
[INFO] [stdout] test banks::checksum_field::files::flex_strt::flex_strt_126 ... FAILED
[INFO] [stdout] test banks::checksum_field::files::flex_strt::flex_strt_116 ... FAILED
[INFO] [stdout] test banks::checksum_field::files::lfo_designer::lfo_design_atr1_randomised ... FAILED
[INFO] [stdout] test banks::checksum_field::files::flex_strt::flex_strt_125 ... FAILED
[INFO] [stdout] test banks::checksum_field::files::flex_strt::flex_strt_121 ... FAILED
[INFO] [stdout] test banks::checksum_field::files::default_method ... FAILED
[INFO] [stdout] test banks::checksum_field::files::lfo_designer::lfo_design_atr1_step1_pos64 ... FAILED
[INFO] [stdout] test banks::checksum_field::files::default_bank2_file ... FAILED
[INFO] [stdout] test banks::checksum_field::files::lfo_designer::lfo_design_atr1_step1_neg64 ... FAILED
[INFO] [stdout] test banks::checksum_field::files::flex_strt::flex_strt_112 ... FAILED
[INFO] [stdout] test banks::checksum_field::files::main_cfcard::a2 ... FAILED
[INFO] [stdout] test banks::checksum_field::files::flex_strt::flex_strt_113 ... FAILED
[INFO] [stdout] test banks::checksum_field::files::flex_strt::flex_strt_120 ... FAILED
[INFO] [stdout] test banks::checksum_field::files::flex_strt::flex_strt_123 ... FAILED
[INFO] [stdout] test banks::checksum_field::files::lfo_designer::lfo_design_atr1_step1_pos127 ... FAILED
[INFO] [stdout] test banks::checksum_field::files::lfo_designer::lfo_design_atr1_step1_neg128 ... FAILED
[INFO] [stdout] test banks::checksum_field::files::main_cfcard::album5 ... FAILED
[INFO] [stdout] test banks::checksum_field::files::main_cfcard::aaaaplay ... FAILED
[INFO] [stdout] test banks::checksum_field::files::main_cfcard::aaaadrafts0 ... FAILED
[INFO] [stdout] test banks::checksum_field::files::main_cfcard::gorgierecordsin ... FAILED
[INFO] [stdout] test banks::checksum_field::files::main_cfcard::gorgieflat ... FAILED
[INFO] [stdout] test banks::checksum_field::files::main_cfcard::ammbbb ... FAILED
[INFO] [stdout] test banks::checksum_field::files::main_cfcard::empty ... FAILED
[INFO] [stdout] test banks::checksum_field::files::main_cfcard::gorgiehow2lose ... FAILED
[INFO] [stdout] test banks::checksum_field::files::main_cfcard::iamacameratheworldis ... FAILED
[INFO] [stdout] test banks::checksum_field::files::main_cfcard::livetechno60days ... FAILED
[INFO] [stdout] test banks::checksum_field::files::main_cfcard::aaambient ... FAILED
[INFO] [stdout] test banks::checksum_field::files::main_cfcard::aaasafespaces ... FAILED
[INFO] [stdout] test banks::checksum_field::files::main_cfcard::other ... FAILED
[INFO] [stdout] test banks::checksum_field::files::main_cfcard::aacrackhead ... FAILED
[INFO] [stdout] test banks::checksum_field::files::main_cfcard::songs_back ... FAILED
[INFO] [stdout] test banks::checksum_field::files::main_cfcard::singleintricatepieces ... FAILED
[INFO] [stdout] test banks::checksum_field::files::main_cfcard::no_recording ... FAILED
[INFO] [stdout] test banks::checksum_field::files::main_cfcard::aadrums ... FAILED
[INFO] [stdout] test banks::checksum_field::files::main_cfcard::songs ... FAILED
[INFO] [stdout] test banks::checksum_field::files::main_cfcard::filmsoundings ... FAILED
[INFO] [stdout] test banks::checksum_field::files::main_cfcard::gorgiettl ... FAILED
[INFO] [stdout] test banks::checksum_field::files::main_cfcard::syshalt ... FAILED
[INFO] [stdout] test banks::checksum_field::files::main_cfcard::stop_talkingnlet_me_dance ... FAILED
[INFO] [stdout] test banks::checksum_field::files::main_cfcard::iwishyouwouldletmeloveyou ... FAILED
[INFO] [stdout] test banks::checksum_field::files::main_cfcard::romant_delete ... FAILED
[INFO] [stdout] test banks::checksum_field::files::main_cfcard::jigg ... FAILED
[INFO] [stdout] test banks::checksum_field::files::main_cfcard::nawwww ... FAILED
[INFO] [stdout] test banks::checksum_field::files::main_cfcard::recovery ... FAILED
[INFO] [stdout] test banks::checksum_field::files::main_cfcard::nones ... FAILED
[INFO] [stdout] test banks::checksum_field::files::main_cfcard::teka ... FAILED
[INFO] [stdout] test banks::checksum_field::files::one_scene_127_val ... FAILED
[INFO] [stdout] test banks::checksum_field::files::main_cfcard::systems ... FAILED
[INFO] [stdout] test banks::checksum_field::files::real_bank_files::romant_delete::b01 ... FAILED
[INFO] [stdout] test banks::checksum_field::files::real_bank_files::romant_delete::b14 ... FAILED
[INFO] [stdout] test banks::checksum_field::files::real_bank_files::romant_delete::b04 ... FAILED
[INFO] [stdout] test banks::checksum_field::files::real_bank_files::romant_delete::b03 ... FAILED
[INFO] [stdout] test banks::checksum_field::files::one_scene_zero_val ... FAILED
[INFO] [stdout] test banks::checksum_field::files::real_bank_files::romant_delete::b15 ... FAILED
[INFO] [stdout] test banks::checksum_field::files::real_bank_files::romant_delete::b16 ... FAILED
[INFO] [stdout] test banks::checksum_field::files::scene_params_decr_lots ... FAILED
[INFO] [stdout] test banks::checksum_field::files::real_bank_files::romant_delete::b05 ... FAILED
[INFO] [stdout] test banks::checksum_field::files::real_bank_files::romant_delete::b07 ... FAILED
[INFO] [stdout] test banks::checksum_field::files::real_bank_files::romant_delete::b08 ... FAILED
[INFO] [stdout] test banks::checksum_field::files::real_bank_files::romant_delete::b06 ... FAILED
[INFO] [stdout] test banks::checksum_field::files::real_bank_files::romant_delete::b13 ... FAILED
[INFO] [stdout] test banks::checksum_field::files::real_bank_files::romant_delete::b09 ... FAILED
[INFO] [stdout] test banks::checksum_field::files::static_strt_mult::static_strt_32_len_32 ... FAILED
[INFO] [stdout] test banks::checksum_field::files::real_bank_files::romant_delete::b12 ... FAILED
[INFO] [stdout] test banks::checksum_field::files::static_strt_mult::static_strt_127_len_128 ... FAILED
[INFO] [stdout] test banks::checksum_field::files::real_bank_files::romant_delete::b10 ... FAILED
[INFO] [stdout] test banks::checksum_field::files::static_strt_mult::static_strt_32_len_33 ... FAILED
[INFO] [stdout] test banks::checksum_field::files::static_strt_mult::static_strt_31_len_31 ... FAILED
[INFO] [stdout] test banks::checksum_field::files::static_strt_mult::static_strt_67_len_67_rtrg_67 ... FAILED
[INFO] [stdout] test banks::checksum_field::files::static_strt_mult::static_strt_67_len_66 ... FAILED
[INFO] [stdout] test banks::checksum_field::files::static_strt_mult::static_strt_68_len_68 ... FAILED
[INFO] [stdout] test banks::checksum_field::files::static_strt_mult::static_strt_67_len_69_rtrg_69 ... FAILED
[INFO] [stdout] test banks::checksum_field::files::static_strt_mult::static_strt_67_len_67 ... FAILED
[INFO] [stdout] test banks::checksum_field::files::static_strt_mult::static_strt_67_len_67_rtrg_68 ... FAILED
[INFO] [stdout] test banks::checksum_field::files::static_strt_only::static_strt_10 ... FAILED
[INFO] [stdout] test banks::checksum_field::files::static_strt_mult::static_strt_67_len_68_rtrg_68 ... FAILED
[INFO] [stdout] test banks::checksum_field::files::static_strt_mult::static_strt_67_len_69_rtrg_67 ... FAILED
[INFO] [stdout] test banks::checksum_field::files::static_strt_mult::static_strt_32_len_31 ... FAILED
[INFO] [stdout] test banks::checksum_field::files::static_strt_mult::static_strt_67_len_69_rtrg_68 ... FAILED
[INFO] [stdout] test banks::checksum_field::files::static_strt_only::static_strt_1 ... FAILED
[INFO] [stdout] test banks::checksum_field::files::static_strt_only::static_strt_116 ... FAILED
[INFO] [stdout] test banks::checksum_field::files::static_strt_only::static_strt_113 ... FAILED
[INFO] [stdout] test banks::checksum_field::files::static_strt_only::static_strt_115 ... FAILED
[INFO] [stdout] test banks::checksum_field::files::static_strt_only::static_strt_112 ... FAILED
[INFO] [stdout] test banks::checksum_field::files::static_strt_only::static_strt_120 ... FAILED
[INFO] [stdout] test banks::checksum_field::files::static_strt_only::static_strt_121 ... FAILED
[INFO] [stdout] test banks::checksum_field::files::static_strt_only::static_strt_122 ... FAILED
[INFO] [stdout] test banks::checksum_field::files::static_strt_only::static_strt_117 ... FAILED
[INFO] [stdout] test banks::checksum_field::files::static_strt_only::static_strt_114 ... FAILED
[INFO] [stdout] test banks::checksum_field::files::static_strt_only::static_strt_111 ... FAILED
[INFO] [stdout] test banks::checksum_field::files::static_strt_only::static_strt_124 ... FAILED
[INFO] [stdout] test banks::checksum_field::files::static_strt_only::static_strt_2 ... FAILED
[INFO] [stdout] test banks::checksum_field::files::static_strt_only::static_strt_57 ... FAILED
[INFO] [stdout] test banks::checksum_field::files::static_strt_only::static_strt_58 ... FAILED
[INFO] [stdout] test banks::checksum_field::files::static_strt_only::static_strt_56 ... FAILED
[INFO] [stdout] test banks::checksum_field::files::static_strt_only::static_strt_118 ... FAILED
[INFO] [stdout] test banks::checksum_field::files::static_strt_only::static_strt_125 ... FAILED
[INFO] [stdout] test banks::checksum_field::files::static_strt_only::static_strt_60 ... FAILED
[INFO] [stdout] test banks::checksum_field::files::static_strt_only::static_strt_123 ... FAILED
[INFO] [stdout] test banks::checksum_field::files::static_strt_only::static_strt_61 ... FAILED
[INFO] [stdout] test banks::checksum_field::files::static_strt_only::static_strt_59 ... FAILED
[INFO] [stdout] test banks::checksum_field::files::static_strt_only::static_strt_126 ... FAILED
[INFO] [stdout] test banks::checksum_field::files::real_bank_files::romant_delete::b11 ... FAILED
[INFO] [stdout] test banks::checksum_field::files::static_strt_only::static_strt_127 ... FAILED
[INFO] [stdout] test banks::checksum_field::files::static_strt_only::static_strt_63 ... FAILED
[INFO] [stdout] test banks::checksum_field::files::static_strt_only::static_strt_68 ... FAILED
[INFO] [stdout] test banks::checksum_field::files::static_strt_only::static_strt_70 ... FAILED
[INFO] [stdout] test banks::checksum_field::files::static_strt_only::static_strt_62 ... FAILED
[INFO] [stdout] test banks::checksum_field::files::static_strt_only::static_strt_67 ... FAILED
[INFO] [stdout] test banks::checksum_field::files::static_strt_mult::static_strt_33_len_33 ... FAILED
[INFO] [stdout] test banks::checksum_field::files::static_strt_mult::static_strt_66_len_66 ... FAILED
[INFO] [stdout] test banks::checksum_field::files::static_strt_mult::static_strt_67_len_68 ... FAILED
[INFO] [stdout] test banks::checksum_field::files::static_strt_only::static_strt_119 ... FAILED
[INFO] [stdout] test banks::checksum_field::files::static_strt_only::static_strt_66 ... FAILED
[INFO] [stdout] test banks::checksum_field::files::static_strt_only::static_strt_69 ... FAILED
[INFO] [stdout] test banks::checksum_field::files::track_parameters::track_params_attack_127 ... FAILED
[INFO] [stdout] test banks::checksum_field::files::static_strt_only::static_strt_64 ... FAILED
[INFO] [stdout] test banks::checksum_field::files::static_strt_only::static_strt_65 ... FAILED
[INFO] [stdout] test banks::checksum_field::files::track_parameters::track_params_balance_pos63 ... FAILED
[INFO] [stdout] test banks::checksum_field::files::track_parameters::track_params_fx1_filter_base_127 ... FAILED
[INFO] [stdout] test banks::checksum_field::files::track_parameters::track_params_fx1_filter_depth_pos63 ... FAILED
[INFO] [stdout] test banks::checksum_field::files::track_parameters::track_params_hold_0 ... FAILED
[INFO] [stdout] test banks::checksum_field::files::track_parameters::track_params_balance_neg64 ... FAILED
[INFO] [stdout] test banks::checksum_field::files::track_parameters::track_params_lfo1_amt_64 ... FAILED
[INFO] [stdout] test banks::checksum_field::files::static_strt_only::static_strt_71 ... FAILED
[INFO] [stdout] test banks::checksum_field::files::track_parameters::track_params_lfo1_amt_127 ... FAILED
[INFO] [stdout] test banks::checksum_field::files::real_bank_files::romant_delete::b02 ... FAILED
[INFO] [stdout] test banks::checksum_field::files::track_parameters::track_params_fx2_delay_snd_127 ... FAILED
[INFO] [stdout] test banks::checksum_field::files::track_parameters::track_params_fx1_filter_depth_neg64 ... FAILED
[INFO] [stdout] test banks::checksum_field::files::track_parameters::track_params_fx1_filter_q_127 ... FAILED
[INFO] [stdout] test banks::checksum_field::files::track_parameters::track_params_fx1_filter_width_0 ... FAILED
[INFO] [stdout] test banks::to_bytes::valid ... FAILED
[INFO] [stdout] test markers::checksum_field::files::base_proj_default_file ... FAILED
[INFO] [stdout] test banks::checksum_field::files::track_parameters::track_params_release_0 ... FAILED
[INFO] [stdout] test markers::checksum_field::files::default_method ... FAILED
[INFO] [stdout] test markers::checksum_field::files::flex_slot_128_noedit ... FAILED
[INFO] [stdout] test banks::checksum_field::files::track_parameters::track_params_lfo1_spd_0 ... FAILED
[INFO] [stdout] test banks::checksum_field::files::track_parameters::track_params_vol_neg64 ... FAILED
[INFO] [stdout] test markers::checksum_field::files::flex_slot_1_loop ... FAILED
[INFO] [stdout] test banks::checksum_field::files::track_parameters::track_params_lfo1_spd_127 ... FAILED
[INFO] [stdout] test banks::from_bytes::valid ... FAILED
[INFO] [stdout] test banks::checksum_field::files::track_parameters::track_params_vol_pos63 ... FAILED
[INFO] [stdout] test banks::file_version_field::valid ... ok
[INFO] [stdout] test markers::checksum_field::files::static_slot_128_noedit ... FAILED
[INFO] [stdout] test markers::checksum_field::files::flex_slot_1_slice_1_loop ... FAILED
[INFO] [stdout] test markers::checksum_field::files::flex_slot_1_slice_1_noloop ... FAILED
[INFO] [stdout] test markers::checksum_field::files::flex_slot_1_slice_4_noloop ... FAILED
[INFO] [stdout] test markers::checksum_field::files::flex_slot_1_start_edit ... FAILED
[INFO] [stdout] test markers::checksum_field::files::recorder_slot_1_noedit ... FAILED
[INFO] [stdout] test banks::file_version_field::invalid ... ok
[INFO] [stdout] test markers::checksum_field::files::flex_slot_noedit ... FAILED
[INFO] [stdout] test markers::checksum_field::invalid ... ok
[INFO] [stdout] test banks::header_field::valid ... ok
[INFO] [stdout] test markers::slot_markers::deinit::ok ... ok
[INFO] [stdout] test markers::slot_markers::new::invalid_loop_point ... ok
[INFO] [stdout] test markers::slot_markers::new::invalid_trim_offset ... ok
[INFO] [stdout] test markers::slot_markers::new::valid ... ok
[INFO] [stdout] test markers::checksum_field::files::static_slot_1_noedit ... FAILED
[INFO] [stdout] test markers::slot_markers::validate::invalid_loop_point_after_trim_range ... ok
[INFO] [stdout] test markers::slot_markers::validate::invalid_slice_loop_point_oob ... ok
[INFO] [stdout] test markers::file_version_field::valid ... ok
[INFO] [stdout] test banks::header_field::invalid ... ok
[INFO] [stdout] test markers::from_bytes::valid ... FAILED
[INFO] [stdout] test markers::header_field::valid ... ok
[INFO] [stdout] test markers::header_field::invalid ... ok
[INFO] [stdout] test markers::slot_markers::validate::invalid_slice_count_no_slices ... ok
[INFO] [stdout] test markers::slot_markers::validate::invalid_loop_point_before_trim_range ... ok
[INFO] [stdout] test markers::slot_markers::validate::invalid_loop_point_disabled ... ok
[INFO] [stdout] test markers::deinit::ok ... ok
[INFO] [stdout] test parts::is_default::valid_part_2 ... ok
[INFO] [stdout] test markers::slot_markers::validate::invalid_slice_count_one_slice ... ok
[INFO] [stdout] test markers::validate::invalid_loop_point ... FAILED
[INFO] [stdout] test markers::file_version_field::invalid ... ok
[INFO] [stdout] test markers::slot_markers::validate::invalid_trim ... ok
[INFO] [stdout] test parts::is_default::valid_part_3 ... ok
[INFO] [stdout] test markers::validate::invalid_slice_count ... FAILED
[INFO] [stdout] test parts::is_default::valid_part_4 ... ok
[INFO] [stdout] test parts::lfos::custom_lfo_mask::default_audio ... FAILED
[INFO] [stdout] test markers::to_bytes::valid ... FAILED
[INFO] [stdout] test markers::validate::valid ... FAILED
[INFO] [stdout] test banks::checksum_field::invalid ... ok
[INFO] [stdout] test parts::is_default::valid_part_1 ... ok
[INFO] [stdout] test banks::checksum_field::valid ... ok
[INFO] [stdout] test markers::slot_markers::validate::valid ... ok
[INFO] [stdout] test markers::validate::invalid_trim_offset ... FAILED
[INFO] [stdout] test parts::lfos::custom_lfo_design::default_midi ... FAILED
[INFO] [stdout] test markers::slot_markers::validate::valid_slice_out_of_trim_range ... ok
[INFO] [stdout] test markers::checksum_field::valid ... ok
[INFO] [stdout] test parts::lfos::custom_lfo_mask::default_midi ... FAILED
[INFO] [stdout] test parts::part_header_field::invalid ... FAILED
[INFO] [stdout] test parts::scenes::scene_params::default ... FAILED
[INFO] [stdout] test parts::parts_header_field::invalid ... FAILED
[INFO] [stdout] test parts::lfos::custom_lfo_design::default_audio ... FAILED
[INFO] [stdout] test parts::tracks::audio::audio_track_machines_params_setup_pickup::default ... FAILED
[INFO] [stdout] test parts::tracks::audio::audio_track_machines_params_setup::default ... FAILED
[INFO] [stdout] test parts::tracks::audio::audio_track_machines_params_setup_std::default ... FAILED
[INFO] [stdout] test parts::tracks::audio::audio_track_machines_params_values::default ... FAILED
[INFO] [stdout] test parts::tracks::audio::audio_track_machines_params_setup_neigh::default ... FAILED
[INFO] [stdout] test parts::tracks::audio::audio_track_machines_params_values_neigh::default ... FAILED
[INFO] [stdout] test parts::tracks::audio::audio_track_machines_slot::default ... ignored
[INFO] [stdout] test parts::tracks::audio::audio_track_params_setup_fx::default_fx2 ... FAILED
[INFO] [stdout] test parts::part_header_field::valid ... FAILED
[INFO] [stdout] test parts::tracks::audio::audio_track_machines_params_values_pickup::default ... FAILED
[INFO] [stdout] test parts::scenes::scene_params_array::default ... FAILED
[INFO] [stdout] test parts::scenes::scene_xlv::default ... FAILED
[INFO] [stdout] test parts::tracks::audio::audio_track_params_values_fx::default_fx1 ... FAILED
[INFO] [stdout] test parts::scenes::active_scenes::default ... FAILED
[INFO] [stdout] test parts::parts_header_field::valid ... FAILED
[INFO] [stdout] test parts::tracks::audio::audio_track_machines_params_values_thru::default ... FAILED
[INFO] [stdout] test parts::tracks::audio::audio_track_scene_lock_playback::default ... FAILED
[INFO] [stdout] test parts::tracks::audio::audio_track_params_values_lfo::default ... FAILED
[INFO] [stdout] test parts::tracks::audio::audio_track_params_values_amp::default ... FAILED
[INFO] [stdout] test parts::tracks::audio::audio_track_machines_params_values_std::default ... FAILED
[INFO] [stdout] test parts::tracks::audio::audio_track_machines_slot::defaults ... FAILED
[INFO] [stdout] test parts::tracks::midi::midi_track_note_params_setup::default ... FAILED
[INFO] [stdout] test parts::tracks::midi::midi_track_params_values::default ... FAILED
[INFO] [stdout] test parts::tracks::midi::midi_track_params_setup::default ... FAILED
[INFO] [stdout] test parts::tracks::midi::midi_track_params_values_arp::default ... FAILED
[INFO] [stdout] test parts::tracks::midi::midi_track_params_values_midi::default ... FAILED
[INFO] [stdout] test parts::tracks::midi::midi_track_params_values_cc2::default ... FAILED
[INFO] [stdout] test parts::tracks::audio::audio_track_params_setup::default ... FAILED
[INFO] [stdout] test parts::tracks::recorder::recorder_setup::default ... FAILED
[INFO] [stdout] test parts::tracks::midi::midi_track_params_values_cc1::default ... FAILED
[INFO] [stdout] test parts::tracks::midi::midi_track_cc2_params_setup::default ... FAILED
[INFO] [stdout] test parts::tracks::recorder::recorder_setup_src::default ... FAILED
[INFO] [stdout] test patterns::pattern_header::default_invalid ... ok
[INFO] [stdout] test parts::tracks::audio::audio_track_params_values_fx::default_fx2 ... FAILED
[INFO] [stdout] test parts::tracks::audio::audio_track_params_setup_fx::default_fx1 ... FAILED
[INFO] [stdout] test parts::tracks::audio::audio_track_volume::default ... FAILED
[INFO] [stdout] test parts::tracks::audio::audio_track_params_setup_amp::default ... FAILED
[INFO] [stdout] test parts::tracks::midi::midi_arp_seq::default ... FAILED
[INFO] [stdout] test parts::tracks::recorder::recorder_setup_proc::default ... FAILED
[INFO] [stdout] test parts::tracks::audio::audio_track_params_setup_lfo_2::default ... FAILED
[INFO] [stdout] test parts::tracks::midi::midi_track_arp_params_setup::default ... FAILED
[INFO] [stdout] test parts::tracks::audio::audio_track_params_values::default ... FAILED
[INFO] [stdout] test parts::tracks::midi::midi_track_cc1_params_setup::default ... FAILED
[INFO] [stdout] test parts::tracks::audio::audio_track_params_setup_lfo_1::default ... FAILED
[INFO] [stdout] test patterns::tracks::midi::midi_track_trigs_defaults::ok_track_ids ... ok
[INFO] [stdout] test patterns::tracks::midi::midi_track_trigs_header::default_valid ... ok
[INFO] [stdout] test patterns::tracks::midi::midi_track_trigs_header::file_read_invalid ... FAILED
[INFO] [stdout] test projects::check_os_version::invalid_old ... FAILED
[INFO] [stdout] test patterns::tracks::audio::audio_track_trigs_header::file_read_invalid ... FAILED
[INFO] [stdout] test projects::check_os_version::valid ... FAILED
[INFO] [stdout] test patterns::tracks::midi::midi_track_trigs_header::file_read_valid ... FAILED
[INFO] [stdout] test patterns::pattern_header::file_read_invalid ... FAILED
[INFO] [stdout] test projects::check_os_version::invalid_new ... FAILED
[INFO] [stdout] test projects::slots::new_slot_attributes::invalid_gain_too_high ... ok
[INFO] [stdout] test projects::slots::new_slot_attributes::invalid_gain_too_low ... ok
[INFO] [stdout] test projects::header_field::fail_check_header ... FAILED
[INFO] [stdout] test patterns::pattern_header::default_valid ... ok
[INFO] [stdout] test patterns::pattern_header::file_read_valid ... FAILED
[INFO] [stdout] test patterns::tracks::audio::audio_track_trigs_header::default_invalid ... ok
[INFO] [stdout] test patterns::tracks::audio::audio_track_trigs_header::file_read_valid ... FAILED
[INFO] [stdout] test patterns::tracks::audio::audio_track_trigs_header::default_valid ... ok
[INFO] [stdout] test projects::check_os_version::invalid_random ... FAILED
[INFO] [stdout] test projects::checksum_field::fail_calculate_checksum ... FAILED
[INFO] [stdout] test projects::checksum_field::fail_check_checksum ... FAILED
[INFO] [stdout] test projects::file_version_field::fail_check_version ... FAILED
[INFO] [stdout] test patterns::tracks::audio::audio_track_trigs_defaults::ok_track_ids ... ok
[INFO] [stdout] test projects::slots::new_slot_attributes::valid_no_args ... ok
[INFO] [stdout] test projects::slots::new_slot_attributes::valid_all_args ... ok
[INFO] [stdout] test projects::slots::parsing::test::parse_id_001_correct ... ok
[INFO] [stdout] test projects::slots::parsing::test::parse_id_099_correct ... ok
[INFO] [stdout] test projects::slots::parsing::test::test_parse_gain_bad_value_type_default_return ... ok
[INFO] [stdout] test projects::slots::parsing::test::test_parse_id_err_bad_value_type_err ... ok
[INFO] [stdout] test projects::slots::parsing::test::test_parse_loop_mode_bad_value_type_default_return ... ok
[INFO] [stdout] test projects::slots::parsing::test::test_parse_gain_correct ... ok
[INFO] [stdout] test projects::slots::new_slot_attributes::invalid_tempo_too_low ... ok
[INFO] [stdout] test projects::slots::new_slot_attributes::invalid_slot_id_too_high_flex ... ok
[INFO] [stdout] test projects::slots::parsing::test::test_parse_loop_mode_correct_pingpong ... ok
[INFO] [stdout] test projects::slots::parsing::test::test_parse_loop_mode_correct_normal ... ok
[INFO] [stdout] test projects::slots::new_slot_attributes::invalid_slot_id_too_high_static ... ok
[INFO] [stdout] test projects::slots::parsing::test::parse_id_127_correct ... ok
[INFO] [stdout] test projects::slots::parsing::test::parse_id_010_correct ... ok
[INFO] [stdout] test projects::slots::new_slot_attributes::invalid_slot_id_too_low_static ... ok
[INFO] [stdout] test projects::slots::parsing::test::test_parse_tempo_bad_value_type_default_return ... ok
[INFO] [stdout] test projects::slots::parsing::test::test_parse_empty_path ... ok
[INFO] [stdout] test projects::slots::parsing::test::test_parse_non_utf8_path ... ok
[INFO] [stdout] test projects::slots::parsing::test::test_parse_tempo_correct_min ... ok
[INFO] [stdout] test projects::slots::parsing::test::test_parse_tquantize_correct_direct ... ok
[INFO] [stdout] test projects::slots::parsing::test::test_parse_tquantize_correct_off ... ok
[INFO] [stdout] test projects::slots::parsing::test::test_parse_tstretch_bad_value_type_default_return ... ok
[INFO] [stdout] test projects::slots::parsing::test::test_parse_tstretch_correct_beat ... ok
[INFO] [stdout] test projects::slots::parsing::test::test_parse_tquantize_correct_twostep ... ok
[INFO] [stdout] test projects::slots::parsing::test::test_parse_tquantize_bad_value_type_default_return ... ok
[INFO] [stdout] test projects::slots::parsing::test::test_parse_tquantize_correct_threestep ... ok
[INFO] [stdout] test projects::slots::parsing::test_slot_attr_display::valid_full ... ok
[INFO] [stdout] test projects::slots::parsing::test::test_parse_tempo_correct_default ... ok
[INFO] [stdout] test projects::slots::parsing::test::test_parse_tstretch_correct_normal ... ok
[INFO] [stdout] test projects::slots::parsing::test::test_parse_tstretch_correct_off ... ok
[INFO] [stdout] test projects::slots::parsing::test::parse_id_1_correct ... ok
[INFO] [stdout] test projects::test_project_section::to_string::section_heading_value_meta ... ok
[INFO] [stdout] test projects::slots::parsing::test::test_parse_path_good_utf8_value ... ok
[INFO] [stdout] test projects::test_project_section::try_from_str::lowercase_samples ... ok
[INFO] [stdout] test projects::test_project_section::to_string::section_heading_value_samples ... ok
[INFO] [stdout] test projects::test_project_section::try_from_str::lowercase_settings ... ok
[INFO] [stdout] test projects::test_project_section::to_string::section_heading_value_settings ... ok
[INFO] [stdout] test projects::test_project_section::try_from_str::no_match_is_err ... ok
[INFO] [stdout] test projects::test_project_section::to_string::section_heading_value_states ... ok
[INFO] [stdout] test projects::test_project_section::try_from_str::lowercase_meta ... ok
[INFO] [stdout] test projects::slots::parsing::test::test_parse_tquantize_correct_fourstep ... ok
[INFO] [stdout] test projects::slots::parsing::test::test_parse_loop_mode_correct_off ... ok
[INFO] [stdout] test projects::test_project_section::try_from_str::uppercase_samples ... ok
[INFO] [stdout] test projects::slots::parsing::test::test_parse_tempo_correct_max ... ok
[INFO] [stdout] test projects::test_project_section::try_from_string::uppercase_samples ... ok
[INFO] [stdout] test projects::test_project_section::try_from_string::uppercase_settings ... ok
[INFO] [stdout] test projects::test_project_section::try_from_str::uppercase_settings ... ok
[INFO] [stdout] test projects::test_project_section::try_from_string::lowercase_settings ... ok
[INFO] [stdout] test projects::slots::parsing::test_slot_attr_display::valid_minimal ... ok
[INFO] [stdout] test projects::test_project_section::try_from_str::uppercase_states ... ok
[INFO] [stdout] test projects::test_project_section::try_from_string::lowercase_states ... ok
[INFO] [stdout] test projects::tests::test_to_string_debug::test_metadata_to_string ... ok
[INFO] [stdout] test projects::tests::test_to_string_debug::test_sample_slots_to_string ... ok
[INFO] [stdout] test projects::test_project_section::try_from_string::lowercase_meta ... ok
[INFO] [stdout] test projects::test_project_section::try_from_string::no_match_is_err ... ok
[INFO] [stdout] test projects::tests::test_to_string_debug::test_settings_to_string ... ok
[INFO] [stdout] test projects::tests::test_to_string_display::test_metadata_to_string ... ok
[INFO] [stdout] test projects::test_project_section::try_from_string::uppercase_states ... ok
[INFO] [stdout] test projects::tests::test_to_string_display::test_full_to_string ... ok
[INFO] [stdout] test projects::tests::test_to_string_display::test_sample_slots_to_string ... ok
[INFO] [stdout] test projects::tests::test_to_string_display::test_settings_to_string ... ok
[INFO] [stdout] test projects::tests::test_to_string_debug::test_full_to_string ... ok
[INFO] [stdout] test projects::test_project_section::try_from_string::lowercase_samples ... ok
[INFO] [stdout] test projects::test_project_section::try_from_string::uppercase_meta ... ok
[INFO] [stdout] test samples::checksum_field::files::eight_slices ... FAILED
[INFO] [stdout] test projects::test_project_section::try_from_str::lowercase_states ... ok
[INFO] [stdout] test parts::tracks::audio::audio_track_machines_params_setup_thru::default ... FAILED
[INFO] [stdout] test samples::checksum_field::files::forty_eight_slices ... FAILED
[INFO] [stdout] test samples::checksum_field::files::four_slices ... FAILED
[INFO] [stdout] test samples::checksum_field::files::sixteen_slices ... FAILED
[INFO] [stdout] test projects::test_project_section::try_from_str::uppercase_meta ... ok
[INFO] [stdout] test read_bin_file::err_file_io ... ok
[INFO] [stdout] test samples::checksum_field::files::sixty_four_slices_correct ... FAILED
[INFO] [stdout] test samples::checksum_field::files::sixty_three_slices ... FAILED
[INFO] [stdout] test samples::checksum_field::files::sixty_two_slices ... FAILED
[INFO] [stdout] test samples::checksum_field::files::thirty_two_slices ... FAILED
[INFO] [stdout] test read_bin_file::ok ... FAILED
[INFO] [stdout] test samples::checksum_field::files::two_slices ... FAILED
[INFO] [stdout] test samples::checksum_field::files::zero_slices ... FAILED
[INFO] [stdout] test samples::checksum_field::files::zero_slices_trig_quant_one_step ... FAILED
[INFO] [stdout] test samples::checksum_field::valid ... ok
[INFO] [stdout] test samples::checksum_field::invalid ... ok
[INFO] [stdout] test projects::tests::test_to_string_display::test_states_to_string ... ok
[INFO] [stdout] test read_str_file::ok ... FAILED
[INFO] [stdout] test read_str_file::err_file_io ... ok
[INFO] [stdout] test samples::header_field::valid ... ok
[INFO] [stdout] test samples::new::invalid_oob_gain ... ok
[INFO] [stdout] test samples::to_slot_attrs::basic_static ... ok
[INFO] [stdout] test samples::checksum_field::files::one_slice ... FAILED
[INFO] [stdout] test samples::file_version_field::valid ... ok
[INFO] [stdout] test samples::from_bytes::valid ... FAILED
[INFO] [stdout] test samples::file_version_field::invalid ... ok
[INFO] [stdout] test samples::to_slot_attrs::invalid_flex_slot_id_0 ... ok
[INFO] [stdout] test samples::to_slot_attrs::basic_flex ... ok
[INFO] [stdout] test samples::to_slot_attrs::invalid_flex_slot_id_137 ... ok
[INFO] [stdout] test samples::sample_settings_from::from_borrowed_valid ... ok
[INFO] [stdout] test samples::header_field::invalid ... ok
[INFO] [stdout] test samples::new::invalid_oob_temp_high ... ok
[INFO] [stdout] test samples::to_slot_attrs::invalid_static_slot_id_129 ... ok
[INFO] [stdout] test samples::validate::err_chksum ... ok
[INFO] [stdout] test samples::to_bytes::valid ... FAILED
[INFO] [stdout] test samples::to_slot_attrs::invalid_static_slot_id_0 ... ok
[INFO] [stdout] test samples::validate::err_header ... ok
[INFO] [stdout] test samples::validate::err_file_version ... ok
[INFO] [stdout] test samples::validate::err_loop ... ok
[INFO] [stdout] test samples::validate::err_quant ... ok
[INFO] [stdout] test settings::ot_time_stretch_mode::from_value::test_beat_from_value ... ok
[INFO] [stdout] test settings::ot_loop_mode::from_value::test_off_from_value ... ok
[INFO] [stdout] test settings::ot_loop_mode::value::test_off_value ... ok
[INFO] [stdout] test settings::ot_time_stretch_mode::from_value::test_off_from_value ... ok
[INFO] [stdout] test settings::ot_time_stretch_mode::value::test_beat_value ... ok
[INFO] [stdout] test settings::ot_time_stretch_mode::value::test_normal_value ... ok
[INFO] [stdout] test settings::ot_time_stretch_mode::value::test_off_value ... ok
[INFO] [stdout] test settings::ot_trig_quantize_mode::from_value::test_1 ... ok
[INFO] [stdout] test settings::ot_trig_quantize_mode::from_value::test_12 ... ok
[INFO] [stdout] test settings::ot_trig_quantize_mode::from_value::test_128 ... ok
[INFO] [stdout] test settings::ot_trig_quantize_mode::from_value::test_16 ... ok
[INFO] [stdout] test settings::ot_trig_quantize_mode::from_value::test_192 ... ok
[INFO] [stdout] test samples::validate::ok ... ok
[INFO] [stdout] test settings::ot_time_stretch_mode::from_value::test_error ... ok
[INFO] [stdout] test settings::ot_loop_mode::from_value::test_beat_from_value ... ok
[INFO] [stdout] test settings::ot_time_stretch_mode::from_value::test_normal_from_value ... ok
[INFO] [stdout] test settings::ot_trig_quantize_mode::from_value::test_2 ... ok
[INFO] [stdout] test settings::ot_loop_mode::value::test_normal_value ... ok
[INFO] [stdout] test settings::ot_loop_mode::from_value::test_error ... ok
[INFO] [stdout] test settings::ot_loop_mode::from_value::test_normal_from_value ... ok
[INFO] [stdout] test settings::ot_loop_mode::value::test_beat_value ... ok
[INFO] [stdout] test settings::ot_trig_quantize_mode::from_value::test_64 ... ok
[INFO] [stdout] test settings::ot_trig_quantize_mode::from_value::test_3 ... ok
[INFO] [stdout] test settings::ot_trig_quantize_mode::from_value::test_32 ... ok
[INFO] [stdout] test settings::ot_trig_quantize_mode::from_value::test_error ... ok
[INFO] [stdout] test settings::ot_trig_quantize_mode::from_value::test_8 ... ok
[INFO] [stdout] test settings::ot_trig_quantize_mode::from_value::test_24 ... ok
[INFO] [stdout] test settings::ot_trig_quantize_mode::from_value::test_96 ... ok
[INFO] [stdout] test settings::ot_trig_quantize_mode::from_value::test_patternlen ... ok
[INFO] [stdout] test settings::ot_trig_quantize_mode::value::test_1 ... ok
[INFO] [stdout] test settings::ot_trig_quantize_mode::from_value::test_48 ... ok
[INFO] [stdout] test settings::ot_trig_quantize_mode::from_value::test_256 ... ok
[INFO] [stdout] test settings::ot_trig_quantize_mode::from_value::test_direct ... ok
[INFO] [stdout] test settings::ot_trig_quantize_mode::value::test_192 ... ok
[INFO] [stdout] test projects::slots::parsing::test::test_parse_tquantize_correct_onestep ... ok
[INFO] [stdout] test samples::new::invalid_oob_temp_low ... ok
[INFO] [stdout] test samples::sample_settings_from::from_owned_valid ... ok
[INFO] [stdout] test samples::validate::err_stretch ... ok
[INFO] [stdout] test settings::ot_trig_quantize_mode::from_value::test_4 ... ok
[INFO] [stdout] test settings::ot_trig_quantize_mode::value::test_256 ... ok
[INFO] [stdout] test settings::ot_trig_quantize_mode::value::test_64 ... ok
[INFO] [stdout] test settings::ot_trig_quantize_mode::value::test_6 ... ok
[INFO] [stdout] test settings::ot_trig_quantize_mode::value::test_3 ... ok
[INFO] [stdout] test settings::ot_trig_quantize_mode::value::test_8 ... ok
[INFO] [stdout] test settings::ot_trig_quantize_mode::value::test_4 ... ok
[INFO] [stdout] test settings::ot_trig_quantize_mode::value::test_12 ... ok
[INFO] [stdout] test settings::ot_trig_quantize_mode::value::test_48 ... ok
[INFO] [stdout] test settings::ot_trig_quantize_mode::value::test_96 ... ok
[INFO] [stdout] test settings::ot_trig_quantize_mode::value::test_direct ... ok
[INFO] [stdout] test settings::ot_trig_quantize_mode::value::test_128 ... ok
[INFO] [stdout] test settings::ot_trig_quantize_mode::value::test_2 ... ok
[INFO] [stdout] test settings::ot_trig_quantize_mode::value::test_patternlen ... ok
[INFO] [stdout] test settings::ot_trig_quantize_mode::value::test_24 ... ok
[INFO] [stdout] test patterns::tracks::midi::midi_track_trigs_header::default_invalid ... ok
[INFO] [stdout] test settings::ot_trig_quantize_mode::value::test_16 ... ok
[INFO] [stdout] test settings::ot_trig_quantize_mode::value::test_32 ... ok
[INFO] [stdout] test settings::slot_type::from_value::test_static_lower ... ok
[INFO] [stdout] test settings::slot_type::from_value::test_static_upper ... ok
[INFO] [stdout] test settings::slot_type::other::static_slot ... ok
[INFO] [stdout] test settings::test_spec::from_value::test_13 ... ok
[INFO] [stdout] test projects::slots::new_slot_attributes::invalid_tempo_too_high ... ok
[INFO] [stdout] test settings::test_spec::from_value::test_12 ... ok
[INFO] [stdout] test settings::test_spec::from_value::test_16 ... ok
[INFO] [stdout] test settings::test_spec::from_value::test_14 ... ok
[INFO] [stdout] test settings::slot_type::value::test_flex ... ok
[INFO] [stdout] test settings::slot_type::from_value::test_error ... ok
[INFO] [stdout] test settings::slot_type::from_value::test_flex_lower ... ok
[INFO] [stdout] test settings::slot_type::from_value::test_flex_upper ... ok
[INFO] [stdout] test settings::test_spec::from_value::test_2 ... ok
[INFO] [stdout] test settings::test_spec::from_value::test_4 ... ok
[INFO] [stdout] test settings::test_spec::from_value::test_6 ... ok
[INFO] [stdout] test settings::test_spec::from_value::test_1 ... ok
[INFO] [stdout] test settings::slot_type::other::flex_slot ... ok
[INFO] [stdout] test settings::test_spec::from_value::test_10 ... ok
[INFO] [stdout] test settings::test_spec::from_value::test_15 ... ok
[INFO] [stdout] test settings::slot_type::value::test_static ... ok
[INFO] [stdout] test settings::test_spec::value::test_11 ... ok
[INFO] [stdout] test settings::test_spec::from_value::test_11 ... ok
[INFO] [stdout] test settings::test_spec::value::test_12 ... ok
[INFO] [stdout] test settings::test_spec::from_value::test_7 ... ok
[INFO] [stdout] test settings::test_spec::from_value::test_9 ... ok
[INFO] [stdout] test settings::test_spec::from_value::test_5 ... ok
[INFO] [stdout] test settings::test_spec::from_value::test_error_1 ... ok
[INFO] [stdout] test settings::test_spec::from_value::test_8 ... ok
[INFO] [stdout] test settings::test_spec::from_value::test_auto ... ok
[INFO] [stdout] test settings::test_spec::value::test_3 ... ok
[INFO] [stdout] test settings::test_spec::value::test_4 ... ok
[INFO] [stdout] test settings::test_spec::value::test_8 ... ok
[INFO] [stdout] test settings::test_spec::value::test_auto ... ok
[INFO] [stdout] test settings::test_spec::value::test_1 ... ok
[INFO] [stdout] test settings::test_spec::value::test_15 ... ok
[INFO] [stdout] test settings::test_spec::from_value::test_3 ... ok
[INFO] [stdout] test settings::test_spec::value::test_10 ... ok
[INFO] [stdout] test settings::test_spec_trig_condition::from_value::fill ... ok
[INFO] [stdout] test settings::test_spec::value::test_6 ... ok
[INFO] [stdout] test settings::test_spec::value::test_7 ... ok
[INFO] [stdout] test settings::test_spec::value::test_9 ... ok
[INFO] [stdout] test settings::test_spec_trig_condition::from_value::nei ... ok
[INFO] [stdout] test settings::test_spec::value::test_13 ... ok
[INFO] [stdout] test settings::test_spec_trig_condition::from_value::none ... ok
[INFO] [stdout] test settings::test_spec::value::test_14 ... ok
[INFO] [stdout] test settings::test_spec::value::test_5 ... ok
[INFO] [stdout] test settings::test_spec::value::test_16 ... ok
[INFO] [stdout] test settings::test_spec_trig_condition::from_value::pat_t1r2 ... ok
[INFO] [stdout] test settings::test_spec_trig_condition::from_value::pat_t1r3 ... ok
[INFO] [stdout] test settings::test_spec_trig_condition::from_value::pat_t1r5 ... ok
[INFO] [stdout] test settings::test_spec_trig_condition::from_value::notpre ... ok
[INFO] [stdout] test settings::test_spec_trig_condition::from_value::pat_t1r7 ... ok
[INFO] [stdout] test settings::test_spec_trig_condition::from_value::pat_t2r2 ... ok
[INFO] [stdout] test settings::test_spec_trig_condition::from_value::notfirst ... ok
[INFO] [stdout] test settings::test_spec_trig_condition::from_value::notfill ... ok
[INFO] [stdout] test settings::test_spec_trig_condition::from_value::pat_t1r6 ... ok
[INFO] [stdout] test settings::test_spec_trig_condition::from_value::notnei ... ok
[INFO] [stdout] test settings::test_spec_trig_condition::from_value::pat_t1r4 ... ok
[INFO] [stdout] test settings::test_spec::value::test_2 ... ok
[INFO] [stdout] test settings::test_spec_trig_condition::from_value::pat_t2r3 ... ok
[INFO] [stdout] test settings::test_spec_trig_condition::from_value::first ... ok
[INFO] [stdout] test settings::test_spec_trig_condition::from_value::pat_t1r8 ... ok
[INFO] [stdout] test settings::test_spec_trig_condition::from_value::pat_t2r4 ... ok
[INFO] [stdout] test settings::test_spec_trig_condition::from_value::pat_t2r8 ... ok
[INFO] [stdout] test settings::test_spec_trig_condition::from_value::pat_t3r4 ... ok
[INFO] [stdout] test settings::test_spec_trig_condition::from_value::pat_t4r6 ... ok
[INFO] [stdout] test settings::test_spec_trig_condition::from_value::pat_t2r5 ... ok
[INFO] [stdout] test settings::test_spec_trig_condition::from_value::pat_t5r5 ... ok
[INFO] [stdout] test settings::test_spec_trig_condition::from_value::pat_t5r6 ... ok
[INFO] [stdout] test settings::test_spec_trig_condition::from_value::pat_t5r7 ... ok
[INFO] [stdout] test settings::test_spec_trig_condition::from_value::pat_t3r5 ... ok
[INFO] [stdout] test settings::test_spec_trig_condition::from_value::pat_t3r6 ... ok
[INFO] [stdout] test settings::test_spec_trig_condition::from_value::pat_t2r7 ... ok
[INFO] [stdout] test settings::test_spec_trig_condition::from_value::pat_t3r3 ... ok
[INFO] [stdout] test settings::test_spec_trig_condition::from_value::pat_t5r8 ... ok
[INFO] [stdout] test settings::test_spec_trig_condition::from_value::pat_t3r7 ... ok
[INFO] [stdout] test settings::test_spec_trig_condition::from_value::pat_t6r6 ... ok
[INFO] [stdout] test settings::test_spec_trig_condition::from_value::pat_t6r7 ... ok
[INFO] [stdout] test settings::test_spec_trig_condition::from_value::pat_t4r4 ... ok
[INFO] [stdout] test projects::tests::test_to_string_debug::test_states_to_string ... ok
[INFO] [stdout] test settings::test_spec_trig_condition::from_value::pat_t4r7 ... ok
[INFO] [stdout] test settings::test_spec_trig_condition::from_value::pat_t4r8 ... ok
[INFO] [stdout] test settings::test_spec_trig_condition::from_value::pat_t2r6 ... ok
[INFO] [stdout] test settings::test_spec_trig_condition::from_value::perc2 ... ok
[INFO] [stdout] test settings::test_spec_trig_condition::from_value::perc33 ... ok
[INFO] [stdout] test settings::test_spec_trig_condition::from_value::perc41 ... ok
[INFO] [stdout] test settings::test_spec_trig_condition::from_value::perc25 ... ok
[INFO] [stdout] test settings::test_spec_trig_condition::from_value::perc4 ... ok
[INFO] [stdout] test settings::test_spec_trig_condition::from_value::perc13 ... ok
[INFO] [stdout] test settings::test_spec_trig_condition::from_value::pat_t6r8 ... ok
[INFO] [stdout] test settings::test_spec_trig_condition::from_value::pat_t3r8 ... ok
[INFO] [stdout] test settings::test_spec_trig_condition::from_value::pat_t7r8 ... ok
[INFO] [stdout] test settings::test_spec_trig_condition::from_value::pat_t8r8 ... ok
[INFO] [stdout] test settings::test_spec_trig_condition::from_value::perc1 ... ok
[INFO] [stdout] test settings::test_spec_trig_condition::from_value::perc19 ... ok
[INFO] [stdout] test settings::test_spec_trig_condition::from_value::pat_t7r7 ... ok
[INFO] [stdout] test settings::test_spec_trig_condition::from_value::pre ... ok
[INFO] [stdout] test settings::test_spec_trig_condition::from_value::perc81 ... ok
[INFO] [stdout] test settings::test_spec_trig_condition::from_value::perc96 ... ok
[INFO] [stdout] test settings::test_spec_trig_condition::from_value::perc59 ... ok
[INFO] [stdout] test settings::test_spec_trig_condition::from_value::perc6 ... ok
[INFO] [stdout] test settings::test_spec_trig_condition::from_value::perc67 ... ok
[INFO] [stdout] test settings::test_spec_trig_condition::from_value::perc75 ... ok
[INFO] [stdout] test settings::test_spec_trig_condition::from_value::perc87 ... ok
[INFO] [stdout] test settings::test_spec_trig_condition::get_value::nei ... ok
[INFO] [stdout] test settings::test_spec_trig_condition::get_value::notfirst ... ok
[INFO] [stdout] test settings::test_spec_trig_condition::get_value::none ... ok
[INFO] [stdout] test settings::test_spec_trig_condition::from_value::perc9 ... ok
[INFO] [stdout] test settings::test_spec_trig_condition::from_value::perc91 ... ok
[INFO] [stdout] test settings::test_spec_trig_condition::from_value::perc94 ... ok
[INFO] [stdout] test settings::test_spec_trig_condition::get_value::pat_t1r3 ... ok
[INFO] [stdout] test settings::test_spec_trig_condition::from_value::perc98 ... ok
[INFO] [stdout] test settings::test_spec_trig_condition::get_value::pat_t1r8 ... ok
[INFO] [stdout] test settings::test_spec_trig_condition::from_value::perc50 ... ok
[INFO] [stdout] test settings::test_spec_trig_condition::from_value::perc99 ... ok
[INFO] [stdout] test settings::test_spec_trig_condition::get_value::fill ... ok
[INFO] [stdout] test settings::test_spec_trig_condition::get_value::pat_t2r3 ... ok
[INFO] [stdout] test settings::test_spec_trig_condition::get_value::pat_t1r4 ... ok
[INFO] [stdout] test settings::test_spec_trig_condition::get_value::pat_t2r5 ... ok
[INFO] [stdout] test settings::test_spec_trig_condition::get_value::pat_t2r2 ... ok
[INFO] [stdout] test settings::test_spec_trig_condition::get_value::pat_t2r6 ... ok
[INFO] [stdout] test settings::test_spec_trig_condition::get_value::pat_t2r7 ... ok
[INFO] [stdout] test settings::test_spec_trig_condition::get_value::pat_t2r8 ... ok
[INFO] [stdout] test settings::test_spec_trig_condition::get_value::pat_t1r5 ... ok
[INFO] [stdout] test settings::test_spec_trig_condition::get_value::notnei ... ok
[INFO] [stdout] test settings::test_spec_trig_condition::get_value::pat_t1r6 ... ok
[INFO] [stdout] test settings::test_spec_trig_condition::get_value::pat_t3r6 ... ok
[INFO] [stdout] test settings::test_spec_trig_condition::get_value::pat_t1r2 ... ok
[INFO] [stdout] test settings::test_spec_trig_condition::get_value::pat_t4r4 ... ok
[INFO] [stdout] test settings::test_spec_trig_condition::get_value::pat_t3r8 ... ok
[INFO] [stdout] test settings::test_spec_trig_condition::get_value::pat_t1r7 ... ok
[INFO] [stdout] test settings::test_spec_trig_condition::get_value::notpre ... ok
[INFO] [stdout] test settings::test_spec_trig_condition::get_value::pat_t4r5 ... ok
[INFO] [stdout] test settings::test_spec_trig_condition::get_value::pat_t4r6 ... ok
[INFO] [stdout] test settings::test_spec_trig_condition::get_value::pat_t5r7 ... ok
[INFO] [stdout] test settings::test_spec_trig_condition::get_value::pat_t5r8 ... ok
[INFO] [stdout] test settings::test_spec_trig_condition::get_value::pat_t6r6 ... ok
[INFO] [stdout] test settings::test_spec_trig_condition::get_value::pat_t3r5 ... ok
[INFO] [stdout] test settings::test_spec_trig_condition::get_value::pat_t3r3 ... ok
[INFO] [stdout] test settings::test_spec_trig_condition::get_value::pat_t6r7 ... ok
[INFO] [stdout] test settings::test_spec_trig_condition::get_value::pat_t3r4 ... ok
[INFO] [stdout] test settings::test_spec_trig_condition::get_value::pat_t4r7 ... ok
[INFO] [stdout] test settings::test_spec_trig_condition::get_value::pat_t5r6 ... ok
[INFO] [stdout] test settings::test_spec_trig_condition::get_value::perc19 ... ok
[INFO] [stdout] test settings::test_spec_trig_condition::get_value::pat_t4r8 ... ok
[INFO] [stdout] test settings::test_spec_trig_condition::get_value::perc2 ... ok
[INFO] [stdout] test settings::test_spec_trig_condition::get_value::pat_t5r5 ... ok
[INFO] [stdout] test settings::test_spec_trig_condition::get_value::pat_t6r8 ... ok
[INFO] [stdout] test settings::test_spec_trig_condition::get_value::pat_t7r7 ... ok
[INFO] [stdout] test settings::test_spec_trig_condition::get_value::perc33 ... ok
[INFO] [stdout] test settings::test_spec_trig_condition::get_value::perc25 ... ok
[INFO] [stdout] test settings::test_spec_trig_condition::get_value::perc67 ... ok
[INFO] [stdout] test settings::test_spec_trig_condition::get_value::pat_t3r7 ... ok
[INFO] [stdout] test settings::test_spec_trig_condition::get_value::pat_t7r8 ... ok
[INFO] [stdout] test settings::test_spec_trig_condition::get_value::pat_t2r4 ... ok
[INFO] [stdout] test settings::test_spec_trig_condition::get_value::perc1 ... ok
[INFO] [stdout] test settings::test_spec_trig_condition::get_value::perc13 ... ok
[INFO] [stdout] test settings::test_spec_trig_condition::get_value::pat_t8r8 ... ok
[INFO] [stdout] test settings::test_spec_trig_condition::get_value::perc50 ... ok
[INFO] [stdout] test settings::test_spec_trig_condition::get_value::perc6 ... ok
[INFO] [stdout] test settings::test_spec_trig_condition::get_value::perc59 ... ok
[INFO] [stdout] test settings::test_spec_trig_condition::get_value::perc87 ... ok
[INFO] [stdout] test settings::test_spec_trig_condition::get_value::perc75 ... ok
[INFO] [stdout] test settings::test_spec_trig_condition::get_value::perc4 ... ok
[INFO] [stdout] test settings::test_spec_trig_condition::get_value::perc81 ... ok
[INFO] [stdout] test slices::deinit::ok ... ok
[INFO] [stdout] test settings::test_spec_trig_condition::get_value::perc98 ... ok
[INFO] [stdout] test slices::test::err_loop_end ... ok
[INFO] [stdout] test settings::test_spec_trig_condition::get_value::perc41 ... ok
[INFO] [stdout] test settings::test_spec_trig_condition::get_value::perc9 ... ok
[INFO] [stdout] test slices::test::ok_loop_point ... ok
[INFO] [stdout] test slices::test::ok_no_offset_no_loop ... ok
[INFO] [stdout] test slices::test::ok_offset_100_no_loop ... ok
[INFO] [stdout] test slices::test::err_trim ... ok
[INFO] [stdout] test write_str_file::err_file_io ... ok
[INFO] [stdout] test slices::test::ok_offset_100_with_loop_200 ... ok
[INFO] [stdout] test settings::test_spec_trig_condition::get_value::perc96 ... ok
[INFO] [stdout] test settings::test_spec_trig_condition::get_value::perc91 ... ok
[INFO] [stdout] test settings::test_spec_trig_condition::get_value::perc94 ... ok
[INFO] [stdout] test settings::test_spec_trig_condition::get_value::perc99 ... ok
[INFO] [stdout] test settings::test_spec_trig_condition::get_value::pre ... ok
[INFO] [stdout] test write_bin_file::err_file_io ... ok
[INFO] [stdout] test write_bin_file::ok ... ok
[INFO] [stdout] test write_str_file::ok ... ok
[INFO] [stdout] test settings::ot_trig_quantize_mode::from_value::test_6 ... ok
[INFO] [stdout] test settings::test_spec_trig_condition::from_value::pat_t4r5 ... ok
[INFO] [stdout] test settings::test_spec_trig_condition::get_value::first ... ok
[INFO] [stdout] test settings::test_spec_trig_condition::get_value::notfill ... ok
[INFO] [stdout] 
[INFO] [stdout] failures:
[INFO] [stdout] 
[INFO] [stdout] ---- arrangements::file::checksum_field::files::no_saved_flag stdout ----
[INFO] [stdout] Error: FileOs { source: Os { code: 2, kind: NotFound, message: "No such file or directory" }, path: "test-data/arrange/no-saved-flag.work" }
[INFO] [stdout] 
[INFO] [stdout] ---- arrangements::file::checksum_field::files::blank stdout ----
[INFO] [stdout] Error: FileOs { source: Os { code: 2, kind: NotFound, message: "No such file or directory" }, path: "test-data/arrange/blank.work" }
[INFO] [stdout] 
[INFO] [stdout] ---- arrangements::file::checksum_field::files::blank_samename_saved stdout ----
[INFO] [stdout] Error: FileOs { source: Os { code: 2, kind: NotFound, message: "No such file or directory" }, path: "test-data/arrange/blank-samename-saved-chktest.work" }
[INFO] [stdout] 
[INFO] [stdout] ---- arrangements::file::checksum_field::files::one_pattern stdout ----
[INFO] [stdout] Error: FileOs { source: Os { code: 2, kind: NotFound, message: "No such file or directory" }, path: "test-data/arrange/1-pattern.work" }
[INFO] [stdout] 
[INFO] [stdout] ---- arrangements::file::checksum_field::files::two_rem_row_wtext stdout ----
[INFO] [stdout] Error: FileOs { source: Os { code: 2, kind: NotFound, message: "No such file or directory" }, path: "test-data/arrange/2-rem-CHAIN-txt.work" }
[INFO] [stdout] 
[INFO] [stdout] ---- arrangements::file::checksum_field::files::one_pattern_1_loop stdout ----
[INFO] [stdout] Error: FileOs { source: Os { code: 2, kind: NotFound, message: "No such file or directory" }, path: "test-data/arrange/1-patt-1-loop.work" }
[INFO] [stdout] 
[INFO] [stdout] ---- arrangements::file::checksum_field::files::blank_diffname2 stdout ----
[INFO] [stdout] Error: FileOs { source: Os { code: 2, kind: NotFound, message: "No such file or directory" }, path: "test-data/arrange/blank-diffname2.work" }
[INFO] [stdout] 
[INFO] [stdout] ---- arrangements::file::checksum_field::files::one_rem_row_wtext stdout ----
[INFO] [stdout] Error: FileOs { source: Os { code: 2, kind: NotFound, message: "No such file or directory" }, path: "test-data/arrange/1-rem-CHAIN-txt.work" }
[INFO] [stdout] 
[INFO] [stdout] ---- arrangements::file::checksum_field::files::four_patterns stdout ----
[INFO] [stdout] Error: FileOs { source: Os { code: 2, kind: NotFound, message: "No such file or directory" }, path: "test-data/arrange/4-patterns.work" }
[INFO] [stdout] 
[INFO] [stdout] ---- arrangements::file::checksum_field::files::blank_samename_unsaved stdout ----
[INFO] [stdout] Error: FileOs { source: Os { code: 2, kind: NotFound, message: "No such file or directory" }, path: "test-data/arrange/blank-samename-unsaved-chktest.work" }
[INFO] [stdout] 
[INFO] [stdout] ---- arrangements::file::checksum_field::files::with_saved_flag stdout ----
[INFO] [stdout] Error: FileOs { source: Os { code: 2, kind: NotFound, message: "No such file or directory" }, path: "test-data/arrange/with-saved-flag.work" }
[INFO] [stdout] 
[INFO] [stdout] ---- arrangements::file::from_bytes::valid stdout ----
[INFO] [stdout] Error: FileOs { source: Os { code: 2, kind: NotFound, message: "No such file or directory" }, path: "test-data/arrange/blank.work" }
[INFO] [stdout] 
[INFO] [stdout] ---- arrangements::file::checksum_field::files::blank_diffname1 stdout ----
[INFO] [stdout] Error: FileOs { source: Os { code: 2, kind: NotFound, message: "No such file or directory" }, path: "test-data/arrange/blank-diffname1.work" }
[INFO] [stdout] 
[INFO] [stdout] ---- arrangements::file::checksum_field::files::full_options stdout ----
[INFO] [stdout] Error: FileOs { source: Os { code: 2, kind: NotFound, message: "No such file or directory" }, path: "test-data/arrange/full-options.work" }
[INFO] [stdout] 
[INFO] [stdout] ---- arrangements::file::to_bytes::valid stdout ----
[INFO] [stdout] Error: FileOs { source: Os { code: 2, kind: NotFound, message: "No such file or directory" }, path: "test-data/arrange/blank.work" }
[INFO] [stdout] 
[INFO] [stdout] ---- arrangements::file::checksum_field::files::full_options_no_rems stdout ----
[INFO] [stdout] Error: FileOs { source: Os { code: 2, kind: NotFound, message: "No such file or directory" }, path: "test-data/arrange/full-options-no-rems.work" }
[INFO] [stdout] 
[INFO] [stdout] ---- arrangements::file::checksum_field::files::blank_project_file stdout ----
[INFO] [stdout] Error: FileOs { source: Os { code: 2, kind: NotFound, message: "No such file or directory" }, path: "test-data/blank-project/arr01.work" }
[INFO] [stdout] 
[INFO] [stdout] ---- arrangements::file::checksum_field::files::one_rem_row_notext stdout ----
[INFO] [stdout] Error: FileOs { source: Os { code: 2, kind: NotFound, message: "No such file or directory" }, path: "test-data/arrange/1-rem-blank-txt.work" }
[INFO] [stdout] 
[INFO] [stdout] ---- arrangements::file::checksum_field::files::one_halt stdout ----
[INFO] [stdout] Error: FileOs { source: Os { code: 2, kind: NotFound, message: "No such file or directory" }, path: "test-data/arrange/1-halt.work" }
[INFO] [stdout] 
[INFO] [stdout] ---- arrangements::file::checksum_field::files::one_pattern_1_jump_1_loop stdout ----
[INFO] [stdout] Error: FileOs { source: Os { code: 2, kind: NotFound, message: "No such file or directory" }, path: "test-data/arrange/1-patt-1-jump-1-loop.work" }
[INFO] [stdout] 
[INFO] [stdout] ---- arrangements::file::is_default::false_modified_file stdout ----
[INFO] [stdout] 
[INFO] [stdout] thread 'arrangements::file::is_default::false_modified_file' (1290) panicked at src/arrangements/file.rs:192:14:
[INFO] [stdout] called `Result::unwrap()` on an `Err` value: FileOs { source: Os { code: 2, kind: NotFound, message: "No such file or directory" }, path: "test-data/arrange/full-options.work" }
[INFO] [stdout] stack backtrace:
[INFO] [stdout]    0:     0x6252040fb8f1 - <<std[70759c8f55707aa4]::sys::backtrace::BacktraceLock>::print::DisplayBacktrace as core[df12db4294e9bfd3]::fmt::Display>::fmt
[INFO] [stdout]    1:     0x6252041126da - core[df12db4294e9bfd3]::fmt::write
[INFO] [stdout]    2:     0x6252040ffdcc - <alloc[2182bb758b4b3781]::vec::Vec<u8> as core[df12db4294e9bfd3]::io::write::Write>::write_fmt
[INFO] [stdout]    3:     0x6252040d7106 - std[70759c8f55707aa4]::panicking::default_hook::{closure#0}
[INFO] [stdout]    4:     0x6252040f3ef9 - std[70759c8f55707aa4]::panicking::default_hook
[INFO] [stdout]    5:     0x62520408ef20 - test[9d35eded1c95d3be]::test_main_inner::<test[9d35eded1c95d3be]::test_main_static::{closure#0}>::{closure#0}
[INFO] [stdout]    6:     0x6252040f40b2 - std[70759c8f55707aa4]::panicking::panic_with_hook
[INFO] [stdout]    7:     0x6252040d71b2 - std[70759c8f55707aa4]::panicking::panic_handler::{closure#0}
[INFO] [stdout]    8:     0x6252040cfe19 - std[70759c8f55707aa4]::sys::backtrace::__rust_end_short_backtrace::<std[70759c8f55707aa4]::panicking::panic_handler::{closure#0}, !>
[INFO] [stdout]    9:     0x6252040d7dad - __rustc[8fa7c3cbc660c2b3]::rust_begin_unwind
[INFO] [stdout]   10:     0x625204112e0c - core[df12db4294e9bfd3]::panicking::panic_fmt
[INFO] [stdout]   11:     0x625204112be2 - core[df12db4294e9bfd3]::result::unwrap_failed
[INFO] [stdout]   12:     0x625203fcb808 - ot_tools_io[314d7f3dd210b43e]::arrangements::file::is_default::false_modified_file
[INFO] [stdout]   13:     0x625203fe7979 - <ot_tools_io[314d7f3dd210b43e]::arrangements::file::is_default::false_modified_file::{closure#0} as core[df12db4294e9bfd3]::ops::function::FnOnce<()>>::call_once
[INFO] [stdout]   14:     0x62520408220b - test[9d35eded1c95d3be]::__rust_begin_short_backtrace::<core[df12db4294e9bfd3]::result::Result<(), alloc[2182bb758b4b3781]::string::String>, fn() -> core[df12db4294e9bfd3]::result::Result<(), alloc[2182bb758b4b3781]::string::String>>
[INFO] [stdout]   15:     0x62520408f875 - test[9d35eded1c95d3be]::run_test::{closure#0}
[INFO] [stdout]   16:     0x625204089134 - std[70759c8f55707aa4]::sys::backtrace::__rust_begin_short_backtrace::<test[9d35eded1c95d3be]::run_test::{closure#1}, ()>
[INFO] [stdout]   17:     0x6252040929d2 - <std[70759c8f55707aa4]::thread::lifecycle::spawn_unchecked<test[9d35eded1c95d3be]::run_test::{closure#1}, ()>::{closure#1} as core[df12db4294e9bfd3]::ops::function::FnOnce<()>>::call_once::{shim:vtable#0}
[INFO] [stdout]   18:     0x6252040fb1c9 - <std[70759c8f55707aa4]::sys::thread::unix::Thread>::new::thread_start
[INFO] [stdout]   19:     0x7c04551eddfa - <unknown>
[INFO] [stdout]   20:     0x7c04552813d4 - clone
[INFO] [stdout]   21:                0x0 - <unknown>
[INFO] [stdout] 
[INFO] [stdout] ---- arrangements::file::is_default::true_not_modified_file stdout ----
[INFO] [stdout] 
[INFO] [stdout] thread 'arrangements::file::is_default::true_not_modified_file' (1292) panicked at src/arrangements/file.rs:186:88:
[INFO] [stdout] called `Result::unwrap()` on an `Err` value: FileOs { source: Os { code: 2, kind: NotFound, message: "No such file or directory" }, path: "test-data/arrange/blank.work" }
[INFO] [stdout] stack backtrace:
[INFO] [stdout]    0:     0x6252040fb8f1 - <<std[70759c8f55707aa4]::sys::backtrace::BacktraceLock>::print::DisplayBacktrace as core[df12db4294e9bfd3]::fmt::Display>::fmt
[INFO] [stdout]    1:     0x6252041126da - core[df12db4294e9bfd3]::fmt::write
[INFO] [stdout]    2:     0x6252040ffdcc - <alloc[2182bb758b4b3781]::vec::Vec<u8> as core[df12db4294e9bfd3]::io::write::Write>::write_fmt
[INFO] [stdout]    3:     0x6252040d7106 - std[70759c8f55707aa4]::panicking::default_hook::{closure#0}
[INFO] [stdout]    4:     0x6252040f3ef9 - std[70759c8f55707aa4]::panicking::default_hook
[INFO] [stdout]    5:     0x62520408ef20 - test[9d35eded1c95d3be]::test_main_inner::<test[9d35eded1c95d3be]::test_main_static::{closure#0}>::{closure#0}
[INFO] [stdout]    6:     0x6252040f40b2 - std[70759c8f55707aa4]::panicking::panic_with_hook
[INFO] [stdout]    7:     0x6252040d71b2 - std[70759c8f55707aa4]::panicking::panic_handler::{closure#0}
[INFO] [stdout]    8:     0x6252040cfe19 - std[70759c8f55707aa4]::sys::backtrace::__rust_end_short_backtrace::<std[70759c8f55707aa4]::panicking::panic_handler::{closure#0}, !>
[INFO] [stdout]    9:     0x6252040d7dad - __rustc[8fa7c3cbc660c2b3]::rust_begin_unwind
[INFO] [stdout]   10:     0x625204112e0c - core[df12db4294e9bfd3]::panicking::panic_fmt
[INFO] [stdout]   11:     0x625204112be2 - core[df12db4294e9bfd3]::result::unwrap_failed
[INFO] [stdout]   12:     0x625203fcba48 - ot_tools_io[314d7f3dd210b43e]::arrangements::file::is_default::true_not_modified_file
[INFO] [stdout]   13:     0x625203fe7999 - <ot_tools_io[314d7f3dd210b43e]::arrangements::file::is_default::true_not_modified_file::{closure#0} as core[df12db4294e9bfd3]::ops::function::FnOnce<()>>::call_once
[INFO] [stdout]   14:     0x62520408220b - test[9d35eded1c95d3be]::__rust_begin_short_backtrace::<core[df12db4294e9bfd3]::result::Result<(), alloc[2182bb758b4b3781]::string::String>, fn() -> core[df12db4294e9bfd3]::result::Result<(), alloc[2182bb758b4b3781]::string::String>>
[INFO] [stdout]   15:     0x62520408f875 - test[9d35eded1c95d3be]::run_test::{closure#0}
[INFO] [stdout]   16:     0x625204089134 - std[70759c8f55707aa4]::sys::backtrace::__rust_begin_short_backtrace::<test[9d35eded1c95d3be]::run_test::{closure#1}, ()>
[INFO] [stdout]   17:     0x6252040929d2 - <std[70759c8f55707aa4]::thread::lifecycle::spawn_unchecked<test[9d35eded1c95d3be]::run_test::{closure#1}, ()>::{closure#1} as core[df12db4294e9bfd3]::ops::function::FnOnce<()>>::call_once::{shim:vtable#0}
[INFO] [stdout]   18:     0x6252040fb1c9 - <std[70759c8f55707aa4]::sys::thread::unix::Thread>::new::thread_start
[INFO] [stdout]   19:     0x7c04551eddfa - <unknown>
[INFO] [stdout]   20:     0x7c04552813d4 - clone
[INFO] [stdout]   21:                0x0 - <unknown>
[INFO] [stdout] 
[INFO] [stdout] ---- arrangements::file::checksum_field::files::one_pattern_1_jump_1_loop_1_halt stdout ----
[INFO] [stdout] Error: FileOs { source: Os { code: 2, kind: NotFound, message: "No such file or directory" }, path: "test-data/arrange/1-patt-1-jump-1-loop-1-halt.work" }
[INFO] [stdout] 
[INFO] [stdout] ---- banks::checksum_field::files::default_bank1_file stdout ----
[INFO] [stdout] Error: FileOs { source: Os { code: 2, kind: NotFound, message: "No such file or directory" }, path: "test-data/blank-project/bank01.work" }
[INFO] [stdout] 
[INFO] [stdout] ---- banks::checksum_field::files::flex_strt::flex_strt_118 stdout ----
[INFO] [stdout] Error: FileOs { source: Os { code: 2, kind: NotFound, message: "No such file or directory" }, path: "test-data/bank/checksum/flex-strt-118.work" }
[INFO] [stdout] 
[INFO] [stdout] ---- banks::checksum_field::files::flex_strt::flex_strt_119 stdout ----
[INFO] [stdout] Error: FileOs { source: Os { code: 2, kind: NotFound, message: "No such file or directory" }, path: "test-data/bank/checksum/flex-strt-119.work" }
[INFO] [stdout] 
[INFO] [stdout] ---- banks::checksum_field::files::flex_strt::flex_strt_122 stdout ----
[INFO] [stdout] Error: FileOs { source: Os { code: 2, kind: NotFound, message: "No such file or directory" }, path: "test-data/bank/checksum/flex-strt-122.work" }
[INFO] [stdout] 
[INFO] [stdout] ---- banks::checksum_field::files::flex_strt::flex_strt_111 stdout ----
[INFO] [stdout] Error: FileOs { source: Os { code: 2, kind: NotFound, message: "No such file or directory" }, path: "test-data/bank/checksum/flex-strt-111.work" }
[INFO] [stdout] 
[INFO] [stdout] ---- banks::checksum_field::files::flex_strt::flex_strt_115 stdout ----
[INFO] [stdout] Error: FileOs { source: Os { code: 2, kind: NotFound, message: "No such file or directory" }, path: "test-data/bank/checksum/flex-strt-115.work" }
[INFO] [stdout] 
[INFO] [stdout] ---- banks::checksum_field::files::flex_strt::flex_strt_117 stdout ----
[INFO] [stdout] Error: FileOs { source: Os { code: 2, kind: NotFound, message: "No such file or directory" }, path: "test-data/bank/checksum/flex-strt-117.work" }
[INFO] [stdout] 
[INFO] [stdout] ---- banks::checksum_field::files::flex_strt::flex_strt_124 stdout ----
[INFO] [stdout] Error: FileOs { source: Os { code: 2, kind: NotFound, message: "No such file or directory" }, path: "test-data/bank/checksum/flex-strt-124.work" }
[INFO] [stdout] 
[INFO] [stdout] ---- banks::checksum_field::files::flex_strt::flex_strt_114 stdout ----
[INFO] [stdout] Error: FileOs { source: Os { code: 2, kind: NotFound, message: "No such file or directory" }, path: "test-data/bank/checksum/flex-strt-114.work" }
[INFO] [stdout] 
[INFO] [stdout] ---- banks::checksum_field::files::flex_strt::flex_strt_126 stdout ----
[INFO] [stdout] Error: FileOs { source: Os { code: 2, kind: NotFound, message: "No such file or directory" }, path: "test-data/bank/checksum/flex-strt-126.work" }
[INFO] [stdout] 
[INFO] [stdout] ---- banks::checksum_field::files::flex_strt::flex_strt_116 stdout ----
[INFO] [stdout] Error: FileOs { source: Os { code: 2, kind: NotFound, message: "No such file or directory" }, path: "test-data/bank/checksum/flex-strt-116.work" }
[INFO] [stdout] 
[INFO] [stdout] ---- banks::checksum_field::files::lfo_designer::lfo_design_atr1_randomised stdout ----
[INFO] [stdout] Error: FileOs { source: Os { code: 2, kind: NotFound, message: "No such file or directory" }, path: "test-data/bank/checksum/lfo-design-randomised.work" }
[INFO] [stdout] 
[INFO] [stdout] ---- banks::checksum_field::files::flex_strt::flex_strt_125 stdout ----
[INFO] [stdout] Error: FileOs { source: Os { code: 2, kind: NotFound, message: "No such file or directory" }, path: "test-data/bank/checksum/flex-strt-125.work" }
[INFO] [stdout] 
[INFO] [stdout] ---- banks::checksum_field::files::flex_strt::flex_strt_121 stdout ----
[INFO] [stdout] Error: FileOs { source: Os { code: 2, kind: NotFound, message: "No such file or directory" }, path: "test-data/bank/checksum/flex-strt-121.work" }
[INFO] [stdout] 
[INFO] [stdout] ---- banks::checksum_field::files::default_method stdout ----
[INFO] [stdout] Error: FileOs { source: Os { code: 2, kind: NotFound, message: "No such file or directory" }, path: "test-data/blank-project/bank01.work" }
[INFO] [stdout] 
[INFO] [stdout] ---- banks::checksum_field::files::lfo_designer::lfo_design_atr1_step1_pos64 stdout ----
[INFO] [stdout] Error: FileOs { source: Os { code: 2, kind: NotFound, message: "No such file or directory" }, path: "test-data/bank/checksum/lfo-design-step1-64.work" }
[INFO] [stdout] 
[INFO] [stdout] ---- banks::checksum_field::files::default_bank2_file stdout ----
[INFO] [stdout] Error: FileOs { source: Os { code: 2, kind: NotFound, message: "No such file or directory" }, path: "test-data/blank-project/bank02.work" }
[INFO] [stdout] 
[INFO] [stdout] ---- banks::checksum_field::files::lfo_designer::lfo_design_atr1_step1_neg64 stdout ----
[INFO] [stdout] Error: FileOs { source: Os { code: 2, kind: NotFound, message: "No such file or directory" }, path: "test-data/bank/checksum/lfo-design-step1-neg64.work" }
[INFO] [stdout] 
[INFO] [stdout] ---- banks::checksum_field::files::flex_strt::flex_strt_112 stdout ----
[INFO] [stdout] Error: FileOs { source: Os { code: 2, kind: NotFound, message: "No such file or directory" }, path: "test-data/bank/checksum/flex-strt-112.work" }
[INFO] [stdout] 
[INFO] [stdout] ---- banks::checksum_field::files::main_cfcard::a2 stdout ----
[INFO] [stdout] Error: FileOs { source: Os { code: 2, kind: NotFound, message: "No such file or directory" }, path: "test-data/bank/checksum/live/A2/bank01.work" }
[INFO] [stdout] 
[INFO] [stdout] ---- banks::checksum_field::files::flex_strt::flex_strt_113 stdout ----
[INFO] [stdout] Error: FileOs { source: Os { code: 2, kind: NotFound, message: "No such file or directory" }, path: "test-data/bank/checksum/flex-strt-113.work" }
[INFO] [stdout] 
[INFO] [stdout] ---- banks::checksum_field::files::flex_strt::flex_strt_120 stdout ----
[INFO] [stdout] Error: FileOs { source: Os { code: 2, kind: NotFound, message: "No such file or directory" }, path: "test-data/bank/checksum/flex-strt-120.work" }
[INFO] [stdout] 
[INFO] [stdout] ---- banks::checksum_field::files::flex_strt::flex_strt_123 stdout ----
[INFO] [stdout] Error: FileOs { source: Os { code: 2, kind: NotFound, message: "No such file or directory" }, path: "test-data/bank/checksum/flex-strt-123.work" }
[INFO] [stdout] 
[INFO] [stdout] ---- banks::checksum_field::files::lfo_designer::lfo_design_atr1_step1_pos127 stdout ----
[INFO] [stdout] Error: FileOs { source: Os { code: 2, kind: NotFound, message: "No such file or directory" }, path: "test-data/bank/checksum/lfo-design-step1-127.work" }
[INFO] [stdout] 
[INFO] [stdout] ---- banks::checksum_field::files::lfo_designer::lfo_design_atr1_step1_neg128 stdout ----
[INFO] [stdout] Error: FileOs { source: Os { code: 2, kind: NotFound, message: "No such file or directory" }, path: "test-data/bank/checksum/lfo-design-step1-neg128.work" }
[INFO] [stdout] 
[INFO] [stdout] ---- banks::checksum_field::files::main_cfcard::album5 stdout ----
[INFO] [stdout] Error: FileOs { source: Os { code: 2, kind: NotFound, message: "No such file or directory" }, path: "test-data/bank/checksum/live/ALBUM5/bank01.work" }
[INFO] [stdout] 
[INFO] [stdout] ---- banks::checksum_field::files::main_cfcard::aaaaplay stdout ----
[INFO] [stdout] Error: FileOs { source: Os { code: 2, kind: NotFound, message: "No such file or directory" }, path: "test-data/bank/checksum/live/AAAAplay/bank01.work" }
[INFO] [stdout] 
[INFO] [stdout] ---- banks::checksum_field::files::main_cfcard::aaaadrafts0 stdout ----
[INFO] [stdout] Error: FileOs { source: Os { code: 2, kind: NotFound, message: "No such file or directory" }, path: "test-data/bank/checksum/live/AAAADRAFTS0/bank01.work" }
[INFO] [stdout] 
[INFO] [stdout] ---- banks::checksum_field::files::main_cfcard::gorgierecordsin stdout ----
[INFO] [stdout] Error: FileOs { source: Os { code: 2, kind: NotFound, message: "No such file or directory" }, path: "test-data/bank/checksum/live/gorgierecordsin/bank01.work" }
[INFO] [stdout] 
[INFO] [stdout] ---- banks::checksum_field::files::main_cfcard::gorgieflat stdout ----
[INFO] [stdout] Error: FileOs { source: Os { code: 2, kind: NotFound, message: "No such file or directory" }, path: "test-data/bank/checksum/live/GORGIEFLAT1/bank01.work" }
[INFO] [stdout] 
[INFO] [stdout] ---- banks::checksum_field::files::main_cfcard::ammbbb stdout ----
[INFO] [stdout] Error: FileOs { source: Os { code: 2, kind: NotFound, message: "No such file or directory" }, path: "test-data/bank/checksum/live/AMMBBB/bank01.work" }
[INFO] [stdout] 
[INFO] [stdout] ---- banks::checksum_field::files::main_cfcard::empty stdout ----
[INFO] [stdout] Error: FileOs { source: Os { code: 2, kind: NotFound, message: "No such file or directory" }, path: "test-data/bank/checksum/live/EMPTY/bank01.work" }
[INFO] [stdout] 
[INFO] [stdout] ---- banks::checksum_field::files::main_cfcard::gorgiehow2lose stdout ----
[INFO] [stdout] Error: FileOs { source: Os { code: 2, kind: NotFound, message: "No such file or directory" }, path: "test-data/bank/checksum/live/gorgiehow2lose/bank01.work" }
[INFO] [stdout] 
[INFO] [stdout] ---- banks::checksum_field::files::main_cfcard::iamacameratheworldis stdout ----
[INFO] [stdout] Error: FileOs { source: Os { code: 2, kind: NotFound, message: "No such file or directory" }, path: "test-data/bank/checksum/live/1704Iamacameratheworldis/bank01.work" }
[INFO] [stdout] 
[INFO] [stdout] ---- banks::checksum_field::files::main_cfcard::livetechno60days stdout ----
[INFO] [stdout] Error: FileOs { source: Os { code: 2, kind: NotFound, message: "No such file or directory" }, path: "test-data/bank/checksum/live/LIVETECHNO60DAYS/bank01.work" }
[INFO] [stdout] 
[INFO] [stdout] ---- banks::checksum_field::files::main_cfcard::aaambient stdout ----
[INFO] [stdout] Error: FileOs { source: Os { code: 2, kind: NotFound, message: "No such file or directory" }, path: "test-data/bank/checksum/live/AAAMBIENT/bank01.work" }
[INFO] [stdout] 
[INFO] [stderr] error: test failed, to rerun pass `--lib`
[INFO] [stdout] ---- banks::checksum_field::files::main_cfcard::aaasafespaces stdout ----
[INFO] [stdout] Error: FileOs { source: Os { code: 2, kind: NotFound, message: "No such file or directory" }, path: "test-data/bank/checksum/live/AAAsafespaces/bank01.work" }
[INFO] [stdout] 
[INFO] [stdout] ---- banks::checksum_field::files::main_cfcard::other stdout ----
[INFO] [stdout] Error: FileOs { source: Os { code: 2, kind: NotFound, message: "No such file or directory" }, path: "test-data/bank/checksum/live/OTHER/bank01.work" }
[INFO] [stdout] 
[INFO] [stdout] ---- banks::checksum_field::files::main_cfcard::aacrackhead stdout ----
[INFO] [stdout] Error: FileOs { source: Os { code: 2, kind: NotFound, message: "No such file or directory" }, path: "test-data/bank/checksum/live/AACRACKHEAD/bank01.work" }
[INFO] [stdout] 
[INFO] [stdout] ---- banks::checksum_field::files::main_cfcard::songs_back stdout ----
[INFO] [stdout] Error: FileOs { source: Os { code: 2, kind: NotFound, message: "No such file or directory" }, path: "test-data/bank/checksum/live/SONGS_BAck/bank01.work" }
[INFO] [stdout] 
[INFO] [stdout] ---- banks::checksum_field::files::main_cfcard::singleintricatepieces stdout ----
[INFO] [stdout] Error: FileOs { source: Os { code: 2, kind: NotFound, message: "No such file or directory" }, path: "test-data/bank/checksum/live/singleintricatepieces/bank01.work" }
[INFO] [stdout] 
[INFO] [stdout] ---- banks::checksum_field::files::main_cfcard::no_recording stdout ----
[INFO] [stdout] Error: FileOs { source: Os { code: 2, kind: NotFound, message: "No such file or directory" }, path: "test-data/bank/checksum/live/NO_RECORDING/bank01.work" }
[INFO] [stdout] 
[INFO] [stdout] ---- banks::checksum_field::files::main_cfcard::aadrums stdout ----
[INFO] [stdout] Error: FileOs { source: Os { code: 2, kind: NotFound, message: "No such file or directory" }, path: "test-data/bank/checksum/live/AADRUMS/bank01.work" }
[INFO] [stdout] 
[INFO] [stdout] ---- banks::checksum_field::files::main_cfcard::songs stdout ----
[INFO] [stdout] Error: FileOs { source: Os { code: 2, kind: NotFound, message: "No such file or directory" }, path: "test-data/bank/checksum/live/SONGS/bank01.work" }
[INFO] [stdout] 
[INFO] [stdout] ---- banks::checksum_field::files::main_cfcard::filmsoundings stdout ----
[INFO] [stdout] Error: FileOs { source: Os { code: 2, kind: NotFound, message: "No such file or directory" }, path: "test-data/bank/checksum/live/FILMSOUNDINGS/bank01.work" }
[INFO] [stdout] 
[INFO] [stdout] ---- banks::checksum_field::files::main_cfcard::gorgiettl stdout ----
[INFO] [stdout] Error: FileOs { source: Os { code: 2, kind: NotFound, message: "No such file or directory" }, path: "test-data/bank/checksum/live/gorgiettl/bank01.work" }
[INFO] [stdout] 
[INFO] [stdout] ---- banks::checksum_field::files::main_cfcard::syshalt stdout ----
[INFO] [stdout] Error: FileOs { source: Os { code: 2, kind: NotFound, message: "No such file or directory" }, path: "test-data/bank/checksum/live/sys-halt/bank01.work" }
[INFO] [stdout] 
[INFO] [stdout] ---- banks::checksum_field::files::main_cfcard::stop_talkingnlet_me_dance stdout ----
[INFO] [stdout] Error: FileOs { source: Os { code: 2, kind: NotFound, message: "No such file or directory" }, path: "test-data/bank/checksum/live/stop_talkingnlet_me_dance/bank01.work" }
[INFO] [stdout] 
[INFO] [stdout] ---- banks::checksum_field::files::main_cfcard::iwishyouwouldletmeloveyou stdout ----
[INFO] [stdout] Error: FileOs { source: Os { code: 2, kind: NotFound, message: "No such file or directory" }, path: "test-data/bank/checksum/live/IWishYouWouldLetMeLoveYou/bank01.work" }
[INFO] [stdout] 
[INFO] [stdout] ---- banks::checksum_field::files::main_cfcard::romant_delete stdout ----
[INFO] [stdout] Error: FileOs { source: Os { code: 2, kind: NotFound, message: "No such file or directory" }, path: "test-data/bank/checksum/live/ROMANT_DELETING/bank01.work" }
[INFO] [stdout] 
[INFO] [stdout] ---- banks::checksum_field::files::main_cfcard::jigg stdout ----
[INFO] [stdout] Error: FileOs { source: Os { code: 2, kind: NotFound, message: "No such file or directory" }, path: "test-data/bank/checksum/live/jigg/bank01.work" }
[INFO] [stdout] 
[INFO] [stdout] ---- banks::checksum_field::files::main_cfcard::nawwww stdout ----
[INFO] [stdout] Error: FileOs { source: Os { code: 2, kind: NotFound, message: "No such file or directory" }, path: "test-data/bank/checksum/live/NAWWWWW/bank01.work" }
[INFO] [stdout] 
[INFO] [stdout] ---- banks::checksum_field::files::main_cfcard::recovery stdout ----
[INFO] [stdout] Error: FileOs { source: Os { code: 2, kind: NotFound, message: "No such file or directory" }, path: "test-data/bank/checksum/live/recovery/bank01.work" }
[INFO] [stdout] 
[INFO] [stdout] ---- banks::checksum_field::files::main_cfcard::nones stdout ----
[INFO] [stdout] Error: FileOs { source: Os { code: 2, kind: NotFound, message: "No such file or directory" }, path: "test-data/bank/checksum/live/NINES/bank01.work" }
[INFO] [stdout] 
[INFO] [stdout] ---- banks::checksum_field::files::main_cfcard::teka stdout ----
[INFO] [stdout] Error: FileOs { source: Os { code: 2, kind: NotFound, message: "No such file or directory" }, path: "test-data/bank/checksum/live/TEkA/bank01.work" }
[INFO] [stdout] 
[INFO] [stdout] ---- banks::checksum_field::files::one_scene_127_val stdout ----
[INFO] [stdout] Error: FileOs { source: Os { code: 2, kind: NotFound, message: "No such file or directory" }, path: "test-data/bank/checksum/scene1-atrack1-lfo-dep1-127.work" }
[INFO] [stdout] 
[INFO] [stdout] ---- banks::checksum_field::files::main_cfcard::systems stdout ----
[INFO] [stdout] Error: FileOs { source: Os { code: 2, kind: NotFound, message: "No such file or directory" }, path: "test-data/bank/checksum/live/SYSTEMS/bank01.work" }
[INFO] [stdout] 
[INFO] [stdout] ---- banks::checksum_field::files::real_bank_files::romant_delete::b01 stdout ----
[INFO] [stdout] Error: FileOs { source: Os { code: 2, kind: NotFound, message: "No such file or directory" }, path: "test-data/bank/checksum/romant-delete-b01.work" }
[INFO] [stdout] 
[INFO] [stdout] ---- banks::checksum_field::files::real_bank_files::romant_delete::b14 stdout ----
[INFO] [stdout] Error: FileOs { source: Os { code: 2, kind: NotFound, message: "No such file or directory" }, path: "test-data/bank/checksum/romant-delete-b14.work" }
[INFO] [stdout] 
[INFO] [stdout] ---- banks::checksum_field::files::real_bank_files::romant_delete::b04 stdout ----
[INFO] [stdout] Error: FileOs { source: Os { code: 2, kind: NotFound, message: "No such file or directory" }, path: "test-data/bank/checksum/romant-delete-b04.work" }
[INFO] [stdout] 
[INFO] [stdout] ---- banks::checksum_field::files::real_bank_files::romant_delete::b03 stdout ----
[INFO] [stdout] Error: FileOs { source: Os { code: 2, kind: NotFound, message: "No such file or directory" }, path: "test-data/bank/checksum/romant-delete-b03.work" }
[INFO] [stdout] 
[INFO] [stdout] ---- banks::checksum_field::files::one_scene_zero_val stdout ----
[INFO] [stdout] Error: FileOs { source: Os { code: 2, kind: NotFound, message: "No such file or directory" }, path: "test-data/bank/checksum/scene1-atrack1-lfo-dep1-zero.work" }
[INFO] [stdout] 
[INFO] [stdout] ---- banks::checksum_field::files::real_bank_files::romant_delete::b15 stdout ----
[INFO] [stdout] Error: FileOs { source: Os { code: 2, kind: NotFound, message: "No such file or directory" }, path: "test-data/bank/checksum/romant-delete-b15.work" }
[INFO] [stdout] 
[INFO] [stdout] ---- banks::checksum_field::files::real_bank_files::romant_delete::b16 stdout ----
[INFO] [stdout] Error: FileOs { source: Os { code: 2, kind: NotFound, message: "No such file or directory" }, path: "test-data/bank/checksum/romant-delete-b16.work" }
[INFO] [stdout] 
[INFO] [stdout] ---- banks::checksum_field::files::scene_params_decr_lots stdout ----
[INFO] [stdout] Error: FileOs { source: Os { code: 2, kind: NotFound, message: "No such file or directory" }, path: "test-data/bank/checksum/all-scenes-lfo-params-zeroed.work" }
[INFO] [stdout] 
[INFO] [stdout] ---- banks::checksum_field::files::real_bank_files::romant_delete::b05 stdout ----
[INFO] [stdout] Error: FileOs { source: Os { code: 2, kind: NotFound, message: "No such file or directory" }, path: "test-data/bank/checksum/romant-delete-b05.work" }
[INFO] [stdout] 
[INFO] [stdout] ---- banks::checksum_field::files::real_bank_files::romant_delete::b07 stdout ----
[INFO] [stdout] Error: FileOs { source: Os { code: 2, kind: NotFound, message: "No such file or directory" }, path: "test-data/bank/checksum/romant-delete-b07.work" }
[INFO] [stdout] 
[INFO] [stdout] ---- banks::checksum_field::files::real_bank_files::romant_delete::b08 stdout ----
[INFO] [stdout] Error: FileOs { source: Os { code: 2, kind: NotFound, message: "No such file or directory" }, path: "test-data/bank/checksum/romant-delete-b08.work" }
[INFO] [stdout] 
[INFO] [stdout] ---- banks::checksum_field::files::real_bank_files::romant_delete::b06 stdout ----
[INFO] [stdout] Error: FileOs { source: Os { code: 2, kind: NotFound, message: "No such file or directory" }, path: "test-data/bank/checksum/romant-delete-b06.work" }
[INFO] [stdout] 
[INFO] [stdout] ---- banks::checksum_field::files::real_bank_files::romant_delete::b13 stdout ----
[INFO] [stdout] Error: FileOs { source: Os { code: 2, kind: NotFound, message: "No such file or directory" }, path: "test-data/bank/checksum/romant-delete-b13.work" }
[INFO] [stdout] 
[INFO] [stdout] ---- banks::checksum_field::files::real_bank_files::romant_delete::b09 stdout ----
[INFO] [stdout] Error: FileOs { source: Os { code: 2, kind: NotFound, message: "No such file or directory" }, path: "test-data/bank/checksum/romant-delete-b09.work" }
[INFO] [stdout] 
[INFO] [stdout] ---- banks::checksum_field::files::static_strt_mult::static_strt_32_len_32 stdout ----
[INFO] [stdout] Error: FileOs { source: Os { code: 2, kind: NotFound, message: "No such file or directory" }, path: "test-data/bank/checksum/static-strt-32-len-32.work" }
[INFO] [stdout] 
[INFO] [stdout] ---- banks::checksum_field::files::real_bank_files::romant_delete::b12 stdout ----
[INFO] [stdout] Error: FileOs { source: Os { code: 2, kind: NotFound, message: "No such file or directory" }, path: "test-data/bank/checksum/romant-delete-b12.work" }
[INFO] [stdout] 
[INFO] [stdout] ---- banks::checksum_field::files::static_strt_mult::static_strt_127_len_128 stdout ----
[INFO] [stdout] Error: FileOs { source: Os { code: 2, kind: NotFound, message: "No such file or directory" }, path: "test-data/bank/checksum/static-strt-127-len-128.work" }
[INFO] [stdout] 
[INFO] [stdout] ---- banks::checksum_field::files::real_bank_files::romant_delete::b10 stdout ----
[INFO] [stdout] Error: FileOs { source: Os { code: 2, kind: NotFound, message: "No such file or directory" }, path: "test-data/bank/checksum/romant-delete-b10.work" }
[INFO] [stdout] 
[INFO] [stdout] ---- banks::checksum_field::files::static_strt_mult::static_strt_32_len_33 stdout ----
[INFO] [stdout] Error: FileOs { source: Os { code: 2, kind: NotFound, message: "No such file or directory" }, path: "test-data/bank/checksum/static-strt-32-len-33.work" }
[INFO] [stdout] 
[INFO] [stdout] ---- banks::checksum_field::files::static_strt_mult::static_strt_31_len_31 stdout ----
[INFO] [stdout] Error: FileOs { source: Os { code: 2, kind: NotFound, message: "No such file or directory" }, path: "test-data/bank/checksum/static-strt-31-len-31.work" }
[INFO] [stdout] 
[INFO] [stdout] ---- banks::checksum_field::files::static_strt_mult::static_strt_67_len_67_rtrg_67 stdout ----
[INFO] [stdout] Error: FileOs { source: Os { code: 2, kind: NotFound, message: "No such file or directory" }, path: "test-data/bank/checksum/static-strt-67-len-67-rtrg-67.work" }
[INFO] [stdout] 
[INFO] [stdout] ---- banks::checksum_field::files::static_strt_mult::static_strt_67_len_66 stdout ----
[INFO] [stdout] Error: FileOs { source: Os { code: 2, kind: NotFound, message: "No such file or directory" }, path: "test-data/bank/checksum/static-strt-67-len-66.work" }
[INFO] [stdout] 
[INFO] [stdout] ---- banks::checksum_field::files::static_strt_mult::static_strt_68_len_68 stdout ----
[INFO] [stdout] Error: FileOs { source: Os { code: 2, kind: NotFound, message: "No such file or directory" }, path: "test-data/bank/checksum/static-strt-68-len-68.work" }
[INFO] [stdout] 
[INFO] [stdout] ---- banks::checksum_field::files::static_strt_mult::static_strt_67_len_69_rtrg_69 stdout ----
[INFO] [stdout] Error: FileOs { source: Os { code: 2, kind: NotFound, message: "No such file or directory" }, path: "test-data/bank/checksum/static-strt-67-len-69-rtrg-69.work" }
[INFO] [stdout] 
[INFO] [stdout] ---- banks::checksum_field::files::static_strt_mult::static_strt_67_len_67 stdout ----
[INFO] [stdout] Error: FileOs { source: Os { code: 2, kind: NotFound, message: "No such file or directory" }, path: "test-data/bank/checksum/static-strt-67-len-67.work" }
[INFO] [stdout] 
[INFO] [stdout] ---- banks::checksum_field::files::static_strt_mult::static_strt_67_len_67_rtrg_68 stdout ----
[INFO] [stdout] Error: FileOs { source: Os { code: 2, kind: NotFound, message: "No such file or directory" }, path: "test-data/bank/checksum/static-strt-67-len-67-rtrg-68.work" }
[INFO] [stdout] 
[INFO] [stdout] ---- banks::checksum_field::files::static_strt_only::static_strt_10 stdout ----
[INFO] [stdout] Error: FileOs { source: Os { code: 2, kind: NotFound, message: "No such file or directory" }, path: "test-data/bank/checksum/static-strt-10.work" }
[INFO] [stdout] 
[INFO] [stdout] ---- banks::checksum_field::files::static_strt_mult::static_strt_67_len_68_rtrg_68 stdout ----
[INFO] [stdout] Error: FileOs { source: Os { code: 2, kind: NotFound, message: "No such file or directory" }, path: "test-data/bank/checksum/static-strt-67-len-68-rtrg-68.work" }
[INFO] [stdout] 
[INFO] [stdout] ---- banks::checksum_field::files::static_strt_mult::static_strt_67_len_69_rtrg_67 stdout ----
[INFO] [stdout] Error: FileOs { source: Os { code: 2, kind: NotFound, message: "No such file or directory" }, path: "test-data/bank/checksum/static-strt-67-len-69-rtrg-67.work" }
[INFO] [stdout] 
[INFO] [stdout] ---- banks::checksum_field::files::static_strt_mult::static_strt_32_len_31 stdout ----
[INFO] [stdout] Error: FileOs { source: Os { code: 2, kind: NotFound, message: "No such file or directory" }, path: "test-data/bank/checksum/static-strt-32-len-31.work" }
[INFO] [stdout] 
[INFO] [stdout] ---- banks::checksum_field::files::static_strt_mult::static_strt_67_len_69_rtrg_68 stdout ----
[INFO] [stdout] Error: FileOs { source: Os { code: 2, kind: NotFound, message: "No such file or directory" }, path: "test-data/bank/checksum/static-strt-67-len-69-rtrg-68.work" }
[INFO] [stdout] 
[INFO] [stdout] ---- banks::checksum_field::files::static_strt_only::static_strt_1 stdout ----
[INFO] [stdout] Error: FileOs { source: Os { code: 2, kind: NotFound, message: "No such file or directory" }, path: "test-data/bank/checksum/static-strt-1.work" }
[INFO] [stdout] 
[INFO] [stdout] ---- banks::checksum_field::files::static_strt_only::static_strt_116 stdout ----
[INFO] [stdout] Error: FileOs { source: Os { code: 2, kind: NotFound, message: "No such file or directory" }, path: "test-data/bank/checksum/static-strt-116.work" }
[INFO] [stdout] 
[INFO] [stdout] ---- banks::checksum_field::files::static_strt_only::static_strt_113 stdout ----
[INFO] [stdout] Error: FileOs { source: Os { code: 2, kind: NotFound, message: "No such file or directory" }, path: "test-data/bank/checksum/static-strt-113.work" }
[INFO] [stdout] 
[INFO] [stdout] ---- banks::checksum_field::files::static_strt_only::static_strt_115 stdout ----
[INFO] [stdout] Error: FileOs { source: Os { code: 2, kind: NotFound, message: "No such file or directory" }, path: "test-data/bank/checksum/static-strt-115.work" }
[INFO] [stdout] 
[INFO] [stdout] ---- banks::checksum_field::files::static_strt_only::static_strt_112 stdout ----
[INFO] [stdout] Error: FileOs { source: Os { code: 2, kind: NotFound, message: "No such file or directory" }, path: "test-data/bank/checksum/static-strt-112.work" }
[INFO] [stdout] 
[INFO] [stdout] ---- banks::checksum_field::files::static_strt_only::static_strt_120 stdout ----
[INFO] [stdout] Error: FileOs { source: Os { code: 2, kind: NotFound, message: "No such file or directory" }, path: "test-data/bank/checksum/static-strt-120.work" }
[INFO] [stdout] 
[INFO] [stdout] ---- banks::checksum_field::files::static_strt_only::static_strt_121 stdout ----
[INFO] [stdout] Error: FileOs { source: Os { code: 2, kind: NotFound, message: "No such file or directory" }, path: "test-data/bank/checksum/static-strt-121.work" }
[INFO] [stdout] 
[INFO] [stdout] ---- banks::checksum_field::files::static_strt_only::static_strt_122 stdout ----
[INFO] [stdout] Error: FileOs { source: Os { code: 2, kind: NotFound, message: "No such file or directory" }, path: "test-data/bank/checksum/static-strt-122.work" }
[INFO] [stdout] 
[INFO] [stdout] ---- banks::checksum_field::files::static_strt_only::static_strt_117 stdout ----
[INFO] [stdout] Error: FileOs { source: Os { code: 2, kind: NotFound, message: "No such file or directory" }, path: "test-data/bank/checksum/static-strt-117.work" }
[INFO] [stdout] 
[INFO] [stdout] ---- banks::checksum_field::files::static_strt_only::static_strt_114 stdout ----
[INFO] [stdout] Error: FileOs { source: Os { code: 2, kind: NotFound, message: "No such file or directory" }, path: "test-data/bank/checksum/static-strt-114.work" }
[INFO] [stdout] 
[INFO] [stdout] ---- banks::checksum_field::files::static_strt_only::static_strt_111 stdout ----
[INFO] [stdout] Error: FileOs { source: Os { code: 2, kind: NotFound, message: "No such file or directory" }, path: "test-data/bank/checksum/static-strt-111.work" }
[INFO] [stdout] 
[INFO] [stdout] ---- banks::checksum_field::files::static_strt_only::static_strt_124 stdout ----
[INFO] [stdout] Error: FileOs { source: Os { code: 2, kind: NotFound, message: "No such file or directory" }, path: "test-data/bank/checksum/static-strt-124.work" }
[INFO] [stdout] 
[INFO] [stdout] ---- banks::checksum_field::files::static_strt_only::static_strt_2 stdout ----
[INFO] [stdout] Error: FileOs { source: Os { code: 2, kind: NotFound, message: "No such file or directory" }, path: "test-data/bank/checksum/static-strt-2.work" }
[INFO] [stdout] 
[INFO] [stdout] ---- banks::checksum_field::files::static_strt_only::static_strt_57 stdout ----
[INFO] [stdout] Error: FileOs { source: Os { code: 2, kind: NotFound, message: "No such file or directory" }, path: "test-data/bank/checksum/static-strt-57.work" }
[INFO] [stdout] 
[INFO] [stdout] ---- banks::checksum_field::files::static_strt_only::static_strt_58 stdout ----
[INFO] [stdout] Error: FileOs { source: Os { code: 2, kind: NotFound, message: "No such file or directory" }, path: "test-data/bank/checksum/static-strt-58.work" }
[INFO] [stdout] 
[INFO] [stdout] ---- banks::checksum_field::files::static_strt_only::static_strt_56 stdout ----
[INFO] [stdout] Error: FileOs { source: Os { code: 2, kind: NotFound, message: "No such file or directory" }, path: "test-data/bank/checksum/static-strt-56.work" }
[INFO] [stdout] 
[INFO] [stdout] ---- banks::checksum_field::files::static_strt_only::static_strt_118 stdout ----
[INFO] [stdout] Error: FileOs { source: Os { code: 2, kind: NotFound, message: "No such file or directory" }, path: "test-data/bank/checksum/static-strt-118.work" }
[INFO] [stdout] 
[INFO] [stdout] ---- banks::checksum_field::files::static_strt_only::static_strt_125 stdout ----
[INFO] [stdout] Error: FileOs { source: Os { code: 2, kind: NotFound, message: "No such file or directory" }, path: "test-data/bank/checksum/static-strt-125.work" }
[INFO] [stdout] 
[INFO] [stdout] ---- banks::checksum_field::files::static_strt_only::static_strt_60 stdout ----
[INFO] [stdout] Error: FileOs { source: Os { code: 2, kind: NotFound, message: "No such file or directory" }, path: "test-data/bank/checksum/static-strt-60.work" }
[INFO] [stdout] 
[INFO] [stdout] ---- banks::checksum_field::files::static_strt_only::static_strt_123 stdout ----
[INFO] [stdout] Error: FileOs { source: Os { code: 2, kind: NotFound, message: "No such file or directory" }, path: "test-data/bank/checksum/static-strt-123.work" }
[INFO] [stdout] 
[INFO] [stdout] ---- banks::checksum_field::files::static_strt_only::static_strt_61 stdout ----
[INFO] [stdout] Error: FileOs { source: Os { code: 2, kind: NotFound, message: "No such file or directory" }, path: "test-data/bank/checksum/static-strt-61.work" }
[INFO] [stdout] 
[INFO] [stdout] ---- banks::checksum_field::files::static_strt_only::static_strt_59 stdout ----
[INFO] [stdout] Error: FileOs { source: Os { code: 2, kind: NotFound, message: "No such file or directory" }, path: "test-data/bank/checksum/static-strt-59.work" }
[INFO] [stdout] 
[INFO] [stdout] ---- banks::checksum_field::files::static_strt_only::static_strt_126 stdout ----
[INFO] [stdout] Error: FileOs { source: Os { code: 2, kind: NotFound, message: "No such file or directory" }, path: "test-data/bank/checksum/static-strt-126.work" }
[INFO] [stdout] 
[INFO] [stdout] ---- banks::checksum_field::files::real_bank_files::romant_delete::b11 stdout ----
[INFO] [stdout] Error: FileOs { source: Os { code: 2, kind: NotFound, message: "No such file or directory" }, path: "test-data/bank/checksum/romant-delete-b11.work" }
[INFO] [stdout] 
[INFO] [stdout] ---- banks::checksum_field::files::static_strt_only::static_strt_127 stdout ----
[INFO] [stdout] Error: FileOs { source: Os { code: 2, kind: NotFound, message: "No such file or directory" }, path: "test-data/bank/checksum/static-strt-127.work" }
[INFO] [stdout] 
[INFO] [stdout] ---- banks::checksum_field::files::static_strt_only::static_strt_63 stdout ----
[INFO] [stdout] Error: FileOs { source: Os { code: 2, kind: NotFound, message: "No such file or directory" }, path: "test-data/bank/checksum/static-strt-63.work" }
[INFO] [stdout] 
[INFO] [stdout] ---- banks::checksum_field::files::static_strt_only::static_strt_68 stdout ----
[INFO] [stdout] Error: FileOs { source: Os { code: 2, kind: NotFound, message: "No such file or directory" }, path: "test-data/bank/checksum/static-strt-68.work" }
[INFO] [stdout] 
[INFO] [stdout] ---- banks::checksum_field::files::static_strt_only::static_strt_70 stdout ----
[INFO] [stdout] Error: FileOs { source: Os { code: 2, kind: NotFound, message: "No such file or directory" }, path: "test-data/bank/checksum/static-strt-70.work" }
[INFO] [stdout] 
[INFO] [stdout] ---- banks::checksum_field::files::static_strt_only::static_strt_62 stdout ----
[INFO] [stdout] Error: FileOs { source: Os { code: 2, kind: NotFound, message: "No such file or directory" }, path: "test-data/bank/checksum/static-strt-62.work" }
[INFO] [stdout] 
[INFO] [stdout] ---- banks::checksum_field::files::static_strt_only::static_strt_67 stdout ----
[INFO] [stdout] Error: FileOs { source: Os { code: 2, kind: NotFound, message: "No such file or directory" }, path: "test-data/bank/checksum/static-strt-67.work" }
[INFO] [stdout] 
[INFO] [stdout] ---- banks::checksum_field::files::static_strt_mult::static_strt_33_len_33 stdout ----
[INFO] [stdout] Error: FileOs { source: Os { code: 2, kind: NotFound, message: "No such file or directory" }, path: "test-data/bank/checksum/static-strt-33-len-33.work" }
[INFO] [stdout] 
[INFO] [stdout] ---- banks::checksum_field::files::static_strt_mult::static_strt_66_len_66 stdout ----
[INFO] [stdout] Error: FileOs { source: Os { code: 2, kind: NotFound, message: "No such file or directory" }, path: "test-data/bank/checksum/static-strt-66-len-66.work" }
[INFO] [stdout] 
[INFO] [stdout] ---- banks::checksum_field::files::static_strt_mult::static_strt_67_len_68 stdout ----
[INFO] [stdout] Error: FileOs { source: Os { code: 2, kind: NotFound, message: "No such file or directory" }, path: "test-data/bank/checksum/static-strt-67-len-68.work" }
[INFO] [stdout] 
[INFO] [stdout] ---- banks::checksum_field::files::static_strt_only::static_strt_119 stdout ----
[INFO] [stdout] Error: FileOs { source: Os { code: 2, kind: NotFound, message: "No such file or directory" }, path: "test-data/bank/checksum/static-strt-119.work" }
[INFO] [stdout] 
[INFO] [stdout] ---- banks::checksum_field::files::static_strt_only::static_strt_66 stdout ----
[INFO] [stdout] Error: FileOs { source: Os { code: 2, kind: NotFound, message: "No such file or directory" }, path: "test-data/bank/checksum/static-strt-66.work" }
[INFO] [stdout] 
[INFO] [stdout] ---- banks::checksum_field::files::static_strt_only::static_strt_69 stdout ----
[INFO] [stdout] Error: FileOs { source: Os { code: 2, kind: NotFound, message: "No such file or directory" }, path: "test-data/bank/checksum/static-strt-69.work" }
[INFO] [stdout] 
[INFO] [stdout] ---- banks::checksum_field::files::track_parameters::track_params_attack_127 stdout ----
[INFO] [stdout] Error: FileOs { source: Os { code: 2, kind: NotFound, message: "No such file or directory" }, path: "test-data/bank/checksum/tparams-attack-127.work" }
[INFO] [stdout] 
[INFO] [stdout] ---- banks::checksum_field::files::static_strt_only::static_strt_64 stdout ----
[INFO] [stdout] Error: FileOs { source: Os { code: 2, kind: NotFound, message: "No such file or directory" }, path: "test-data/bank/checksum/static-strt-64.work" }
[INFO] [stdout] 
[INFO] [stdout] ---- banks::checksum_field::files::static_strt_only::static_strt_65 stdout ----
[INFO] [stdout] Error: FileOs { source: Os { code: 2, kind: NotFound, message: "No such file or directory" }, path: "test-data/bank/checksum/static-strt-65.work" }
[INFO] [stdout] 
[INFO] [stdout] ---- banks::checksum_field::files::track_parameters::track_params_balance_pos63 stdout ----
[INFO] [stdout] Error: FileOs { source: Os { code: 2, kind: NotFound, message: "No such file or directory" }, path: "test-data/bank/checksum/tparams-bal-pos63.work" }
[INFO] [stdout] 
[INFO] [stdout] ---- banks::checksum_field::files::track_parameters::track_params_fx1_filter_base_127 stdout ----
[INFO] [stdout] Error: FileOs { source: Os { code: 2, kind: NotFound, message: "No such file or directory" }, path: "test-data/bank/checksum/tparams-fx1-filt-base-127.work" }
[INFO] [stdout] 
[INFO] [stdout] ---- banks::checksum_field::files::track_parameters::track_params_fx1_filter_depth_pos63 stdout ----
[INFO] [stdout] Error: FileOs { source: Os { code: 2, kind: NotFound, message: "No such file or directory" }, path: "test-data/bank/checksum/tparams-fx1-filt-dep-pos63.work" }
[INFO] [stdout] 
[INFO] [stdout] ---- banks::checksum_field::files::track_parameters::track_params_hold_0 stdout ----
[INFO] [stdout] Error: FileOs { source: Os { code: 2, kind: NotFound, message: "No such file or directory" }, path: "test-data/bank/checksum/tparams-hold-0.work" }
[INFO] [stdout] 
[INFO] [stdout] ---- banks::checksum_field::files::track_parameters::track_params_balance_neg64 stdout ----
[INFO] [stdout] Error: FileOs { source: Os { code: 2, kind: NotFound, message: "No such file or directory" }, path: "test-data/bank/checksum/tparams-bal-neg64.work" }
[INFO] [stdout] 
[INFO] [stdout] ---- banks::checksum_field::files::track_parameters::track_params_lfo1_amt_64 stdout ----
[INFO] [stdout] Error: FileOs { source: Os { code: 2, kind: NotFound, message: "No such file or directory" }, path: "test-data/bank/checksum/tparams-lfo1-amt-64.work" }
[INFO] [stdout] 
[INFO] [stdout] ---- banks::checksum_field::files::static_strt_only::static_strt_71 stdout ----
[INFO] [stdout] Error: FileOs { source: Os { code: 2, kind: NotFound, message: "No such file or directory" }, path: "test-data/bank/checksum/static-strt-71.work" }
[INFO] [stdout] 
[INFO] [stdout] ---- banks::checksum_field::files::track_parameters::track_params_lfo1_amt_127 stdout ----
[INFO] [stdout] Error: FileOs { source: Os { code: 2, kind: NotFound, message: "No such file or directory" }, path: "test-data/bank/checksum/tparams-lfo1-amt-127.work" }
[INFO] [stdout] 
[INFO] [stdout] ---- banks::checksum_field::files::real_bank_files::romant_delete::b02 stdout ----
[INFO] [stdout] Error: FileOs { source: Os { code: 2, kind: NotFound, message: "No such file or directory" }, path: "test-data/bank/checksum/romant-delete-b02.work" }
[INFO] [stdout] 
[INFO] [stdout] ---- banks::checksum_field::files::track_parameters::track_params_fx2_delay_snd_127 stdout ----
[INFO] [stdout] Error: FileOs { source: Os { code: 2, kind: NotFound, message: "No such file or directory" }, path: "test-data/bank/checksum/atrack1-delay-snd-127.work" }
[INFO] [stdout] 
[INFO] [stdout] ---- banks::checksum_field::files::track_parameters::track_params_fx1_filter_depth_neg64 stdout ----
[INFO] [stdout] Error: FileOs { source: Os { code: 2, kind: NotFound, message: "No such file or directory" }, path: "test-data/bank/checksum/tparams-fx1-filt-dep-neg64.work" }
[INFO] [stdout] 
[INFO] [stdout] ---- banks::checksum_field::files::track_parameters::track_params_fx1_filter_q_127 stdout ----
[INFO] [stdout] Error: FileOs { source: Os { code: 2, kind: NotFound, message: "No such file or directory" }, path: "test-data/bank/checksum/tparams-fx1-filt-q-127.work" }
[INFO] [stdout] 
[INFO] [stdout] ---- banks::checksum_field::files::track_parameters::track_params_fx1_filter_width_0 stdout ----
[INFO] [stdout] Error: FileOs { source: Os { code: 2, kind: NotFound, message: "No such file or directory" }, path: "test-data/bank/checksum/tparams-fx1-filt-wid-0.work" }
[INFO] [stdout] 
[INFO] [stdout] ---- banks::to_bytes::valid stdout ----
[INFO] [stdout] Error: FileOs { source: Os { code: 2, kind: NotFound, message: "No such file or directory" }, path: "test-data/blank-project/bank01.work" }
[INFO] [stdout] 
[INFO] [stdout] ---- markers::checksum_field::files::base_proj_default_file stdout ----
[INFO] [stdout] Error: FileOs { source: Os { code: 2, kind: NotFound, message: "No such file or directory" }, path: "test-data/blank-project/markers.work" }
[INFO] [stdout] 
[INFO] [stdout] ---- banks::checksum_field::files::track_parameters::track_params_release_0 stdout ----
[INFO] [stdout] Error: FileOs { source: Os { code: 2, kind: NotFound, message: "No such file or directory" }, path: "test-data/bank/checksum/tparams-rel-0.work" }
[INFO] [stdout] 
[INFO] [stdout] ---- markers::checksum_field::files::default_method stdout ----
[INFO] [stdout] Error: FileOs { source: Os { code: 2, kind: NotFound, message: "No such file or directory" }, path: "test-data/blank-project/markers.work" }
[INFO] [stdout] 
[INFO] [stdout] ---- markers::checksum_field::files::flex_slot_128_noedit stdout ----
[INFO] [stdout] Error: FileOs { source: Os { code: 2, kind: NotFound, message: "No such file or directory" }, path: "test-data/markers/flex-slot-128-noedit.work" }
[INFO] [stdout] 
[INFO] [stdout] ---- banks::checksum_field::files::track_parameters::track_params_lfo1_spd_0 stdout ----
[INFO] [stdout] Error: FileOs { source: Os { code: 2, kind: NotFound, message: "No such file or directory" }, path: "test-data/bank/checksum/tparams-lfo1-spd-0.work" }
[INFO] [stdout] 
[INFO] [stdout] ---- banks::checksum_field::files::track_parameters::track_params_vol_neg64 stdout ----
[INFO] [stdout] Error: FileOs { source: Os { code: 2, kind: NotFound, message: "No such file or directory" }, path: "test-data/bank/checksum/tparams-vol-neg64.work" }
[INFO] [stdout] 
[INFO] [stdout] ---- markers::checksum_field::files::flex_slot_1_loop stdout ----
[INFO] [stdout] Error: FileOs { source: Os { code: 2, kind: NotFound, message: "No such file or directory" }, path: "test-data/markers/flex-slot-1-loop-edit.work" }
[INFO] [stdout] 
[INFO] [stdout] ---- banks::checksum_field::files::track_parameters::track_params_lfo1_spd_127 stdout ----
[INFO] [stdout] Error: FileOs { source: Os { code: 2, kind: NotFound, message: "No such file or directory" }, path: "test-data/bank/checksum/tparams-lfo1-spd-127.work" }
[INFO] [stdout] 
[INFO] [stdout] ---- banks::from_bytes::valid stdout ----
[INFO] [stdout] Error: FileOs { source: Os { code: 2, kind: NotFound, message: "No such file or directory" }, path: "test-data/blank-project/bank01.work" }
[INFO] [stdout] 
[INFO] [stdout] ---- banks::checksum_field::files::track_parameters::track_params_vol_pos63 stdout ----
[INFO] [stdout] Error: FileOs { source: Os { code: 2, kind: NotFound, message: "No such file or directory" }, path: "test-data/bank/checksum/tparams-vol-pos63.work" }
[INFO] [stdout] 
[INFO] [stdout] ---- markers::checksum_field::files::static_slot_128_noedit stdout ----
[INFO] [stdout] Error: FileOs { source: Os { code: 2, kind: NotFound, message: "No such file or directory" }, path: "test-data/markers/static-slot-128-noedit.work" }
[INFO] [stdout] 
[INFO] [stdout] ---- markers::checksum_field::files::flex_slot_1_slice_1_loop stdout ----
[INFO] [stdout] Error: FileOs { source: Os { code: 2, kind: NotFound, message: "No such file or directory" }, path: "test-data/markers/flex-slot-1-slice-1-looped.work" }
[INFO] [stdout] 
[INFO] [stdout] ---- markers::checksum_field::files::flex_slot_1_slice_1_noloop stdout ----
[INFO] [stdout] Error: FileOs { source: Os { code: 2, kind: NotFound, message: "No such file or directory" }, path: "test-data/markers/flex-slot-1-slice-1-noloop.work" }
[INFO] [stdout] 
[INFO] [stdout] ---- markers::checksum_field::files::flex_slot_1_slice_4_noloop stdout ----
[INFO] [stdout] Error: FileOs { source: Os { code: 2, kind: NotFound, message: "No such file or directory" }, path: "test-data/markers/flex-slot-1-slice-4-noloop.work" }
[INFO] [stdout] 
[INFO] [stdout] ---- markers::checksum_field::files::flex_slot_1_start_edit stdout ----
[INFO] [stdout] Error: FileOs { source: Os { code: 2, kind: NotFound, message: "No such file or directory" }, path: "test-data/markers/flex-slot-1-start-edit.work" }
[INFO] [stdout] 
[INFO] [stdout] ---- markers::checksum_field::files::recorder_slot_1_noedit stdout ----
[INFO] [stdout] Error: FileOs { source: Os { code: 2, kind: NotFound, message: "No such file or directory" }, path: "test-data/markers/recorder-slot-1-noedit.work" }
[INFO] [stdout] 
[INFO] [stdout] ---- markers::checksum_field::files::flex_slot_noedit stdout ----
[INFO] [stdout] Error: FileOs { source: Os { code: 2, kind: NotFound, message: "No such file or directory" }, path: "test-data/markers/flex-slot-1-noedit.work" }
[INFO] [stdout] 
[INFO] [stdout] ---- markers::checksum_field::files::static_slot_1_noedit stdout ----
[INFO] [stdout] Error: FileOs { source: Os { code: 2, kind: NotFound, message: "No such file or directory" }, path: "test-data/markers/static-slot-1-noedit.work" }
[INFO] [stdout] 
[INFO] [stdout] ---- markers::from_bytes::valid stdout ----
[INFO] [stdout] Error: FileOs { source: Os { code: 2, kind: NotFound, message: "No such file or directory" }, path: "test-data/blank-project/markers.work" }
[INFO] [stdout] 
[INFO] [stdout] ---- markers::validate::invalid_loop_point stdout ----
[INFO] [stdout] Error: FileOs { source: Os { code: 2, kind: NotFound, message: "No such file or directory" }, path: "test-data/blank-project/markers.work" }
[INFO] [stdout] 
[INFO] [stdout] ---- markers::validate::invalid_slice_count stdout ----
[INFO] [stdout] Error: FileOs { source: Os { code: 2, kind: NotFound, message: "No such file or directory" }, path: "test-data/blank-project/markers.work" }
[INFO] [stdout] 
[INFO] [stdout] ---- parts::lfos::custom_lfo_mask::default_audio stdout ----
[INFO] [stdout] Error: FileOs { source: Os { code: 2, kind: NotFound, message: "No such file or directory" }, path: "test-data/blank-project/bank01.work" }
[INFO] [stdout] 
[INFO] [stdout] ---- markers::to_bytes::valid stdout ----
[INFO] [stdout] Error: FileOs { source: Os { code: 2, kind: NotFound, message: "No such file or directory" }, path: "test-data/blank-project/markers.work" }
[INFO] [stdout] 
[INFO] [stdout] ---- markers::validate::valid stdout ----
[INFO] [stdout] Error: FileOs { source: Os { code: 2, kind: NotFound, message: "No such file or directory" }, path: "test-data/blank-project/markers.work" }
[INFO] [stdout] 
[INFO] [stdout] ---- markers::validate::invalid_trim_offset stdout ----
[INFO] [stdout] Error: FileOs { source: Os { code: 2, kind: NotFound, message: "No such file or directory" }, path: "test-data/blank-project/markers.work" }
[INFO] [stdout] 
[INFO] [stdout] ---- parts::lfos::custom_lfo_design::default_midi stdout ----
[INFO] [stdout] Error: FileOs { source: Os { code: 2, kind: NotFound, message: "No such file or directory" }, path: "test-data/blank-project/bank01.work" }
[INFO] [stdout] 
[INFO] [stdout] ---- parts::lfos::custom_lfo_mask::default_midi stdout ----
[INFO] [stdout] Error: FileOs { source: Os { code: 2, kind: NotFound, message: "No such file or directory" }, path: "test-data/blank-project/bank01.work" }
[INFO] [stdout] 
[INFO] [stdout] ---- parts::part_header_field::invalid stdout ----
[INFO] [stdout] Error: FileOs { source: Os { code: 2, kind: NotFound, message: "No such file or directory" }, path: "test-data/blank-project/bank01.work" }
[INFO] [stdout] 
[INFO] [stdout] ---- parts::scenes::scene_params::default stdout ----
[INFO] [stdout] Error: FileOs { source: Os { code: 2, kind: NotFound, message: "No such file or directory" }, path: "test-data/blank-project/bank01.work" }
[INFO] [stdout] 
[INFO] [stdout] ---- parts::parts_header_field::invalid stdout ----
[INFO] [stdout] Error: FileOs { source: Os { code: 2, kind: NotFound, message: "No such file or directory" }, path: "test-data/blank-project/bank01.work" }
[INFO] [stdout] 
[INFO] [stdout] ---- parts::lfos::custom_lfo_design::default_audio stdout ----
[INFO] [stdout] Error: FileOs { source: Os { code: 2, kind: NotFound, message: "No such file or directory" }, path: "test-data/blank-project/bank01.work" }
[INFO] [stdout] 
[INFO] [stdout] ---- parts::tracks::audio::audio_track_machines_params_setup_pickup::default stdout ----
[INFO] [stdout] Error: FileOs { source: Os { code: 2, kind: NotFound, message: "No such file or directory" }, path: "test-data/blank-project/bank01.work" }
[INFO] [stdout] 
[INFO] [stdout] ---- parts::tracks::audio::audio_track_machines_params_setup::default stdout ----
[INFO] [stdout] Error: FileOs { source: Os { code: 2, kind: NotFound, message: "No such file or directory" }, path: "test-data/blank-project/bank01.work" }
[INFO] [stdout] 
[INFO] [stdout] ---- parts::tracks::audio::audio_track_machines_params_setup_std::default stdout ----
[INFO] [stdout] Error: FileOs { source: Os { code: 2, kind: NotFound, message: "No such file or directory" }, path: "test-data/blank-project/bank01.work" }
[INFO] [stdout] 
[INFO] [stdout] ---- parts::tracks::audio::audio_track_machines_params_values::default stdout ----
[INFO] [stdout] Error: FileOs { source: Os { code: 2, kind: NotFound, message: "No such file or directory" }, path: "test-data/blank-project/bank01.work" }
[INFO] [stdout] 
[INFO] [stdout] ---- parts::tracks::audio::audio_track_machines_params_setup_neigh::default stdout ----
[INFO] [stdout] Error: FileOs { source: Os { code: 2, kind: NotFound, message: "No such file or directory" }, path: "test-data/blank-project/bank01.work" }
[INFO] [stdout] 
[INFO] [stdout] ---- parts::tracks::audio::audio_track_machines_params_values_neigh::default stdout ----
[INFO] [stdout] Error: FileOs { source: Os { code: 2, kind: NotFound, message: "No such file or directory" }, path: "test-data/blank-project/bank01.work" }
[INFO] [stdout] 
[INFO] [stdout] ---- parts::tracks::audio::audio_track_params_setup_fx::default_fx2 stdout ----
[INFO] [stdout] Error: FileOs { source: Os { code: 2, kind: NotFound, message: "No such file or directory" }, path: "test-data/blank-project/bank01.work" }
[INFO] [stdout] 
[INFO] [stdout] ---- parts::part_header_field::valid stdout ----
[INFO] [stdout] Error: FileOs { source: Os { code: 2, kind: NotFound, message: "No such file or directory" }, path: "test-data/blank-project/bank01.work" }
[INFO] [stdout] 
[INFO] [stdout] ---- parts::tracks::audio::audio_track_machines_params_values_pickup::default stdout ----
[INFO] [stdout] Error: FileOs { source: Os { code: 2, kind: NotFound, message: "No such file or directory" }, path: "test-data/blank-project/bank01.work" }
[INFO] [stdout] 
[INFO] [stdout] ---- parts::scenes::scene_params_array::default stdout ----
[INFO] [stdout] Error: FileOs { source: Os { code: 2, kind: NotFound, message: "No such file or directory" }, path: "test-data/blank-project/bank01.work" }
[INFO] [stdout] 
[INFO] [stdout] ---- parts::scenes::scene_xlv::default stdout ----
[INFO] [stdout] Error: FileOs { source: Os { code: 2, kind: NotFound, message: "No such file or directory" }, path: "test-data/blank-project/bank01.work" }
[INFO] [stdout] 
[INFO] [stdout] ---- parts::tracks::audio::audio_track_params_values_fx::default_fx1 stdout ----
[INFO] [stdout] Error: FileOs { source: Os { code: 2, kind: NotFound, message: "No such file or directory" }, path: "test-data/blank-project/bank01.work" }
[INFO] [stdout] 
[INFO] [stdout] ---- parts::scenes::active_scenes::default stdout ----
[INFO] [stdout] Error: FileOs { source: Os { code: 2, kind: NotFound, message: "No such file or directory" }, path: "test-data/blank-project/bank01.work" }
[INFO] [stdout] 
[INFO] [stdout] ---- parts::parts_header_field::valid stdout ----
[INFO] [stdout] Error: FileOs { source: Os { code: 2, kind: NotFound, message: "No such file or directory" }, path: "test-data/blank-project/bank01.work" }
[INFO] [stdout] 
[INFO] [stdout] ---- parts::tracks::audio::audio_track_machines_params_values_thru::default stdout ----
[INFO] [stdout] Error: FileOs { source: Os { code: 2, kind: NotFound, message: "No such file or directory" }, path: "test-data/blank-project/bank01.work" }
[INFO] [stdout] 
[INFO] [stdout] ---- parts::tracks::audio::audio_track_scene_lock_playback::default stdout ----
[INFO] [stdout] Error: FileOs { source: Os { code: 2, kind: NotFound, message: "No such file or directory" }, path: "test-data/blank-project/bank01.work" }
[INFO] [stdout] 
[INFO] [stdout] ---- parts::tracks::audio::audio_track_params_values_lfo::default stdout ----
[INFO] [stdout] Error: FileOs { source: Os { code: 2, kind: NotFound, message: "No such file or directory" }, path: "test-data/blank-project/bank01.work" }
[INFO] [stdout] 
[INFO] [stdout] ---- parts::tracks::audio::audio_track_params_values_amp::default stdout ----
[INFO] [stdout] Error: FileOs { source: Os { code: 2, kind: NotFound, message: "No such file or directory" }, path: "test-data/blank-project/bank01.work" }
[INFO] [stdout] 
[INFO] [stdout] ---- parts::tracks::audio::audio_track_machines_params_values_std::default stdout ----
[INFO] [stdout] Error: FileOs { source: Os { code: 2, kind: NotFound, message: "No such file or directory" }, path: "test-data/blank-project/bank01.work" }
[INFO] [stdout] 
[INFO] [stdout] ---- parts::tracks::audio::audio_track_machines_slot::defaults stdout ----
[INFO] [stdout] Error: FileOs { source: Os { code: 2, kind: NotFound, message: "No such file or directory" }, path: "test-data/blank-project/bank01.work" }
[INFO] [stdout] 
[INFO] [stdout] ---- parts::tracks::midi::midi_track_note_params_setup::default stdout ----
[INFO] [stdout] Error: FileOs { source: Os { code: 2, kind: NotFound, message: "No such file or directory" }, path: "test-data/blank-project/bank01.work" }
[INFO] [stdout] 
[INFO] [stdout] ---- parts::tracks::midi::midi_track_params_values::default stdout ----
[INFO] [stdout] Error: FileOs { source: Os { code: 2, kind: NotFound, message: "No such file or directory" }, path: "test-data/blank-project/bank01.work" }
[INFO] [stdout] 
[INFO] [stdout] ---- parts::tracks::midi::midi_track_params_setup::default stdout ----
[INFO] [stdout] Error: FileOs { source: Os { code: 2, kind: NotFound, message: "No such file or directory" }, path: "test-data/blank-project/bank01.work" }
[INFO] [stdout] 
[INFO] [stdout] ---- parts::tracks::midi::midi_track_params_values_arp::default stdout ----
[INFO] [stdout] Error: FileOs { source: Os { code: 2, kind: NotFound, message: "No such file or directory" }, path: "test-data/blank-project/bank01.work" }
[INFO] [stdout] 
[INFO] [stdout] ---- parts::tracks::midi::midi_track_params_values_midi::default stdout ----
[INFO] [stdout] Error: FileOs { source: Os { code: 2, kind: NotFound, message: "No such file or directory" }, path: "test-data/blank-project/bank01.work" }
[INFO] [stdout] 
[INFO] [stdout] ---- parts::tracks::midi::midi_track_params_values_cc2::default stdout ----
[INFO] [stdout] Error: FileOs { source: Os { code: 2, kind: NotFound, message: "No such file or directory" }, path: "test-data/blank-project/bank01.work" }
[INFO] [stdout] 
[INFO] [stdout] ---- parts::tracks::audio::audio_track_params_setup::default stdout ----
[INFO] [stdout] Error: FileOs { source: Os { code: 2, kind: NotFound, message: "No such file or directory" }, path: "test-data/blank-project/bank01.work" }
[INFO] [stdout] 
[INFO] [stdout] ---- parts::tracks::recorder::recorder_setup::default stdout ----
[INFO] [stdout] Error: FileOs { source: Os { code: 2, kind: NotFound, message: "No such file or directory" }, path: "test-data/blank-project/bank01.work" }
[INFO] [stdout] 
[INFO] [stdout] ---- parts::tracks::midi::midi_track_params_values_cc1::default stdout ----
[INFO] [stdout] Error: FileOs { source: Os { code: 2, kind: NotFound, message: "No such file or directory" }, path: "test-data/blank-project/bank01.work" }
[INFO] [stdout] 
[INFO] [stdout] ---- parts::tracks::midi::midi_track_cc2_params_setup::default stdout ----
[INFO] [stdout] Error: FileOs { source: Os { code: 2, kind: NotFound, message: "No such file or directory" }, path: "test-data/blank-project/bank01.work" }
[INFO] [stdout] 
[INFO] [stdout] ---- parts::tracks::recorder::recorder_setup_src::default stdout ----
[INFO] [stdout] Error: FileOs { source: Os { code: 2, kind: NotFound, message: "No such file or directory" }, path: "test-data/blank-project/bank01.work" }
[INFO] [stdout] 
[INFO] [stdout] ---- parts::tracks::audio::audio_track_params_values_fx::default_fx2 stdout ----
[INFO] [stdout] Error: FileOs { source: Os { code: 2, kind: NotFound, message: "No such file or directory" }, path: "test-data/blank-project/bank01.work" }
[INFO] [stdout] 
[INFO] [stdout] ---- parts::tracks::audio::audio_track_params_setup_fx::default_fx1 stdout ----
[INFO] [stdout] Error: FileOs { source: Os { code: 2, kind: NotFound, message: "No such file or directory" }, path: "test-data/blank-project/bank01.work" }
[INFO] [stdout] 
[INFO] [stdout] ---- parts::tracks::audio::audio_track_volume::default stdout ----
[INFO] [stdout] Error: FileOs { source: Os { code: 2, kind: NotFound, message: "No such file or directory" }, path: "test-data/blank-project/bank01.work" }
[INFO] [stdout] 
[INFO] [stdout] ---- parts::tracks::audio::audio_track_params_setup_amp::default stdout ----
[INFO] [stdout] Error: FileOs { source: Os { code: 2, kind: NotFound, message: "No such file or directory" }, path: "test-data/blank-project/bank01.work" }
[INFO] [stdout] 
[INFO] [stdout] ---- parts::tracks::midi::midi_arp_seq::default stdout ----
[INFO] [stdout] Error: FileOs { source: Os { code: 2, kind: NotFound, message: "No such file or directory" }, path: "test-data/blank-project/bank01.work" }
[INFO] [stdout] 
[INFO] [stdout] ---- parts::tracks::recorder::recorder_setup_proc::default stdout ----
[INFO] [stdout] Error: FileOs { source: Os { code: 2, kind: NotFound, message: "No such file or directory" }, path: "test-data/blank-project/bank01.work" }
[INFO] [stdout] 
[INFO] [stdout] ---- parts::tracks::audio::audio_track_params_setup_lfo_2::default stdout ----
[INFO] [stdout] Error: FileOs { source: Os { code: 2, kind: NotFound, message: "No such file or directory" }, path: "test-data/blank-project/bank01.work" }
[INFO] [stdout] 
[INFO] [stdout] ---- parts::tracks::midi::midi_track_arp_params_setup::default stdout ----
[INFO] [stdout] Error: FileOs { source: Os { code: 2, kind: NotFound, message: "No such file or directory" }, path: "test-data/blank-project/bank01.work" }
[INFO] [stdout] 
[INFO] [stdout] ---- parts::tracks::audio::audio_track_params_values::default stdout ----
[INFO] [stdout] Error: FileOs { source: Os { code: 2, kind: NotFound, message: "No such file or directory" }, path: "test-data/blank-project/bank01.work" }
[INFO] [stdout] 
[INFO] [stdout] ---- parts::tracks::midi::midi_track_cc1_params_setup::default stdout ----
[INFO] [stdout] Error: FileOs { source: Os { code: 2, kind: NotFound, message: "No such file or directory" }, path: "test-data/blank-project/bank01.work" }
[INFO] [stdout] 
[INFO] [stdout] ---- parts::tracks::audio::audio_track_params_setup_lfo_1::default stdout ----
[INFO] [stdout] Error: FileOs { source: Os { code: 2, kind: NotFound, message: "No such file or directory" }, path: "test-data/blank-project/bank01.work" }
[INFO] [stdout] 
[INFO] [stdout] ---- patterns::tracks::midi::midi_track_trigs_header::file_read_invalid stdout ----
[INFO] [stdout] Error: FileOs { source: Os { code: 2, kind: NotFound, message: "No such file or directory" }, path: "test-data/blank-project/bank01.work" }
[INFO] [stdout] 
[INFO] [stdout] ---- projects::check_os_version::invalid_old stdout ----
[INFO] [stdout] Error: FileOs { source: Os { code: 2, kind: NotFound, message: "No such file or directory" }, path: "test-data/blank-project/project.work" }
[INFO] [stdout] 
[INFO] [stdout] ---- patterns::tracks::audio::audio_track_trigs_header::file_read_invalid stdout ----
[INFO] [stdout] Error: FileOs { source: Os { code: 2, kind: NotFound, message: "No such file or directory" }, path: "test-data/blank-project/bank01.work" }
[INFO] [stdout] 
[INFO] [stdout] ---- projects::check_os_version::valid stdout ----
[INFO] [stdout] Error: FileOs { source: Os { code: 2, kind: NotFound, message: "No such file or directory" }, path: "test-data/blank-project/project.work" }
[INFO] [stdout] 
[INFO] [stdout] ---- patterns::tracks::midi::midi_track_trigs_header::file_read_valid stdout ----
[INFO] [stdout] Error: FileOs { source: Os { code: 2, kind: NotFound, message: "No such file or directory" }, path: "test-data/blank-project/bank01.work" }
[INFO] [stdout] 
[INFO] [stdout] ---- patterns::pattern_header::file_read_invalid stdout ----
[INFO] [stdout] Error: FileOs { source: Os { code: 2, kind: NotFound, message: "No such file or directory" }, path: "test-data/blank-project/bank01.work" }
[INFO] [stdout] 
[INFO] [stdout] ---- projects::check_os_version::invalid_new stdout ----
[INFO] [stdout] Error: FileOs { source: Os { code: 2, kind: NotFound, message: "No such file or directory" }, path: "test-data/blank-project/project.work" }
[INFO] [stdout] 
[INFO] [stdout] ---- projects::header_field::fail_check_header stdout ----
[INFO] [stdout] Error: FileOs { source: Os { code: 2, kind: NotFound, message: "No such file or directory" }, path: "test-data/blank-project/project.work" }
[INFO] [stdout] 
[INFO] [stdout] ---- patterns::pattern_header::file_read_valid stdout ----
[INFO] [stdout] Error: FileOs { source: Os { code: 2, kind: NotFound, message: "No such file or directory" }, path: "test-data/blank-project/bank01.work" }
[INFO] [stdout] 
[INFO] [stdout] ---- patterns::tracks::audio::audio_track_trigs_header::file_read_valid stdout ----
[INFO] [stdout] Error: FileOs { source: Os { code: 2, kind: NotFound, message: "No such file or directory" }, path: "test-data/blank-project/bank01.work" }
[INFO] [stdout] 
[INFO] [stdout] ---- projects::check_os_version::invalid_random stdout ----
[INFO] [stdout] Error: FileOs { source: Os { code: 2, kind: NotFound, message: "No such file or directory" }, path: "test-data/blank-project/project.work" }
[INFO] [stdout] 
[INFO] [stdout] ---- projects::checksum_field::fail_calculate_checksum stdout ----
[INFO] [stdout] Error: FileOs { source: Os { code: 2, kind: NotFound, message: "No such file or directory" }, path: "test-data/blank-project/project.work" }
[INFO] [stdout] 
[INFO] [stdout] ---- projects::checksum_field::fail_check_checksum stdout ----
[INFO] [stdout] Error: FileOs { source: Os { code: 2, kind: NotFound, message: "No such file or directory" }, path: "test-data/blank-project/project.work" }
[INFO] [stdout] 
[INFO] [stdout] ---- projects::file_version_field::fail_check_version stdout ----
[INFO] [stdout] Error: FileOs { source: Os { code: 2, kind: NotFound, message: "No such file or directory" }, path: "test-data/blank-project/project.work" }
[INFO] [stdout] 
[INFO] [stdout] ---- samples::checksum_field::files::eight_slices stdout ----
[INFO] [stdout] Error: FileOs { source: Os { code: 2, kind: NotFound, message: "No such file or directory" }, path: "test-data/samples/checksum/8slices.ot" }
[INFO] [stdout] 
[INFO] [stdout] ---- parts::tracks::audio::audio_track_machines_params_setup_thru::default stdout ----
[INFO] [stdout] Error: FileOs { source: Os { code: 2, kind: NotFound, message: "No such file or directory" }, path: "test-data/blank-project/bank01.work" }
[INFO] [stdout] 
[INFO] [stdout] ---- samples::checksum_field::files::forty_eight_slices stdout ----
[INFO] [stdout] Error: FileOs { source: Os { code: 2, kind: NotFound, message: "No such file or directory" }, path: "test-data/samples/checksum/48slices.ot" }
[INFO] [stdout] 
[INFO] [stdout] ---- samples::checksum_field::files::four_slices stdout ----
[INFO] [stdout] Error: FileOs { source: Os { code: 2, kind: NotFound, message: "No such file or directory" }, path: "test-data/samples/checksum/4slices.ot" }
[INFO] [stdout] 
[INFO] [stdout] ---- samples::checksum_field::files::sixteen_slices stdout ----
[INFO] [stdout] Error: FileOs { source: Os { code: 2, kind: NotFound, message: "No such file or directory" }, path: "test-data/samples/checksum/16slices.ot" }
[INFO] [stdout] 
[INFO] [stdout] ---- samples::checksum_field::files::sixty_four_slices_correct stdout ----
[INFO] [stdout] Error: FileOs { source: Os { code: 2, kind: NotFound, message: "No such file or directory" }, path: "test-data/samples/checksum/64slices.ot" }
[INFO] [stdout] 
[INFO] [stdout] ---- samples::checksum_field::files::sixty_three_slices stdout ----
[INFO] [stdout] Error: FileOs { source: Os { code: 2, kind: NotFound, message: "No such file or directory" }, path: "test-data/samples/checksum/63slices.ot" }
[INFO] [stdout] 
[INFO] [stdout] ---- samples::checksum_field::files::sixty_two_slices stdout ----
[INFO] [stdout] Error: FileOs { source: Os { code: 2, kind: NotFound, message: "No such file or directory" }, path: "test-data/samples/checksum/62slices.ot" }
[INFO] [stdout] 
[INFO] [stdout] ---- samples::checksum_field::files::thirty_two_slices stdout ----
[INFO] [stdout] Error: FileOs { source: Os { code: 2, kind: NotFound, message: "No such file or directory" }, path: "test-data/samples/checksum/32slices.ot" }
[INFO] [stdout] 
[INFO] [stdout] ---- read_bin_file::ok stdout ----
[INFO] [stdout] Error: FileOs { source: Os { code: 2, kind: NotFound, message: "No such file or directory" }, path: "test-data/blank-project/bank01.work" }
[INFO] [stdout] 
[INFO] [stdout] ---- samples::checksum_field::files::two_slices stdout ----
[INFO] [stdout] Error: FileOs { source: Os { code: 2, kind: NotFound, message: "No such file or directory" }, path: "test-data/samples/checksum/2slices.ot" }
[INFO] [stdout] 
[INFO] [stdout] ---- samples::checksum_field::files::zero_slices stdout ----
[INFO] [stdout] Error: FileOs { source: Os { code: 2, kind: NotFound, message: "No such file or directory" }, path: "test-data/samples/checksum/0slices.ot" }
[INFO] [stdout] 
[INFO] [stdout] ---- samples::checksum_field::files::zero_slices_trig_quant_one_step stdout ----
[INFO] [stdout] Error: FileOs { source: Os { code: 2, kind: NotFound, message: "No such file or directory" }, path: "test-data/samples/checksum/0slices-tq1step.ot" }
[INFO] [stdout] 
[INFO] [stdout] ---- read_str_file::ok stdout ----
[INFO] [stdout] Error: FileOs { source: Os { code: 2, kind: NotFound, message: "No such file or directory" }, path: "test-data/blank-project/project.work" }
[INFO] [stdout] 
[INFO] [stdout] ---- samples::checksum_field::files::one_slice stdout ----
[INFO] [stdout] Error: FileOs { source: Os { code: 2, kind: NotFound, message: "No such file or directory" }, path: "test-data/samples/checksum/1slices.ot" }
[INFO] [stdout] 
[INFO] [stdout] ---- samples::from_bytes::valid stdout ----
[INFO] [stdout] Error: FileOs { source: Os { code: 2, kind: NotFound, message: "No such file or directory" }, path: "test-data/samples/checksum/0slices.ot" }
[INFO] [stdout] 
[INFO] [stdout] ---- samples::to_bytes::valid stdout ----
[INFO] [stdout] Error: FileOs { source: Os { code: 2, kind: NotFound, message: "No such file or directory" }, path: "test-data/samples/checksum/0slices.ot" }
[INFO] [stdout] 
[INFO] [stdout] 
[INFO] [stdout] failures:
[INFO] [stdout]     arrangements::file::checksum_field::files::blank
[INFO] [stdout]     arrangements::file::checksum_field::files::blank_diffname1
[INFO] [stdout]     arrangements::file::checksum_field::files::blank_diffname2
[INFO] [stdout]     arrangements::file::checksum_field::files::blank_project_file
[INFO] [stdout]     arrangements::file::checksum_field::files::blank_samename_saved
[INFO] [stdout]     arrangements::file::checksum_field::files::blank_samename_unsaved
[INFO] [stdout]     arrangements::file::checksum_field::files::four_patterns
[INFO] [stdout]     arrangements::file::checksum_field::files::full_options
[INFO] [stdout]     arrangements::file::checksum_field::files::full_options_no_rems
[INFO] [stdout]     arrangements::file::checksum_field::files::no_saved_flag
[INFO] [stdout]     arrangements::file::checksum_field::files::one_halt
[INFO] [stdout]     arrangements::file::checksum_field::files::one_pattern
[INFO] [stdout]     arrangements::file::checksum_field::files::one_pattern_1_jump_1_loop
[INFO] [stdout]     arrangements::file::checksum_field::files::one_pattern_1_jump_1_loop_1_halt
[INFO] [stdout]     arrangements::file::checksum_field::files::one_pattern_1_loop
[INFO] [stdout]     arrangements::file::checksum_field::files::one_rem_row_notext
[INFO] [stdout]     arrangements::file::checksum_field::files::one_rem_row_wtext
[INFO] [stdout]     arrangements::file::checksum_field::files::two_rem_row_wtext
[INFO] [stdout]     arrangements::file::checksum_field::files::with_saved_flag
[INFO] [stdout]     arrangements::file::from_bytes::valid
[INFO] [stdout]     arrangements::file::is_default::false_modified_file
[INFO] [stdout]     arrangements::file::is_default::true_not_modified_file
[INFO] [stdout]     arrangements::file::to_bytes::valid
[INFO] [stdout]     banks::checksum_field::files::default_bank1_file
[INFO] [stdout]     banks::checksum_field::files::default_bank2_file
[INFO] [stdout]     banks::checksum_field::files::default_method
[INFO] [stdout]     banks::checksum_field::files::flex_strt::flex_strt_111
[INFO] [stdout]     banks::checksum_field::files::flex_strt::flex_strt_112
[INFO] [stdout]     banks::checksum_field::files::flex_strt::flex_strt_113
[INFO] [stdout]     banks::checksum_field::files::flex_strt::flex_strt_114
[INFO] [stdout]     banks::checksum_field::files::flex_strt::flex_strt_115
[INFO] [stdout]     banks::checksum_field::files::flex_strt::flex_strt_116
[INFO] [stdout]     banks::checksum_field::files::flex_strt::flex_strt_117
[INFO] [stdout]     banks::checksum_field::files::flex_strt::flex_strt_118
[INFO] [stdout]     banks::checksum_field::files::flex_strt::flex_strt_119
[INFO] [stdout]     banks::checksum_field::files::flex_strt::flex_strt_120
[INFO] [stdout]     banks::checksum_field::files::flex_strt::flex_strt_121
[INFO] [stdout]     banks::checksum_field::files::flex_strt::flex_strt_122
[INFO] [stdout]     banks::checksum_field::files::flex_strt::flex_strt_123
[INFO] [stdout]     banks::checksum_field::files::flex_strt::flex_strt_124
[INFO] [stdout]     banks::checksum_field::files::flex_strt::flex_strt_125
[INFO] [stdout]     banks::checksum_field::files::flex_strt::flex_strt_126
[INFO] [stdout]     banks::checksum_field::files::lfo_designer::lfo_design_atr1_randomised
[INFO] [stdout]     banks::checksum_field::files::lfo_designer::lfo_design_atr1_step1_neg128
[INFO] [stdout]     banks::checksum_field::files::lfo_designer::lfo_design_atr1_step1_neg64
[INFO] [stdout]     banks::checksum_field::files::lfo_designer::lfo_design_atr1_step1_pos127
[INFO] [stdout]     banks::checksum_field::files::lfo_designer::lfo_design_atr1_step1_pos64
[INFO] [stdout]     banks::checksum_field::files::main_cfcard::a2
[INFO] [stdout]     banks::checksum_field::files::main_cfcard::aaaadrafts0
[INFO] [stdout]     banks::checksum_field::files::main_cfcard::aaaaplay
[INFO] [stdout]     banks::checksum_field::files::main_cfcard::aaambient
[INFO] [stdout]     banks::checksum_field::files::main_cfcard::aaasafespaces
[INFO] [stdout]     banks::checksum_field::files::main_cfcard::aacrackhead
[INFO] [stdout]     banks::checksum_field::files::main_cfcard::aadrums
[INFO] [stdout]     banks::checksum_field::files::main_cfcard::album5
[INFO] [stdout]     banks::checksum_field::files::main_cfcard::ammbbb
[INFO] [stdout]     banks::checksum_field::files::main_cfcard::empty
[INFO] [stdout]     banks::checksum_field::files::main_cfcard::filmsoundings
[INFO] [stdout]     banks::checksum_field::files::main_cfcard::gorgieflat
[INFO] [stdout]     banks::checksum_field::files::main_cfcard::gorgiehow2lose
[INFO] [stdout]     banks::checksum_field::files::main_cfcard::gorgierecordsin
[INFO] [stdout]     banks::checksum_field::files::main_cfcard::gorgiettl
[INFO] [stdout]     banks::checksum_field::files::main_cfcard::iamacameratheworldis
[INFO] [stdout]     banks::checksum_field::files::main_cfcard::iwishyouwouldletmeloveyou
[INFO] [stdout]     banks::checksum_field::files::main_cfcard::jigg
[INFO] [stdout]     banks::checksum_field::files::main_cfcard::livetechno60days
[INFO] [stdout]     banks::checksum_field::files::main_cfcard::nawwww
[INFO] [stdout]     banks::checksum_field::files::main_cfcard::no_recording
[INFO] [stdout]     banks::checksum_field::files::main_cfcard::nones
[INFO] [stdout]     banks::checksum_field::files::main_cfcard::other
[INFO] [stdout]     banks::checksum_field::files::main_cfcard::recovery
[INFO] [stdout]     banks::checksum_field::files::main_cfcard::romant_delete
[INFO] [stdout]     banks::checksum_field::files::main_cfcard::singleintricatepieces
[INFO] [stdout]     banks::checksum_field::files::main_cfcard::songs
[INFO] [stdout]     banks::checksum_field::files::main_cfcard::songs_back
[INFO] [stdout]     banks::checksum_field::files::main_cfcard::stop_talkingnlet_me_dance
[INFO] [stdout]     banks::checksum_field::files::main_cfcard::syshalt
[INFO] [stdout]     banks::checksum_field::files::main_cfcard::systems
[INFO] [stdout]     banks::checksum_field::files::main_cfcard::teka
[INFO] [stdout]     banks::checksum_field::files::one_scene_127_val
[INFO] [stdout]     banks::checksum_field::files::one_scene_zero_val
[INFO] [stdout]     banks::checksum_field::files::real_bank_files::romant_delete::b01
[INFO] [stdout]     banks::checksum_field::files::real_bank_files::romant_delete::b02
[INFO] [stdout]     banks::checksum_field::files::real_bank_files::romant_delete::b03
[INFO] [stdout]     banks::checksum_field::files::real_bank_files::romant_delete::b04
[INFO] [stdout]     banks::checksum_field::files::real_bank_files::romant_delete::b05
[INFO] [stdout]     banks::checksum_field::files::real_bank_files::romant_delete::b06
[INFO] [stdout]     banks::checksum_field::files::real_bank_files::romant_delete::b07
[INFO] [stdout]     banks::checksum_field::files::real_bank_files::romant_delete::b08
[INFO] [stdout]     banks::checksum_field::files::real_bank_files::romant_delete::b09
[INFO] [stdout]     banks::checksum_field::files::real_bank_files::romant_delete::b10
[INFO] [stdout]     banks::checksum_field::files::real_bank_files::romant_delete::b11
[INFO] [stdout]     banks::checksum_field::files::real_bank_files::romant_delete::b12
[INFO] [stdout]     banks::checksum_field::files::real_bank_files::romant_delete::b13
[INFO] [stdout]     banks::checksum_field::files::real_bank_files::romant_delete::b14
[INFO] [stdout]     banks::checksum_field::files::real_bank_files::romant_delete::b15
[INFO] [stdout]     banks::checksum_field::files::real_bank_files::romant_delete::b16
[INFO] [stdout]     banks::checksum_field::files::scene_params_decr_lots
[INFO] [stdout]     banks::checksum_field::files::static_strt_mult::static_strt_127_len_128
[INFO] [stdout]     banks::checksum_field::files::static_strt_mult::static_strt_31_len_31
[INFO] [stdout]     banks::checksum_field::files::static_strt_mult::static_strt_32_len_31
[INFO] [stdout]     banks::checksum_field::files::static_strt_mult::static_strt_32_len_32
[INFO] [stdout]     banks::checksum_field::files::static_strt_mult::static_strt_32_len_33
[INFO] [stdout]     banks::checksum_field::files::static_strt_mult::static_strt_33_len_33
[INFO] [stdout]     banks::checksum_field::files::static_strt_mult::static_strt_66_len_66
[INFO] [stdout]     banks::checksum_field::files::static_strt_mult::static_strt_67_len_66
[INFO] [stdout]     banks::checksum_field::files::static_strt_mult::static_strt_67_len_67
[INFO] [stdout]     banks::checksum_field::files::static_strt_mult::static_strt_67_len_67_rtrg_67
[INFO] [stdout]     banks::checksum_field::files::static_strt_mult::static_strt_67_len_67_rtrg_68
[INFO] [stdout]     banks::checksum_field::files::static_strt_mult::static_strt_67_len_68
[INFO] [stdout]     banks::checksum_field::files::static_strt_mult::static_strt_67_len_68_rtrg_68
[INFO] [stdout]     banks::checksum_field::files::static_strt_mult::static_strt_67_len_69_rtrg_67
[INFO] [stdout]     banks::checksum_field::files::static_strt_mult::static_strt_67_len_69_rtrg_68
[INFO] [stdout]     banks::checksum_field::files::static_strt_mult::static_strt_67_len_69_rtrg_69
[INFO] [stdout]     banks::checksum_field::files::static_strt_mult::static_strt_68_len_68
[INFO] [stdout]     banks::checksum_field::files::static_strt_only::static_strt_1
[INFO] [stdout]     banks::checksum_field::files::static_strt_only::static_strt_10
[INFO] [stdout]     banks::checksum_field::files::static_strt_only::static_strt_111
[INFO] [stdout]     banks::checksum_field::files::static_strt_only::static_strt_112
[INFO] [stdout]     banks::checksum_field::files::static_strt_only::static_strt_113
[INFO] [stdout]     banks::checksum_field::files::static_strt_only::static_strt_114
[INFO] [stdout]     banks::checksum_field::files::static_strt_only::static_strt_115
[INFO] [stdout]     banks::checksum_field::files::static_strt_only::static_strt_116
[INFO] [stdout]     banks::checksum_field::files::static_strt_only::static_strt_117
[INFO] [stdout]     banks::checksum_field::files::static_strt_only::static_strt_118
[INFO] [stdout]     banks::checksum_field::files::static_strt_only::static_strt_119
[INFO] [stdout]     banks::checksum_field::files::static_strt_only::static_strt_120
[INFO] [stdout]     banks::checksum_field::files::static_strt_only::static_strt_121
[INFO] [stdout]     banks::checksum_field::files::static_strt_only::static_strt_122
[INFO] [stdout]     banks::checksum_field::files::static_strt_only::static_strt_123
[INFO] [stdout]     banks::checksum_field::files::static_strt_only::static_strt_124
[INFO] [stdout]     banks::checksum_field::files::static_strt_only::static_strt_125
[INFO] [stdout]     banks::checksum_field::files::static_strt_only::static_strt_126
[INFO] [stdout]     banks::checksum_field::files::static_strt_only::static_strt_127
[INFO] [stdout]     banks::checksum_field::files::static_strt_only::static_strt_2
[INFO] [stdout]     banks::checksum_field::files::static_strt_only::static_strt_56
[INFO] [stdout]     banks::checksum_field::files::static_strt_only::static_strt_57
[INFO] [stdout]     banks::checksum_field::files::static_strt_only::static_strt_58
[INFO] [stdout]     banks::checksum_field::files::static_strt_only::static_strt_59
[INFO] [stdout]     banks::checksum_field::files::static_strt_only::static_strt_60
[INFO] [stdout]     banks::checksum_field::files::static_strt_only::static_strt_61
[INFO] [stdout]     banks::checksum_field::files::static_strt_only::static_strt_62
[INFO] [stdout]     banks::checksum_field::files::static_strt_only::static_strt_63
[INFO] [stdout]     banks::checksum_field::files::static_strt_only::static_strt_64
[INFO] [stdout]     banks::checksum_field::files::static_strt_only::static_strt_65
[INFO] [stdout]     banks::checksum_field::files::static_strt_only::static_strt_66
[INFO] [stdout]     banks::checksum_field::files::static_strt_only::static_strt_67
[INFO] [stdout]     banks::checksum_field::files::static_strt_only::static_strt_68
[INFO] [stdout]     banks::checksum_field::files::static_strt_only::static_strt_69
[INFO] [stdout]     banks::checksum_field::files::static_strt_only::static_strt_70
[INFO] [stdout]     banks::checksum_field::files::static_strt_only::static_strt_71
[INFO] [stdout]     banks::checksum_field::files::track_parameters::track_params_attack_127
[INFO] [stdout]     banks::checksum_field::files::track_parameters::track_params_balance_neg64
[INFO] [stdout]     banks::checksum_field::files::track_parameters::track_params_balance_pos63
[INFO] [stdout]     banks::checksum_field::files::track_parameters::track_params_fx1_filter_base_127
[INFO] [stdout]     banks::checksum_field::files::track_parameters::track_params_fx1_filter_depth_neg64
[INFO] [stdout]     banks::checksum_field::files::track_parameters::track_params_fx1_filter_depth_pos63
[INFO] [stdout]     banks::checksum_field::files::track_parameters::track_params_fx1_filter_q_127
[INFO] [stdout]     banks::checksum_field::files::track_parameters::track_params_fx1_filter_width_0
[INFO] [stdout]     banks::checksum_field::files::track_parameters::track_params_fx2_delay_snd_127
[INFO] [stdout]     banks::checksum_field::files::track_parameters::track_params_hold_0
[INFO] [stdout]     banks::checksum_field::files::track_parameters::track_params_lfo1_amt_127
[INFO] [stdout]     banks::checksum_field::files::track_parameters::track_params_lfo1_amt_64
[INFO] [stdout]     banks::checksum_field::files::track_parameters::track_params_lfo1_spd_0
[INFO] [stdout]     banks::checksum_field::files::track_parameters::track_params_lfo1_spd_127
[INFO] [stdout]     banks::checksum_field::files::track_parameters::track_params_release_0
[INFO] [stdout]     banks::checksum_field::files::track_parameters::track_params_vol_neg64
[INFO] [stdout]     banks::checksum_field::files::track_parameters::track_params_vol_pos63
[INFO] [stdout]     banks::from_bytes::valid
[INFO] [stdout]     banks::to_bytes::valid
[INFO] [stdout]     markers::checksum_field::files::base_proj_default_file
[INFO] [stdout]     markers::checksum_field::files::default_method
[INFO] [stdout]     markers::checksum_field::files::flex_slot_128_noedit
[INFO] [stdout]     markers::checksum_field::files::flex_slot_1_loop
[INFO] [stdout]     markers::checksum_field::files::flex_slot_1_slice_1_loop
[INFO] [stdout]     markers::checksum_field::files::flex_slot_1_slice_1_noloop
[INFO] [stdout]     markers::checksum_field::files::flex_slot_1_slice_4_noloop
[INFO] [stdout]     markers::checksum_field::files::flex_slot_1_start_edit
[INFO] [stdout]     markers::checksum_field::files::flex_slot_noedit
[INFO] [stdout]     markers::checksum_field::files::recorder_slot_1_noedit
[INFO] [stdout]     markers::checksum_field::files::static_slot_128_noedit
[INFO] [stdout]     markers::checksum_field::files::static_slot_1_noedit
[INFO] [stdout]     markers::from_bytes::valid
[INFO] [stdout]     markers::to_bytes::valid
[INFO] [stdout]     markers::validate::invalid_loop_point
[INFO] [stdout]     markers::validate::invalid_slice_count
[INFO] [stdout]     markers::validate::invalid_trim_offset
[INFO] [stdout]     markers::validate::valid
[INFO] [stdout]     parts::lfos::custom_lfo_design::default_audio
[INFO] [stdout]     parts::lfos::custom_lfo_design::default_midi
[INFO] [stdout]     parts::lfos::custom_lfo_mask::default_audio
[INFO] [stdout]     parts::lfos::custom_lfo_mask::default_midi
[INFO] [stdout]     parts::part_header_field::invalid
[INFO] [stdout]     parts::part_header_field::valid
[INFO] [stdout]     parts::parts_header_field::invalid
[INFO] [stdout]     parts::parts_header_field::valid
[INFO] [stdout]     parts::scenes::active_scenes::default
[INFO] [stdout]     parts::scenes::scene_params::default
[INFO] [stdout]     parts::scenes::scene_params_array::default
[INFO] [stdout]     parts::scenes::scene_xlv::default
[INFO] [stdout]     parts::tracks::audio::audio_track_machines_params_setup::default
[INFO] [stdout]     parts::tracks::audio::audio_track_machines_params_setup_neigh::default
[INFO] [stdout]     parts::tracks::audio::audio_track_machines_params_setup_pickup::default
[INFO] [stdout]     parts::tracks::audio::audio_track_machines_params_setup_std::default
[INFO] [stdout]     parts::tracks::audio::audio_track_machines_params_setup_thru::default
[INFO] [stdout]     parts::tracks::audio::audio_track_machines_params_values::default
[INFO] [stdout]     parts::tracks::audio::audio_track_machines_params_values_neigh::default
[INFO] [stdout]     parts::tracks::audio::audio_track_machines_params_values_pickup::default
[INFO] [stdout]     parts::tracks::audio::audio_track_machines_params_values_std::default
[INFO] [stdout]     parts::tracks::audio::audio_track_machines_params_values_thru::default
[INFO] [stdout]     parts::tracks::audio::audio_track_machines_slot::defaults
[INFO] [stdout]     parts::tracks::audio::audio_track_params_setup::default
[INFO] [stdout]     parts::tracks::audio::audio_track_params_setup_amp::default
[INFO] [stdout]     parts::tracks::audio::audio_track_params_setup_fx::default_fx1
[INFO] [stdout]     parts::tracks::audio::audio_track_params_setup_fx::default_fx2
[INFO] [stdout]     parts::tracks::audio::audio_track_params_setup_lfo_1::default
[INFO] [stdout]     parts::tracks::audio::audio_track_params_setup_lfo_2::default
[INFO] [stdout]     parts::tracks::audio::audio_track_params_values::default
[INFO] [stdout]     parts::tracks::audio::audio_track_params_values_amp::default
[INFO] [stdout]     parts::tracks::audio::audio_track_params_values_fx::default_fx1
[INFO] [stdout]     parts::tracks::audio::audio_track_params_values_fx::default_fx2
[INFO] [stdout]     parts::tracks::audio::audio_track_params_values_lfo::default
[INFO] [stdout]     parts::tracks::audio::audio_track_scene_lock_playback::default
[INFO] [stdout]     parts::tracks::audio::audio_track_volume::default
[INFO] [stdout]     parts::tracks::midi::midi_arp_seq::default
[INFO] [stdout]     parts::tracks::midi::midi_track_arp_params_setup::default
[INFO] [stdout]     parts::tracks::midi::midi_track_cc1_params_setup::default
[INFO] [stdout]     parts::tracks::midi::midi_track_cc2_params_setup::default
[INFO] [stdout]     parts::tracks::midi::midi_track_note_params_setup::default
[INFO] [stdout]     parts::tracks::midi::midi_track_params_setup::default
[INFO] [stdout]     parts::tracks::midi::midi_track_params_values::default
[INFO] [stdout]     parts::tracks::midi::midi_track_params_values_arp::default
[INFO] [stdout]     parts::tracks::midi::midi_track_params_values_cc1::default
[INFO] [stdout]     parts::tracks::midi::midi_track_params_values_cc2::default
[INFO] [stdout]     parts::tracks::midi::midi_track_params_values_midi::default
[INFO] [stdout]     parts::tracks::recorder::recorder_setup::default
[INFO] [stdout]     parts::tracks::recorder::recorder_setup_proc::default
[INFO] [stdout]     parts::tracks::recorder::recorder_setup_src::default
[INFO] [stdout]     patterns::pattern_header::file_read_invalid
[INFO] [stdout]     patterns::pattern_header::file_read_valid
[INFO] [stdout]     patterns::tracks::audio::audio_track_trigs_header::file_read_invalid
[INFO] [stdout]     patterns::tracks::audio::audio_track_trigs_header::file_read_valid
[INFO] [stdout]     patterns::tracks::midi::midi_track_trigs_header::file_read_invalid
[INFO] [stdout]     patterns::tracks::midi::midi_track_trigs_header::file_read_valid
[INFO] [stdout]     projects::check_os_version::invalid_new
[INFO] [stdout]     projects::check_os_version::invalid_old
[INFO] [stdout]     projects::check_os_version::invalid_random
[INFO] [stdout]     projects::check_os_version::valid
[INFO] [stdout]     projects::checksum_field::fail_calculate_checksum
[INFO] [stdout]     projects::checksum_field::fail_check_checksum
[INFO] [stdout]     projects::file_version_field::fail_check_version
[INFO] [stdout]     projects::header_field::fail_check_header
[INFO] [stdout]     read_bin_file::ok
[INFO] [stdout]     read_str_file::ok
[INFO] [stdout]     samples::checksum_field::files::eight_slices
[INFO] [stdout]     samples::checksum_field::files::forty_eight_slices
[INFO] [stdout]     samples::checksum_field::files::four_slices
[INFO] [stdout]     samples::checksum_field::files::one_slice
[INFO] [stdout]     samples::checksum_field::files::sixteen_slices
[INFO] [stdout]     samples::checksum_field::files::sixty_four_slices_correct
[INFO] [stdout]     samples::checksum_field::files::sixty_three_slices
[INFO] [stdout]     samples::checksum_field::files::sixty_two_slices
[INFO] [stdout]     samples::checksum_field::files::thirty_two_slices
[INFO] [stdout]     samples::checksum_field::files::two_slices
[INFO] [stdout]     samples::checksum_field::files::zero_slices
[INFO] [stdout]     samples::checksum_field::files::zero_slices_trig_quant_one_step
[INFO] [stdout]     samples::from_bytes::valid
[INFO] [stdout]     samples::to_bytes::valid
[INFO] [stdout] 
[INFO] [stdout] test result: FAILED. 448 passed; 268 failed; 2 ignored; 0 measured; 0 filtered out; finished in 0.19s
[INFO] [stdout] 
[INFO] running `Command { std: "docker" "inspect" "e396d6544a5bf5638cb863df3b36c90f88264c4cbb4e9294433e3fba3d7c1d92", kill_on_drop: false }`
[INFO] running `Command { std: "docker" "rm" "-f" "e396d6544a5bf5638cb863df3b36c90f88264c4cbb4e9294433e3fba3d7c1d92", kill_on_drop: false }`
[INFO] [stdout] e396d6544a5bf5638cb863df3b36c90f88264c4cbb4e9294433e3fba3d7c1d92
