[INFO] fetching crate ot-tools-interfaces 0.11.3...
[INFO] testing ot-tools-interfaces-0.11.3 against 1.99.0-beta.8+cargoflags=--release for beta-release-1.100-2
[INFO] extracting crate ot-tools-interfaces 0.11.3 into /workspace/builds/worker-5-tc1/source
[INFO] started tweaking crates.io crate ot-tools-interfaces 0.11.3
[INFO] removed 0 missing examples
[INFO] finished tweaking crates.io crate ot-tools-interfaces 0.11.3
[INFO] tweaked toml for crates.io crate ot-tools-interfaces 0.11.3 written to /workspace/builds/worker-5-tc1/source/Cargo.toml
[INFO] validating manifest of crates.io crate ot-tools-interfaces 0.11.3 on toolchain 1.99.0-beta.8
[INFO] running `Command { std: CARGO_HOME="/workspace/cargo-home" RUSTUP_HOME="/workspace/rustup-home" "/workspace/cargo-home/bin/cargo" "+1.99.0-beta.8" "metadata" "--manifest-path" "Cargo.toml" "--no-deps", kill_on_drop: false }`
[INFO] crate crates.io crate ot-tools-interfaces 0.11.3 already has a lockfile, it will not be regenerated
[INFO] running `Command { std: CARGO_HOME="/workspace/cargo-home" RUSTUP_HOME="/workspace/rustup-home" "/workspace/cargo-home/bin/cargo" "+1.99.0-beta.8" "fetch" "--manifest-path" "Cargo.toml", kill_on_drop: false }`
[INFO] [stderr]     Updating crates.io index
[INFO] [stderr]  Downloading crates ...
[INFO] [stderr]   Downloaded ot-tools-io-derive v0.11.3
[INFO] [stderr]   Downloaded ot-tools-io v0.11.3
[INFO] [stderr]   Downloaded audio-codec-algorithms v0.8.0
[INFO] [stderr]   Downloaded aifc v0.7.0
[INFO] running `Command { std: "docker" "create" "-v" "/var/lib/crater-agent-workspace/builds/worker-5-tc1/source:/opt/rustwide/workdir:ro,Z" "-v" "/var/lib/crater-agent-workspace/builds/worker-5-tc1/target:/opt/rustwide/target:rw,Z" "-v" "/var/lib/crater-agent-workspace/cargo-home:/opt/rustwide/cargo-home:ro,Z" "-v" "/var/lib/crater-agent-workspace/rustup-home:/opt/rustwide/rustup-home:ro,Z" "-m" "1610612736" "--network" "none" "ghcr.io/rust-lang/crates-build-env/linux@sha256:77db811e55d90add9212f6832c23229e3de5f1c1f9905e8cb07319ea15df73ac" "sleep" "infinity", kill_on_drop: false }`
[INFO] [stdout] 1d17bb6f44ef405e3e68060b736358c6f209fd7c650fb652018883aef9210321
[INFO] running `Command { std: "docker" "start" "1d17bb6f44ef405e3e68060b736358c6f209fd7c650fb652018883aef9210321", kill_on_drop: false }`
[INFO] running `Command { std: "docker" "inspect" "1d17bb6f44ef405e3e68060b736358c6f209fd7c650fb652018883aef9210321", kill_on_drop: false }`
[INFO] running `Command { std: "docker" "exec" "-e" "SOURCE_DIR=/opt/rustwide/workdir" "-e" "CARGO_HOME=/opt/rustwide/cargo-home" "-e" "RUSTUP_HOME=/opt/rustwide/rustup-home" "-e" "CARGO_TARGET_DIR=/opt/rustwide/target" "-w" "/opt/rustwide/workdir" "--user" "0:0" "1d17bb6f44ef405e3e68060b736358c6f209fd7c650fb652018883aef9210321" "/opt/rustwide/cargo-home/bin/cargo" "+1.99.0-beta.8" "metadata" "--no-deps" "--format-version=1", kill_on_drop: false }`
[INFO] running `Command { std: "docker" "inspect" "1d17bb6f44ef405e3e68060b736358c6f209fd7c650fb652018883aef9210321", kill_on_drop: false }`
[INFO] running `Command { std: "docker" "exec" "-e" "SOURCE_DIR=/opt/rustwide/workdir" "-e" "CARGO_HOME=/opt/rustwide/cargo-home" "-e" "RUSTUP_HOME=/opt/rustwide/rustup-home" "-e" "CARGO_TARGET_DIR=/opt/rustwide/target" "-e" "CARGO_INCREMENTAL=0" "-e" "RUST_BACKTRACE=full" "-e" "RUSTFLAGS=--cap-lints=warn" "-e" "RUSTDOCFLAGS=--cap-lints=warn" "-w" "/opt/rustwide/workdir" "--user" "0:0" "1d17bb6f44ef405e3e68060b736358c6f209fd7c650fb652018883aef9210321" "/opt/rustwide/cargo-home/bin/cargo" "+1.99.0-beta.8" "build" "--frozen" "--message-format=json" "--release", kill_on_drop: false }`
[INFO] [stderr]    Compiling serde v1.0.228
[INFO] [stderr]    Compiling syn v2.0.118
[INFO] [stderr]    Compiling either v1.16.0
[INFO] [stderr]    Compiling unsafe-libyaml-norway v0.2.15
[INFO] [stderr]    Compiling audio-codec-algorithms v0.8.0
[INFO] [stderr]    Compiling hound v3.5.1
[INFO] [stderr]    Compiling serde_json v1.0.150
[INFO] [stderr]    Compiling copy_dir v0.1.3
[INFO] [stderr]    Compiling aifc v0.7.0
[INFO] [stderr]    Compiling itertools v0.15.0
[INFO] [stderr]    Compiling serde_derive v1.0.228
[INFO] [stderr]    Compiling enum-iterator-derive v1.5.0
[INFO] [stderr]    Compiling thiserror-impl v2.0.18
[INFO] [stderr]    Compiling ot-tools-io-derive v0.11.3
[INFO] [stderr]    Compiling enum-iterator v2.3.0
[INFO] [stderr]    Compiling thiserror v2.0.18
[INFO] [stderr]    Compiling serde-big-array v0.5.1
[INFO] [stderr]    Compiling bincode v1.3.3
[INFO] [stderr]    Compiling serde_norway v0.9.42
[INFO] [stderr]    Compiling ot-tools-io v0.11.3
[INFO] [stderr]    Compiling ot-tools-interfaces v0.11.3 (/opt/rustwide/workdir)
[INFO] [stderr]     Finished `release` profile [optimized] target(s) in 20.58s
[INFO] running `Command { std: "docker" "inspect" "1d17bb6f44ef405e3e68060b736358c6f209fd7c650fb652018883aef9210321", kill_on_drop: false }`
[INFO] running `Command { std: "docker" "exec" "-e" "SOURCE_DIR=/opt/rustwide/workdir" "-e" "CARGO_HOME=/opt/rustwide/cargo-home" "-e" "RUSTUP_HOME=/opt/rustwide/rustup-home" "-e" "CARGO_TARGET_DIR=/opt/rustwide/target" "-e" "CARGO_INCREMENTAL=0" "-e" "RUST_BACKTRACE=full" "-e" "RUSTFLAGS=--cap-lints=warn" "-e" "RUSTDOCFLAGS=--cap-lints=warn" "-w" "/opt/rustwide/workdir" "--user" "0:0" "1d17bb6f44ef405e3e68060b736358c6f209fd7c650fb652018883aef9210321" "/opt/rustwide/cargo-home/bin/cargo" "+1.99.0-beta.8" "test" "--frozen" "--no-run" "--message-format=json" "--release", kill_on_drop: false }`
[INFO] [stderr]    Compiling ot-tools-interfaces v0.11.3 (/opt/rustwide/workdir)
[INFO] [stderr]     Finished `release` profile [optimized] target(s) in 3.08s
[INFO] running `Command { std: "docker" "inspect" "1d17bb6f44ef405e3e68060b736358c6f209fd7c650fb652018883aef9210321", kill_on_drop: false }`
[INFO] running `Command { std: "docker" "exec" "-e" "SOURCE_DIR=/opt/rustwide/workdir" "-e" "CARGO_HOME=/opt/rustwide/cargo-home" "-e" "RUSTUP_HOME=/opt/rustwide/rustup-home" "-e" "CARGO_TARGET_DIR=/opt/rustwide/target" "-e" "CARGO_INCREMENTAL=0" "-e" "RUST_BACKTRACE=full" "-e" "RUSTFLAGS=--cap-lints=warn" "-e" "RUSTDOCFLAGS=--cap-lints=warn" "-w" "/opt/rustwide/workdir" "--user" "0:0" "1d17bb6f44ef405e3e68060b736358c6f209fd7c650fb652018883aef9210321" "/opt/rustwide/cargo-home/bin/cargo" "+1.99.0-beta.8" "test" "--frozen" "--release", kill_on_drop: false }`
[INFO] [stderr]     Finished `release` profile [optimized] target(s) in 0.06s
[INFO] [stderr]      Running unittests src/lib.rs (/opt/rustwide/target/release/deps/ot_tools_interfaces-052d9bae570541c6)
[INFO] [stdout] 
[INFO] [stdout] running 34 tests
[INFO] [stdout] test audio::test::f32_to_i32::max_val ... ok
[INFO] [stdout] test audio::test::f32_to_i32::min_val ... ok
[INFO] [stdout] test audio::test::f32_to_i32::zero_val ... ok
[INFO] [stdout] test audio::test::f32_to_i24::half_pos ... ok
[INFO] [stdout] test audio::test::f32_to_i24::half_neg ... ok
[INFO] [stdout] test audio::test::f32_to_i32::half_pos ... ok
[INFO] [stdout] test audio::test::i16_to_f32::zero_val ... ok
[INFO] [stdout] test audio::test::i16_to_f32::half_pos ... ok
[INFO] [stdout] test audio::test::f32_to_i16::max_val ... ok
[INFO] [stdout] test audio::test::f32_to_i16::min_val ... ok
[INFO] [stdout] test audio::test::i24_to_f32::zero_val ... ok
[INFO] [stdout] test audio::test::f32_to_i16::zero_val ... ok
[INFO] [stdout] test audio::test::f32_to_i24::zero_val ... ok
[INFO] [stdout] test audio::test::f32_to_i24::max_val ... ok
[INFO] [stdout] test audio::test::f32_to_i24::min_val ... ok
[INFO] [stdout] test audio::test::i32_to_f32::min_val ... ok
[INFO] [stdout] test audio::test::i16_to_f32::max_val ... ok
[INFO] [stdout] test audio::test::i16_to_f32::min_val ... ok
[INFO] [stdout] test audio::test::i24_to_f32::half_neg ... ok
[INFO] [stdout] test projects::project_state::test_load_project_saved_state::mutate_default_ok ... FAILED
[INFO] [stdout] test audio::test::i24_to_f32::half_pos ... ok
[INFO] [stdout] test audio::test::i24_to_f32::min_val ... ok
[INFO] [stdout] test audio::test::i32_to_f32::half_pos ... ok
[INFO] [stdout] test audio::test::i16_to_f32::half_neg ... ok
[INFO] [stdout] test audio::test::i32_to_f32::zero_val ... ok
[INFO] [stdout] test audio::test::i32_to_f32::max_val ... ok
[INFO] [stdout] test audio::test::f32_to_i16::half_pos ... ok
[INFO] [stdout] test audio::test::f32_to_i16::half_neg ... ok
[INFO] [stdout] test audio::test::i24_to_f32::max_val ... ok
[INFO] [stdout] test projects::project_state::test_load_project_saved_state::load_default_ok ... FAILED
[INFO] [stdout] test audio::test::i32_to_f32::half_neg ... ok
[INFO] [stdout] test audio::test::f32_to_i32::half_neg ... ok
[INFO] [stdout] test projects::project_state::test_load_project_saved_state::write_read_new_mutable_ok ... ok
[INFO] [stdout] test projects::project_state::test_load_project_saved_state::write_read_new_ok ... ok
[INFO] [stdout] 
[INFO] [stdout] failures:
[INFO] [stdout] 
[INFO] [stdout] ---- projects::project_state::test_load_project_saved_state::mutate_default_ok stdout ----
[INFO] [stdout] Error: OtToolsIo(FileOs { source: Os { code: 2, kind: NotFound, message: "No such file or directory" }, path: "test-data/blank-project/project.work" })
[INFO] [stdout] 
[INFO] [stdout] ---- projects::project_state::test_load_project_saved_state::load_default_ok stdout ----
[INFO] [stdout] 
[INFO] [stdout] thread 'projects::project_state::test_load_project_saved_state::load_default_ok' (643) panicked at src/projects/project_state.rs:555:9:
[INFO] [stdout] assertion failed: r.is_ok()
[INFO] [stdout] stack backtrace:
[INFO] [stdout]    0:     0x56467e1e2601 - <<std[70759c8f55707aa4]::sys::backtrace::BacktraceLock>::print::DisplayBacktrace as core[df12db4294e9bfd3]::fmt::Display>::fmt
[INFO] [stdout]    1:     0x56467e1f8aca - core[df12db4294e9bfd3]::fmt::write
[INFO] [stdout]    2:     0x56467e1e6d6c - <alloc[2182bb758b4b3781]::vec::Vec<u8> as core[df12db4294e9bfd3]::io::write::Write>::write_fmt
[INFO] [stdout]    3:     0x56467e1bd576 - std[70759c8f55707aa4]::panicking::default_hook::{closure#0}
[INFO] [stdout]    4:     0x56467e1da409 - std[70759c8f55707aa4]::panicking::default_hook
[INFO] [stdout]    5:     0x56467e139d30 - test[9d35eded1c95d3be]::test_main_inner::<test[9d35eded1c95d3be]::test_main_static::{closure#0}>::{closure#0}
[INFO] [stdout]    6:     0x56467e1da5c2 - std[70759c8f55707aa4]::panicking::panic_with_hook
[INFO] [stdout]    7:     0x56467e1bd654 - std[70759c8f55707aa4]::panicking::panic_handler::{closure#0}
[INFO] [stdout]    8:     0x56467e1b61e9 - std[70759c8f55707aa4]::sys::backtrace::__rust_end_short_backtrace::<std[70759c8f55707aa4]::panicking::panic_handler::{closure#0}, !>
[INFO] [stdout]    9:     0x56467e1be21d - __rustc[8fa7c3cbc660c2b3]::rust_begin_unwind
[INFO] [stdout]   10:     0x56467e1f91fc - core[df12db4294e9bfd3]::panicking::panic_fmt
[INFO] [stdout]   11:     0x56467e1f91c2 - core[df12db4294e9bfd3]::panicking::panic
[INFO] [stdout]   12:     0x56467e11524f - ot_tools_interfaces[c1821e448d4b1b67]::projects::project_state::test_load_project_saved_state::load_default_ok
[INFO] [stdout]   13:     0x56467e12c837 - <ot_tools_interfaces[c1821e448d4b1b67]::projects::project_state::test_load_project_saved_state::load_default_ok::{closure#0} as core[df12db4294e9bfd3]::ops::function::FnOnce<()>>::call_once
[INFO] [stdout]   14:     0x56467e12d01b - test[9d35eded1c95d3be]::__rust_begin_short_backtrace::<core[df12db4294e9bfd3]::result::Result<(), alloc[2182bb758b4b3781]::string::String>, fn() -> core[df12db4294e9bfd3]::result::Result<(), alloc[2182bb758b4b3781]::string::String>>
[INFO] [stdout]   15:     0x56467e13a685 - test[9d35eded1c95d3be]::run_test::{closure#0}
[INFO] [stdout]   16:     0x56467e133f44 - std[70759c8f55707aa4]::sys::backtrace::__rust_begin_short_backtrace::<test[9d35eded1c95d3be]::run_test::{closure#1}, ()>
[INFO] [stdout]   17:     0x56467e13d7e2 - <std[70759c8f55707aa4]::thread::lifecycle::spawn_unchecked<test[9d35eded1c95d3be]::run_test::{closure#1}, ()>::{closure#1} as core[df12db4294e9bfd3]::ops::function::FnOnce<()>>::call_once::{shim:vtable#0}
[INFO] [stdout]   18:     0x56467e1e1ed9 - <std[70759c8f55707aa4]::sys::thread::unix::Thread>::new::thread_start
[INFO] [stdout]   19:     0x76382ae7adfa - <unknown>
[INFO] [stdout]   20:     0x76382af0e3d4 - clone
[INFO] [stdout]   21:                0x0 - <unknown>
[INFO] [stdout] 
[INFO] [stdout] 
[INFO] [stdout] failures:
[INFO] [stdout]     projects::project_state::test_load_project_saved_state::load_default_ok
[INFO] [stdout]     projects::project_state::test_load_project_saved_state::mutate_default_ok
[INFO] [stdout] 
[INFO] [stdout] test result: FAILED. 32 passed; 2 failed; 0 ignored; 0 measured; 0 filtered out; finished in 0.32s
[INFO] [stdout] 
[INFO] [stderr] error: test failed, to rerun pass `--lib`
[INFO] running `Command { std: "docker" "inspect" "1d17bb6f44ef405e3e68060b736358c6f209fd7c650fb652018883aef9210321", kill_on_drop: false }`
[INFO] running `Command { std: "docker" "rm" "-f" "1d17bb6f44ef405e3e68060b736358c6f209fd7c650fb652018883aef9210321", kill_on_drop: false }`
[INFO] [stdout] 1d17bb6f44ef405e3e68060b736358c6f209fd7c650fb652018883aef9210321
