[INFO] fetching crate osynic_serializer 0.1.3...
[INFO] testing osynic_serializer-0.1.3 against 1.100.0-beta.1+cargoflags=--release for beta-release-1.100-2
[INFO] extracting crate osynic_serializer 0.1.3 into /workspace/builds/worker-7-tc2/source
[INFO] started tweaking crates.io crate osynic_serializer 0.1.3
[INFO] finished tweaking crates.io crate osynic_serializer 0.1.3
[INFO] tweaked toml for crates.io crate osynic_serializer 0.1.3 written to /workspace/builds/worker-7-tc2/source/Cargo.toml
[INFO] validating manifest of crates.io crate osynic_serializer 0.1.3 on toolchain 1.100.0-beta.1
[INFO] running `Command { std: CARGO_HOME="/workspace/cargo-home" RUSTUP_HOME="/workspace/rustup-home" "/workspace/cargo-home/bin/cargo" "+1.100.0-beta.1" "metadata" "--manifest-path" "Cargo.toml" "--no-deps", kill_on_drop: false }`
[INFO] crate crates.io crate osynic_serializer 0.1.3 already has a lockfile, it will not be regenerated
[INFO] running `Command { std: CARGO_HOME="/workspace/cargo-home" RUSTUP_HOME="/workspace/rustup-home" "/workspace/cargo-home/bin/cargo" "+1.100.0-beta.1" "fetch" "--manifest-path" "Cargo.toml", kill_on_drop: false }`
[INFO] running `Command { std: "docker" "create" "-v" "/var/lib/crater-agent-workspace/builds/worker-7-tc2/source:/opt/rustwide/workdir:ro,Z" "-v" "/var/lib/crater-agent-workspace/builds/worker-7-tc2/target:/opt/rustwide/target:rw,Z" "-v" "/var/lib/crater-agent-workspace/cargo-home:/opt/rustwide/cargo-home:ro,Z" "-v" "/var/lib/crater-agent-workspace/rustup-home:/opt/rustwide/rustup-home:ro,Z" "-m" "1610612736" "--network" "none" "ghcr.io/rust-lang/crates-build-env/linux@sha256:77db811e55d90add9212f6832c23229e3de5f1c1f9905e8cb07319ea15df73ac" "sleep" "infinity", kill_on_drop: false }`
[INFO] [stdout] 5bd9c57afd9f28f21cae9677c12ed976df0586fff947b42345a364a8089a4833
[INFO] running `Command { std: "docker" "start" "5bd9c57afd9f28f21cae9677c12ed976df0586fff947b42345a364a8089a4833", kill_on_drop: false }`
[INFO] running `Command { std: "docker" "inspect" "5bd9c57afd9f28f21cae9677c12ed976df0586fff947b42345a364a8089a4833", kill_on_drop: false }`
[INFO] running `Command { std: "docker" "exec" "-e" "SOURCE_DIR=/opt/rustwide/workdir" "-e" "CARGO_HOME=/opt/rustwide/cargo-home" "-e" "RUSTUP_HOME=/opt/rustwide/rustup-home" "-e" "CARGO_TARGET_DIR=/opt/rustwide/target" "-w" "/opt/rustwide/workdir" "--user" "0:0" "5bd9c57afd9f28f21cae9677c12ed976df0586fff947b42345a364a8089a4833" "/opt/rustwide/cargo-home/bin/cargo" "+1.100.0-beta.1" "metadata" "--no-deps" "--format-version=1", kill_on_drop: false }`
[INFO] running `Command { std: "docker" "inspect" "5bd9c57afd9f28f21cae9677c12ed976df0586fff947b42345a364a8089a4833", kill_on_drop: false }`
[INFO] running `Command { std: "docker" "exec" "-e" "SOURCE_DIR=/opt/rustwide/workdir" "-e" "CARGO_HOME=/opt/rustwide/cargo-home" "-e" "RUSTUP_HOME=/opt/rustwide/rustup-home" "-e" "CARGO_TARGET_DIR=/opt/rustwide/target" "-e" "CARGO_INCREMENTAL=0" "-e" "RUST_BACKTRACE=full" "-e" "RUSTFLAGS=--cap-lints=warn" "-e" "RUSTDOCFLAGS=--cap-lints=warn" "-w" "/opt/rustwide/workdir" "--user" "0:0" "5bd9c57afd9f28f21cae9677c12ed976df0586fff947b42345a364a8089a4833" "/opt/rustwide/cargo-home/bin/cargo" "+1.100.0-beta.1" "build" "--frozen" "--message-format=json" "--release", kill_on_drop: false }`
[INFO] [stderr]    Compiling libc v0.2.184
[INFO] [stderr]    Compiling errno v0.3.14
[INFO] [stderr]    Compiling mio v0.8.11
[INFO] [stderr]    Compiling parking_lot_core v0.9.12
[INFO] [stderr]    Compiling memchr v2.8.0
[INFO] [stderr]    Compiling unicode-segmentation v1.13.2
[INFO] [stderr]    Compiling syn v2.0.117
[INFO] [stderr]    Compiling clap_lex v1.1.0
[INFO] [stderr]    Compiling fuzzy-matcher v0.3.7
[INFO] [stderr]    Compiling unicode-width v0.1.14
[INFO] [stderr]    Compiling bitflags v2.11.0
[INFO] [stderr]    Compiling dyn-clone v1.0.20
[INFO] [stderr]    Compiling whoami v2.1.1
[INFO] [stderr]    Compiling signal-hook-registry v1.4.8
[INFO] [stderr]    Compiling signal-hook v0.3.18
[INFO] [stderr]    Compiling clap_builder v4.6.0
[INFO] [stderr]    Compiling parking_lot v0.12.5
[INFO] [stderr]    Compiling newline-converter v0.3.0
[INFO] [stderr]    Compiling signal-hook-mio v0.2.5
[INFO] [stderr]    Compiling crossterm v0.25.0
[INFO] [stderr]    Compiling nom v8.0.0
[INFO] [stderr]    Compiling serde_json v1.0.149
[INFO] [stderr]    Compiling jobserver v0.1.34
[INFO] [stderr]    Compiling inquire v0.7.5
[INFO] [stderr]    Compiling cc v1.2.59
[INFO] [stderr]    Compiling liblzma-sys v0.4.6
[INFO] [stderr]    Compiling sys-info v0.9.1
[INFO] [stderr]    Compiling liblzma v0.4.6
[INFO] [stderr]    Compiling serde_derive v1.0.228
[INFO] [stderr]    Compiling clap_derive v4.6.0
[INFO] [stderr]    Compiling clap v4.6.0
[INFO] [stderr]    Compiling serde v1.0.228
[INFO] [stderr]    Compiling chrono v0.4.44
[INFO] [stderr]    Compiling osynic_osudb v0.1.5
[INFO] [stderr]    Compiling osynic_serializer v0.1.3 (/opt/rustwide/workdir)
[INFO] [stderr]     Finished `release` profile [optimized] target(s) in 14.78s
[INFO] running `Command { std: "docker" "inspect" "5bd9c57afd9f28f21cae9677c12ed976df0586fff947b42345a364a8089a4833", kill_on_drop: false }`
[INFO] running `Command { std: "docker" "exec" "-e" "SOURCE_DIR=/opt/rustwide/workdir" "-e" "CARGO_HOME=/opt/rustwide/cargo-home" "-e" "RUSTUP_HOME=/opt/rustwide/rustup-home" "-e" "CARGO_TARGET_DIR=/opt/rustwide/target" "-e" "CARGO_INCREMENTAL=0" "-e" "RUST_BACKTRACE=full" "-e" "RUSTFLAGS=--cap-lints=warn" "-e" "RUSTDOCFLAGS=--cap-lints=warn" "-w" "/opt/rustwide/workdir" "--user" "0:0" "5bd9c57afd9f28f21cae9677c12ed976df0586fff947b42345a364a8089a4833" "/opt/rustwide/cargo-home/bin/cargo" "+1.100.0-beta.1" "test" "--frozen" "--no-run" "--message-format=json" "--release", kill_on_drop: false }`
[INFO] [stderr]    Compiling osynic_serializer v0.1.3 (/opt/rustwide/workdir)
[INFO] [stderr]     Finished `release` profile [optimized] target(s) in 0.67s
[INFO] running `Command { std: "docker" "inspect" "5bd9c57afd9f28f21cae9677c12ed976df0586fff947b42345a364a8089a4833", kill_on_drop: false }`
[INFO] running `Command { std: "docker" "exec" "-e" "SOURCE_DIR=/opt/rustwide/workdir" "-e" "CARGO_HOME=/opt/rustwide/cargo-home" "-e" "RUSTUP_HOME=/opt/rustwide/rustup-home" "-e" "CARGO_TARGET_DIR=/opt/rustwide/target" "-e" "CARGO_INCREMENTAL=0" "-e" "RUST_BACKTRACE=full" "-e" "RUSTFLAGS=--cap-lints=warn" "-e" "RUSTDOCFLAGS=--cap-lints=warn" "-w" "/opt/rustwide/workdir" "--user" "0:0" "5bd9c57afd9f28f21cae9677c12ed976df0586fff947b42345a364a8089a4833" "/opt/rustwide/cargo-home/bin/cargo" "+1.100.0-beta.1" "test" "--frozen" "--release", kill_on_drop: false }`
[INFO] [stderr]     Finished `release` profile [optimized] target(s) in 0.05s
[INFO] [stderr]      Running unittests src/lib.rs (/opt/rustwide/target/release/build/osynic_serializer/5e167d10c8123444/out/osynic_serializer-5e167d10c8123444)
[INFO] [stdout] 
[INFO] [stdout] running 16 tests
[INFO] [stdout] test functions::mark::tests::test_add_os_and_hostname_to_foldername ... ok
[INFO] [stdout] test functions::mark::tests::test_add_timestamp_and_os_and_hostname_to_filename ... ok
[INFO] [stdout] test functions::mark::tests::test_add_os_and_hostname_to_filename ... ok
[INFO] [stdout] test functions::diff::tests::test_diff_songs_by_song_id ... ok
[INFO] [stdout] test functions::mark::tests::test_add_timestamp_to_filename ... ok
[INFO] [stdout] test functions::mark::tests::test_add_timestamp_to_foldername ... ok
[INFO] [stdout] test functions::mark::tests::test_add_timestamp_and_os_and_hostname_to_foldername ... ok
[INFO] [stdout] test functions::parse::tests::test_parse_beatmap_list_to_song_list ... ok
[INFO] [stdout] test functions::parse::tests::test_parse_beatmap_to_song ... ok
[INFO] [stdout] test functions::parse::tests::test_parse_song_id ... ok
[INFO] [stdout] test functions::parse::tests::test_parse_song_id_list ... ok
[INFO] [stdout] test functions::serialize::tests::test_serialize_osu_db ... ignored, Requires osu!.db file to be present
[INFO] [stdout] test functions::serialize::tests::test_serialize_osu_db_with_mapper ... ignored, Requires osu!.db file to be present
[INFO] [stdout] test functions::serialize::tests::test_serialize_mapper_raw ... ok
[INFO] [stdout] test functions::serialize::tests::test_serialize_song_folder ... ok
[INFO] [stdout] test functions::serialize::tests::test_serialize_song_folder_raw ... ok
[INFO] [stdout] 
[INFO] [stdout] test result: ok. 14 passed; 0 failed; 2 ignored; 0 measured; 0 filtered out; finished in 0.00s
[INFO] [stdout] 
[INFO] [stderr]      Running unittests src/main.rs (/opt/rustwide/target/release/build/osynic_serializer/ec59bca318626c2e/out/osynic_sl-ec59bca318626c2e)
[INFO] [stdout] 
[INFO] [stdout] running 0 tests
[INFO] [stdout] 
[INFO] [stdout] test result: ok. 0 passed; 0 failed; 0 ignored; 0 measured; 0 filtered out; finished in 0.00s
[INFO] [stdout] 
[INFO] [stderr]    Doc-tests osynic_serializer
[INFO] [stdout] 
[INFO] [stdout] running 6 tests
[INFO] [stdout] test src/../README_EN.md - (line 263) - compile ... ok
[INFO] [stdout] test src/../README_EN.md - (line 274) - compile ... ok
[INFO] [stdout] test src/../README_EN.md - (line 361) - compile ... ok
[INFO] [stdout] test src/../README_EN.md - (line 286) - compile ... ok
[INFO] [stdout] test src/../README_EN.md - (line 326) - compile ... FAILED
[INFO] [stdout] test src/../README_EN.md - (line 304) - compile ... FAILED
[INFO] [stdout] 
[INFO] [stdout] failures:
[INFO] [stdout] 
[INFO] [stdout] ---- src/../README_EN.md - (line 326) stdout ----
[INFO] [stdout] error[E0425]: cannot find function `serialize_by_osu_db` in this scope
[INFO] [stdout]    --> src/../README_EN.md:345:17
[INFO] [stdout]     |
[INFO] [stdout] 345 |     let songs = serialize_by_osu_db(&osu_path)?;
[INFO] [stdout]     |                 ^^^^^^^^^^^^^^^^^^^ not found in this scope
[INFO] [stdout] 
[INFO] [stdout] error: aborting due to 1 previous error
[INFO] [stdout] 
[INFO] [stdout] For more information about this error, try `rustc --explain E0425`.
[INFO] [stdout] Couldn't compile the test.
[INFO] [stdout] ---- src/../README_EN.md - (line 304) stdout ----
[INFO] [stdout] error[E0425]: cannot find function `serialize_by_osu_db` in this scope
[INFO] [stdout]    --> src/../README_EN.md:311:23
[INFO] [stdout]     |
[INFO] [stdout] 311 |     let local_songs = serialize_by_osu_db("/path/to/osu")?;
[INFO] [stdout]     |                       ^^^^^^^^^^^^^^^^^^^ not found in this scope
[INFO] [stdout] 
[INFO] [stdout] error: aborting due to 1 previous error
[INFO] [stdout] 
[INFO] [stdout] For more information about this error, try `rustc --explain E0425`.
[INFO] [stdout] Couldn't compile the test.
[INFO] [stdout] 
[INFO] [stdout] failures:
[INFO] [stdout]     src/../README_EN.md - (line 304)
[INFO] [stdout]     src/../README_EN.md - (line 326)
[INFO] [stdout] 
[INFO] [stdout] test result: FAILED. 4 passed; 2 failed; 0 ignored; 0 measured; 0 filtered out; finished in 0.06s
[INFO] [stdout] 
[INFO] [stdout] all doctests ran in 0.13s; merged doctests compilation took 0.07s
[INFO] [stderr] error: doctest failed, to rerun pass `--doc`
[INFO] running `Command { std: "docker" "inspect" "5bd9c57afd9f28f21cae9677c12ed976df0586fff947b42345a364a8089a4833", kill_on_drop: false }`
[INFO] running `Command { std: "docker" "rm" "-f" "5bd9c57afd9f28f21cae9677c12ed976df0586fff947b42345a364a8089a4833", kill_on_drop: false }`
[INFO] [stdout] 5bd9c57afd9f28f21cae9677c12ed976df0586fff947b42345a364a8089a4833
