[INFO] fetching crate oss-sdk 0.1.2...
[INFO] testing oss-sdk-0.1.2 against 1.99.0-beta.8+cargoflags=--release for beta-release-1.100-2
[INFO] extracting crate oss-sdk 0.1.2 into /workspace/builds/worker-7-tc1/source
[INFO] started tweaking crates.io crate oss-sdk 0.1.2
[INFO] finished tweaking crates.io crate oss-sdk 0.1.2
[INFO] tweaked toml for crates.io crate oss-sdk 0.1.2 written to /workspace/builds/worker-7-tc1/source/Cargo.toml
[INFO] validating manifest of crates.io crate oss-sdk 0.1.2 on toolchain 1.99.0-beta.8
[INFO] running `Command { std: CARGO_HOME="/workspace/cargo-home" RUSTUP_HOME="/workspace/rustup-home" "/workspace/cargo-home/bin/cargo" "+1.99.0-beta.8" "metadata" "--manifest-path" "Cargo.toml" "--no-deps", kill_on_drop: false }`
[INFO] running `Command { std: CARGO_HOME="/workspace/cargo-home" RUSTUP_HOME="/workspace/rustup-home" "/workspace/cargo-home/bin/cargo" "+1.99.0-beta.8" "generate-lockfile" "--manifest-path" "Cargo.toml", kill_on_drop: false }`
[INFO] [stderr]     Updating crates.io index
[INFO] [stderr]      Locking 189 packages to highest compatible versions
[INFO] [stderr]       Adding base64 v0.13.1 (available: v0.23.1)
[INFO] [stderr]       Adding derive_more v0.99.20 (available: v2.1.1)
[INFO] [stderr]       Adding quick-xml v0.22.0 (available: v0.42.0)
[INFO] [stderr]       Adding reqwest v0.11.27 (available: v0.13.5)
[INFO] [stderr]       Adding serde-xml-rs v0.5.1 (available: v0.8.2)
[INFO] [stderr]       Adding wasi v0.10.0+wasi-snapshot-preview1 (available: v0.10.2+wasi-snapshot-preview1)
[INFO] running `Command { std: CARGO_HOME="/workspace/cargo-home" RUSTUP_HOME="/workspace/rustup-home" "/workspace/cargo-home/bin/cargo" "+1.99.0-beta.8" "fetch" "--manifest-path" "Cargo.toml", kill_on_drop: false }`
[INFO] [stderr]  Downloading crates ...
[INFO] [stderr]   Downloaded serde-xml-rs v0.5.1
[INFO] [stderr]   Downloaded quick-xml v0.22.0
[INFO] [stderr]   Downloaded rust-crypto v0.2.36
[INFO] running `Command { std: "docker" "create" "-v" "/var/lib/crater-agent-workspace/builds/worker-7-tc1/source:/opt/rustwide/workdir:ro,Z" "-v" "/var/lib/crater-agent-workspace/builds/worker-7-tc1/target:/opt/rustwide/target:rw,Z" "-v" "/var/lib/crater-agent-workspace/cargo-home:/opt/rustwide/cargo-home:ro,Z" "-v" "/var/lib/crater-agent-workspace/rustup-home:/opt/rustwide/rustup-home:ro,Z" "-m" "1610612736" "--network" "none" "ghcr.io/rust-lang/crates-build-env/linux@sha256:77db811e55d90add9212f6832c23229e3de5f1c1f9905e8cb07319ea15df73ac" "sleep" "infinity", kill_on_drop: false }`
[INFO] [stdout] 0d1cc093142434d13d6bf98b7e6e0ad5bf57c70ce26577eb465e19bd1fab6d42
[INFO] running `Command { std: "docker" "start" "0d1cc093142434d13d6bf98b7e6e0ad5bf57c70ce26577eb465e19bd1fab6d42", kill_on_drop: false }`
[INFO] running `Command { std: "docker" "inspect" "0d1cc093142434d13d6bf98b7e6e0ad5bf57c70ce26577eb465e19bd1fab6d42", kill_on_drop: false }`
[INFO] running `Command { std: "docker" "exec" "-e" "SOURCE_DIR=/opt/rustwide/workdir" "-e" "CARGO_HOME=/opt/rustwide/cargo-home" "-e" "RUSTUP_HOME=/opt/rustwide/rustup-home" "-e" "CARGO_TARGET_DIR=/opt/rustwide/target" "-w" "/opt/rustwide/workdir" "--user" "0:0" "0d1cc093142434d13d6bf98b7e6e0ad5bf57c70ce26577eb465e19bd1fab6d42" "/opt/rustwide/cargo-home/bin/cargo" "+1.99.0-beta.8" "metadata" "--no-deps" "--format-version=1", kill_on_drop: false }`
[INFO] running `Command { std: "docker" "inspect" "0d1cc093142434d13d6bf98b7e6e0ad5bf57c70ce26577eb465e19bd1fab6d42", kill_on_drop: false }`
[INFO] running `Command { std: "docker" "exec" "-e" "SOURCE_DIR=/opt/rustwide/workdir" "-e" "CARGO_HOME=/opt/rustwide/cargo-home" "-e" "RUSTUP_HOME=/opt/rustwide/rustup-home" "-e" "CARGO_TARGET_DIR=/opt/rustwide/target" "-e" "CARGO_INCREMENTAL=0" "-e" "RUST_BACKTRACE=full" "-e" "RUSTFLAGS=--cap-lints=warn" "-e" "RUSTDOCFLAGS=--cap-lints=warn" "-w" "/opt/rustwide/workdir" "--user" "0:0" "0d1cc093142434d13d6bf98b7e6e0ad5bf57c70ce26577eb465e19bd1fab6d42" "/opt/rustwide/cargo-home/bin/cargo" "+1.99.0-beta.8" "build" "--frozen" "--message-format=json" "--release", kill_on_drop: false }`
[INFO] [stderr]    Compiling syn v2.0.119
[INFO] [stderr]    Compiling tokio-macros v2.7.2
[INFO] [stderr]    Compiling futures-util v0.3.34
[INFO] [stderr]    Compiling gcc v0.3.55
[INFO] [stderr]    Compiling rand v0.4.6
[INFO] [stderr]    Compiling serde_urlencoded v0.7.1
[INFO] [stderr]    Compiling time v0.1.45
[INFO] [stderr]    Compiling rustc-serialize v0.3.25
[INFO] [stderr]    Compiling convert_case v0.4.0
[INFO] [stderr]    Compiling xml-rs v0.8.29
[INFO] [stderr]    Compiling quick-xml v0.22.0
[INFO] [stderr]    Compiling rust-crypto v0.2.36
[INFO] [stderr]    Compiling tokio v1.53.3
[INFO] [stderr]    Compiling rand v0.3.23
[INFO] [stderr]    Compiling openssl-macros v0.1.1
[INFO] [stderr]    Compiling thiserror-impl v1.0.69
[INFO] [stderr]    Compiling derive_more v0.99.20
[INFO] [stderr]    Compiling openssl v0.10.81
[INFO] [stderr]    Compiling thiserror v1.0.69
[INFO] [stderr]    Compiling serde-xml-rs v0.5.1
[INFO] [stderr]    Compiling tokio-util v0.7.20
[INFO] [stderr]    Compiling h2 v0.3.27
[INFO] [stderr]    Compiling native-tls v0.2.18
[INFO] [stderr]    Compiling tokio-native-tls v0.3.1
[INFO] [stderr]    Compiling hyper v0.14.32
[INFO] [stderr]    Compiling hyper-tls v0.5.0
[INFO] [stderr]    Compiling reqwest v0.11.27
[INFO] [stderr]    Compiling oss-sdk v0.1.2 (/opt/rustwide/workdir)
[INFO] [stdout] warning: structure field `Bucket` should have a snake case name
[INFO] [stdout]    --> src/oss.rs:506:17
[INFO] [stdout]     |
[INFO] [stdout] 506 |                 Bucket: String,
[INFO] [stdout]     |                 ^^^^^^ help: convert the identifier to snake case: `bucket`
[INFO] [stdout]     |
[INFO] [stdout]     = note: `#[warn(non_snake_case)]` (part of `#[warn(nonstandard_style)]`) on by default
[INFO] [stdout] 
[INFO] [stdout] 
[INFO] [stdout] warning: structure field `Key` should have a snake case name
[INFO] [stdout]    --> src/oss.rs:507:17
[INFO] [stdout]     |
[INFO] [stdout] 507 |                 Key: String,
[INFO] [stdout]     |                 ^^^ help: convert the identifier to snake case (notice the capitalization): `key`
[INFO] [stdout] 
[INFO] [stdout] 
[INFO] [stdout] warning: structure field `UploadId` should have a snake case name
[INFO] [stdout]    --> src/oss.rs:508:17
[INFO] [stdout]     |
[INFO] [stdout] 508 |                 UploadId: String,
[INFO] [stdout]     |                 ^^^^^^^^ help: convert the identifier to snake case: `upload_id`
[INFO] [stdout] 
[INFO] [stdout] 
[INFO] [stdout] warning: structure field `Part` should have a snake case name
[INFO] [stdout]    --> src/oss.rs:721:5
[INFO] [stdout]     |
[INFO] [stdout] 721 |     Part: Vec<Part>,
[INFO] [stdout]     |     ^^^^ help: convert the identifier to snake case: `part`
[INFO] [stdout] 
[INFO] [stdout] 
[INFO] [stdout] warning: structure field `PartNumber` should have a snake case name
[INFO] [stdout]    --> src/oss.rs:726:5
[INFO] [stdout]     |
[INFO] [stdout] 726 |     PartNumber: u64,
[INFO] [stdout]     |     ^^^^^^^^^^ help: convert the identifier to snake case: `part_number`
[INFO] [stdout] 
[INFO] [stdout] 
[INFO] [stdout] warning: structure field `ETag` should have a snake case name
[INFO] [stdout]    --> src/oss.rs:727:5
[INFO] [stdout]     |
[INFO] [stdout] 727 |     ETag: String,
[INFO] [stdout]     |     ^^^^ help: convert the identifier to snake case: `etag`
[INFO] [stdout] 
[INFO] [stdout] 
[INFO] [stderr]     Finished `release` profile [optimized] target(s) in 24.58s
[INFO] [stderr] warning: the following packages contain code that will be rejected by a future version of Rust: quick-xml v0.22.0
[INFO] [stderr] note: to see what the problems were, use the option `--future-incompat-report`, or run `cargo report future-incompatibilities --id 2`
[INFO] running `Command { std: "docker" "inspect" "0d1cc093142434d13d6bf98b7e6e0ad5bf57c70ce26577eb465e19bd1fab6d42", kill_on_drop: false }`
[INFO] running `Command { std: "docker" "exec" "-e" "SOURCE_DIR=/opt/rustwide/workdir" "-e" "CARGO_HOME=/opt/rustwide/cargo-home" "-e" "RUSTUP_HOME=/opt/rustwide/rustup-home" "-e" "CARGO_TARGET_DIR=/opt/rustwide/target" "-e" "CARGO_INCREMENTAL=0" "-e" "RUST_BACKTRACE=full" "-e" "RUSTFLAGS=--cap-lints=warn" "-e" "RUSTDOCFLAGS=--cap-lints=warn" "-w" "/opt/rustwide/workdir" "--user" "0:0" "0d1cc093142434d13d6bf98b7e6e0ad5bf57c70ce26577eb465e19bd1fab6d42" "/opt/rustwide/cargo-home/bin/cargo" "+1.99.0-beta.8" "test" "--frozen" "--no-run" "--message-format=json" "--release", kill_on_drop: false }`
[INFO] [stderr]    Compiling oss-sdk v0.1.2 (/opt/rustwide/workdir)
[INFO] [stdout] warning: structure field `Bucket` should have a snake case name
[INFO] [stdout]    --> src/oss.rs:506:17
[INFO] [stdout]     |
[INFO] [stdout] 506 |                 Bucket: String,
[INFO] [stdout]     |                 ^^^^^^ help: convert the identifier to snake case: `bucket`
[INFO] [stdout]     |
[INFO] [stdout]     = note: `#[warn(non_snake_case)]` (part of `#[warn(nonstandard_style)]`) on by default
[INFO] [stdout] 
[INFO] [stdout] 
[INFO] [stdout] warning: structure field `Key` should have a snake case name
[INFO] [stdout]    --> src/oss.rs:507:17
[INFO] [stdout]     |
[INFO] [stdout] 507 |                 Key: String,
[INFO] [stdout]     |                 ^^^ help: convert the identifier to snake case (notice the capitalization): `key`
[INFO] [stdout] 
[INFO] [stdout] 
[INFO] [stdout] warning: structure field `UploadId` should have a snake case name
[INFO] [stdout]    --> src/oss.rs:508:17
[INFO] [stdout]     |
[INFO] [stdout] 508 |                 UploadId: String,
[INFO] [stdout]     |                 ^^^^^^^^ help: convert the identifier to snake case: `upload_id`
[INFO] [stdout] 
[INFO] [stdout] 
[INFO] [stdout] warning: structure field `Part` should have a snake case name
[INFO] [stdout]    --> src/oss.rs:721:5
[INFO] [stdout]     |
[INFO] [stdout] 721 |     Part: Vec<Part>,
[INFO] [stdout]     |     ^^^^ help: convert the identifier to snake case: `part`
[INFO] [stdout] 
[INFO] [stdout] 
[INFO] [stdout] warning: structure field `PartNumber` should have a snake case name
[INFO] [stdout]    --> src/oss.rs:726:5
[INFO] [stdout]     |
[INFO] [stdout] 726 |     PartNumber: u64,
[INFO] [stdout]     |     ^^^^^^^^^^ help: convert the identifier to snake case: `part_number`
[INFO] [stdout] 
[INFO] [stdout] 
[INFO] [stdout] warning: structure field `ETag` should have a snake case name
[INFO] [stdout]    --> src/oss.rs:727:5
[INFO] [stdout]     |
[INFO] [stdout] 727 |     ETag: String,
[INFO] [stdout]     |     ^^^^ help: convert the identifier to snake case: `etag`
[INFO] [stdout] 
[INFO] [stdout] 
[INFO] [stdout] warning: structure field `Bucket` should have a snake case name
[INFO] [stdout]    --> src/oss.rs:506:17
[INFO] [stdout]     |
[INFO] [stdout] 506 |                 Bucket: String,
[INFO] [stdout]     |                 ^^^^^^ help: convert the identifier to snake case: `bucket`
[INFO] [stdout]     |
[INFO] [stdout]     = note: `#[warn(non_snake_case)]` (part of `#[warn(nonstandard_style)]`) on by default
[INFO] [stdout] 
[INFO] [stdout] 
[INFO] [stdout] warning: structure field `Key` should have a snake case name
[INFO] [stdout]    --> src/oss.rs:507:17
[INFO] [stdout]     |
[INFO] [stdout] 507 |                 Key: String,
[INFO] [stdout]     |                 ^^^ help: convert the identifier to snake case (notice the capitalization): `key`
[INFO] [stdout] 
[INFO] [stdout] 
[INFO] [stdout] warning: structure field `UploadId` should have a snake case name
[INFO] [stdout]    --> src/oss.rs:508:17
[INFO] [stdout]     |
[INFO] [stdout] 508 |                 UploadId: String,
[INFO] [stdout]     |                 ^^^^^^^^ help: convert the identifier to snake case: `upload_id`
[INFO] [stdout] 
[INFO] [stdout] 
[INFO] [stdout] warning: structure field `Part` should have a snake case name
[INFO] [stdout]    --> src/oss.rs:721:5
[INFO] [stdout]     |
[INFO] [stdout] 721 |     Part: Vec<Part>,
[INFO] [stdout]     |     ^^^^ help: convert the identifier to snake case: `part`
[INFO] [stdout] 
[INFO] [stdout] 
[INFO] [stdout] warning: structure field `PartNumber` should have a snake case name
[INFO] [stdout]    --> src/oss.rs:726:5
[INFO] [stdout]     |
[INFO] [stdout] 726 |     PartNumber: u64,
[INFO] [stdout]     |     ^^^^^^^^^^ help: convert the identifier to snake case: `part_number`
[INFO] [stdout] 
[INFO] [stdout] 
[INFO] [stdout] warning: structure field `ETag` should have a snake case name
[INFO] [stdout]    --> src/oss.rs:727:5
[INFO] [stdout]     |
[INFO] [stdout] 727 |     ETag: String,
[INFO] [stdout]     |     ^^^^ help: convert the identifier to snake case: `etag`
[INFO] [stdout] 
[INFO] [stdout] 
[INFO] [stderr]     Finished `release` profile [optimized] target(s) in 3.47s
[INFO] [stderr] warning: the following packages contain code that will be rejected by a future version of Rust: quick-xml v0.22.0
[INFO] [stderr] note: to see what the problems were, use the option `--future-incompat-report`, or run `cargo report future-incompatibilities --id 2`
[INFO] running `Command { std: "docker" "inspect" "0d1cc093142434d13d6bf98b7e6e0ad5bf57c70ce26577eb465e19bd1fab6d42", kill_on_drop: false }`
[INFO] running `Command { std: "docker" "exec" "-e" "SOURCE_DIR=/opt/rustwide/workdir" "-e" "CARGO_HOME=/opt/rustwide/cargo-home" "-e" "RUSTUP_HOME=/opt/rustwide/rustup-home" "-e" "CARGO_TARGET_DIR=/opt/rustwide/target" "-e" "CARGO_INCREMENTAL=0" "-e" "RUST_BACKTRACE=full" "-e" "RUSTFLAGS=--cap-lints=warn" "-e" "RUSTDOCFLAGS=--cap-lints=warn" "-w" "/opt/rustwide/workdir" "--user" "0:0" "0d1cc093142434d13d6bf98b7e6e0ad5bf57c70ce26577eb465e19bd1fab6d42" "/opt/rustwide/cargo-home/bin/cargo" "+1.99.0-beta.8" "test" "--frozen" "--release", kill_on_drop: false }`
[INFO] [stderr] warning: structure field `Bucket` should have a snake case name
[INFO] [stderr]    --> src/oss.rs:506:17
[INFO] [stderr]     |
[INFO] [stderr] 506 |                 Bucket: String,
[INFO] [stderr]     |                 ^^^^^^ help: convert the identifier to snake case: `bucket`
[INFO] [stderr]     |
[INFO] [stderr]     = note: `#[warn(non_snake_case)]` (part of `#[warn(nonstandard_style)]`) on by default
[INFO] [stderr] 
[INFO] [stderr] warning: structure field `Key` should have a snake case name
[INFO] [stderr]    --> src/oss.rs:507:17
[INFO] [stderr]     |
[INFO] [stderr] 507 |                 Key: String,
[INFO] [stderr]     |                 ^^^ help: convert the identifier to snake case (notice the capitalization): `key`
[INFO] [stderr] 
[INFO] [stderr] warning: structure field `UploadId` should have a snake case name
[INFO] [stderr]    --> src/oss.rs:508:17
[INFO] [stderr]     |
[INFO] [stderr] 508 |                 UploadId: String,
[INFO] [stderr]     |                 ^^^^^^^^ help: convert the identifier to snake case: `upload_id`
[INFO] [stderr] 
[INFO] [stderr] warning: structure field `Part` should have a snake case name
[INFO] [stderr]    --> src/oss.rs:721:5
[INFO] [stderr]     |
[INFO] [stderr] 721 |     Part: Vec<Part>,
[INFO] [stderr]     |     ^^^^ help: convert the identifier to snake case: `part`
[INFO] [stderr] 
[INFO] [stderr] warning: structure field `PartNumber` should have a snake case name
[INFO] [stderr]    --> src/oss.rs:726:5
[INFO] [stderr]     |
[INFO] [stderr] 726 |     PartNumber: u64,
[INFO] [stderr]     |     ^^^^^^^^^^ help: convert the identifier to snake case: `part_number`
[INFO] [stderr] 
[INFO] [stderr] warning: structure field `ETag` should have a snake case name
[INFO] [stderr]    --> src/oss.rs:727:5
[INFO] [stderr]     |
[INFO] [stderr] 727 |     ETag: String,
[INFO] [stderr]     |     ^^^^ help: convert the identifier to snake case: `etag`
[INFO] [stderr] 
[INFO] [stderr] warning: `oss-sdk` (lib) generated 6 warnings
[INFO] [stderr] warning: `oss-sdk` (lib test) generated 6 warnings (6 duplicates)
[INFO] [stderr]     Finished `release` profile [optimized] target(s) in 0.15s
[INFO] [stderr] warning: the following packages contain code that will be rejected by a future version of Rust: quick-xml v0.22.0
[INFO] [stderr] note: to see what the problems were, use the option `--future-incompat-report`, or run `cargo report future-incompatibilities --id 2`
[INFO] [stderr]      Running unittests src/lib.rs (/opt/rustwide/target/release/deps/oss_sdk-490f5a5cf588b277)
[INFO] [stdout] 
[INFO] [stdout] running 5 tests
[INFO] [stdout] test oss::tests::test_get_complete_str ... ok
[INFO] [stdout] test utils::tests::test_load_chunk_file ... FAILED
[INFO] [stdout] test utils::tests::test_chunk_file ... FAILED
[INFO] [stdout] test oss::tests::test_oss ... FAILED
[INFO] [stdout] test oss::tests::test_oss_multi_upload ... FAILED
[INFO] [stdout] 
[INFO] [stdout] failures:
[INFO] [stdout] 
[INFO] [stdout] ---- utils::tests::test_load_chunk_file stdout ----
[INFO] [stdout] 
[INFO] [stdout] thread 'utils::tests::test_load_chunk_file' (798) panicked at src/utils.rs:112:60:
[INFO] [stdout] called `Result::unwrap()` on an `Err` value: Io(Os { code: 2, kind: NotFound, message: "No such file or directory" })
[INFO] [stdout] stack backtrace:
[INFO] [stdout]    0:     0x5835d1234591 - <<std[70759c8f55707aa4]::sys::backtrace::BacktraceLock>::print::DisplayBacktrace as core[df12db4294e9bfd3]::fmt::Display>::fmt
[INFO] [stdout]    1:     0x5835d124a93a - core[df12db4294e9bfd3]::fmt::write
[INFO] [stdout]    2:     0x5835d12390ac - <alloc[2182bb758b4b3781]::vec::Vec<u8> as core[df12db4294e9bfd3]::io::write::Write>::write_fmt
[INFO] [stdout]    3:     0x5835d120f846 - std[70759c8f55707aa4]::panicking::default_hook::{closure#0}
[INFO] [stdout]    4:     0x5835d122c549 - std[70759c8f55707aa4]::panicking::default_hook
[INFO] [stdout]    5:     0x5835d1067290 - test[9d35eded1c95d3be]::test_main_inner::<test[9d35eded1c95d3be]::test_main_static::{closure#0}>::{closure#0}
[INFO] [stdout]    6:     0x5835d122c872 - std[70759c8f55707aa4]::panicking::panic_with_hook
[INFO] [stdout]    7:     0x5835d120f8f2 - std[70759c8f55707aa4]::panicking::panic_handler::{closure#0}
[INFO] [stdout]    8:     0x5835d1208599 - std[70759c8f55707aa4]::sys::backtrace::__rust_end_short_backtrace::<std[70759c8f55707aa4]::panicking::panic_handler::{closure#0}, !>
[INFO] [stdout]    9:     0x5835d12106dd - __rustc[8fa7c3cbc660c2b3]::rust_begin_unwind
[INFO] [stdout]   10:     0x5835d124b09c - core[df12db4294e9bfd3]::panicking::panic_fmt
[INFO] [stdout]   11:     0x5835d124ae72 - core[df12db4294e9bfd3]::result::unwrap_failed
[INFO] [stdout]   12:     0x5835d1055086 - oss_sdk[c3a71d770e15222f]::utils::tests::test_load_chunk_file
[INFO] [stdout]   13:     0x5835d10450d9 - <oss_sdk[c3a71d770e15222f]::utils::tests::test_load_chunk_file::{closure#0} as core[df12db4294e9bfd3]::ops::function::FnOnce<()>>::call_once
[INFO] [stdout]   14:     0x5835d105a57b - test[9d35eded1c95d3be]::__rust_begin_short_backtrace::<core[df12db4294e9bfd3]::result::Result<(), alloc[2182bb758b4b3781]::string::String>, fn() -> core[df12db4294e9bfd3]::result::Result<(), alloc[2182bb758b4b3781]::string::String>>
[INFO] [stdout]   15:     0x5835d1067be5 - test[9d35eded1c95d3be]::run_test::{closure#0}
[INFO] [stdout]   16:     0x5835d10614a4 - std[70759c8f55707aa4]::sys::backtrace::__rust_begin_short_backtrace::<test[9d35eded1c95d3be]::run_test::{closure#1}, ()>
[INFO] [stdout]   17:     0x5835d106ad42 - <std[70759c8f55707aa4]::thread::lifecycle::spawn_unchecked<test[9d35eded1c95d3be]::run_test::{closure#1}, ()>::{closure#1} as core[df12db4294e9bfd3]::ops::function::FnOnce<()>>::call_once::{shim:vtable#0}
[INFO] [stdout]   18:     0x5835d1233a49 - <std[70759c8f55707aa4]::sys::thread::unix::Thread>::new::thread_start
[INFO] [stdout]   19:     0x7bca49e0ddfa - <unknown>
[INFO] [stdout]   20:     0x7bca49ea13d4 - clone
[INFO] [stdout]   21:                0x0 - <unknown>
[INFO] [stdout] 
[INFO] [stdout] ---- utils::tests::test_chunk_file stdout ----
[INFO] [stdout] 
[INFO] [stdout] thread 'utils::tests::test_chunk_file' (797) panicked at src/utils.rs:107:9:
[INFO] [stdout] assertion failed: res.is_ok()
[INFO] [stdout] stack backtrace:
[INFO] [stdout]    0:     0x5835d1234591 - <<std[70759c8f55707aa4]::sys::backtrace::BacktraceLock>::print::DisplayBacktrace as core[df12db4294e9bfd3]::fmt::Display>::fmt
[INFO] [stdout]    1:     0x5835d124a93a - core[df12db4294e9bfd3]::fmt::write
[INFO] [stdout]    2:     0x5835d12390ac - <alloc[2182bb758b4b3781]::vec::Vec<u8> as core[df12db4294e9bfd3]::io::write::Write>::write_fmt
[INFO] [stdout]    3:     0x5835d120f846 - std[70759c8f55707aa4]::panicking::default_hook::{closure#0}
[INFO] [stdout]    4:     0x5835d122c549 - std[70759c8f55707aa4]::panicking::default_hook
[INFO] [stdout]    5:     0x5835d1067290 - test[9d35eded1c95d3be]::test_main_inner::<test[9d35eded1c95d3be]::test_main_static::{closure#0}>::{closure#0}
[INFO] [stdout]    6:     0x5835d122c872 - std[70759c8f55707aa4]::panicking::panic_with_hook
[INFO] [stdout]    7:     0x5835d120f924 - std[70759c8f55707aa4]::panicking::panic_handler::{closure#0}
[INFO] [stdout]    8:     0x5835d1208599 - std[70759c8f55707aa4]::sys::backtrace::__rust_end_short_backtrace::<std[70759c8f55707aa4]::panicking::panic_handler::{closure#0}, !>
[INFO] [stdout]    9:     0x5835d12106dd - __rustc[8fa7c3cbc660c2b3]::rust_begin_unwind
[INFO] [stdout]   10:     0x5835d124b09c - core[df12db4294e9bfd3]::panicking::panic_fmt
[INFO] [stdout]   11:     0x5835d124b062 - core[df12db4294e9bfd3]::panicking::panic
[INFO] [stdout]   12:     0x5835d10549dd - oss_sdk[c3a71d770e15222f]::utils::tests::test_chunk_file::{closure#0}
[INFO] [stdout]   13:     0x5835d104800b - <tokio[5d84f36ac228d186]::runtime::scheduler::current_thread::CurrentThread>::block_on::<core[df12db4294e9bfd3]::pin::Pin<&mut dyn core[df12db4294e9bfd3]::future::future::Future<Output = ()>>>
[INFO] [stdout]   14:     0x5835d104e262 - <tokio[5d84f36ac228d186]::runtime::runtime::Runtime>::block_on::<core[df12db4294e9bfd3]::pin::Pin<&mut dyn core[df12db4294e9bfd3]::future::future::Future<Output = ()>>>
[INFO] [stdout]   15:     0x5835d1054e5b - oss_sdk[c3a71d770e15222f]::utils::tests::test_chunk_file
[INFO] [stdout]   16:     0x5835d10450b9 - <oss_sdk[c3a71d770e15222f]::utils::tests::test_chunk_file::{closure#0} as core[df12db4294e9bfd3]::ops::function::FnOnce<()>>::call_once
[INFO] [stdout]   17:     0x5835d105a57b - test[9d35eded1c95d3be]::__rust_begin_short_backtrace::<core[df12db4294e9bfd3]::result::Result<(), alloc[2182bb758b4b3781]::string::String>, fn() -> core[df12db4294e9bfd3]::result::Result<(), alloc[2182bb758b4b3781]::string::String>>
[INFO] [stdout]   18:     0x5835d1067be5 - test[9d35eded1c95d3be]::run_test::{closure#0}
[INFO] [stdout]   19:     0x5835d10614a4 - std[70759c8f55707aa4]::sys::backtrace::__rust_begin_short_backtrace::<test[9d35eded1c95d3be]::run_test::{closure#1}, ()>
[INFO] [stdout]   20:     0x5835d106ad42 - <std[70759c8f55707aa4]::thread::lifecycle::spawn_unchecked<test[9d35eded1c95d3be]::run_test::{closure#1}, ()>::{closure#1} as core[df12db4294e9bfd3]::ops::function::FnOnce<()>>::call_once::{shim:vtable#0}
[INFO] [stdout]   21:     0x5835d1233a49 - <std[70759c8f55707aa4]::sys::thread::unix::Thread>::new::thread_start
[INFO] [stdout]   22:     0x7bca49e0ddfa - <unknown>
[INFO] [stdout]   23:     0x7bca49ea13d4 - clone
[INFO] [stdout]   24:                0x0 - <unknown>
[INFO] [stdout] 
[INFO] [stdout] ---- oss::tests::test_oss stdout ----
[INFO] [stdout] 
[INFO] [stdout] thread 'oss::tests::test_oss' (795) panicked at src/oss.rs:805:9:
[INFO] [stdout] assertion `left == right` failed
[INFO] [stdout]   left: false
[INFO] [stdout]  right: true
[INFO] [stdout] stack backtrace:
[INFO] [stdout]    0:     0x5835d1234591 - <<std[70759c8f55707aa4]::sys::backtrace::BacktraceLock>::print::DisplayBacktrace as core[df12db4294e9bfd3]::fmt::Display>::fmt
[INFO] [stdout]    1:     0x5835d124a93a - core[df12db4294e9bfd3]::fmt::write
[INFO] [stdout]    2:     0x5835d12390ac - <alloc[2182bb758b4b3781]::vec::Vec<u8> as core[df12db4294e9bfd3]::io::write::Write>::write_fmt
[INFO] [stdout]    3:     0x5835d120f846 - std[70759c8f55707aa4]::panicking::default_hook::{closure#0}
[INFO] [stdout]    4:     0x5835d122c549 - std[70759c8f55707aa4]::panicking::default_hook
[INFO] [stdout]    5:     0x5835d1067290 - test[9d35eded1c95d3be]::test_main_inner::<test[9d35eded1c95d3be]::test_main_static::{closure#0}>::{closure#0}
[INFO] [stdout]    6:     0x5835d122c872 - std[70759c8f55707aa4]::panicking::panic_with_hook
[INFO] [stdout]    7:     0x5835d120f8f2 - std[70759c8f55707aa4]::panicking::panic_handler::{closure#0}
[INFO] [stdout]    8:     0x5835d1208599 - std[70759c8f55707aa4]::sys::backtrace::__rust_end_short_backtrace::<std[70759c8f55707aa4]::panicking::panic_handler::{closure#0}, !>
[INFO] [stdout]    9:     0x5835d12106dd - __rustc[8fa7c3cbc660c2b3]::rust_begin_unwind
[INFO] [stdout]   10:     0x5835d124b09c - core[df12db4294e9bfd3]::panicking::panic_fmt
[INFO] [stdout]   11:     0x5835d124afb3 - core[df12db4294e9bfd3]::panicking::assert_failed_inner
[INFO] [stdout]   12:     0x5835d104bee0 - core[df12db4294e9bfd3]::panicking::assert_failed::<bool, bool>
[INFO] [stdout]   13:     0x5835d1037218 - oss_sdk[c3a71d770e15222f]::oss::tests::test_oss::{closure#0}
[INFO] [stdout]   14:     0x5835d104800b - <tokio[5d84f36ac228d186]::runtime::scheduler::current_thread::CurrentThread>::block_on::<core[df12db4294e9bfd3]::pin::Pin<&mut dyn core[df12db4294e9bfd3]::future::future::Future<Output = ()>>>
[INFO] [stdout]   15:     0x5835d104e262 - <tokio[5d84f36ac228d186]::runtime::runtime::Runtime>::block_on::<core[df12db4294e9bfd3]::pin::Pin<&mut dyn core[df12db4294e9bfd3]::future::future::Future<Output = ()>>>
[INFO] [stdout]   16:     0x5835d103811b - oss_sdk[c3a71d770e15222f]::oss::tests::test_oss
[INFO] [stdout]   17:     0x5835d1045099 - <oss_sdk[c3a71d770e15222f]::oss::tests::test_oss::{closure#0} as core[df12db4294e9bfd3]::ops::function::FnOnce<()>>::call_once
[INFO] [stdout]   18:     0x5835d105a57b - test[9d35eded1c95d3be]::__rust_begin_short_backtrace::<core[df12db4294e9bfd3]::result::Result<(), alloc[2182bb758b4b3781]::string::String>, fn() -> core[df12db4294e9bfd3]::result::Result<(), alloc[2182bb758b4b3781]::string::String>>
[INFO] [stdout]   19:     0x5835d1067be5 - test[9d35eded1c95d3be]::run_test::{closure#0}
[INFO] [stdout]   20:     0x5835d10614a4 - std[70759c8f55707aa4]::sys::backtrace::__rust_begin_short_backtrace::<test[9d35eded1c95d3be]::run_test::{closure#1}, ()>
[INFO] [stdout]   21:     0x5835d106ad42 - <std[70759c8f55707aa4]::thread::lifecycle::spawn_unchecked<test[9d35eded1c95d3be]::run_test::{closure#1}, ()>::{closure#1} as core[df12db4294e9bfd3]::ops::function::FnOnce<()>>::call_once::{shim:vtable#0}
[INFO] [stdout]   22:     0x5835d1233a49 - <std[70759c8f55707aa4]::sys::thread::unix::Thread>::new::thread_start
[INFO] [stdout]   23:     0x7bca49e0ddfa - <unknown>
[INFO] [stdout]   24:     0x7bca49ea13d4 - clone
[INFO] [stdout]   25:                0x0 - <unknown>
[INFO] [stdout] 
[INFO] [stdout] ---- oss::tests::test_oss_multi_upload stdout ----
[INFO] [stdout] res: Err(Reqwest(reqwest::Error { kind: Request, url: Url { scheme: "http", cannot_be_a_base: false, username: "", password: None, host: Some(Domain("xxx.xxx.aliyuncs.com")), port: None, path: "/object_name", query: Some("uploads"), fragment: None }, source: hyper::Error(Connect, ConnectError("dns error", Custom { kind: Uncategorized, error: "failed to lookup address information: Temporary failure in name resolution" })) }))
[INFO] [stdout] 
[INFO] [stdout] thread 'oss::tests::test_oss_multi_upload' (796) panicked at src/oss.rs:793:9:
[INFO] [stdout] assertion failed: res.is_ok()
[INFO] [stdout] stack backtrace:
[INFO] [stdout]    0:     0x5835d1234591 - <<std[70759c8f55707aa4]::sys::backtrace::BacktraceLock>::print::DisplayBacktrace as core[df12db4294e9bfd3]::fmt::Display>::fmt
[INFO] [stdout]    1:     0x5835d124a93a - core[df12db4294e9bfd3]::fmt::write
[INFO] [stdout]    2:     0x5835d12390ac - <alloc[2182bb758b4b3781]::vec::Vec<u8> as core[df12db4294e9bfd3]::io::write::Write>::write_fmt
[INFO] [stdout]    3:     0x5835d120f846 - std[70759c8f55707aa4]::panicking::default_hook::{closure#0}
[INFO] [stdout]    4:     0x5835d122c549 - std[70759c8f55707aa4]::panicking::default_hook
[INFO] [stdout]    5:     0x5835d1067290 - test[9d35eded1c95d3be]::test_main_inner::<test[9d35eded1c95d3be]::test_main_static::{closure#0}>::{closure#0}
[INFO] [stdout]    6:     0x5835d122c872 - std[70759c8f55707aa4]::panicking::panic_with_hook
[INFO] [stdout]    7:     0x5835d120f924 - std[70759c8f55707aa4]::panicking::panic_handler::{closure#0}
[INFO] [stdout]    8:     0x5835d1208599 - std[70759c8f55707aa4]::sys::backtrace::__rust_end_short_backtrace::<std[70759c8f55707aa4]::panicking::panic_handler::{closure#0}, !>
[INFO] [stdout]    9:     0x5835d12106dd - __rustc[8fa7c3cbc660c2b3]::rust_begin_unwind
[INFO] [stdout]   10:     0x5835d124b09c - core[df12db4294e9bfd3]::panicking::panic_fmt
[INFO] [stdout]   11:     0x5835d124b062 - core[df12db4294e9bfd3]::panicking::panic
[INFO] [stdout]   12:     0x5835d1034df3 - oss_sdk[c3a71d770e15222f]::oss::tests::test_oss_multi_upload::{closure#0}
[INFO] [stdout]   13:     0x5835d104800b - <tokio[5d84f36ac228d186]::runtime::scheduler::current_thread::CurrentThread>::block_on::<core[df12db4294e9bfd3]::pin::Pin<&mut dyn core[df12db4294e9bfd3]::future::future::Future<Output = ()>>>
[INFO] [stdout]   14:     0x5835d104e262 - <tokio[5d84f36ac228d186]::runtime::runtime::Runtime>::block_on::<core[df12db4294e9bfd3]::pin::Pin<&mut dyn core[df12db4294e9bfd3]::future::future::Future<Output = ()>>>
[INFO] [stdout]   15:     0x5835d1037f9b - oss_sdk[c3a71d770e15222f]::oss::tests::test_oss_multi_upload
[INFO] [stdout]   16:     0x5835d1045079 - <oss_sdk[c3a71d770e15222f]::oss::tests::test_oss_multi_upload::{closure#0} as core[df12db4294e9bfd3]::ops::function::FnOnce<()>>::call_once
[INFO] [stdout]   17:     0x5835d105a57b - test[9d35eded1c95d3be]::__rust_begin_short_backtrace::<core[df12db4294e9bfd3]::result::Result<(), alloc[2182bb758b4b3781]::string::String>, fn() -> core[df12db4294e9bfd3]::result::Result<(), alloc[2182bb758b4b3781]::string::String>>
[INFO] [stdout]   18:     0x5835d1067be5 - test[9d35eded1c95d3be]::run_test::{closure#0}
[INFO] [stdout]   19:     0x5835d10614a4 - std[70759c8f55707aa4]::sys::backtrace::__rust_begin_short_backtrace::<test[9d35eded1c95d3be]::run_test::{closure#1}, ()>
[INFO] [stdout]   20:     0x5835d106ad42 - <std[70759c8f55707aa4]::thread::lifecycle::spawn_unchecked<test[9d35eded1c95d3be]::run_test::{closure#1}, ()>::{closure#1} as core[df12db4294e9bfd3]::ops::function::FnOnce<()>>::call_once::{shim:vtable#0}
[INFO] [stdout]   21:     0x5835d1233a49 - <std[70759c8f55707aa4]::sys::thread::unix::Thread>::new::thread_start
[INFO] [stdout]   22:     0x7bca49e0ddfa - <unknown>
[INFO] [stdout]   23:     0x7bca49ea13d4 - clone
[INFO] [stdout]   24:                0x0 - <unknown>
[INFO] [stdout] 
[INFO] [stdout] 
[INFO] [stdout] failures:
[INFO] [stdout]     oss::tests::test_oss
[INFO] [stdout]     oss::tests::test_oss_multi_upload
[INFO] [stdout]     utils::tests::test_chunk_file
[INFO] [stdout]     utils::tests::test_load_chunk_file
[INFO] [stdout] 
[INFO] [stdout] test result: FAILED. 1 passed; 4 failed; 0 ignored; 0 measured; 0 filtered out; finished in 0.11s
[INFO] [stdout] 
[INFO] [stderr] error: test failed, to rerun pass `--lib`
[INFO] running `Command { std: "docker" "inspect" "0d1cc093142434d13d6bf98b7e6e0ad5bf57c70ce26577eb465e19bd1fab6d42", kill_on_drop: false }`
[INFO] running `Command { std: "docker" "rm" "-f" "0d1cc093142434d13d6bf98b7e6e0ad5bf57c70ce26577eb465e19bd1fab6d42", kill_on_drop: false }`
[INFO] [stdout] 0d1cc093142434d13d6bf98b7e6e0ad5bf57c70ce26577eb465e19bd1fab6d42
