[INFO] fetching crate osrs-api 0.1.0...
[INFO] testing osrs-api-0.1.0 against 1.99.0-beta.8+cargoflags=--release for beta-release-1.100-2
[INFO] extracting crate osrs-api 0.1.0 into /workspace/builds/worker-1-tc1/source
[INFO] started tweaking crates.io crate osrs-api 0.1.0
[INFO] finished tweaking crates.io crate osrs-api 0.1.0
[INFO] tweaked toml for crates.io crate osrs-api 0.1.0 written to /workspace/builds/worker-1-tc1/source/Cargo.toml
[INFO] validating manifest of crates.io crate osrs-api 0.1.0 on toolchain 1.99.0-beta.8
[INFO] running `Command { std: CARGO_HOME="/workspace/cargo-home" RUSTUP_HOME="/workspace/rustup-home" "/workspace/cargo-home/bin/cargo" "+1.99.0-beta.8" "metadata" "--manifest-path" "Cargo.toml" "--no-deps", kill_on_drop: false }`
[INFO] crate crates.io crate osrs-api 0.1.0 already has a lockfile, it will not be regenerated
[INFO] running `Command { std: CARGO_HOME="/workspace/cargo-home" RUSTUP_HOME="/workspace/rustup-home" "/workspace/cargo-home/bin/cargo" "+1.99.0-beta.8" "fetch" "--manifest-path" "Cargo.toml", kill_on_drop: false }`
[INFO] [stderr]     Updating crates.io index
[INFO] [stderr]  Downloading crates ...
[INFO] [stderr]   Downloaded webpki v0.21.3
[INFO] [stderr]   Downloaded ureq v1.5.2
[INFO] [stderr]   Downloaded const_fn v0.4.3
[INFO] [stderr]   Downloaded chunked_transfer v1.3.0
[INFO] [stderr]   Downloaded byteorder v1.3.4
[INFO] [stderr]   Downloaded rust-argon2 v0.8.2
[INFO] [stderr]   Downloaded sct v0.6.0
[INFO] [stderr]   Downloaded base-x v0.2.8
[INFO] [stderr]   Downloaded cookie v0.14.3
[INFO] [stderr]   Downloaded crossbeam-utils v0.7.2
[INFO] [stderr]   Downloaded tinyvec v1.0.1
[INFO] [stderr]   Downloaded standback v0.2.13
[INFO] [stderr]   Downloaded serde_derive v1.0.117
[INFO] [stderr]   Downloaded time v0.2.23
[INFO] [stderr]   Downloaded cc v1.0.63
[INFO] [stderr]   Downloaded serde v1.0.117
[INFO] [stderr]   Downloaded serde_json v1.0.59
[INFO] [stderr]   Downloaded regex-automata v0.1.9
[INFO] [stderr]   Downloaded syn v1.0.48
[INFO] [stderr]   Downloaded webpki-roots v0.20.0
[INFO] [stderr]   Downloaded rustls v0.18.1
[INFO] [stderr]   Downloaded regex v1.4.2
[INFO] [stderr]   Downloaded regex-syntax v0.6.21
[INFO] [stderr]   Downloaded bstr v0.2.14
[INFO] [stderr]   Downloaded libc v0.2.80
[INFO] [stderr]   Downloaded csv v1.1.4
[INFO] [stderr]   Downloaded ring v0.16.16
[INFO] running `Command { std: "docker" "create" "-v" "/var/lib/crater-agent-workspace/builds/worker-1-tc1/source:/opt/rustwide/workdir:ro,Z" "-v" "/var/lib/crater-agent-workspace/builds/worker-1-tc1/target:/opt/rustwide/target:rw,Z" "-v" "/var/lib/crater-agent-workspace/cargo-home:/opt/rustwide/cargo-home:ro,Z" "-v" "/var/lib/crater-agent-workspace/rustup-home:/opt/rustwide/rustup-home:ro,Z" "-m" "1610612736" "--network" "none" "ghcr.io/rust-lang/crates-build-env/linux@sha256:77db811e55d90add9212f6832c23229e3de5f1c1f9905e8cb07319ea15df73ac" "sleep" "infinity", kill_on_drop: false }`
[INFO] [stdout] 0b6acb5b2b8e97655552230da3cc0da8d0b59204a24fa4801c8dcb097df884d0
[INFO] running `Command { std: "docker" "start" "0b6acb5b2b8e97655552230da3cc0da8d0b59204a24fa4801c8dcb097df884d0", kill_on_drop: false }`
[INFO] running `Command { std: "docker" "inspect" "0b6acb5b2b8e97655552230da3cc0da8d0b59204a24fa4801c8dcb097df884d0", kill_on_drop: false }`
[INFO] running `Command { std: "docker" "exec" "-e" "SOURCE_DIR=/opt/rustwide/workdir" "-e" "CARGO_HOME=/opt/rustwide/cargo-home" "-e" "RUSTUP_HOME=/opt/rustwide/rustup-home" "-e" "CARGO_TARGET_DIR=/opt/rustwide/target" "-w" "/opt/rustwide/workdir" "--user" "0:0" "0b6acb5b2b8e97655552230da3cc0da8d0b59204a24fa4801c8dcb097df884d0" "/opt/rustwide/cargo-home/bin/cargo" "+1.99.0-beta.8" "metadata" "--no-deps" "--format-version=1", kill_on_drop: false }`
[INFO] running `Command { std: "docker" "inspect" "0b6acb5b2b8e97655552230da3cc0da8d0b59204a24fa4801c8dcb097df884d0", kill_on_drop: false }`
[INFO] running `Command { std: "docker" "exec" "-e" "SOURCE_DIR=/opt/rustwide/workdir" "-e" "CARGO_HOME=/opt/rustwide/cargo-home" "-e" "RUSTUP_HOME=/opt/rustwide/rustup-home" "-e" "CARGO_TARGET_DIR=/opt/rustwide/target" "-e" "CARGO_INCREMENTAL=0" "-e" "RUST_BACKTRACE=full" "-e" "RUSTFLAGS=--cap-lints=warn" "-e" "RUSTDOCFLAGS=--cap-lints=warn" "-w" "/opt/rustwide/workdir" "--user" "0:0" "0b6acb5b2b8e97655552230da3cc0da8d0b59204a24fa4801c8dcb097df884d0" "/opt/rustwide/cargo-home/bin/cargo" "+1.99.0-beta.8" "build" "--frozen" "--message-format=json" "--release", kill_on_drop: false }`
[INFO] [stderr]    Compiling version_check v0.9.2
[INFO] [stderr]    Compiling proc-macro2 v1.0.24
[INFO] [stderr]    Compiling libc v0.2.80
[INFO] [stderr]    Compiling unicode-xid v0.2.1
[INFO] [stderr]    Compiling syn v1.0.48
[INFO] [stderr]    Compiling serde_derive v1.0.117
[INFO] [stderr]    Compiling proc-macro-hack v0.5.19
[INFO] [stderr]    Compiling serde v1.0.117
[INFO] [stderr]    Compiling cc v1.0.63
[INFO] [stderr]    Compiling byteorder v1.3.4
[INFO] [stderr]    Compiling tinyvec_macros v0.1.0
[INFO] [stderr]    Compiling matches v0.1.8
[INFO] [stderr]    Compiling percent-encoding v2.1.0
[INFO] [stderr]    Compiling ryu v1.0.5
[INFO] [stderr]    Compiling lazy_static v1.4.0
[INFO] [stderr]    Compiling const_fn v0.4.3
[INFO] [stderr]    Compiling tinyvec v1.0.1
[INFO] [stderr]    Compiling once_cell v1.5.2
[INFO] [stderr]    Compiling untrusted v0.7.1
[INFO] [stderr]    Compiling spin v0.5.2
[INFO] [stderr]    Compiling memchr v2.3.4
[INFO] [stderr]    Compiling unicode-bidi v0.3.4
[INFO] [stderr]    Compiling itoa v0.4.6
[INFO] [stderr]    Compiling standback v0.2.13
[INFO] [stderr]    Compiling error-chain v0.12.4
[INFO] [stderr]    Compiling time v0.2.23
[INFO] [stderr]    Compiling log v0.4.11
[INFO] [stderr]    Compiling cookie v0.14.3
[INFO] [stderr]    Compiling form_urlencoded v1.0.0
[INFO] [stderr]    Compiling cfg-if v0.1.10
[INFO] [stderr]    Compiling serde_json v1.0.59
[INFO] [stderr]    Compiling regex-syntax v0.6.21
[INFO] [stderr]    Compiling base64 v0.12.3
[INFO] [stderr]    Compiling regex-automata v0.1.9
[INFO] [stderr]    Compiling qstring v0.7.2
[INFO] [stderr]    Compiling dirs v1.0.5
[INFO] [stderr]    Compiling atty v0.2.14
[INFO] [stderr]    Compiling quote v1.0.7
[INFO] [stderr]    Compiling csv-core v0.1.10
[INFO] [stderr]    Compiling base64 v0.13.0
[INFO] [stderr]    Compiling term v0.5.2
[INFO] [stderr]    Compiling unicode-width v0.1.8
[INFO] [stderr]    Compiling encode_unicode v0.3.6
[INFO] [stderr]    Compiling chunked_transfer v1.3.0
[INFO] [stderr]    Compiling thousands v0.2.0
[INFO] [stderr]    Compiling ring v0.16.16
[INFO] [stderr]    Compiling unicode-normalization v0.1.16
[INFO] [stderr]    Compiling idna v0.2.0
[INFO] [stderr]    Compiling regex v1.4.2
[INFO] [stderr]    Compiling url v2.2.0
[INFO] [stderr]    Compiling publicsuffix v1.5.4
[INFO] [stderr]    Compiling time-macros-impl v0.1.1
[INFO] [stderr]    Compiling time-macros v0.1.1
[INFO] [stderr]    Compiling webpki v0.21.3
[INFO] [stderr]    Compiling sct v0.6.0
[INFO] [stderr]    Compiling rustls v0.18.1
[INFO] [stderr]    Compiling webpki-roots v0.20.0
[INFO] [stderr]    Compiling bstr v0.2.14
[INFO] [stderr]    Compiling csv v1.1.4
[INFO] [stderr]    Compiling cookie_store v0.12.0
[INFO] [stderr]    Compiling ureq v1.5.2
[INFO] [stderr]    Compiling prettytable-rs v0.8.0
[INFO] [stderr]    Compiling osrs-api v0.1.0 (/opt/rustwide/workdir)
[INFO] [stderr]     Finished `release` profile [optimized] target(s) in 10.69s
[INFO] running `Command { std: "docker" "inspect" "0b6acb5b2b8e97655552230da3cc0da8d0b59204a24fa4801c8dcb097df884d0", kill_on_drop: false }`
[INFO] running `Command { std: "docker" "exec" "-e" "SOURCE_DIR=/opt/rustwide/workdir" "-e" "CARGO_HOME=/opt/rustwide/cargo-home" "-e" "RUSTUP_HOME=/opt/rustwide/rustup-home" "-e" "CARGO_TARGET_DIR=/opt/rustwide/target" "-e" "CARGO_INCREMENTAL=0" "-e" "RUST_BACKTRACE=full" "-e" "RUSTFLAGS=--cap-lints=warn" "-e" "RUSTDOCFLAGS=--cap-lints=warn" "-w" "/opt/rustwide/workdir" "--user" "0:0" "0b6acb5b2b8e97655552230da3cc0da8d0b59204a24fa4801c8dcb097df884d0" "/opt/rustwide/cargo-home/bin/cargo" "+1.99.0-beta.8" "test" "--frozen" "--no-run" "--message-format=json" "--release", kill_on_drop: false }`
[INFO] [stderr]    Compiling osrs-api v0.1.0 (/opt/rustwide/workdir)
[INFO] [stderr]     Finished `release` profile [optimized] target(s) in 0.49s
[INFO] running `Command { std: "docker" "inspect" "0b6acb5b2b8e97655552230da3cc0da8d0b59204a24fa4801c8dcb097df884d0", kill_on_drop: false }`
[INFO] running `Command { std: "docker" "exec" "-e" "SOURCE_DIR=/opt/rustwide/workdir" "-e" "CARGO_HOME=/opt/rustwide/cargo-home" "-e" "RUSTUP_HOME=/opt/rustwide/rustup-home" "-e" "CARGO_TARGET_DIR=/opt/rustwide/target" "-e" "CARGO_INCREMENTAL=0" "-e" "RUST_BACKTRACE=full" "-e" "RUSTFLAGS=--cap-lints=warn" "-e" "RUSTDOCFLAGS=--cap-lints=warn" "-w" "/opt/rustwide/workdir" "--user" "0:0" "0b6acb5b2b8e97655552230da3cc0da8d0b59204a24fa4801c8dcb097df884d0" "/opt/rustwide/cargo-home/bin/cargo" "+1.99.0-beta.8" "test" "--frozen" "--release", kill_on_drop: false }`
[INFO] [stderr]     Finished `release` profile [optimized] target(s) in 0.04s
[INFO] [stderr]      Running unittests src/lib.rs (/opt/rustwide/target/release/deps/osrs_api-f2f0e5442b50ff96)
[INFO] [stdout] 
[INFO] [stdout] running 4 tests
[INFO] [stdout] test skill::tests::test_xp_till_200_mill ... ok
[INFO] [stdout] test skill::tests::test_xp_at_level ... FAILED
[INFO] [stdout] test skill::tests::test_xp_till_level ... FAILED
[INFO] [stdout] test tests::test_get_hiscore_lynx_titan ... FAILED
[INFO] [stdout] 
[INFO] [stdout] failures:
[INFO] [stdout] 
[INFO] [stdout] ---- skill::tests::test_xp_at_level stdout ----
[INFO] [stdout] 
[INFO] [stdout] thread 'skill::tests::test_xp_at_level' (1662) panicked at src/skill.rs:83:9:
[INFO] [stdout] assertion `left == right` failed
[INFO] [stdout]   left: 101339.02694906628
[INFO] [stdout]  right: 101333.0
[INFO] [stdout] stack backtrace:
[INFO] [stdout]    0:     0x574a07e805e1 - <<std[70759c8f55707aa4]::sys::backtrace::BacktraceLock>::print::DisplayBacktrace as core[df12db4294e9bfd3]::fmt::Display>::fmt
[INFO] [stdout]    1:     0x574a07e976aa - core[df12db4294e9bfd3]::fmt::write
[INFO] [stdout]    2:     0x574a07e84fcc - <alloc[2182bb758b4b3781]::vec::Vec<u8> as core[df12db4294e9bfd3]::io::write::Write>::write_fmt
[INFO] [stdout]    3:     0x574a07e5b8f6 - std[70759c8f55707aa4]::panicking::default_hook::{closure#0}
[INFO] [stdout]    4:     0x574a07e786a9 - std[70759c8f55707aa4]::panicking::default_hook
[INFO] [stdout]    5:     0x574a07e10820 - test[9d35eded1c95d3be]::test_main_inner::<test[9d35eded1c95d3be]::test_main_static::{closure#0}>::{closure#0}
[INFO] [stdout]    6:     0x574a07e78862 - std[70759c8f55707aa4]::panicking::panic_with_hook
[INFO] [stdout]    7:     0x574a07e5b9a2 - std[70759c8f55707aa4]::panicking::panic_handler::{closure#0}
[INFO] [stdout]    8:     0x574a07e54649 - std[70759c8f55707aa4]::sys::backtrace::__rust_end_short_backtrace::<std[70759c8f55707aa4]::panicking::panic_handler::{closure#0}, !>
[INFO] [stdout]    9:     0x574a07e5c78d - __rustc[8fa7c3cbc660c2b3]::rust_begin_unwind
[INFO] [stdout]   10:     0x574a07e97e0c - core[df12db4294e9bfd3]::panicking::panic_fmt
[INFO] [stdout]   11:     0x574a07e97d23 - core[df12db4294e9bfd3]::panicking::assert_failed_inner
[INFO] [stdout]   12:     0x574a07cff9fd - core[df12db4294e9bfd3]::panicking::assert_failed::<f64, f64>
[INFO] [stdout]   13:     0x574a07d05d72 - <osrs_api[c8a1d7f43cfbf2c0]::skill::tests::test_xp_at_level::{closure#0} as core[df12db4294e9bfd3]::ops::function::FnOnce<()>>::call_once
[INFO] [stdout]   14:     0x574a07e03b0b - test[9d35eded1c95d3be]::__rust_begin_short_backtrace::<core[df12db4294e9bfd3]::result::Result<(), alloc[2182bb758b4b3781]::string::String>, fn() -> core[df12db4294e9bfd3]::result::Result<(), alloc[2182bb758b4b3781]::string::String>>
[INFO] [stdout]   15:     0x574a07e11175 - test[9d35eded1c95d3be]::run_test::{closure#0}
[INFO] [stdout]   16:     0x574a07e0aa34 - std[70759c8f55707aa4]::sys::backtrace::__rust_begin_short_backtrace::<test[9d35eded1c95d3be]::run_test::{closure#1}, ()>
[INFO] [stdout]   17:     0x574a07e142d2 - <std[70759c8f55707aa4]::thread::lifecycle::spawn_unchecked<test[9d35eded1c95d3be]::run_test::{closure#1}, ()>::{closure#1} as core[df12db4294e9bfd3]::ops::function::FnOnce<()>>::call_once::{shim:vtable#0}
[INFO] [stdout]   18:     0x574a07e7f969 - <std[70759c8f55707aa4]::sys::thread::unix::Thread>::new::thread_start
[INFO] [stdout]   19:     0x73bf0dfdcdfa - <unknown>
[INFO] [stdout]   20:     0x73bf0e0703d4 - clone
[INFO] [stdout]   21:                0x0 - <unknown>
[INFO] [stdout] 
[INFO] [stdout] ---- skill::tests::test_xp_till_level stdout ----
[INFO] [stdout] 
[INFO] [stdout] thread 'skill::tests::test_xp_till_level' (1664) panicked at src/skill.rs:105:9:
[INFO] [stdout] assertion `left == right` failed
[INFO] [stdout]   left: 82339.02694906628
[INFO] [stdout]  right: 82333.0
[INFO] [stdout] stack backtrace:
[INFO] [stdout]    0:     0x574a07e805e1 - <<std[70759c8f55707aa4]::sys::backtrace::BacktraceLock>::print::DisplayBacktrace as core[df12db4294e9bfd3]::fmt::Display>::fmt
[INFO] [stdout]    1:     0x574a07e976aa - core[df12db4294e9bfd3]::fmt::write
[INFO] [stdout]    2:     0x574a07e84fcc - <alloc[2182bb758b4b3781]::vec::Vec<u8> as core[df12db4294e9bfd3]::io::write::Write>::write_fmt
[INFO] [stdout]    3:     0x574a07e5b8f6 - std[70759c8f55707aa4]::panicking::default_hook::{closure#0}
[INFO] [stdout]    4:     0x574a07e786a9 - std[70759c8f55707aa4]::panicking::default_hook
[INFO] [stdout]    5:     0x574a07e10820 - test[9d35eded1c95d3be]::test_main_inner::<test[9d35eded1c95d3be]::test_main_static::{closure#0}>::{closure#0}
[INFO] [stdout]    6:     0x574a07e78862 - std[70759c8f55707aa4]::panicking::panic_with_hook
[INFO] [stdout]    7:     0x574a07e5b9a2 - std[70759c8f55707aa4]::panicking::panic_handler::{closure#0}
[INFO] [stdout]    8:     0x574a07e54649 - std[70759c8f55707aa4]::sys::backtrace::__rust_end_short_backtrace::<std[70759c8f55707aa4]::panicking::panic_handler::{closure#0}, !>
[INFO] [stdout]    9:     0x574a07e5c78d - __rustc[8fa7c3cbc660c2b3]::rust_begin_unwind
[INFO] [stdout]   10:     0x574a07e97e0c - core[df12db4294e9bfd3]::panicking::panic_fmt
[INFO] [stdout]   11:     0x574a07e97d23 - core[df12db4294e9bfd3]::panicking::assert_failed_inner
[INFO] [stdout]   12:     0x574a07cff9fd - core[df12db4294e9bfd3]::panicking::assert_failed::<f64, f64>
[INFO] [stdout]   13:     0x574a07d05e7a - <osrs_api[c8a1d7f43cfbf2c0]::skill::tests::test_xp_till_level::{closure#0} as core[df12db4294e9bfd3]::ops::function::FnOnce<()>>::call_once
[INFO] [stdout]   14:     0x574a07e03b0b - test[9d35eded1c95d3be]::__rust_begin_short_backtrace::<core[df12db4294e9bfd3]::result::Result<(), alloc[2182bb758b4b3781]::string::String>, fn() -> core[df12db4294e9bfd3]::result::Result<(), alloc[2182bb758b4b3781]::string::String>>
[INFO] [stdout]   15:     0x574a07e11175 - test[9d35eded1c95d3be]::run_test::{closure#0}
[INFO] [stdout]   16:     0x574a07e0aa34 - std[70759c8f55707aa4]::sys::backtrace::__rust_begin_short_backtrace::<test[9d35eded1c95d3be]::run_test::{closure#1}, ()>
[INFO] [stdout]   17:     0x574a07e142d2 - <std[70759c8f55707aa4]::thread::lifecycle::spawn_unchecked<test[9d35eded1c95d3be]::run_test::{closure#1}, ()>::{closure#1} as core[df12db4294e9bfd3]::ops::function::FnOnce<()>>::call_once::{shim:vtable#0}
[INFO] [stdout]   18:     0x574a07e7f969 - <std[70759c8f55707aa4]::sys::thread::unix::Thread>::new::thread_start
[INFO] [stdout]   19:     0x73bf0dfdcdfa - <unknown>
[INFO] [stdout]   20:     0x73bf0e0703d4 - clone
[INFO] [stdout]   21:                0x0 - <unknown>
[INFO] [stdout] 
[INFO] [stdout] ---- tests::test_get_hiscore_lynx_titan stdout ----
[INFO] [stdout] 
[INFO] [stdout] thread 'tests::test_get_hiscore_lynx_titan' (1665) panicked at src/lib.rs:89:67:
[INFO] [stdout] called `Option::unwrap()` on a `None` value
[INFO] [stdout] stack backtrace:
[INFO] [stdout]    0:     0x574a07e805e1 - <<std[70759c8f55707aa4]::sys::backtrace::BacktraceLock>::print::DisplayBacktrace as core[df12db4294e9bfd3]::fmt::Display>::fmt
[INFO] [stdout]    1:     0x574a07e976aa - core[df12db4294e9bfd3]::fmt::write
[INFO] [stdout]    2:     0x574a07e84fcc - <alloc[2182bb758b4b3781]::vec::Vec<u8> as core[df12db4294e9bfd3]::io::write::Write>::write_fmt
[INFO] [stdout]    3:     0x574a07e5b8f6 - std[70759c8f55707aa4]::panicking::default_hook::{closure#0}
[INFO] [stdout]    4:     0x574a07e786a9 - std[70759c8f55707aa4]::panicking::default_hook
[INFO] [stdout]    5:     0x574a07e10820 - test[9d35eded1c95d3be]::test_main_inner::<test[9d35eded1c95d3be]::test_main_static::{closure#0}>::{closure#0}
[INFO] [stdout]    6:     0x574a07e78862 - std[70759c8f55707aa4]::panicking::panic_with_hook
[INFO] [stdout]    7:     0x574a07e5b9d4 - std[70759c8f55707aa4]::panicking::panic_handler::{closure#0}
[INFO] [stdout]    8:     0x574a07e54649 - std[70759c8f55707aa4]::sys::backtrace::__rust_end_short_backtrace::<std[70759c8f55707aa4]::panicking::panic_handler::{closure#0}, !>
[INFO] [stdout]    9:     0x574a07e5c78d - __rustc[8fa7c3cbc660c2b3]::rust_begin_unwind
[INFO] [stdout]   10:     0x574a07e97e0c - core[df12db4294e9bfd3]::panicking::panic_fmt
[INFO] [stdout]   11:     0x574a07e97dd2 - core[df12db4294e9bfd3]::panicking::panic
[INFO] [stdout]   12:     0x574a07e97b89 - core[df12db4294e9bfd3]::option::unwrap_failed
[INFO] [stdout]   13:     0x574a07d013e7 - osrs_api[c8a1d7f43cfbf2c0]::tests::test_get_hiscore_lynx_titan
[INFO] [stdout]   14:     0x574a07d05c69 - <osrs_api[c8a1d7f43cfbf2c0]::tests::test_get_hiscore_lynx_titan::{closure#0} as core[df12db4294e9bfd3]::ops::function::FnOnce<()>>::call_once
[INFO] [stdout]   15:     0x574a07e03b0b - test[9d35eded1c95d3be]::__rust_begin_short_backtrace::<core[df12db4294e9bfd3]::result::Result<(), alloc[2182bb758b4b3781]::string::String>, fn() -> core[df12db4294e9bfd3]::result::Result<(), alloc[2182bb758b4b3781]::string::String>>
[INFO] [stdout]   16:     0x574a07e11175 - test[9d35eded1c95d3be]::run_test::{closure#0}
[INFO] [stdout]   17:     0x574a07e0aa34 - std[70759c8f55707aa4]::sys::backtrace::__rust_begin_short_backtrace::<test[9d35eded1c95d3be]::run_test::{closure#1}, ()>
[INFO] [stdout]   18:     0x574a07e142d2 - <std[70759c8f55707aa4]::thread::lifecycle::spawn_unchecked<test[9d35eded1c95d3be]::run_test::{closure#1}, ()>::{closure#1} as core[df12db4294e9bfd3]::ops::function::FnOnce<()>>::call_once::{shim:vtable#0}
[INFO] [stdout]   19:     0x574a07e7f969 - <std[70759c8f55707aa4]::sys::thread::unix::Thread>::new::thread_start
[INFO] [stdout]   20:     0x73bf0dfdcdfa - <unknown>
[INFO] [stdout]   21:     0x73bf0e0703d4 - clone
[INFO] [stdout]   22:                0x0 - <unknown>
[INFO] [stdout] 
[INFO] [stdout] 
[INFO] [stdout] failures:
[INFO] [stdout]     skill::tests::test_xp_at_level
[INFO] [stdout]     skill::tests::test_xp_till_level
[INFO] [stdout]     tests::test_get_hiscore_lynx_titan
[INFO] [stdout] 
[INFO] [stdout] test result: FAILED. 1 passed; 3 failed; 0 ignored; 0 measured; 0 filtered out; finished in 0.00s
[INFO] [stdout] 
[INFO] [stderr] error: test failed, to rerun pass `--lib`
[INFO] running `Command { std: "docker" "inspect" "0b6acb5b2b8e97655552230da3cc0da8d0b59204a24fa4801c8dcb097df884d0", kill_on_drop: false }`
[INFO] running `Command { std: "docker" "rm" "-f" "0b6acb5b2b8e97655552230da3cc0da8d0b59204a24fa4801c8dcb097df884d0", kill_on_drop: false }`
[INFO] [stdout] 0b6acb5b2b8e97655552230da3cc0da8d0b59204a24fa4801c8dcb097df884d0
