[INFO] fetching crate osmp 0.5.2...
[INFO] testing osmp-0.5.2 against 1.100.0-beta.1+cargoflags=--release for beta-release-1.100-2
[INFO] extracting crate osmp 0.5.2 into /workspace/builds/worker-3-tc2/source
[INFO] started tweaking crates.io crate osmp 0.5.2
[INFO] finished tweaking crates.io crate osmp 0.5.2
[INFO] tweaked toml for crates.io crate osmp 0.5.2 written to /workspace/builds/worker-3-tc2/source/Cargo.toml
[INFO] validating manifest of crates.io crate osmp 0.5.2 on toolchain 1.100.0-beta.1
[INFO] running `Command { std: CARGO_HOME="/workspace/cargo-home" RUSTUP_HOME="/workspace/rustup-home" "/workspace/cargo-home/bin/cargo" "+1.100.0-beta.1" "metadata" "--manifest-path" "Cargo.toml" "--no-deps", kill_on_drop: false }`
[INFO] crate crates.io crate osmp 0.5.2 already has a lockfile, it will not be regenerated
[INFO] running `Command { std: CARGO_HOME="/workspace/cargo-home" RUSTUP_HOME="/workspace/rustup-home" "/workspace/cargo-home/bin/cargo" "+1.100.0-beta.1" "fetch" "--manifest-path" "Cargo.toml", kill_on_drop: false }`
[INFO] running `Command { std: "docker" "create" "-v" "/var/lib/crater-agent-workspace/builds/worker-3-tc2/source:/opt/rustwide/workdir:ro,Z" "-v" "/var/lib/crater-agent-workspace/builds/worker-3-tc2/target:/opt/rustwide/target:rw,Z" "-v" "/var/lib/crater-agent-workspace/cargo-home:/opt/rustwide/cargo-home:ro,Z" "-v" "/var/lib/crater-agent-workspace/rustup-home:/opt/rustwide/rustup-home:ro,Z" "-m" "1610612736" "--network" "none" "ghcr.io/rust-lang/crates-build-env/linux@sha256:77db811e55d90add9212f6832c23229e3de5f1c1f9905e8cb07319ea15df73ac" "sleep" "infinity", kill_on_drop: false }`
[INFO] [stdout] 9990e60f3fb147eae8f607e02779c515ef0edf59ae952128d0bf4c78c36cbcd7
[INFO] running `Command { std: "docker" "start" "9990e60f3fb147eae8f607e02779c515ef0edf59ae952128d0bf4c78c36cbcd7", kill_on_drop: false }`
[INFO] running `Command { std: "docker" "inspect" "9990e60f3fb147eae8f607e02779c515ef0edf59ae952128d0bf4c78c36cbcd7", kill_on_drop: false }`
[INFO] running `Command { std: "docker" "exec" "-e" "SOURCE_DIR=/opt/rustwide/workdir" "-e" "CARGO_HOME=/opt/rustwide/cargo-home" "-e" "RUSTUP_HOME=/opt/rustwide/rustup-home" "-e" "CARGO_TARGET_DIR=/opt/rustwide/target" "-w" "/opt/rustwide/workdir" "--user" "0:0" "9990e60f3fb147eae8f607e02779c515ef0edf59ae952128d0bf4c78c36cbcd7" "/opt/rustwide/cargo-home/bin/cargo" "+1.100.0-beta.1" "metadata" "--no-deps" "--format-version=1", kill_on_drop: false }`
[INFO] running `Command { std: "docker" "inspect" "9990e60f3fb147eae8f607e02779c515ef0edf59ae952128d0bf4c78c36cbcd7", kill_on_drop: false }`
[INFO] running `Command { std: "docker" "exec" "-e" "SOURCE_DIR=/opt/rustwide/workdir" "-e" "CARGO_HOME=/opt/rustwide/cargo-home" "-e" "RUSTUP_HOME=/opt/rustwide/rustup-home" "-e" "CARGO_TARGET_DIR=/opt/rustwide/target" "-e" "CARGO_INCREMENTAL=0" "-e" "RUST_BACKTRACE=full" "-e" "RUSTFLAGS=--cap-lints=warn" "-e" "RUSTDOCFLAGS=--cap-lints=warn" "-w" "/opt/rustwide/workdir" "--user" "0:0" "9990e60f3fb147eae8f607e02779c515ef0edf59ae952128d0bf4c78c36cbcd7" "/opt/rustwide/cargo-home/bin/cargo" "+1.100.0-beta.1" "build" "--frozen" "--message-format=json" "--release", kill_on_drop: false }`
[INFO] [stderr]    Compiling cfg-if v1.0.4
[INFO] [stderr]    Compiling libc v0.2.186
[INFO] [stderr]    Compiling version_check v0.9.5
[INFO] [stderr]    Compiling typenum v1.20.0
[INFO] [stderr]    Compiling proc-macro2 v1.0.106
[INFO] [stderr]    Compiling quote v1.0.45
[INFO] [stderr]    Compiling unicode-ident v1.0.24
[INFO] [stderr]    Compiling cpufeatures v0.2.17
[INFO] [stderr]    Compiling semver v1.0.28
[INFO] [stderr]    Compiling subtle v2.6.1
[INFO] [stderr]    Compiling zeroize v1.8.2
[INFO] [stderr]    Compiling zerocopy v0.8.48
[INFO] [stderr]    Compiling serde_core v1.0.228
[INFO] [stderr]    Compiling memchr v2.8.0
[INFO] [stderr]    Compiling zmij v1.0.21
[INFO] [stderr]    Compiling regex-syntax v0.8.10
[INFO] [stderr]    Compiling opaque-debug v0.3.1
[INFO] [stderr]    Compiling serde v1.0.228
[INFO] [stderr]    Compiling static_assertions v1.1.0
[INFO] [stderr]    Compiling signature v2.2.0
[INFO] [stderr]    Compiling serde_json v1.0.149
[INFO] [stderr]    Compiling twox-hash v1.6.3
[INFO] [stderr]    Compiling itoa v1.0.18
[INFO] [stderr]    Compiling ed25519 v2.2.3
[INFO] [stderr]    Compiling rustc_version v0.4.1
[INFO] [stderr]    Compiling ruzstd v0.7.3
[INFO] [stderr]    Compiling generic-array v0.14.7
[INFO] [stderr]    Compiling curve25519-dalek v4.1.3
[INFO] [stderr]    Compiling aho-corasick v1.1.4
[INFO] [stderr]    Compiling syn v2.0.117
[INFO] [stderr]    Compiling block-buffer v0.10.4
[INFO] [stderr]    Compiling inout v0.1.4
[INFO] [stderr]    Compiling getrandom v0.2.17
[INFO] [stderr]    Compiling rand_core v0.6.4
[INFO] [stderr]    Compiling crypto-common v0.1.7
[INFO] [stderr]    Compiling digest v0.10.7
[INFO] [stderr]    Compiling universal-hash v0.5.1
[INFO] [stderr]    Compiling cipher v0.4.4
[INFO] [stderr]    Compiling aead v0.5.2
[INFO] [stderr]    Compiling poly1305 v0.8.0
[INFO] [stderr]    Compiling chacha20 v0.9.1
[INFO] [stderr]    Compiling sha2 v0.10.9
[INFO] [stderr]    Compiling chacha20poly1305 v0.10.1
[INFO] [stderr]    Compiling regex-automata v0.4.14
[INFO] [stderr]    Compiling curve25519-dalek-derive v0.1.1
[INFO] [stderr]    Compiling serde_derive v1.0.228
[INFO] [stderr]    Compiling ppv-lite86 v0.2.21
[INFO] [stderr]    Compiling ed25519-dalek v2.2.0
[INFO] [stderr]    Compiling rand_chacha v0.3.1
[INFO] [stderr]    Compiling rand v0.8.6
[INFO] [stderr]    Compiling regex v1.12.3
[INFO] [stderr]    Compiling osmp v0.5.2 (/opt/rustwide/workdir)
[INFO] [stderr]     Finished `release` profile [optimized] target(s) in 37.65s
[INFO] running `Command { std: "docker" "inspect" "9990e60f3fb147eae8f607e02779c515ef0edf59ae952128d0bf4c78c36cbcd7", kill_on_drop: false }`
[INFO] running `Command { std: "docker" "exec" "-e" "SOURCE_DIR=/opt/rustwide/workdir" "-e" "CARGO_HOME=/opt/rustwide/cargo-home" "-e" "RUSTUP_HOME=/opt/rustwide/rustup-home" "-e" "CARGO_TARGET_DIR=/opt/rustwide/target" "-e" "CARGO_INCREMENTAL=0" "-e" "RUST_BACKTRACE=full" "-e" "RUSTFLAGS=--cap-lints=warn" "-e" "RUSTDOCFLAGS=--cap-lints=warn" "-w" "/opt/rustwide/workdir" "--user" "0:0" "9990e60f3fb147eae8f607e02779c515ef0edf59ae952128d0bf4c78c36cbcd7" "/opt/rustwide/cargo-home/bin/cargo" "+1.100.0-beta.1" "test" "--frozen" "--no-run" "--message-format=json" "--release", kill_on_drop: false }`
[INFO] [stderr]    Compiling osmp v0.5.2 (/opt/rustwide/workdir)
[INFO] [stderr]     Finished `release` profile [optimized] target(s) in 44.94s
[INFO] running `Command { std: "docker" "inspect" "9990e60f3fb147eae8f607e02779c515ef0edf59ae952128d0bf4c78c36cbcd7", kill_on_drop: false }`
[INFO] running `Command { std: "docker" "exec" "-e" "SOURCE_DIR=/opt/rustwide/workdir" "-e" "CARGO_HOME=/opt/rustwide/cargo-home" "-e" "RUSTUP_HOME=/opt/rustwide/rustup-home" "-e" "CARGO_TARGET_DIR=/opt/rustwide/target" "-e" "CARGO_INCREMENTAL=0" "-e" "RUST_BACKTRACE=full" "-e" "RUSTFLAGS=--cap-lints=warn" "-e" "RUSTDOCFLAGS=--cap-lints=warn" "-w" "/opt/rustwide/workdir" "--user" "0:0" "9990e60f3fb147eae8f607e02779c515ef0edf59ae952128d0bf4c78c36cbcd7" "/opt/rustwide/cargo-home/bin/cargo" "+1.100.0-beta.1" "test" "--frozen" "--release", kill_on_drop: false }`
[INFO] [stderr]     Finished `release` profile [optimized] target(s) in 0.12s
[INFO] [stderr]      Running unittests src/lib.rs (/opt/rustwide/target/release/build/osmp/d1f708b7535246d3/out/osmp-d1f708b7535246d3)
[INFO] [stdout] 
[INFO] [stdout] running 229 tests
[INFO] [stdout] test adp::tests::deprecate_delta_required_flags_is_zero ... ok
[INFO] [stdout] test adp::tests::mixed_delta_with_any_replace_is_critical ... ok
[INFO] [stdout] test adp::tests::replace_delta_required_flags_is_critical ... ok
[INFO] [stdout] test adp::tests::hash_identity_truncates_fingerprint ... ok
[INFO] [stdout] test adp::tests::validate_non_delta_sal_is_passthrough ... ok
[INFO] [stdout] test adp::tests::validate_received_additive_without_critical_accepts ... ok
[INFO] [stdout] test adp::tests::mdr_request_format ... ok
[INFO] [stdout] test adp::tests::resolve_or_pend_non_sal_input ... ok
[INFO] [stdout] test adp::tests::request_delta_format ... ok
[INFO] [stdout] test adp::tests::validate_received_replace_with_critical_accepts ... ok
[INFO] [stdout] test adp::tests::validate_received_replace_without_critical_rejects ... ok
[INFO] [stdout] test adp::tests::resolve_or_pend_known_opcode ... ok
[INFO] [stdout] test adp::tests::version_alert_carries_hazardous_glyph ... ok
[INFO] [stdout] test adp::tests::version_identity_with_namespaces_sorted ... ok
[INFO] [stdout] test adp::tests::version_breaking_detection ... ok
[INFO] [stdout] test adp::tests::version_pack_roundtrip ... ok
[INFO] [stdout] test adp::tests::version_parse_rejects_malformed ... ok
[INFO] [stdout] test adp::tests::version_parse_roundtrip ... ok
[INFO] [stdout] test adp::tests::send_definition_format ... ok
[INFO] [stdout] test adp::tests::resolve_or_pend_unknown_opcode_queues_and_requests ... ok
[INFO] [stdout] test bael::tests::mode_flag_byte_values_match_cross_sdk ... ok
[INFO] [stdout] test adp::tests::mdr_identity_sorted_keys ... ok
[INFO] [stdout] test adp::tests::delta_to_sal_full ... ok
[INFO] [stdout] test adp::tests::version_query_constant ... ok
[INFO] [stdout] test bael::tests::estop_returns_nl_passthrough ... ok
[INFO] [stdout] test bael::tests::estop_with_empty_nl_falls_back_to_sal ... ok
[INFO] [stdout] test dag::tests::estop_bypass_in_dag_reassembler ... ok
[INFO] [stdout] test bael::tests::nl_only_peer_forces_passthrough ... ok
[INFO] [stdout] test adp::tests::version_identity_no_namespaces ... ok
[INFO] [stdout] test bael::tests::osmp_chosen_when_smaller ... ok
[INFO] [stdout] test bael::tests::nl_chosen_when_shorter ... ok
[INFO] [stdout] test adp::tests::additive_delta_required_flags_is_zero ... ok
[INFO] [stdout] test benchmark::tests::run_benchmark_aggregate_conformance ... FAILED
[INFO] [stdout] test benchmark::tests::run_benchmark_reaches_threshold ... FAILED
[INFO] [stdout] test dpack::tests::decode_shipped_mitre_attack_corpus ... ok
[INFO] [stdout] test dpack::tests::lookup_finds_existing_key ... ok
[INFO] [stdout] test dag::tests::pack_unpack_roundtrip_on_dag_fragment ... ok
[INFO] [stdout] test dag::tests::fragmentize_diamond_emits_fragments ... ok
[INFO] [stdout] test dpack::tests::lookup_returns_none_for_missing_key ... ok
[INFO] [stdout] test dag::tests::parse_simple_sequence ... ok
[INFO] [stdout] test eml::chain::tests::evaluate_chain_with_f_reference ... ok
[INFO] [stdout] test eml::chain::tests::evaluate_rejects_value_count_mismatch ... ok
[INFO] [stdout] test eml::chain::tests::pack_unpack_bits_roundtrip ... ok
[INFO] [stdout] test eml::chain::tests::restricted_rejects_invalid_variant ... ok
[INFO] [stdout] test eml::chain::tests::restricted_rejects_more_than_15_levels_self_describing ... ok
[INFO] [stdout] test eml::chain::tests::restricted_roundtrip_external_n_levels ... ok
[INFO] [stdout] test eml::chain::tests::restricted_roundtrip_self_describing ... ok
[INFO] [stdout] test dag::tests::parse_diamond_pattern_yields_4_nodes ... ok
[INFO] [stdout] test dag::tests::reassemble_diamond_topo_orders_correctly ... ok
[INFO] [stdout] test dpack::tests::decode_rejects_trained_dictionary_binary ... ok
[INFO] [stdout] test adp::tests::delta_op_to_sal ... ok
[INFO] [stdout] test eml::chain::tests::wide_bare_f_canonicalizes_to_indexed_on_roundtrip ... ok
[INFO] [stdout] test eml::chain::tests::wide_default_variable_names ... ok
[INFO] [stdout] test eml::chain::tests::wide_rejects_invalid_variant ... ok
[INFO] [stdout] test eml::chain::tests::wide_roundtrip_two_variables ... ok
[INFO] [stdout] test dpack::tests::encode_decode_roundtrip ... ok
[INFO] [stdout] test dpack::tests::lookup_across_multiple_blocks ... ok
[INFO] [stdout] test eml::crlibm::tests::crlibm_log_panics - should panic ... ok
[INFO] [stdout] test dpack::tests::lookup_against_shipped_mitre_corpus ... ok
[INFO] [stdout] test adp::tests::acknowledge_helpers ... ok
[INFO] [stdout] test eml::crlibm::tests::crlibm_unavailable_in_public_release ... ok
[INFO] [stdout] test eml::chain::tests::wide_extended_header_for_large_v_or_n ... ok
[INFO] [stdout] test adp::tests::classify_priority_basic ... ok
[INFO] [stdout] test eml::fdlibm::tests::exp_one_is_e ... ok
[INFO] [stdout] test adp::tests::delta_op_replace_is_breaking ... ok
[INFO] [stdout] test eml::fdlibm::tests::exp_underflow_returns_zero ... ok
[INFO] [stdout] test eml::fdlibm::tests::exp_zero_is_one ... ok
[INFO] [stdout] test eml::fdlibm::tests::exp_overflow_returns_infinity ... ok
[INFO] [stdout] test eml::fdlibm::tests::fdlibm_available ... ok
[INFO] [stdout] test eml::fdlibm::tests::frexp_one_is_half_one ... ok
[INFO] [stdout] test eml::fdlibm::tests::frexp_two_is_half_two ... ok
[INFO] [stdout] test eml::chain::tests::evaluate_exp_x_at_zero_is_one ... ok
[INFO] [stdout] test eml::fdlibm::tests::ldexp_inverse_of_frexp ... ok
[INFO] [stdout] test eml::fdlibm::tests::log_one_is_zero ... ok
[INFO] [stdout] test eml::fdlibm::tests::log_e_is_one ... ok
[INFO] [stdout] test eml::fdlibm::tests::log_zero_is_negative_infinity ... ok
[INFO] [stdout] test eml::crlibm::tests::crlibm_exp_panics - should panic ... ok
[INFO] [stdout] test eml::fdlibm::tests::exp_log_roundtrip ... ok
[INFO] [stdout] test eml::chain::tests::evaluate_e_minus_lnx_at_one ... ok
[INFO] [stdout] test eml::fdlibm::tests::log_negative_is_nan ... ok
[INFO] [stdout] test eml::tests::eml_one_one ... ok
[INFO] [stdout] test eml::mdr::tests::lookup_exp ... ok
[INFO] [stdout] test eml::mdr::tests::canonical_inputs_count ... ok
[INFO] [stdout] test eml::mdr::tests::lookup_unknown_returns_none ... ok
[INFO] [stdout] test eml::mdr::tests::corpus_fingerprint_envelope_bounded_is_deterministic ... ok
[INFO] [stdout] test eml::mdr::tests::shorthand_ids_unique ... ok
[INFO] [stdout] test eml::mdr::tests::registry_has_89_macros ... ok
[INFO] [stdout] test eml::tests::eml_precise_unavailable_in_public_release ... ok
[INFO] [stdout] test eml::tests::mdr_macro_count_is_89 ... ok
[INFO] [stdout] test eml::tests::fast_backend_available ... ok
[INFO] [stdout] test eml::mdr::tests::evaluate_exp_macro_at_one ... ok
[INFO] [stdout] test eml::tests::mdr_lookup_exp_via_reexport ... ok
[INFO] [stdout] test eml::tree::tests::branch_depth_and_count ... ok
[INFO] [stdout] test eml::mdr::tests::evaluate_exp_macro_at_zero ... ok
[INFO] [stdout] test eml::tree::tests::decode_tree_empty_errors ... ok
[INFO] [stdout] test eml::mdr::tests::evaluate_rejects_value_count_mismatch ... ok
[INFO] [stdout] test eml::tree::tests::decode_tree_invalid_tag_errors ... ok
[INFO] [stdout] test eml::mdr::tests::in_bit_exact_corpus_subset ... ok
[INFO] [stdout] test eml::tree::tests::decode_tree_leaf_f64 ... ok
[INFO] [stdout] test eml::tree::tests::decode_tree_trailing_bytes_error ... ok
[INFO] [stdout] test eml::tests::precise_backend_unavailable_in_public_release ... ok
[INFO] [stdout] test eml::tree::tests::decode_tree_truncated_leaf_errors ... ok
[INFO] [stdout] test eml::tree::tests::decode_tree_var_x ... ok
[INFO] [stdout] test eml::tree::tests::encode_decode_tree_roundtrip_f32 ... ok
[INFO] [stdout] test eml::tree::tests::encode_decode_tree_roundtrip_f64 ... ok
[INFO] [stdout] test eml::tree::tests::encode_tree_var_x_single_byte ... ok
[INFO] [stdout] test eml::tree::tests::evaluate_exp_exp_x ... ok
[INFO] [stdout] test eml::tree::tests::var_x_is_leaf_and_x ... ok
[INFO] [stdout] test eml::tree::tests::encode_tree_leaf_f32_five_bytes ... ok
[INFO] [stdout] test macros::tests::expand_unknown_macro_errors ... ok
[INFO] [stdout] test eml::tree::tests::encode_tree_leaf_f64_nine_bytes ... ok
[INFO] [stdout] test eml::tree::tests::evaluate_var_x_returns_x ... ok
[INFO] [stdout] test eml::tree::tests::evaluate_exp_x_at_zero ... ok
[INFO] [stdout] test eml::tree::tests::evaluate_leaf_constant ... ok
[INFO] [stdout] test eml::tree::tests::one_constant_is_leaf_one ... ok
[INFO] [stdout] test overflow::tests::receive_atomic_completes_only_when_full ... ok
[INFO] [stdout] test overflow::tests::receive_estop_bypasses_buffer ... ok
[INFO] [stdout] test eml::tree::tests::leaf_is_leaf ... ok
[INFO] [stdout] test eml::tree::tests::encode_tree_branch_recursive ... ok
[INFO] [stdout] test adp::tests::request_definition_format ... ok
[INFO] [stdout] test macros::tests::register_rejects_unknown_opcode ... ok
[INFO] [stdout] test overflow::tests::unpack_too_short_errors ... ok
[INFO] [stdout] test overflow::tests::fragment_200_bytes_with_mtu_51_yields_multi ... ok
[INFO] [stdout] test overflow::tests::fragment_under_mtu_single_terminal ... ok
[INFO] [stdout] test overflow::tests::pack_byte_identical_with_go ... ok
[INFO] [stdout] test smoke::apply_delta_additive ... ok
[INFO] [stdout] test macros::tests::expand_with_slot_values_substitutes_placeholders ... ok
[INFO] [stdout] test overflow::tests::pack_unpack_roundtrip ... ok
[INFO] [stdout] test sal_composer::tests::chain_marker_then_uses_arrow_operator ... ok
[INFO] [stdout] test sal_composer::tests::unknown_phrase_passes_through ... ok
[INFO] [stdout] test smoke::apply_delta_replace_then_deprecate ... ok
[INFO] [stdout] test smoke::asd_basis_total_opcode_count ... ok
[INFO] [stdout] test smoke::bridge_log_records_events ... ok
[INFO] [stdout] test macros::tests::load_corpus_round_trips_json ... ok
[INFO] [stdout] test macros::tests::register_and_lookup_returns_template ... ok
[INFO] [stdout] test smoke::bridge_acquisition_score_caps_at_one ... ok
[INFO] [stdout] test smoke::bridge_attach_macro_registry_stores_handle ... ok
[INFO] [stdout] test eml::tests::eml_zero_one_is_one ... ok
[INFO] [stdout] test smoke::bridge_peer_state_unregistered_is_none ... ok
[INFO] [stdout] test smoke::bridge_receive_acquired_regresses_after_threshold_misses ... ok
[INFO] [stdout] test smoke::bridge_receive_mixed_content_marks_passthrough ... ok
[INFO] [stdout] test macros::tests::list_returns_registration_order ... ok
[INFO] [stdout] test smoke::bridge_send_to_fallback_with_annotate_returns_annotated_form ... ok
[INFO] [stdout] test smoke::bridge_register_peer_no_fnp_enters_fallback ... ok
[INFO] [stdout] test smoke::asd_basis_v16_namespace_count ... ok
[INFO] [stdout] test sal_composer::tests::r_namespace_phrase_gets_consequence_class ... ok
[INFO] [stdout] test sal_composer::tests::known_phrase_emits_sal ... ok
[INFO] [stdout] test smoke::bridge_register_peer_with_fnp_starts_initial ... ok
[INFO] [stdout] test smoke::bridge_send_to_fallback_without_annotate_returns_nl_only ... ok
[INFO] [stdout] test smoke::bridge_send_to_acquired_peer_returns_sal_unchanged ... ok
[INFO] [stdout] test smoke::compound_operators_unless_only ... ok
[INFO] [stdout] test smoke::decode_compound_full_canonical_chain ... ok
[INFO] [stdout] test smoke::consequence_classes_table_complete ... ok
[INFO] [stdout] test smoke::decode_h_hr_node1_with_target ... ok
[INFO] [stdout] test smoke::decode_compound_chain_two_frames ... ok
[INFO] [stdout] test smoke::decode_h_icd_with_bracket_slot_default_key ... ok
[INFO] [stdout] test smoke::decode_i_section_human_authorization ... ok
[INFO] [stdout] test smoke::disambiguate_c_alloc_to_cmp ... ok
[INFO] [stdout] test smoke::disambiguate_a_ack_to_agt ... ok
[INFO] [stdout] test smoke::disambiguate_d_stat_to_xfr ... ok
[INFO] [stdout] test smoke::disambiguate_q_unmapped_falls_to_qlt ... ok
[INFO] [stdout] test smoke::decode_r_mov_bot1_reversible ... ok
[INFO] [stdout] test smoke::disambiguate_unknown_namespace_returns_none ... ok
[INFO] [stdout] test smoke::encode_r_mov_requires_consequence_class ... ok
[INFO] [stdout] test smoke::fingerprint_cross_sdk_identical ... ok
[INFO] [stdout] test smoke::fnp_acquire_only_from_fallback ... ok
[INFO] [stdout] test smoke::fnp_basis_fingerprint_must_be_eight_bytes ... ok
[INFO] [stdout] test smoke::bridge_receive_nl_only_records_miss ... ok
[INFO] [stdout] test sal_composer::tests::macro_priority_overrides_phrase_match ... ok
[INFO] [stdout] test smoke::bridge_receive_threshold_transitions_to_acquired ... ok
[INFO] [stdout] test smoke::bridge_receive_pure_sal_returns_sal_field ... ok
[INFO] [stdout] test smoke::bridge_send_unknown_peer_auto_registers_as_fallback ... ok
[INFO] [stdout] test smoke::fnp_extended_form_sets_high_bit_and_carries_basis_fp ... ok
[INFO] [stdout] test smoke::bridge_receive_sal_frame_increments_metrics ... ok
[INFO] [stdout] test smoke::bridge_thresholds_match_cross_sdk_constants ... ok
[INFO] [stdout] test smoke::fnp_fallback_transitions_to_fallback_state ... ok
[INFO] [stdout] test smoke::fnp_echo_mismatch_rejected ... ok
[INFO] [stdout] test smoke::frame_ns_op_re_extracts_namespace_and_opcode ... ok
[INFO] [stdout] test smoke::fingerprint_format ... ok
[INFO] [stdout] test smoke::frame_ns_op_re_handles_section_opcode ... ok
[INFO] [stdout] test smoke::fnp_handshake_round_trip_idle_to_established_sail ... ok
[INFO] [stdout] test smoke::osmp_wire_codec_mnemonic_roundtrip ... ok
[INFO] [stdout] test smoke::fnp_initiate_only_from_idle ... ok
[INFO] [stdout] test smoke::encode_broadcast_format ... ok
[INFO] [stdout] test smoke::fnp_new_session_starts_in_initial_state ... ok
[INFO] [stdout] test smoke::lookup_unknown_returns_none ... ok
[INFO] [stdout] test smoke::fnp_initiate_produces_40_byte_adv ... ok
[INFO] [stdout] test smoke::fnp_timeout_resets_to_idle ... ok
[INFO] [stdout] test smoke::disambiguate_v16_primary_passthrough ... ok
[INFO] [stdout] test smoke::fnp_regress_only_from_acquired ... ok
[INFO] [stdout] test smoke::glyph_operators_contains_canonical_set ... ok
[INFO] [stdout] test smoke::encode_compound_chain_with_then_glyph ... ok
[INFO] [stdout] test smoke::lookup_health_heart_rate ... ok
[INFO] [stdout] test smoke::encode_h_hr_with_target ... ok
[INFO] [stdout] test smoke::fnp_capabilities_field_populated ... ok
[INFO] [stdout] test smoke::osmp_wire_codec_sec_roundtrip ... ok
[INFO] [stdout] test smoke::sal_frame_re_bridge_matches_basic_frame ... ok
[INFO] [stdout] test smoke::osmp_wire_codec_sailsec_roundtrip ... ok
[INFO] [stdout] test smoke::osmp_wire_codec_sail_roundtrip ... ok
[INFO] [stdout] test smoke::sec_invalid_node_id_rejected ... ok
[INFO] [stdout] test smoke::round_trip_h_hr_target ... ok
[INFO] [stdout] test smoke::sec_nonce_salt_canonical_value ... ok
[INFO] [stdout] test smoke::sail_encode_compound_chain_with_then_glyph ... ok
[INFO] [stdout] test smoke::sec_out_of_order_sequence_rejected ... ok
[INFO] [stdout] test smoke::sail_encode_decode_roundtrip_h_hr ... ok
[INFO] [stdout] test smoke::round_trip_r_mov_reversible ... ok
[INFO] [stdout] test smoke::sec_replay_attempt_rejected ... ok
[INFO] [stdout] test smoke::sec_tampered_signature_rejected ... ok
[INFO] [stdout] test validate::tests::byte_inflation_caught_when_sal_longer_than_nl ... ok
[INFO] [stdout] test smoke::split_compound_recognizes_arrow_glyph ... ok
[INFO] [stdout] test smoke::wire_mode_byte_values_match_spec ... ok
[INFO] [stdout] test smoke::wire_mode_labels ... ok
[INFO] [stdout] test smoke::sail_encode_h_hr_uses_tok_frame ... ok
[INFO] [stdout] test eml::mdr::tests::corpus_fingerprint_mdr_is_deterministic ... ok
[INFO] [stdout] test validate::tests::slash_operator_caught ... ok
[INFO] [stdout] test validate::tests::valid_chain_passes ... ok
[INFO] [stdout] test smoke::sec_replay_per_sender_independent ... ok
[INFO] [stdout] test validate::tests::r_hazardous_without_authorization_caught ... ok
[INFO] [stdout] test validate::tests::r_namespace_missing_consequence_class_caught ... ok
[INFO] [stdout] test smoke::sec_seq_counter_monotonic ... ok
[INFO] [stdout] test validate::tests::hallucinated_opcode_caught ... ok
[INFO] [stdout] test validate::tests::namespace_as_target_caught ... ok
[INFO] [stdout] test validate::tests::r_estop_no_consequence_class_required ... ok
[INFO] [stdout] test smoke::split_compound_recognizes_ascii_arrow_shorthand ... ok
[INFO] [stdout] test smoke::sec_pack_unpack_4byte_node_id ... ok
[INFO] [stdout] test smoke::sail_encode_numeric_uses_varint ... ok
[INFO] [stdout] test smoke::sec_reset_seen_seq_clears_replay_state ... ok
[INFO] [stdout] test smoke::sec_pack_unpack_roundtrip_self_verify ... ok
[INFO] [stdout] test smoke::round_trip_i_section ... ok
[INFO] [stdout] 
[INFO] [stdout] failures:
[INFO] [stdout] 
[INFO] [stdout] ---- benchmark::tests::run_benchmark_aggregate_conformance stdout ----
[INFO] [stdout] 
[INFO] [stdout] thread 'benchmark::tests::run_benchmark_aggregate_conformance' (922) panicked at src/benchmark.rs:242:43:
[INFO] [stdout] benchmark must run: "reading vectors /opt/rustwide/workdir/../../protocol/test-vectors/canonical-test-vectors.json: No such file or directory (os error 2)"
[INFO] [stdout] stack backtrace:
[INFO] [stdout]    0:     0x5fa461ae2a17 - <<std[617be2ca0a6fd877]::sys::backtrace::BacktraceLock>::print::DisplayBacktrace as core[a373ad73a504971]::fmt::Display>::fmt
[INFO] [stdout]    1:     0x5fa461a2268a - core[a373ad73a504971]::fmt::write
[INFO] [stdout]    2:     0x5fa461ae1fcb - <alloc[2e1b2a31b91974c5]::vec::Vec<u8> as core[a373ad73a504971]::io::write::Write>::write_fmt
[INFO] [stdout]    3:     0x5fa461ae1aaf - std[617be2ca0a6fd877]::panicking::default_hook::{closure#0}
[INFO] [stdout]    4:     0x5fa461ae16da - std[617be2ca0a6fd877]::panicking::default_hook
[INFO] [stdout]    5:     0x5fa461ae1215 - std[617be2ca0a6fd877]::panicking::panic_with_hook
[INFO] [stdout]    6:     0x5fa461b07fc1 - std[617be2ca0a6fd877]::panicking::panic_handler::{closure#0}
[INFO] [stdout]    7:     0x5fa461b07f79 - std[617be2ca0a6fd877]::sys::backtrace::__rust_end_short_backtrace::<std[617be2ca0a6fd877]::panicking::panic_handler::{closure#0}, !>
[INFO] [stdout]    8:     0x5fa461b0847c - __rustc[ea4f61d10b84890b]::rust_begin_unwind
[INFO] [stdout]    9:     0x5fa461a2251b - core[a373ad73a504971]::panicking::panic_fmt
[INFO] [stdout]   10:     0x5fa461a263a1 - core[a373ad73a504971]::result::unwrap_failed
[INFO] [stdout]   11:     0x5fa4619f0b2d - <osmp[82b176148407719]::benchmark::tests::run_benchmark_aggregate_conformance::{closure#0} as core[a373ad73a504971]::ops::function::FnOnce<()>>::call_once
[INFO] [stdout]   12:     0x5fa461b2156b - test[aada8e7e76ba119b]::__rust_begin_short_backtrace::<core[a373ad73a504971]::result::Result<(), alloc[2e1b2a31b91974c5]::string::String>, fn() -> core[a373ad73a504971]::result::Result<(), alloc[2e1b2a31b91974c5]::string::String>>
[INFO] [stdout]   13:     0x5fa461b1c9cf - test[aada8e7e76ba119b]::run_test::{closure#0}
[INFO] [stdout]   14:     0x5fa461b1c44c - std[617be2ca0a6fd877]::sys::backtrace::__rust_begin_short_backtrace::<test[aada8e7e76ba119b]::run_test::{closure#1}, ()>
[INFO] [stdout]   15:     0x5fa461b3c6ec - <std[617be2ca0a6fd877]::thread::lifecycle::spawn_unchecked<test[aada8e7e76ba119b]::run_test::{closure#1}, ()>::{closure#1} as core[a373ad73a504971]::ops::function::FnOnce<()>>::call_once::{shim:vtable#0}
[INFO] [stdout]   16:     0x5fa461b09ae4 - <std[617be2ca0a6fd877]::sys::thread::unix::Thread>::new::thread_start
[INFO] [stdout]   17:     0x75d6546badfa - <unknown>
[INFO] [stdout]   18:     0x75d65474e3d4 - clone
[INFO] [stdout]   19:                0x0 - <unknown>
[INFO] [stdout] 
[INFO] [stdout] ---- benchmark::tests::run_benchmark_reaches_threshold stdout ----
[INFO] [stdout] 
[INFO] [stdout] thread 'benchmark::tests::run_benchmark_reaches_threshold' (923) panicked at src/benchmark.rs:226:43:
[INFO] [stdout] benchmark must run: "reading vectors /opt/rustwide/workdir/../../protocol/test-vectors/canonical-test-vectors.json: No such file or directory (os error 2)"
[INFO] [stdout] stack backtrace:
[INFO] [stdout]    0:     0x5fa461ae2a17 - <<std[617be2ca0a6fd877]::sys::backtrace::BacktraceLock>::print::DisplayBacktrace as core[a373ad73a504971]::fmt::Display>::fmt
[INFO] [stdout]    1:     0x5fa461a2268a - core[a373ad73a504971]::fmt::write
[INFO] [stdout]    2:     0x5fa461ae1fcb - <alloc[2e1b2a31b91974c5]::vec::Vec<u8> as core[a373ad73a504971]::io::write::Write>::write_fmt
[INFO] [stdout]    3:     0x5fa461ae1aaf - std[617be2ca0a6fd877]::panicking::default_hook::{closure#0}
[INFO] [stdout]    4:     0x5fa461ae16da - std[617be2ca0a6fd877]::panicking::default_hook
[INFO] [stdout]    5:     0x5fa461ae1215 - std[617be2ca0a6fd877]::panicking::panic_with_hook
[INFO] [stdout]    6:     0x5fa461b07fc1 - std[617be2ca0a6fd877]::panicking::panic_handler::{closure#0}
[INFO] [stdout]    7:     0x5fa461b07f79 - std[617be2ca0a6fd877]::sys::backtrace::__rust_end_short_backtrace::<std[617be2ca0a6fd877]::panicking::panic_handler::{closure#0}, !>
[INFO] [stdout]    8:     0x5fa461b0847c - __rustc[ea4f61d10b84890b]::rust_begin_unwind
[INFO] [stdout]    9:     0x5fa461a2251b - core[a373ad73a504971]::panicking::panic_fmt
[INFO] [stdout]   10:     0x5fa461a263a1 - core[a373ad73a504971]::result::unwrap_failed
[INFO] [stdout]   11:     0x5fa4619f087d - <osmp[82b176148407719]::benchmark::tests::run_benchmark_reaches_threshold::{closure#0} as core[a373ad73a504971]::ops::function::FnOnce<()>>::call_once
[INFO] [stdout]   12:     0x5fa461b2156b - test[aada8e7e76ba119b]::__rust_begin_short_backtrace::<core[a373ad73a504971]::result::Result<(), alloc[2e1b2a31b91974c5]::string::String>, fn() -> core[a373ad73a504971]::result::Result<(), alloc[2e1b2a31b91974c5]::string::String>>
[INFO] [stdout]   13:     0x5fa461b1c9cf - test[aada8e7e76ba119b]::run_test::{closure#0}
[INFO] [stdout]   14:     0x5fa461b1c44c - std[617be2ca0a6fd877]::sys::backtrace::__rust_begin_short_backtrace::<test[aada8e7e76ba119b]::run_test::{closure#1}, ()>
[INFO] [stdout]   15:     0x5fa461b3c6ec - <std[617be2ca0a6fd877]::thread::lifecycle::spawn_unchecked<test[aada8e7e76ba119b]::run_test::{closure#1}, ()>::{closure#1} as core[a373ad73a504971]::ops::function::FnOnce<()>>::call_once::{shim:vtable#0}
[INFO] [stdout]   16:     0x5fa461b09ae4 - <std[617be2ca0a6fd877]::sys::thread::unix::Thread>::new::thread_start
[INFO] [stdout]   17:     0x75d6546badfa - <unknown>
[INFO] [stdout]   18:     0x75d65474e3d4 - clone
[INFO] [stdout]   19:                0x0 - <unknown>
[INFO] [stdout] 
[INFO] [stdout] 
[INFO] [stdout] failures:
[INFO] [stdout]     benchmark::tests::run_benchmark_aggregate_conformance
[INFO] [stdout]     benchmark::tests::run_benchmark_reaches_threshold
[INFO] [stdout] 
[INFO] [stdout] test result: FAILED. 227 passed; 2 failed; 0 ignored; 0 measured; 0 filtered out; finished in 0.04s
[INFO] [stdout] 
[INFO] [stderr] error: test failed, to rerun pass `--lib`
[INFO] running `Command { std: "docker" "inspect" "9990e60f3fb147eae8f607e02779c515ef0edf59ae952128d0bf4c78c36cbcd7", kill_on_drop: false }`
[INFO] running `Command { std: "docker" "rm" "-f" "9990e60f3fb147eae8f607e02779c515ef0edf59ae952128d0bf4c78c36cbcd7", kill_on_drop: false }`
[INFO] [stdout] 9990e60f3fb147eae8f607e02779c515ef0edf59ae952128d0bf4c78c36cbcd7
