[INFO] fetching crate osmic-index 0.1.1...
[INFO] testing osmic-index-0.1.1 against 1.100.0-beta.1+cargoflags=--release for beta-release-1.100-2
[INFO] extracting crate osmic-index 0.1.1 into /workspace/builds/worker-5-tc2/source
[INFO] started tweaking crates.io crate osmic-index 0.1.1
[INFO] finished tweaking crates.io crate osmic-index 0.1.1
[INFO] tweaked toml for crates.io crate osmic-index 0.1.1 written to /workspace/builds/worker-5-tc2/source/Cargo.toml
[INFO] validating manifest of crates.io crate osmic-index 0.1.1 on toolchain 1.100.0-beta.1
[INFO] running `Command { std: CARGO_HOME="/workspace/cargo-home" RUSTUP_HOME="/workspace/rustup-home" "/workspace/cargo-home/bin/cargo" "+1.100.0-beta.1" "metadata" "--manifest-path" "Cargo.toml" "--no-deps", kill_on_drop: false }`
[INFO] crate crates.io crate osmic-index 0.1.1 already has a lockfile, it will not be regenerated
[INFO] running `Command { std: CARGO_HOME="/workspace/cargo-home" RUSTUP_HOME="/workspace/rustup-home" "/workspace/cargo-home/bin/cargo" "+1.100.0-beta.1" "fetch" "--manifest-path" "Cargo.toml", kill_on_drop: false }`
[INFO] [stderr] warning: `package.homepage` is redundant with `package.repository`
[INFO] [stderr]   --> Cargo.toml:35:12
[INFO] [stderr]    |
[INFO] [stderr] 35 | homepage = "https://github.com/epistates/osmic"
[INFO] [stderr]    |            ^^^^^^^^^^^^^^^^^^^^^^^^^^^^^^^^^^^^
[INFO] [stderr] ...
[INFO] [stderr] 40 | repository = "https://github.com/epistates/osmic"
[INFO] [stderr]    |              ------------------------------------
[INFO] [stderr]    |
[INFO] [stderr]    = note: `cargo::redundant_homepage` is set to `warn` by default
[INFO] [stderr] help: consider removing `package.homepage`
[INFO] [stderr] warning: `osmic-index` (manifest) generated 1 warning
[INFO] running `Command { std: "docker" "create" "-v" "/var/lib/crater-agent-workspace/builds/worker-5-tc2/source:/opt/rustwide/workdir:ro,Z" "-v" "/var/lib/crater-agent-workspace/builds/worker-5-tc2/target:/opt/rustwide/target:rw,Z" "-v" "/var/lib/crater-agent-workspace/cargo-home:/opt/rustwide/cargo-home:ro,Z" "-v" "/var/lib/crater-agent-workspace/rustup-home:/opt/rustwide/rustup-home:ro,Z" "-m" "1610612736" "--network" "none" "ghcr.io/rust-lang/crates-build-env/linux@sha256:77db811e55d90add9212f6832c23229e3de5f1c1f9905e8cb07319ea15df73ac" "sleep" "infinity", kill_on_drop: false }`
[INFO] [stdout] 366af01d7c16cecb1cf3dfad873882d9345bb2997b87caae24bbcc1d68101f5f
[INFO] running `Command { std: "docker" "start" "366af01d7c16cecb1cf3dfad873882d9345bb2997b87caae24bbcc1d68101f5f", kill_on_drop: false }`
[INFO] running `Command { std: "docker" "inspect" "366af01d7c16cecb1cf3dfad873882d9345bb2997b87caae24bbcc1d68101f5f", kill_on_drop: false }`
[INFO] running `Command { std: "docker" "exec" "-e" "SOURCE_DIR=/opt/rustwide/workdir" "-e" "CARGO_HOME=/opt/rustwide/cargo-home" "-e" "RUSTUP_HOME=/opt/rustwide/rustup-home" "-e" "CARGO_TARGET_DIR=/opt/rustwide/target" "-w" "/opt/rustwide/workdir" "--user" "0:0" "366af01d7c16cecb1cf3dfad873882d9345bb2997b87caae24bbcc1d68101f5f" "/opt/rustwide/cargo-home/bin/cargo" "+1.100.0-beta.1" "metadata" "--no-deps" "--format-version=1", kill_on_drop: false }`
[INFO] running `Command { std: "docker" "inspect" "366af01d7c16cecb1cf3dfad873882d9345bb2997b87caae24bbcc1d68101f5f", kill_on_drop: false }`
[INFO] running `Command { std: "docker" "exec" "-e" "SOURCE_DIR=/opt/rustwide/workdir" "-e" "CARGO_HOME=/opt/rustwide/cargo-home" "-e" "RUSTUP_HOME=/opt/rustwide/rustup-home" "-e" "CARGO_TARGET_DIR=/opt/rustwide/target" "-e" "CARGO_INCREMENTAL=0" "-e" "RUST_BACKTRACE=full" "-e" "RUSTFLAGS=--cap-lints=warn" "-e" "RUSTDOCFLAGS=--cap-lints=warn" "-w" "/opt/rustwide/workdir" "--user" "0:0" "366af01d7c16cecb1cf3dfad873882d9345bb2997b87caae24bbcc1d68101f5f" "/opt/rustwide/cargo-home/bin/cargo" "+1.100.0-beta.1" "build" "--frozen" "--message-format=json" "--release", kill_on_drop: false }`
[INFO] [stderr] warning: `package.homepage` is redundant with `package.repository`
[INFO] [stderr]   --> Cargo.toml:35:12
[INFO] [stderr]    |
[INFO] [stderr] 35 | homepage = "https://github.com/epistates/osmic"
[INFO] [stderr]    |            ^^^^^^^^^^^^^^^^^^^^^^^^^^^^^^^^^^^^
[INFO] [stderr] ...
[INFO] [stderr] 40 | repository = "https://github.com/epistates/osmic"
[INFO] [stderr]    |              ------------------------------------
[INFO] [stderr]    |
[INFO] [stderr]    = note: `cargo::redundant_homepage` is set to `warn` by default
[INFO] [stderr] help: consider removing `package.homepage`
[INFO] [stderr] warning: `osmic-index` (manifest) generated 1 warning
[INFO] [stderr]    Compiling zerocopy v0.8.42
[INFO] [stderr]    Compiling heapless v0.8.0
[INFO] [stderr]    Compiling num-traits v0.2.19
[INFO] [stderr]    Compiling hash32 v0.3.1
[INFO] [stderr]    Compiling itertools v0.11.0
[INFO] [stderr]    Compiling i_key_sort v0.6.0
[INFO] [stderr]    Compiling robust v1.2.0
[INFO] [stderr]    Compiling i_float v1.15.0
[INFO] [stderr]    Compiling i_tree v0.16.0
[INFO] [stderr]    Compiling serde v1.0.228
[INFO] [stderr]    Compiling geographiclib-rs v0.2.7
[INFO] [stderr]    Compiling sif-itree v0.4.1
[INFO] [stderr]    Compiling rayon v1.11.0
[INFO] [stderr]    Compiling float_next_after v1.0.0
[INFO] [stderr]    Compiling serde_json v1.0.149
[INFO] [stderr]    Compiling bumpalo v3.20.2
[INFO] [stderr]    Compiling memmap2 v0.9.10
[INFO] [stderr]    Compiling i_shape v1.14.0
[INFO] [stderr]    Compiling smallvec v1.15.1
[INFO] [stderr]    Compiling approx v0.5.1
[INFO] [stderr]    Compiling earcutr v0.4.3
[INFO] [stderr]    Compiling rstar v0.12.2
[INFO] [stderr]    Compiling parking_lot_core v0.9.12
[INFO] [stderr]    Compiling spade v2.15.0
[INFO] [stderr]    Compiling geo-types v0.7.18
[INFO] [stderr]    Compiling i_overlay v4.0.7
[INFO] [stderr]    Compiling osmic-core v0.1.1
[INFO] [stderr]    Compiling ppv-lite86 v0.2.21
[INFO] [stderr]    Compiling ahash v0.8.12
[INFO] [stderr]    Compiling hashbrown v0.14.5
[INFO] [stderr]    Compiling rand_chacha v0.3.1
[INFO] [stderr]    Compiling rand v0.8.5
[INFO] [stderr]    Compiling dashmap v6.1.0
[INFO] [stderr]    Compiling lasso v0.7.3
[INFO] [stderr]    Compiling geo v0.32.0
[INFO] [stderr]    Compiling osmic-geo v0.1.1
[INFO] [stderr]    Compiling osmic-osm v0.1.1
[INFO] [stderr]    Compiling osmic-index v0.1.1 (/opt/rustwide/workdir)
[INFO] [stderr]     Finished `release` profile [optimized] target(s) in 18.61s
[INFO] running `Command { std: "docker" "inspect" "366af01d7c16cecb1cf3dfad873882d9345bb2997b87caae24bbcc1d68101f5f", kill_on_drop: false }`
[INFO] running `Command { std: "docker" "exec" "-e" "SOURCE_DIR=/opt/rustwide/workdir" "-e" "CARGO_HOME=/opt/rustwide/cargo-home" "-e" "RUSTUP_HOME=/opt/rustwide/rustup-home" "-e" "CARGO_TARGET_DIR=/opt/rustwide/target" "-e" "CARGO_INCREMENTAL=0" "-e" "RUST_BACKTRACE=full" "-e" "RUSTFLAGS=--cap-lints=warn" "-e" "RUSTDOCFLAGS=--cap-lints=warn" "-w" "/opt/rustwide/workdir" "--user" "0:0" "366af01d7c16cecb1cf3dfad873882d9345bb2997b87caae24bbcc1d68101f5f" "/opt/rustwide/cargo-home/bin/cargo" "+1.100.0-beta.1" "test" "--frozen" "--no-run" "--message-format=json" "--release", kill_on_drop: false }`
[INFO] [stderr] warning: `package.homepage` is redundant with `package.repository`
[INFO] [stderr]   --> Cargo.toml:35:12
[INFO] [stderr]    |
[INFO] [stderr] 35 | homepage = "https://github.com/epistates/osmic"
[INFO] [stderr]    |            ^^^^^^^^^^^^^^^^^^^^^^^^^^^^^^^^^^^^
[INFO] [stderr] ...
[INFO] [stderr] 40 | repository = "https://github.com/epistates/osmic"
[INFO] [stderr]    |              ------------------------------------
[INFO] [stderr]    |
[INFO] [stderr]    = note: `cargo::redundant_homepage` is set to `warn` by default
[INFO] [stderr] help: consider removing `package.homepage`
[INFO] [stderr] warning: `osmic-index` (manifest) generated 1 warning
[INFO] [stderr]    Compiling osmic-index v0.1.1 (/opt/rustwide/workdir)
[INFO] [stderr]     Finished `release` profile [optimized] target(s) in 0.79s
[INFO] running `Command { std: "docker" "inspect" "366af01d7c16cecb1cf3dfad873882d9345bb2997b87caae24bbcc1d68101f5f", kill_on_drop: false }`
[INFO] running `Command { std: "docker" "exec" "-e" "SOURCE_DIR=/opt/rustwide/workdir" "-e" "CARGO_HOME=/opt/rustwide/cargo-home" "-e" "RUSTUP_HOME=/opt/rustwide/rustup-home" "-e" "CARGO_TARGET_DIR=/opt/rustwide/target" "-e" "CARGO_INCREMENTAL=0" "-e" "RUST_BACKTRACE=full" "-e" "RUSTFLAGS=--cap-lints=warn" "-e" "RUSTDOCFLAGS=--cap-lints=warn" "-w" "/opt/rustwide/workdir" "--user" "0:0" "366af01d7c16cecb1cf3dfad873882d9345bb2997b87caae24bbcc1d68101f5f" "/opt/rustwide/cargo-home/bin/cargo" "+1.100.0-beta.1" "test" "--frozen" "--release", kill_on_drop: false }`
[INFO] [stderr] warning: `package.homepage` is redundant with `package.repository`
[INFO] [stderr]   --> Cargo.toml:35:12
[INFO] [stderr]    |
[INFO] [stderr] 35 | homepage = "https://github.com/epistates/osmic"
[INFO] [stderr]    |            ^^^^^^^^^^^^^^^^^^^^^^^^^^^^^^^^^^^^
[INFO] [stderr] ...
[INFO] [stderr] 40 | repository = "https://github.com/epistates/osmic"
[INFO] [stderr]    |              ------------------------------------
[INFO] [stderr]    |
[INFO] [stderr]    = note: `cargo::redundant_homepage` is set to `warn` by default
[INFO] [stderr] help: consider removing `package.homepage`
[INFO] [stderr] warning: `osmic-index` (manifest) generated 1 warning
[INFO] [stderr]     Finished `release` profile [optimized] target(s) in 0.12s
[INFO] [stderr]      Running unittests src/lib.rs (/opt/rustwide/target/release/build/osmic-index/f565df701d69b5e2/out/osmic_index-f565df701d69b5e2)
[INFO] [stdout] 
[INFO] [stdout] running 18 tests
[INFO] [stdout] test ram_node_store::tests::oob_node_id_silently_ignored ... ok
[INFO] [stdout] test ram_node_store::tests::for_pbf_size_minimum_capacity ... ok
[INFO] [stdout] test node_location_store::tests::unset_node_returns_none ... ok
[INFO] [stdout] test node_location_store::tests::packed_coord_at_origin_is_not_confused_with_empty ... ok
[INFO] [stdout] test node_location_store::tests::round_trip_set_get ... ok
[INFO] [stdout] test node_location_store::tests::node_id_zero_works ... ok
[INFO] [stdout] test ram_node_store::tests::node_id_at_capacity_minus_one ... ok
[INFO] [stdout] test ram_node_store::tests::node_id_zero_works ... ok
[INFO] [stdout] test ram_node_store::tests::packed_coord_at_origin_is_not_confused_with_empty ... ok
[INFO] [stdout] test node_location_store::tests::node_id_at_capacity_returns_none_on_get ... ok
[INFO] [stdout] test ram_node_store::tests::unset_node_returns_none ... ok
[INFO] [stdout] test node_location_store::tests::negative_node_id_returns_none ... ok
[INFO] [stdout] test ram_node_store::tests::invalid_max_node_id_errors ... ok
[INFO] [stdout] test ram_node_store::tests::round_trip_set_get ... ok
[INFO] [stdout] test ram_node_store::tests::concurrent_writes_to_distinct_slots_are_safe ... ok
[INFO] [stdout] test node_location_store::tests::node_id_at_capacity_minus_one ... ok
[INFO] [stdout] test ram_node_store::tests::for_pbf_size_produces_usable_store ... FAILED
[INFO] [stdout] test ram_node_store::tests::negative_node_id_returns_none ... ok
[INFO] [stdout] 
[INFO] [stdout] failures:
[INFO] [stdout] 
[INFO] [stdout] ---- ram_node_store::tests::for_pbf_size_produces_usable_store stdout ----
[INFO] [stdout] 
[INFO] [stdout] thread 'ram_node_store::tests::for_pbf_size_produces_usable_store' (674) panicked at src/ram_node_store.rs:254:75:
[INFO] [stdout] create ok: Os { code: 12, kind: OutOfMemory, message: "Cannot allocate memory" }
[INFO] [stdout] stack backtrace:
[INFO] [stdout]    0:     0x5ee4237b2571 - <<std[617be2ca0a6fd877]::sys::backtrace::BacktraceLock>::print::DisplayBacktrace as core[a373ad73a504971]::fmt::Display>::fmt
[INFO] [stdout]    1:     0x5ee4237c668a - core[a373ad73a504971]::fmt::write
[INFO] [stdout]    2:     0x5ee4237b67fc - <alloc[2e1b2a31b91974c5]::vec::Vec<u8> as core[a373ad73a504971]::io::write::Write>::write_fmt
[INFO] [stdout]    3:     0x5ee42378e346 - std[617be2ca0a6fd877]::panicking::default_hook::{closure#0}
[INFO] [stdout]    4:     0x5ee4237aa999 - std[617be2ca0a6fd877]::panicking::default_hook
[INFO] [stdout]    5:     0x5ee423745260 - test[aada8e7e76ba119b]::test_main_inner::{closure#0}
[INFO] [stdout]    6:     0x5ee4237aab52 - std[617be2ca0a6fd877]::panicking::panic_with_hook
[INFO] [stdout]    7:     0x5ee42378e3f2 - std[617be2ca0a6fd877]::panicking::panic_handler::{closure#0}
[INFO] [stdout]    8:     0x5ee423787059 - std[617be2ca0a6fd877]::sys::backtrace::__rust_end_short_backtrace::<std[617be2ca0a6fd877]::panicking::panic_handler::{closure#0}, !>
[INFO] [stdout]    9:     0x5ee42378effd - __rustc[ea4f61d10b84890b]::rust_begin_unwind
[INFO] [stdout]   10:     0x5ee4237c6dec - core[a373ad73a504971]::panicking::panic_fmt
[INFO] [stdout]   11:     0x5ee4237c6bc2 - core[a373ad73a504971]::result::unwrap_failed
[INFO] [stdout]   12:     0x5ee423735936 - <osmic_index[a03c45feab3cea0]::ram_node_store::tests::for_pbf_size_produces_usable_store::{closure#0} as core[a373ad73a504971]::ops::function::FnOnce<()>>::call_once
[INFO] [stdout]   13:     0x5ee4237386ab - test[aada8e7e76ba119b]::__rust_begin_short_backtrace::<core[a373ad73a504971]::result::Result<(), alloc[2e1b2a31b91974c5]::string::String>, fn() -> core[a373ad73a504971]::result::Result<(), alloc[2e1b2a31b91974c5]::string::String>>
[INFO] [stdout]   14:     0x5ee423745885 - test[aada8e7e76ba119b]::run_test::{closure#0}
[INFO] [stdout]   15:     0x5ee42373f174 - std[617be2ca0a6fd877]::sys::backtrace::__rust_begin_short_backtrace::<test[aada8e7e76ba119b]::run_test::{closure#1}, ()>
[INFO] [stdout]   16:     0x5ee423748912 - <std[617be2ca0a6fd877]::thread::lifecycle::spawn_unchecked<test[aada8e7e76ba119b]::run_test::{closure#1}, ()>::{closure#1} as core[a373ad73a504971]::ops::function::FnOnce<()>>::call_once::{shim:vtable#0}
[INFO] [stdout]   17:     0x5ee4237b1d9f - <std[617be2ca0a6fd877]::sys::thread::unix::Thread>::new::thread_start
[INFO] [stdout]   18:     0x748eb68efdfa - <unknown>
[INFO] [stdout]   19:     0x748eb69833d4 - clone
[INFO] [stdout]   20:                0x0 - <unknown>
[INFO] [stdout] 
[INFO] [stdout] 
[INFO] [stdout] failures:
[INFO] [stdout]     ram_node_store::tests::for_pbf_size_produces_usable_store
[INFO] [stdout] 
[INFO] [stdout] test result: FAILED. 17 passed; 1 failed; 0 ignored; 0 measured; 0 filtered out; finished in 0.06s
[INFO] [stdout] 
[INFO] [stderr] error: test failed, to rerun pass `--lib`
[INFO] running `Command { std: "docker" "inspect" "366af01d7c16cecb1cf3dfad873882d9345bb2997b87caae24bbcc1d68101f5f", kill_on_drop: false }`
[INFO] running `Command { std: "docker" "rm" "-f" "366af01d7c16cecb1cf3dfad873882d9345bb2997b87caae24bbcc1d68101f5f", kill_on_drop: false }`
[INFO] [stdout] 366af01d7c16cecb1cf3dfad873882d9345bb2997b87caae24bbcc1d68101f5f
