[INFO] fetching crate osm2rdf 0.3.1...
[INFO] testing osm2rdf-0.3.1 against 1.100.0-beta.1+cargoflags=--release for beta-release-1.100-2
[INFO] extracting crate osm2rdf 0.3.1 into /workspace/builds/worker-5-tc2/source
[INFO] started tweaking crates.io crate osm2rdf 0.3.1
[INFO] finished tweaking crates.io crate osm2rdf 0.3.1
[INFO] tweaked toml for crates.io crate osm2rdf 0.3.1 written to /workspace/builds/worker-5-tc2/source/Cargo.toml
[INFO] validating manifest of crates.io crate osm2rdf 0.3.1 on toolchain 1.100.0-beta.1
[INFO] running `Command { std: CARGO_HOME="/workspace/cargo-home" RUSTUP_HOME="/workspace/rustup-home" "/workspace/cargo-home/bin/cargo" "+1.100.0-beta.1" "metadata" "--manifest-path" "Cargo.toml" "--no-deps", kill_on_drop: false }`
[INFO] crate crates.io crate osm2rdf 0.3.1 already has a lockfile, it will not be regenerated
[INFO] running `Command { std: CARGO_HOME="/workspace/cargo-home" RUSTUP_HOME="/workspace/rustup-home" "/workspace/cargo-home/bin/cargo" "+1.100.0-beta.1" "fetch" "--manifest-path" "Cargo.toml", kill_on_drop: false }`
[INFO] running `Command { std: "docker" "create" "-v" "/var/lib/crater-agent-workspace/builds/worker-5-tc2/source:/opt/rustwide/workdir:ro,Z" "-v" "/var/lib/crater-agent-workspace/builds/worker-5-tc2/target:/opt/rustwide/target:rw,Z" "-v" "/var/lib/crater-agent-workspace/cargo-home:/opt/rustwide/cargo-home:ro,Z" "-v" "/var/lib/crater-agent-workspace/rustup-home:/opt/rustwide/rustup-home:ro,Z" "-m" "1610612736" "--network" "none" "ghcr.io/rust-lang/crates-build-env/linux@sha256:77db811e55d90add9212f6832c23229e3de5f1c1f9905e8cb07319ea15df73ac" "sleep" "infinity", kill_on_drop: false }`
[INFO] [stdout] 2333ea694f705fb76e8d240e8726c91fa15d6ea78581079281da63d627844059
[INFO] running `Command { std: "docker" "start" "2333ea694f705fb76e8d240e8726c91fa15d6ea78581079281da63d627844059", kill_on_drop: false }`
[INFO] running `Command { std: "docker" "inspect" "2333ea694f705fb76e8d240e8726c91fa15d6ea78581079281da63d627844059", kill_on_drop: false }`
[INFO] running `Command { std: "docker" "exec" "-e" "SOURCE_DIR=/opt/rustwide/workdir" "-e" "CARGO_HOME=/opt/rustwide/cargo-home" "-e" "RUSTUP_HOME=/opt/rustwide/rustup-home" "-e" "CARGO_TARGET_DIR=/opt/rustwide/target" "-w" "/opt/rustwide/workdir" "--user" "0:0" "2333ea694f705fb76e8d240e8726c91fa15d6ea78581079281da63d627844059" "/opt/rustwide/cargo-home/bin/cargo" "+1.100.0-beta.1" "metadata" "--no-deps" "--format-version=1", kill_on_drop: false }`
[INFO] running `Command { std: "docker" "inspect" "2333ea694f705fb76e8d240e8726c91fa15d6ea78581079281da63d627844059", kill_on_drop: false }`
[INFO] running `Command { std: "docker" "exec" "-e" "SOURCE_DIR=/opt/rustwide/workdir" "-e" "CARGO_HOME=/opt/rustwide/cargo-home" "-e" "RUSTUP_HOME=/opt/rustwide/rustup-home" "-e" "CARGO_TARGET_DIR=/opt/rustwide/target" "-e" "CARGO_INCREMENTAL=0" "-e" "RUST_BACKTRACE=full" "-e" "RUSTFLAGS=--cap-lints=warn" "-e" "RUSTDOCFLAGS=--cap-lints=warn" "-w" "/opt/rustwide/workdir" "--user" "0:0" "2333ea694f705fb76e8d240e8726c91fa15d6ea78581079281da63d627844059" "/opt/rustwide/cargo-home/bin/cargo" "+1.100.0-beta.1" "build" "--frozen" "--message-format=json" "--release", kill_on_drop: false }`
[INFO] [stderr]    Compiling libc v0.2.147
[INFO] [stderr]    Compiling proc-macro2 v1.0.66
[INFO] [stderr]    Compiling unicode-ident v1.0.11
[INFO] [stderr]    Compiling thiserror v1.0.47
[INFO] [stderr]    Compiling lock_api v0.4.10
[INFO] [stderr]    Compiling semver v1.0.18
[INFO] [stderr]    Compiling anyhow v1.0.75
[INFO] [stderr]    Compiling protobuf v3.2.0
[INFO] [stderr]    Compiling libm v0.2.7
[INFO] [stderr]    Compiling num-traits v0.2.16
[INFO] [stderr]    Compiling crossbeam-utils v0.8.16
[INFO] [stderr]    Compiling rustix v0.38.8
[INFO] [stderr]    Compiling memoffset v0.9.0
[INFO] [stderr]    Compiling memchr v2.5.0
[INFO] [stderr]    Compiling indexmap v1.9.3
[INFO] [stderr]    Compiling linux-raw-sys v0.4.5
[INFO] [stderr]    Compiling bitflags v2.4.0
[INFO] [stderr]    Compiling once_cell v1.18.0
[INFO] [stderr]    Compiling crossbeam-epoch v0.9.15
[INFO] [stderr]    Compiling regex-syntax v0.7.4
[INFO] [stderr]    Compiling hashbrown v0.12.3
[INFO] [stderr]    Compiling byteorder v1.4.3
[INFO] [stderr]    Compiling either v1.9.0
[INFO] [stderr]    Compiling rustc_version v0.4.0
[INFO] [stderr]    Compiling smallvec v1.11.0
[INFO] [stderr]    Compiling serde v1.0.183
[INFO] [stderr]    Compiling fastrand v2.0.0
[INFO] [stderr]    Compiling aho-corasick v1.0.4
[INFO] [stderr]    Compiling which v4.4.0
[INFO] [stderr]    Compiling quote v1.0.33
[INFO] [stderr]    Compiling heapless v0.7.16
[INFO] [stderr]    Compiling serde_derive v1.0.183
[INFO] [stderr]    Compiling log v0.4.20
[INFO] [stderr]    Compiling hash32 v0.2.1
[INFO] [stderr]    Compiling spin v0.9.8
[INFO] [stderr]    Compiling syn v2.0.29
[INFO] [stderr]    Compiling parking_lot_core v0.9.8
[INFO] [stderr]    Compiling rayon-core v1.11.0
[INFO] [stderr]    Compiling stable_deref_trait v1.2.0
[INFO] [stderr]    Compiling crc32fast v1.3.2
[INFO] [stderr]    Compiling anstyle-parse v0.2.1
[INFO] [stderr]    Compiling crossbeam-deque v0.8.3
[INFO] [stderr]    Compiling num_cpus v1.16.0
[INFO] [stderr]    Compiling crossbeam-channel v0.5.8
[INFO] [stderr]    Compiling anstyle-query v1.0.0
[INFO] [stderr]    Compiling serde_json v1.0.105
[INFO] [stderr]    Compiling adler v1.0.2
[INFO] [stderr]    Compiling anstyle v1.0.1
[INFO] [stderr]    Compiling colorchoice v1.0.0
[INFO] [stderr]    Compiling approx v0.5.1
[INFO] [stderr]    Compiling miniz_oxide v0.7.1
[INFO] [stderr]    Compiling is-terminal v0.4.9
[INFO] [stderr]    Compiling anstream v0.3.2
[INFO] [stderr]    Compiling itertools v0.10.5
[INFO] [stderr]    Compiling rstar v0.11.0
[INFO] [stderr]    Compiling clap_lex v0.5.0
[INFO] [stderr]    Compiling hashbrown v0.14.0
[INFO] [stderr]    Compiling itoa v1.0.9
[INFO] [stderr]    Compiling ryu v1.0.15
[INFO] [stderr]    Compiling lazy_static v1.4.0
[INFO] [stderr]    Compiling geographiclib-rs v0.2.3
[INFO] [stderr]    Compiling tempfile v3.7.1
[INFO] [stderr]    Compiling clap_builder v4.3.22
[INFO] [stderr]    Compiling flate2 v1.0.27
[INFO] [stderr]    Compiling regex-automata v0.3.6
[INFO] [stderr]    Compiling geo-types v0.7.11
[INFO] [stderr]    Compiling memmap2 v0.7.1
[INFO] [stderr]    Compiling time v0.1.45
[INFO] [stderr]    Compiling rayon v1.7.0
[INFO] [stderr]    Compiling memmap2 v0.5.10
[INFO] [stderr]    Compiling path-dedot v3.1.0
[INFO] [stderr]    Compiling humantime v2.1.0
[INFO] [stderr]    Compiling iana-time-zone v0.1.57
[INFO] [stderr]    Compiling robust v1.1.0
[INFO] [stderr]    Compiling float_next_after v1.0.0
[INFO] [stderr]    Compiling termcolor v1.2.0
[INFO] [stderr]    Compiling chrono v0.4.26
[INFO] [stderr]    Compiling path-absolutize v3.1.0
[INFO] [stderr]    Compiling json v0.12.4
[INFO] [stderr]    Compiling earcutr v0.4.2
[INFO] [stderr]    Compiling bytesize v1.2.0
[INFO] [stderr]    Compiling percent-encoding v2.3.0
[INFO] [stderr]    Compiling geo v0.26.0
[INFO] [stderr]    Compiling thiserror-impl v1.0.47
[INFO] [stderr]    Compiling regex v1.9.3
[INFO] [stderr]    Compiling clap_derive v4.3.12
[INFO] [stderr]    Compiling dashmap v5.5.0
[INFO] [stderr]    Compiling bincode v1.3.3
[INFO] [stderr]    Compiling protobuf-support v3.2.0
[INFO] [stderr]    Compiling osmnodecache v0.8.1
[INFO] [stderr]    Compiling clap v4.3.22
[INFO] [stderr]    Compiling env_logger v0.10.0
[INFO] [stderr]    Compiling protobuf-parse v3.2.0
[INFO] [stderr]    Compiling protobuf-codegen v3.2.0
[INFO] [stderr]    Compiling osmpbf v0.3.1
[INFO] [stderr]    Compiling osm2rdf v0.3.1 (/opt/rustwide/workdir)
[INFO] [stderr]     Finished `release` profile [optimized] target(s) in 1m 27s
[INFO] running `Command { std: "docker" "inspect" "2333ea694f705fb76e8d240e8726c91fa15d6ea78581079281da63d627844059", kill_on_drop: false }`
[INFO] running `Command { std: "docker" "exec" "-e" "SOURCE_DIR=/opt/rustwide/workdir" "-e" "CARGO_HOME=/opt/rustwide/cargo-home" "-e" "RUSTUP_HOME=/opt/rustwide/rustup-home" "-e" "CARGO_TARGET_DIR=/opt/rustwide/target" "-e" "CARGO_INCREMENTAL=0" "-e" "RUST_BACKTRACE=full" "-e" "RUSTFLAGS=--cap-lints=warn" "-e" "RUSTDOCFLAGS=--cap-lints=warn" "-w" "/opt/rustwide/workdir" "--user" "0:0" "2333ea694f705fb76e8d240e8726c91fa15d6ea78581079281da63d627844059" "/opt/rustwide/cargo-home/bin/cargo" "+1.100.0-beta.1" "test" "--frozen" "--no-run" "--message-format=json" "--release", kill_on_drop: false }`
[INFO] [stderr]    Compiling ucd-trie v0.1.6
[INFO] [stderr]    Compiling getrandom v0.2.10
[INFO] [stderr]    Compiling bstr v1.6.0
[INFO] [stderr]    Compiling linked-hash-map v0.5.6
[INFO] [stderr]    Compiling cargo-husky v1.5.0
[INFO] [stderr]    Compiling ppv-lite86 v0.2.17
[INFO] [stderr]    Compiling walkdir v2.3.3
[INFO] [stderr]    Compiling console v0.15.7
[INFO] [stderr]    Compiling similar v2.2.1
[INFO] [stderr]    Compiling temp-dir v0.1.11
[INFO] [stderr]    Compiling yaml-rust v0.4.5
[INFO] [stderr]    Compiling pest v2.7.2
[INFO] [stderr]    Compiling rand_core v0.6.4
[INFO] [stderr]    Compiling rand_chacha v0.3.1
[INFO] [stderr]    Compiling globset v0.4.13
[INFO] [stderr]    Compiling rand v0.8.5
[INFO] [stderr]    Compiling pest_meta v2.7.2
[INFO] [stderr]    Compiling pest_generator v2.7.2
[INFO] [stderr]    Compiling pest_derive v2.7.2
[INFO] [stderr]    Compiling insta v1.31.0
[INFO] [stderr]    Compiling osm2rdf v0.3.1 (/opt/rustwide/workdir)
[INFO] [stderr]     Finished `release` profile [optimized] target(s) in 19.96s
[INFO] running `Command { std: "docker" "inspect" "2333ea694f705fb76e8d240e8726c91fa15d6ea78581079281da63d627844059", kill_on_drop: false }`
[INFO] running `Command { std: "docker" "exec" "-e" "SOURCE_DIR=/opt/rustwide/workdir" "-e" "CARGO_HOME=/opt/rustwide/cargo-home" "-e" "RUSTUP_HOME=/opt/rustwide/rustup-home" "-e" "CARGO_TARGET_DIR=/opt/rustwide/target" "-e" "CARGO_INCREMENTAL=0" "-e" "RUST_BACKTRACE=full" "-e" "RUSTFLAGS=--cap-lints=warn" "-e" "RUSTDOCFLAGS=--cap-lints=warn" "-w" "/opt/rustwide/workdir" "--user" "0:0" "2333ea694f705fb76e8d240e8726c91fa15d6ea78581079281da63d627844059" "/opt/rustwide/cargo-home/bin/cargo" "+1.100.0-beta.1" "test" "--frozen" "--release", kill_on_drop: false }`
[INFO] [stderr]     Finished `release` profile [optimized] target(s) in 0.16s
[INFO] [stderr]      Running unittests src/lib.rs (/opt/rustwide/target/release/build/osm2rdf/751c66869e14a6f8/out/osm2rdf-751c66869e14a6f8)
[INFO] [stdout] 
[INFO] [stdout] running 0 tests
[INFO] [stdout] 
[INFO] [stdout] test result: ok. 0 passed; 0 failed; 0 ignored; 0 measured; 0 filtered out; finished in 0.00s
[INFO] [stdout] 
[INFO] [stderr]      Running unittests src/bin/main.rs (/opt/rustwide/target/release/build/osm2rdf/9825789a93ff2565/out/osm2rdf-9825789a93ff2565)
[INFO] [stdout] 
[INFO] [stdout] running 0 tests
[INFO] [stdout] 
[INFO] [stdout] test result: ok. 0 passed; 0 failed; 0 ignored; 0 measured; 0 filtered out; finished in 0.00s
[INFO] [stdout] 
[INFO] [stderr]      Running tests/parser.rs (/opt/rustwide/target/release/build/osm2rdf/1035d2379a5d79ab/out/parser-1035d2379a5d79ab)
[INFO] [stdout] 
[INFO] [stdout] running 2 tests
[INFO] [stdout] test generate_ttl ... FAILED
[INFO] [stdout] test decode_osm_pbf_files ... FAILED
[INFO] [stdout] 
[INFO] [stdout] failures:
[INFO] [stdout] 
[INFO] [stdout] ---- generate_ttl stdout ----
[INFO] [stdout] 
[INFO] [stdout] thread 'generate_ttl' (2780) panicked at tests/parser.rs:58:6:
[INFO] [stdout] called `Result::unwrap()` on an `Err` value: No such file or directory (os error 2)
[INFO] [stdout] stack backtrace:
[INFO] [stdout]    0:     0x55aa8c421761 - <<std[617be2ca0a6fd877]::sys::backtrace::BacktraceLock>::print::DisplayBacktrace as core[a373ad73a504971]::fmt::Display>::fmt
[INFO] [stdout]    1:     0x55aa8c43a31a - core[a373ad73a504971]::fmt::write
[INFO] [stdout]    2:     0x55aa8c426a6c - <alloc[2e1b2a31b91974c5]::vec::Vec<u8> as core[a373ad73a504971]::io::write::Write>::write_fmt
[INFO] [stdout]    3:     0x55aa8c3fa8b6 - std[617be2ca0a6fd877]::panicking::default_hook::{closure#0}
[INFO] [stdout]    4:     0x55aa8c418949 - std[617be2ca0a6fd877]::panicking::default_hook
[INFO] [stdout]    5:     0x55aa8c1d28a0 - test[aada8e7e76ba119b]::test_main_inner::{closure#0}
[INFO] [stdout]    6:     0x55aa8c418c72 - std[617be2ca0a6fd877]::panicking::panic_with_hook
[INFO] [stdout]    7:     0x55aa8c3fa962 - std[617be2ca0a6fd877]::panicking::panic_handler::{closure#0}
[INFO] [stdout]    8:     0x55aa8c3f32f9 - std[617be2ca0a6fd877]::sys::backtrace::__rust_end_short_backtrace::<std[617be2ca0a6fd877]::panicking::panic_handler::{closure#0}, !>
[INFO] [stdout]    9:     0x55aa8c3fb56d - __rustc[ea4f61d10b84890b]::rust_begin_unwind
[INFO] [stdout]   10:     0x55aa8c43aafc - core[a373ad73a504971]::panicking::panic_fmt
[INFO] [stdout]   11:     0x55aa8c43a8d2 - core[a373ad73a504971]::result::unwrap_failed
[INFO] [stdout]   12:     0x55aa8c1c50d3 - <parser[e7412ec773ef705]::generate_ttl::{closure#0} as core[a373ad73a504971]::ops::function::FnOnce<()>>::call_once
[INFO] [stdout]   13:     0x55aa8c1c5ceb - test[aada8e7e76ba119b]::__rust_begin_short_backtrace::<core[a373ad73a504971]::result::Result<(), alloc[2e1b2a31b91974c5]::string::String>, fn() -> core[a373ad73a504971]::result::Result<(), alloc[2e1b2a31b91974c5]::string::String>>
[INFO] [stdout]   14:     0x55aa8c1d2ec5 - test[aada8e7e76ba119b]::run_test::{closure#0}
[INFO] [stdout]   15:     0x55aa8c1cc7b4 - std[617be2ca0a6fd877]::sys::backtrace::__rust_begin_short_backtrace::<test[aada8e7e76ba119b]::run_test::{closure#1}, ()>
[INFO] [stdout]   16:     0x55aa8c1d5f52 - <std[617be2ca0a6fd877]::thread::lifecycle::spawn_unchecked<test[aada8e7e76ba119b]::run_test::{closure#1}, ()>::{closure#1} as core[a373ad73a504971]::ops::function::FnOnce<()>>::call_once::{shim:vtable#0}
[INFO] [stdout]   17:     0x55aa8c420a3f - <std[617be2ca0a6fd877]::sys::thread::unix::Thread>::new::thread_start
[INFO] [stdout]   18:     0x7295c6d4bdfa - <unknown>
[INFO] [stdout]   19:     0x7295c6ddf3d4 - clone
[INFO] [stdout]   20:                0x0 - <unknown>
[INFO] [stdout] 
[INFO] [stdout] ---- decode_osm_pbf_files stdout ----
[INFO] [stdout] 
[INFO] [stdout] thread 'decode_osm_pbf_files' (2779) panicked at /opt/rustwide/cargo-home/registry/src/index.crates.io-1949cf8c6b5b557f/insta-1.31.0/src/glob.rs:70:25:
[INFO] [stdout] called `Result::unwrap()` on an `Err` value: Error { depth: 0, inner: Io { path: Some("/opt/rustwide/workdir/tests/../tests/fixtures"), err: Os { code: 2, kind: NotFound, message: "No such file or directory" } } }
[INFO] [stdout] stack backtrace:
[INFO] [stdout]    0:     0x55aa8c421761 - <<std[617be2ca0a6fd877]::sys::backtrace::BacktraceLock>::print::DisplayBacktrace as core[a373ad73a504971]::fmt::Display>::fmt
[INFO] [stdout]    1:     0x55aa8c43a31a - core[a373ad73a504971]::fmt::write
[INFO] [stdout]    2:     0x55aa8c426a6c - <alloc[2e1b2a31b91974c5]::vec::Vec<u8> as core[a373ad73a504971]::io::write::Write>::write_fmt
[INFO] [stdout]    3:     0x55aa8c3fa8b6 - std[617be2ca0a6fd877]::panicking::default_hook::{closure#0}
[INFO] [stdout]    4:     0x55aa8c418949 - std[617be2ca0a6fd877]::panicking::default_hook
[INFO] [stdout]    5:     0x55aa8c1d28a0 - test[aada8e7e76ba119b]::test_main_inner::{closure#0}
[INFO] [stdout]    6:     0x55aa8c418c72 - std[617be2ca0a6fd877]::panicking::panic_with_hook
[INFO] [stdout]    7:     0x55aa8c3fa962 - std[617be2ca0a6fd877]::panicking::panic_handler::{closure#0}
[INFO] [stdout]    8:     0x55aa8c3f32f9 - std[617be2ca0a6fd877]::sys::backtrace::__rust_end_short_backtrace::<std[617be2ca0a6fd877]::panicking::panic_handler::{closure#0}, !>
[INFO] [stdout]    9:     0x55aa8c3fb56d - __rustc[ea4f61d10b84890b]::rust_begin_unwind
[INFO] [stdout]   10:     0x55aa8c43aafc - core[a373ad73a504971]::panicking::panic_fmt
[INFO] [stdout]   11:     0x55aa8c43a8d2 - core[a373ad73a504971]::result::unwrap_failed
[INFO] [stdout]   12:     0x55aa8c1b475d - insta[9fdc80e629d00634]::glob::glob_exec::<parser[e7412ec773ef705]::decode_osm_pbf_files::{closure#1}>
[INFO] [stdout]   13:     0x55aa8c1c53c7 - <parser[e7412ec773ef705]::decode_osm_pbf_files::{closure#0} as core[a373ad73a504971]::ops::function::FnOnce<()>>::call_once
[INFO] [stdout]   14:     0x55aa8c1c5ceb - test[aada8e7e76ba119b]::__rust_begin_short_backtrace::<core[a373ad73a504971]::result::Result<(), alloc[2e1b2a31b91974c5]::string::String>, fn() -> core[a373ad73a504971]::result::Result<(), alloc[2e1b2a31b91974c5]::string::String>>
[INFO] [stdout]   15:     0x55aa8c1d2ec5 - test[aada8e7e76ba119b]::run_test::{closure#0}
[INFO] [stdout]   16:     0x55aa8c1cc7b4 - std[617be2ca0a6fd877]::sys::backtrace::__rust_begin_short_backtrace::<test[aada8e7e76ba119b]::run_test::{closure#1}, ()>
[INFO] [stdout]   17:     0x55aa8c1d5f52 - <std[617be2ca0a6fd877]::thread::lifecycle::spawn_unchecked<test[aada8e7e76ba119b]::run_test::{closure#1}, ()>::{closure#1} as core[a373ad73a504971]::ops::function::FnOnce<()>>::call_once::{shim:vtable#0}
[INFO] [stdout]   18:     0x55aa8c420a3f - <std[617be2ca0a6fd877]::sys::thread::unix::Thread>::new::thread_start
[INFO] [stdout]   19:     0x7295c6d4bdfa - <unknown>
[INFO] [stdout]   20:     0x7295c6ddf3d4 - clone
[INFO] [stdout]   21:                0x0 - <unknown>
[INFO] [stdout] 
[INFO] [stdout] 
[INFO] [stdout] failures:
[INFO] [stdout]     decode_osm_pbf_files
[INFO] [stdout]     generate_ttl
[INFO] [stdout] 
[INFO] [stdout] test result: FAILED. 0 passed; 2 failed; 0 ignored; 0 measured; 0 filtered out; finished in 0.03s
[INFO] [stdout] 
[INFO] [stderr] error: test failed, to rerun pass `--test parser`
[INFO] running `Command { std: "docker" "inspect" "2333ea694f705fb76e8d240e8726c91fa15d6ea78581079281da63d627844059", kill_on_drop: false }`
[INFO] running `Command { std: "docker" "rm" "-f" "2333ea694f705fb76e8d240e8726c91fa15d6ea78581079281da63d627844059", kill_on_drop: false }`
[INFO] [stdout] 2333ea694f705fb76e8d240e8726c91fa15d6ea78581079281da63d627844059
