[INFO] fetching crate oslquery-petite 0.1.2...
[INFO] testing oslquery-petite-0.1.2 against 1.99.0-beta.8+cargoflags=--release for beta-release-1.100-2
[INFO] extracting crate oslquery-petite 0.1.2 into /workspace/builds/worker-4-tc1/source
[INFO] started tweaking crates.io crate oslquery-petite 0.1.2
[INFO] removed 0 missing tests
[INFO] finished tweaking crates.io crate oslquery-petite 0.1.2
[INFO] tweaked toml for crates.io crate oslquery-petite 0.1.2 written to /workspace/builds/worker-4-tc1/source/Cargo.toml
[INFO] validating manifest of crates.io crate oslquery-petite 0.1.2 on toolchain 1.99.0-beta.8
[INFO] running `Command { std: CARGO_HOME="/workspace/cargo-home" RUSTUP_HOME="/workspace/rustup-home" "/workspace/cargo-home/bin/cargo" "+1.99.0-beta.8" "metadata" "--manifest-path" "Cargo.toml" "--no-deps", kill_on_drop: false }`
[INFO] crate crates.io crate oslquery-petite 0.1.2 already has a lockfile, it will not be regenerated
[INFO] running `Command { std: CARGO_HOME="/workspace/cargo-home" RUSTUP_HOME="/workspace/rustup-home" "/workspace/cargo-home/bin/cargo" "+1.99.0-beta.8" "fetch" "--manifest-path" "Cargo.toml", kill_on_drop: false }`
[INFO] [stderr]     Updating crates.io index
[INFO] [stderr]  Downloading crates ...
[INFO] [stderr]   Downloaded facet-macro-types v0.44.4
[INFO] [stderr]   Downloaded facet-macros-impl v0.44.4
[INFO] [stderr]   Downloaded facet-macros v0.44.4
[INFO] [stderr]   Downloaded facet-macro-parse v0.44.4
[INFO] [stderr]   Downloaded ariadne v0.5.1
[INFO] [stderr]   Downloaded iddqd v0.3.18
[INFO] [stderr]   Downloaded facet v0.44.5
[INFO] [stderr]   Downloaded facet-core v0.44.4
[INFO] [stderr]   Downloaded ustr v1.1.0
[INFO] running `Command { std: "docker" "create" "-v" "/var/lib/crater-agent-workspace/builds/worker-4-tc1/source:/opt/rustwide/workdir:ro,Z" "-v" "/var/lib/crater-agent-workspace/builds/worker-4-tc1/target:/opt/rustwide/target:rw,Z" "-v" "/var/lib/crater-agent-workspace/cargo-home:/opt/rustwide/cargo-home:ro,Z" "-v" "/var/lib/crater-agent-workspace/rustup-home:/opt/rustwide/rustup-home:ro,Z" "-m" "1610612736" "--network" "none" "ghcr.io/rust-lang/crates-build-env/linux@sha256:77db811e55d90add9212f6832c23229e3de5f1c1f9905e8cb07319ea15df73ac" "sleep" "infinity", kill_on_drop: false }`
[INFO] [stdout] 73f0579cbd0f9b4b9b3071bbcbb6dbb6f54c58eb90aa2ef2a89c89cd71a1b719
[INFO] running `Command { std: "docker" "start" "73f0579cbd0f9b4b9b3071bbcbb6dbb6f54c58eb90aa2ef2a89c89cd71a1b719", kill_on_drop: false }`
[INFO] running `Command { std: "docker" "inspect" "73f0579cbd0f9b4b9b3071bbcbb6dbb6f54c58eb90aa2ef2a89c89cd71a1b719", kill_on_drop: false }`
[INFO] running `Command { std: "docker" "exec" "-e" "SOURCE_DIR=/opt/rustwide/workdir" "-e" "CARGO_HOME=/opt/rustwide/cargo-home" "-e" "RUSTUP_HOME=/opt/rustwide/rustup-home" "-e" "CARGO_TARGET_DIR=/opt/rustwide/target" "-w" "/opt/rustwide/workdir" "--user" "0:0" "73f0579cbd0f9b4b9b3071bbcbb6dbb6f54c58eb90aa2ef2a89c89cd71a1b719" "/opt/rustwide/cargo-home/bin/cargo" "+1.99.0-beta.8" "metadata" "--no-deps" "--format-version=1", kill_on_drop: false }`
[INFO] running `Command { std: "docker" "inspect" "73f0579cbd0f9b4b9b3071bbcbb6dbb6f54c58eb90aa2ef2a89c89cd71a1b719", kill_on_drop: false }`
[INFO] running `Command { std: "docker" "exec" "-e" "SOURCE_DIR=/opt/rustwide/workdir" "-e" "CARGO_HOME=/opt/rustwide/cargo-home" "-e" "RUSTUP_HOME=/opt/rustwide/rustup-home" "-e" "CARGO_TARGET_DIR=/opt/rustwide/target" "-e" "CARGO_INCREMENTAL=0" "-e" "RUST_BACKTRACE=full" "-e" "RUSTFLAGS=--cap-lints=warn" "-e" "RUSTDOCFLAGS=--cap-lints=warn" "-w" "/opt/rustwide/workdir" "--user" "0:0" "73f0579cbd0f9b4b9b3071bbcbb6dbb6f54c58eb90aa2ef2a89c89cd71a1b719" "/opt/rustwide/cargo-home/bin/cargo" "+1.99.0-beta.8" "build" "--frozen" "--message-format=json" "--release", kill_on_drop: false }`
[INFO] [stderr]    Compiling proc-macro2 v1.0.101
[INFO] [stderr]    Compiling unicode-ident v1.0.19
[INFO] [stderr]    Compiling libc v0.2.176
[INFO] [stderr]    Compiling cfg-if v1.0.3
[INFO] [stderr]    Compiling zerocopy v0.8.27
[INFO] [stderr]    Compiling serde_core v1.0.227
[INFO] [stderr]    Compiling serde v1.0.227
[INFO] [stderr]    Compiling thiserror v2.0.16
[INFO] [stderr]    Compiling once_cell v1.21.3
[INFO] [stderr]    Compiling nom v8.0.0
[INFO] [stderr]    Compiling ariadne v0.5.1
[INFO] [stderr]    Compiling quote v1.0.40
[INFO] [stderr]    Compiling syn v2.0.106
[INFO] [stderr]    Compiling parking_lot_core v0.9.11
[INFO] [stderr]    Compiling parking_lot v0.12.4
[INFO] [stderr]    Compiling ahash v0.8.12
[INFO] [stderr]    Compiling thiserror-impl v2.0.16
[INFO] [stderr]    Compiling ustr v1.1.0
[INFO] [stderr]    Compiling oslquery-petite v0.1.2 (/opt/rustwide/workdir)
[INFO] [stderr]     Finished `release` profile [optimized] target(s) in 6.89s
[INFO] running `Command { std: "docker" "inspect" "73f0579cbd0f9b4b9b3071bbcbb6dbb6f54c58eb90aa2ef2a89c89cd71a1b719", kill_on_drop: false }`
[INFO] running `Command { std: "docker" "exec" "-e" "SOURCE_DIR=/opt/rustwide/workdir" "-e" "CARGO_HOME=/opt/rustwide/cargo-home" "-e" "RUSTUP_HOME=/opt/rustwide/rustup-home" "-e" "CARGO_TARGET_DIR=/opt/rustwide/target" "-e" "CARGO_INCREMENTAL=0" "-e" "RUST_BACKTRACE=full" "-e" "RUSTFLAGS=--cap-lints=warn" "-e" "RUSTDOCFLAGS=--cap-lints=warn" "-w" "/opt/rustwide/workdir" "--user" "0:0" "73f0579cbd0f9b4b9b3071bbcbb6dbb6f54c58eb90aa2ef2a89c89cd71a1b719" "/opt/rustwide/cargo-home/bin/cargo" "+1.99.0-beta.8" "test" "--frozen" "--no-run" "--message-format=json" "--release", kill_on_drop: false }`
[INFO] [stderr]    Compiling serde_core v1.0.227
[INFO] [stderr]    Compiling serde v1.0.227
[INFO] [stderr]    Compiling num-traits v0.2.19
[INFO] [stderr]    Compiling serde_derive v1.0.227
[INFO] [stderr]    Compiling half v2.6.0
[INFO] [stderr]    Compiling regex-syntax v0.8.6
[INFO] [stderr]    Compiling clap_builder v4.5.48
[INFO] [stderr]    Compiling criterion-plot v0.6.0
[INFO] [stderr]    Compiling rayon v1.11.0
[INFO] [stderr]    Compiling ciborium-ll v0.2.2
[INFO] [stderr]    Compiling plotters v0.3.7
[INFO] [stderr]    Compiling regex-automata v0.4.11
[INFO] [stderr]    Compiling clap v4.5.48
[INFO] [stderr]    Compiling serde_json v1.0.145
[INFO] [stderr]    Compiling ciborium v0.2.2
[INFO] [stderr]    Compiling tinytemplate v1.2.1
[INFO] [stderr]    Compiling ustr v1.1.0
[INFO] [stderr]    Compiling regex v1.11.3
[INFO] [stderr]    Compiling oslquery-petite v0.1.2 (/opt/rustwide/workdir)
[INFO] [stderr]    Compiling criterion v0.7.0
[INFO] [stderr]     Finished `release` profile [optimized] target(s) in 19.05s
[INFO] running `Command { std: "docker" "inspect" "73f0579cbd0f9b4b9b3071bbcbb6dbb6f54c58eb90aa2ef2a89c89cd71a1b719", kill_on_drop: false }`
[INFO] running `Command { std: "docker" "exec" "-e" "SOURCE_DIR=/opt/rustwide/workdir" "-e" "CARGO_HOME=/opt/rustwide/cargo-home" "-e" "RUSTUP_HOME=/opt/rustwide/rustup-home" "-e" "CARGO_TARGET_DIR=/opt/rustwide/target" "-e" "CARGO_INCREMENTAL=0" "-e" "RUST_BACKTRACE=full" "-e" "RUSTFLAGS=--cap-lints=warn" "-e" "RUSTDOCFLAGS=--cap-lints=warn" "-w" "/opt/rustwide/workdir" "--user" "0:0" "73f0579cbd0f9b4b9b3071bbcbb6dbb6f54c58eb90aa2ef2a89c89cd71a1b719" "/opt/rustwide/cargo-home/bin/cargo" "+1.99.0-beta.8" "test" "--frozen" "--release", kill_on_drop: false }`
[INFO] [stderr]     Finished `release` profile [optimized] target(s) in 0.10s
[INFO] [stderr]      Running unittests src/lib.rs (/opt/rustwide/target/release/deps/oslquery_petite-09559ae6a2c1d43e)
[INFO] [stdout] 
[INFO] [stdout] running 28 tests
[INFO] [stdout] test parser::hint::tests::test_parse_metadata_int_array ... ok
[INFO] [stdout] test parser::hint::tests::test_parse_metadata_comma_inside_quotes ... ok
[INFO] [stdout] test parser::hint::tests::test_parse_metadata_hint ... ok
[INFO] [stdout] test parser::hint::tests::test_parse_metadata_single_element_string_array ... ok
[INFO] [stdout] test parser::oso::tests::test_parse_default_token ... ok
[INFO] [stdout] test parser::oso::tests::test_parse_identifier ... ok
[INFO] [stdout] test parser::oso::tests::test_parse_shader ... ok
[INFO] [stdout] test parser::hint::tests::test_parse_metadata_string_array ... ok
[INFO] [stdout] test parser::oso::tests::test_parse_string ... ok
[INFO] [stdout] test parser::oso::tests::test_parse_typespec ... ok
[INFO] [stdout] test parser::oso::tests::test_parse_version ... ok
[INFO] [stdout] test parser::oso::tests::test_tokenize_line ... ok
[INFO] [stdout] test parser::hint::tests::test_parse_struct ... ok
[INFO] [stdout] test parser::hint::tests::test_parse_metadata_float_array ... ok
[INFO] [stdout] test query::tests::test_empty_query ... ok
[INFO] [stdout] test parser::hint::tests::test_parse_metadata_escaped_quote ... ok
[INFO] [stdout] test query::tests::test_from_string ... ok
[INFO] [stdout] test parser::hint::tests::test_parse_structfields ... ok
[INFO] [stdout] test query::tests::test_input_output_separation ... ok
[INFO] [stdout] test query::tests::test_type_safety ... ok
[INFO] [stdout] test query::tests::try_from_bytes_rejects_invalid_utf8 ... ok
[INFO] [stdout] test types::tests::test_typed_parameter_creation ... ok
[INFO] [stdout] test parser::reader::tests::test_parse_shader_with_tabs ... ok
[INFO] [stdout] test parser::reader::tests::test_parse_simple_shader ... ok
[INFO] [stdout] test query::tests::closure_color_output_is_not_collapsed_to_color ... ok
[INFO] [stderr]      Running tests/complex_oso.rs (/opt/rustwide/target/release/deps/complex_oso-cfb5c8a5878b26ba)
[INFO] [stdout] test query::tests::try_from_str_and_bytes_agree_with_from_string ... ok
[INFO] [stdout] test types::tests::test_output_parameter_strips_defaults ... ok
[INFO] [stdout] test types::tests::test_type_safety ... ok
[INFO] [stdout] 
[INFO] [stdout] test result: ok. 28 passed; 0 failed; 0 ignored; 0 measured; 0 filtered out; finished in 0.00s
[INFO] [stdout] 
[INFO] [stdout] 
[INFO] [stdout] running 2 tests
[INFO] [stdout] test test_array_parsing ... ok
[INFO] [stdout] test test_parse_complex_oso ... ok
[INFO] [stdout] 
[INFO] [stdout] test result: ok. 2 passed; 0 failed; 0 ignored; 0 measured; 0 filtered out; finished in 0.00s
[INFO] [stdout] 
[INFO] [stdout] 
[INFO] [stdout] running 1 test
[INFO] [stderr]      Running tests/metadata_oso.rs (/opt/rustwide/target/release/deps/metadata_oso-8ff53882fbe92c0c)
[INFO] [stdout] test test_array_metadata_end_to_end ... ok
[INFO] [stdout] 
[INFO] [stdout] test result: ok. 1 passed; 0 failed; 0 ignored; 0 measured; 0 filtered out; finished in 0.00s
[INFO] [stdout] 
[INFO] [stderr]      Running tests/parse_color_debug.rs (/opt/rustwide/target/release/deps/parse_color_debug-66142e1d341cdc45)
[INFO] [stdout] 
[INFO] [stdout] running 1 test
[INFO] [stdout] test test_parse_color_debug ... ok
[INFO] [stdout] 
[INFO] [stdout] test result: ok. 1 passed; 0 failed; 0 ignored; 0 measured; 0 filtered out; finished in 0.00s
[INFO] [stdout] 
[INFO] [stderr]      Running tests/real_oso.rs (/opt/rustwide/target/release/deps/real_oso-f496f2ba7292e439)
[INFO] [stdout] 
[INFO] [stdout] running 3 tests
[INFO] [stdout] test test_parse_lambert_oso ... FAILED
[INFO] [stdout] test test_parse_with_initexpr ... FAILED
[INFO] [stdout] test test_parse_multiple_oso_files ... ok
[INFO] [stdout] 
[INFO] [stdout] failures:
[INFO] [stdout] 
[INFO] [stdout] ---- test_parse_lambert_oso stdout ----
[INFO] [stdout] 
[INFO] [stdout] thread 'test_parse_lambert_oso' (1111) panicked at tests/real_oso.rs:7:53:
[INFO] [stdout] Failed to read lambert.oso: Os { code: 2, kind: NotFound, message: "No such file or directory" }
[INFO] [stdout] stack backtrace:
[INFO] [stdout]    0:     0x5d62373912f1 - <<std[70759c8f55707aa4]::sys::backtrace::BacktraceLock>::print::DisplayBacktrace as core[df12db4294e9bfd3]::fmt::Display>::fmt
[INFO] [stdout]    1:     0x5d62373a6baa - core[df12db4294e9bfd3]::fmt::write
[INFO] [stdout]    2:     0x5d623739578c - <alloc[2182bb758b4b3781]::vec::Vec<u8> as core[df12db4294e9bfd3]::io::write::Write>::write_fmt
[INFO] [stdout]    3:     0x5d623736d576 - std[70759c8f55707aa4]::panicking::default_hook::{closure#0}
[INFO] [stdout]    4:     0x5d62373896e9 - std[70759c8f55707aa4]::panicking::default_hook
[INFO] [stdout]    5:     0x5d6237315000 - test[9d35eded1c95d3be]::test_main_inner::<test[9d35eded1c95d3be]::test_main_static::{closure#0}>::{closure#0}
[INFO] [stdout]    6:     0x5d62373898a2 - std[70759c8f55707aa4]::panicking::panic_with_hook
[INFO] [stdout]    7:     0x5d623736d622 - std[70759c8f55707aa4]::panicking::panic_handler::{closure#0}
[INFO] [stdout]    8:     0x5d6237366219 - std[70759c8f55707aa4]::sys::backtrace::__rust_end_short_backtrace::<std[70759c8f55707aa4]::panicking::panic_handler::{closure#0}, !>
[INFO] [stdout]    9:     0x5d623736e21d - __rustc[8fa7c3cbc660c2b3]::rust_begin_unwind
[INFO] [stdout]   10:     0x5d62373a72dc - core[df12db4294e9bfd3]::panicking::panic_fmt
[INFO] [stdout]   11:     0x5d62373a70b2 - core[df12db4294e9bfd3]::result::unwrap_failed
[INFO] [stdout]   12:     0x5d623730795d - <real_oso[30e7c71de71fb2be]::test_parse_lambert_oso::{closure#0} as core[df12db4294e9bfd3]::ops::function::FnOnce<()>>::call_once
[INFO] [stdout]   13:     0x5d62373082eb - test[9d35eded1c95d3be]::__rust_begin_short_backtrace::<core[df12db4294e9bfd3]::result::Result<(), alloc[2182bb758b4b3781]::string::String>, fn() -> core[df12db4294e9bfd3]::result::Result<(), alloc[2182bb758b4b3781]::string::String>>
[INFO] [stdout]   14:     0x5d6237315955 - test[9d35eded1c95d3be]::run_test::{closure#0}
[INFO] [stdout]   15:     0x5d623730f214 - std[70759c8f55707aa4]::sys::backtrace::__rust_begin_short_backtrace::<test[9d35eded1c95d3be]::run_test::{closure#1}, ()>
[INFO] [stdout]   16:     0x5d6237318ab2 - <std[70759c8f55707aa4]::thread::lifecycle::spawn_unchecked<test[9d35eded1c95d3be]::run_test::{closure#1}, ()>::{closure#1} as core[df12db4294e9bfd3]::ops::function::FnOnce<()>>::call_once::{shim:vtable#0}
[INFO] [stdout]   17:     0x5d6237390859 - <std[70759c8f55707aa4]::sys::thread::unix::Thread>::new::thread_start
[INFO] [stdout]   18:     0x70e0f045cdfa - <unknown>
[INFO] [stdout]   19:     0x70e0f04f03d4 - clone
[INFO] [stdout]   20:                0x0 - <unknown>
[INFO] [stdout] 
[INFO] [stdout] ---- test_parse_with_initexpr stdout ----
[INFO] [stdout] 
[INFO] [stdout] thread 'test_parse_with_initexpr' (1113) panicked at tests/real_oso.rs:94:53:
[INFO] [stdout] Failed to read lambert.oso: Os { code: 2, kind: NotFound, message: "No such file or directory" }
[INFO] [stdout] stack backtrace:
[INFO] [stdout]    0:     0x5d62373912f1 - <<std[70759c8f55707aa4]::sys::backtrace::BacktraceLock>::print::DisplayBacktrace as core[df12db4294e9bfd3]::fmt::Display>::fmt
[INFO] [stdout]    1:     0x5d62373a6baa - core[df12db4294e9bfd3]::fmt::write
[INFO] [stdout]    2:     0x5d623739578c - <alloc[2182bb758b4b3781]::vec::Vec<u8> as core[df12db4294e9bfd3]::io::write::Write>::write_fmt
[INFO] [stdout]    3:     0x5d623736d576 - std[70759c8f55707aa4]::panicking::default_hook::{closure#0}
[INFO] [stdout]    4:     0x5d62373896e9 - std[70759c8f55707aa4]::panicking::default_hook
[INFO] [stdout]    5:     0x5d6237315000 - test[9d35eded1c95d3be]::test_main_inner::<test[9d35eded1c95d3be]::test_main_static::{closure#0}>::{closure#0}
[INFO] [stdout]    6:     0x5d62373898a2 - std[70759c8f55707aa4]::panicking::panic_with_hook
[INFO] [stdout]    7:     0x5d623736d622 - std[70759c8f55707aa4]::panicking::panic_handler::{closure#0}
[INFO] [stdout]    8:     0x5d6237366219 - std[70759c8f55707aa4]::sys::backtrace::__rust_end_short_backtrace::<std[70759c8f55707aa4]::panicking::panic_handler::{closure#0}, !>
[INFO] [stdout]    9:     0x5d623736e21d - __rustc[8fa7c3cbc660c2b3]::rust_begin_unwind
[INFO] [stdout]   10:     0x5d62373a72dc - core[df12db4294e9bfd3]::panicking::panic_fmt
[INFO] [stdout]   11:     0x5d62373a70b2 - core[df12db4294e9bfd3]::result::unwrap_failed
[INFO] [stdout]   12:     0x5d6237307d09 - <real_oso[30e7c71de71fb2be]::test_parse_with_initexpr::{closure#0} as core[df12db4294e9bfd3]::ops::function::FnOnce<()>>::call_once
[INFO] [stdout]   13:     0x5d62373082eb - test[9d35eded1c95d3be]::__rust_begin_short_backtrace::<core[df12db4294e9bfd3]::result::Result<(), alloc[2182bb758b4b3781]::string::String>, fn() -> core[df12db4294e9bfd3]::result::Result<(), alloc[2182bb758b4b3781]::string::String>>
[INFO] [stdout]   14:     0x5d6237315955 - test[9d35eded1c95d3be]::run_test::{closure#0}
[INFO] [stdout]   15:     0x5d623730f214 - std[70759c8f55707aa4]::sys::backtrace::__rust_begin_short_backtrace::<test[9d35eded1c95d3be]::run_test::{closure#1}, ()>
[INFO] [stdout]   16:     0x5d6237318ab2 - <std[70759c8f55707aa4]::thread::lifecycle::spawn_unchecked<test[9d35eded1c95d3be]::run_test::{closure#1}, ()>::{closure#1} as core[df12db4294e9bfd3]::ops::function::FnOnce<()>>::call_once::{shim:vtable#0}
[INFO] [stdout]   17:     0x5d6237390859 - <std[70759c8f55707aa4]::sys::thread::unix::Thread>::new::thread_start
[INFO] [stdout]   18:     0x70e0f045cdfa - <unknown>
[INFO] [stdout]   19:     0x70e0f04f03d4 - clone
[INFO] [stdout]   20:                0x0 - <unknown>
[INFO] [stdout] 
[INFO] [stdout] 
[INFO] [stdout] failures:
[INFO] [stdout]     test_parse_lambert_oso
[INFO] [stdout]     test_parse_with_initexpr
[INFO] [stdout] 
[INFO] [stdout] test result: FAILED. 1 passed; 2 failed; 0 ignored; 0 measured; 0 filtered out; finished in 0.00s
[INFO] [stdout] 
[INFO] [stderr] error: test failed, to rerun pass `--test real_oso`
[INFO] running `Command { std: "docker" "inspect" "73f0579cbd0f9b4b9b3071bbcbb6dbb6f54c58eb90aa2ef2a89c89cd71a1b719", kill_on_drop: false }`
[INFO] running `Command { std: "docker" "rm" "-f" "73f0579cbd0f9b4b9b3071bbcbb6dbb6f54c58eb90aa2ef2a89c89cd71a1b719", kill_on_drop: false }`
[INFO] [stdout] 73f0579cbd0f9b4b9b3071bbcbb6dbb6f54c58eb90aa2ef2a89c89cd71a1b719
