[INFO] fetching crate osgui 0.0.1...
[INFO] testing osgui-0.0.1 against 1.100.0-beta.1+cargoflags=--release for beta-release-1.100-2
[INFO] extracting crate osgui 0.0.1 into /workspace/builds/worker-1-tc2/source
[INFO] started tweaking crates.io crate osgui 0.0.1
[INFO] finished tweaking crates.io crate osgui 0.0.1
[INFO] tweaked toml for crates.io crate osgui 0.0.1 written to /workspace/builds/worker-1-tc2/source/Cargo.toml
[INFO] validating manifest of crates.io crate osgui 0.0.1 on toolchain 1.100.0-beta.1
[INFO] running `Command { std: CARGO_HOME="/workspace/cargo-home" RUSTUP_HOME="/workspace/rustup-home" "/workspace/cargo-home/bin/cargo" "+1.100.0-beta.1" "metadata" "--manifest-path" "Cargo.toml" "--no-deps", kill_on_drop: false }`
[INFO] crate crates.io crate osgui 0.0.1 already has a lockfile, it will not be regenerated
[INFO] running `Command { std: CARGO_HOME="/workspace/cargo-home" RUSTUP_HOME="/workspace/rustup-home" "/workspace/cargo-home/bin/cargo" "+1.100.0-beta.1" "fetch" "--manifest-path" "Cargo.toml", kill_on_drop: false }`
[INFO] running `Command { std: "docker" "create" "-v" "/var/lib/crater-agent-workspace/builds/worker-1-tc2/source:/opt/rustwide/workdir:ro,Z" "-v" "/var/lib/crater-agent-workspace/builds/worker-1-tc2/target:/opt/rustwide/target:rw,Z" "-v" "/var/lib/crater-agent-workspace/cargo-home:/opt/rustwide/cargo-home:ro,Z" "-v" "/var/lib/crater-agent-workspace/rustup-home:/opt/rustwide/rustup-home:ro,Z" "-m" "1610612736" "--network" "none" "ghcr.io/rust-lang/crates-build-env/linux@sha256:77db811e55d90add9212f6832c23229e3de5f1c1f9905e8cb07319ea15df73ac" "sleep" "infinity", kill_on_drop: false }`
[INFO] [stdout] 436be1ceeb944dd822c34a1670b1936a5345a1831e9af888a2b12bca02bc1128
[INFO] running `Command { std: "docker" "start" "436be1ceeb944dd822c34a1670b1936a5345a1831e9af888a2b12bca02bc1128", kill_on_drop: false }`
[INFO] running `Command { std: "docker" "inspect" "436be1ceeb944dd822c34a1670b1936a5345a1831e9af888a2b12bca02bc1128", kill_on_drop: false }`
[INFO] running `Command { std: "docker" "exec" "-e" "SOURCE_DIR=/opt/rustwide/workdir" "-e" "CARGO_HOME=/opt/rustwide/cargo-home" "-e" "RUSTUP_HOME=/opt/rustwide/rustup-home" "-e" "CARGO_TARGET_DIR=/opt/rustwide/target" "-w" "/opt/rustwide/workdir" "--user" "0:0" "436be1ceeb944dd822c34a1670b1936a5345a1831e9af888a2b12bca02bc1128" "/opt/rustwide/cargo-home/bin/cargo" "+1.100.0-beta.1" "metadata" "--no-deps" "--format-version=1", kill_on_drop: false }`
[INFO] running `Command { std: "docker" "inspect" "436be1ceeb944dd822c34a1670b1936a5345a1831e9af888a2b12bca02bc1128", kill_on_drop: false }`
[INFO] running `Command { std: "docker" "exec" "-e" "SOURCE_DIR=/opt/rustwide/workdir" "-e" "CARGO_HOME=/opt/rustwide/cargo-home" "-e" "RUSTUP_HOME=/opt/rustwide/rustup-home" "-e" "CARGO_TARGET_DIR=/opt/rustwide/target" "-e" "CARGO_INCREMENTAL=0" "-e" "RUST_BACKTRACE=full" "-e" "RUSTFLAGS=--cap-lints=warn" "-e" "RUSTDOCFLAGS=--cap-lints=warn" "-w" "/opt/rustwide/workdir" "--user" "0:0" "436be1ceeb944dd822c34a1670b1936a5345a1831e9af888a2b12bca02bc1128" "/opt/rustwide/cargo-home/bin/cargo" "+1.100.0-beta.1" "build" "--frozen" "--message-format=json" "--release", kill_on_drop: false }`
[INFO] [stderr]    Compiling xml-rs v0.8.26
[INFO] [stderr]    Compiling rustix v1.0.7
[INFO] [stderr]    Compiling scoped-tls v1.0.1
[INFO] [stderr]    Compiling memoffset v0.6.5
[INFO] [stderr]    Compiling libloading v0.8.8
[INFO] [stderr]    Compiling wayland-sys v0.29.5
[INFO] [stderr]    Compiling cc v1.2.27
[INFO] [stderr]    Compiling x11-dl v2.21.0
[INFO] [stderr]    Compiling linux-raw-sys v0.9.4
[INFO] [stderr]    Compiling xcursor v0.3.10
[INFO] [stderr]    Compiling ttf-parser v0.15.2
[INFO] [stderr]    Compiling ab_glyph_rasterizer v0.1.9
[INFO] [stderr]    Compiling raw-window-handle v0.6.2
[INFO] [stderr]    Compiling getrandom v0.3.3
[INFO] [stderr]    Compiling dlib v0.5.2
[INFO] [stderr]    Compiling nix v0.24.3
[INFO] [stderr]    Compiling wayland-scanner v0.29.5
[INFO] [stderr]    Compiling minifb v0.28.0
[INFO] [stderr]    Compiling wayland-client v0.29.5
[INFO] [stderr]    Compiling wayland-protocols v0.29.5
[INFO] [stderr]    Compiling wayland-commons v0.29.5
[INFO] [stderr]    Compiling owned_ttf_parser v0.15.2
[INFO] [stderr]    Compiling rusttype v0.9.3
[INFO] [stderr]    Compiling tempfile v3.20.0
[INFO] [stderr]    Compiling wayland-cursor v0.29.5
[INFO] [stderr]    Compiling osgui v0.0.1 (/opt/rustwide/workdir)
[INFO] [stderr]     Finished `release` profile [optimized] target(s) in 19.45s
[INFO] running `Command { std: "docker" "inspect" "436be1ceeb944dd822c34a1670b1936a5345a1831e9af888a2b12bca02bc1128", kill_on_drop: false }`
[INFO] running `Command { std: "docker" "exec" "-e" "SOURCE_DIR=/opt/rustwide/workdir" "-e" "CARGO_HOME=/opt/rustwide/cargo-home" "-e" "RUSTUP_HOME=/opt/rustwide/rustup-home" "-e" "CARGO_TARGET_DIR=/opt/rustwide/target" "-e" "CARGO_INCREMENTAL=0" "-e" "RUST_BACKTRACE=full" "-e" "RUSTFLAGS=--cap-lints=warn" "-e" "RUSTDOCFLAGS=--cap-lints=warn" "-w" "/opt/rustwide/workdir" "--user" "0:0" "436be1ceeb944dd822c34a1670b1936a5345a1831e9af888a2b12bca02bc1128" "/opt/rustwide/cargo-home/bin/cargo" "+1.100.0-beta.1" "test" "--frozen" "--no-run" "--message-format=json" "--release", kill_on_drop: false }`
[INFO] [stderr]    Compiling osgui v0.0.1 (/opt/rustwide/workdir)
[INFO] [stderr]     Finished `release` profile [optimized] target(s) in 0.45s
[INFO] running `Command { std: "docker" "inspect" "436be1ceeb944dd822c34a1670b1936a5345a1831e9af888a2b12bca02bc1128", kill_on_drop: false }`
[INFO] running `Command { std: "docker" "exec" "-e" "SOURCE_DIR=/opt/rustwide/workdir" "-e" "CARGO_HOME=/opt/rustwide/cargo-home" "-e" "RUSTUP_HOME=/opt/rustwide/rustup-home" "-e" "CARGO_TARGET_DIR=/opt/rustwide/target" "-e" "CARGO_INCREMENTAL=0" "-e" "RUST_BACKTRACE=full" "-e" "RUSTFLAGS=--cap-lints=warn" "-e" "RUSTDOCFLAGS=--cap-lints=warn" "-w" "/opt/rustwide/workdir" "--user" "0:0" "436be1ceeb944dd822c34a1670b1936a5345a1831e9af888a2b12bca02bc1128" "/opt/rustwide/cargo-home/bin/cargo" "+1.100.0-beta.1" "test" "--frozen" "--release", kill_on_drop: false }`
[INFO] [stderr]     Finished `release` profile [optimized] target(s) in 0.08s
[INFO] [stderr]      Running unittests src/lib.rs (/opt/rustwide/target/release/build/osgui/514c888d11250c10/out/osgui-514c888d11250c10)
[INFO] [stderr]      Running unittests src/main.rs (/opt/rustwide/target/release/build/osgui/9055799482fb518d/out/osgui-9055799482fb518d)
[INFO] [stdout] 
[INFO] [stdout] running 0 tests
[INFO] [stdout] 
[INFO] [stdout] test result: ok. 0 passed; 0 failed; 0 ignored; 0 measured; 0 filtered out; finished in 0.00s
[INFO] [stdout] 
[INFO] [stdout] 
[INFO] [stdout] running 0 tests
[INFO] [stdout] 
[INFO] [stdout] test result: ok. 0 passed; 0 failed; 0 ignored; 0 measured; 0 filtered out; finished in 0.00s
[INFO] [stdout] 
[INFO] [stderr]    Doc-tests osgui
[INFO] [stdout] 
[INFO] [stdout] running 2 tests
[INFO] [stdout] test src/macros.rs - macros::event_handler (line 106) ... FAILED
[INFO] [stdout] test src/macros.rs - macros::event_handler (line 101) ... FAILED
[INFO] [stdout] 
[INFO] [stdout] failures:
[INFO] [stdout] 
[INFO] [stdout] ---- src/macros.rs - macros::event_handler (line 106) stdout ----
[INFO] [stdout] error[E0424]: cannot find value `self` in this scope
[INFO] [stdout]    --> src/macros.rs:107:16
[INFO] [stdout]     |
[INFO] [stdout] 106 | fn main() { #[allow(non_snake_case)] fn _doctest_main_src_macros_rs_106_0() {
[INFO] [stdout]     |                                         --------------------------------- this function can't have a `self` parameter
[INFO] [stdout] 107 | let self_ref = self as *mut Self;
[INFO] [stdout]     |                ^^^^ `self` value is a keyword only available in methods with a `self` parameter
[INFO] [stdout]     |
[INFO] [stdout]     = note: a module named `self` exists in another namespace
[INFO] [stdout] 
[INFO] [stdout] error[E0411]: cannot find type `Self` in this scope
[INFO] [stdout]    --> src/macros.rs:107:29
[INFO] [stdout]     |
[INFO] [stdout] 106 | fn main() { #[allow(non_snake_case)] fn _doctest_main_src_macros_rs_106_0() {
[INFO] [stdout]     |                                         --------------------------------- `Self` not allowed in a function
[INFO] [stdout] 107 | let self_ref = self as *mut Self;
[INFO] [stdout]     |                             ^^^^ `Self` is only available in impls, traits, and type definitions
[INFO] [stdout] 
[INFO] [stdout] error[E0425]: cannot find value `events` in this scope
[INFO] [stdout]    --> src/macros.rs:108:1
[INFO] [stdout]     |
[INFO] [stdout] 108 | events.on(move |event| unsafe { (*self_ref).on_keypress(event) });
[INFO] [stdout]     | ^^^^^^ not found in this scope
[INFO] [stdout] 
[INFO] [stdout] error: aborting due to 3 previous errors
[INFO] [stdout] 
[INFO] [stdout] Some errors have detailed explanations: E0411, E0424, E0425.
[INFO] [stdout] For more information about an error, try `rustc --explain E0411`.
[INFO] [stdout] Couldn't compile the test.
[INFO] [stdout] ---- src/macros.rs - macros::event_handler (line 101) stdout ----
[INFO] [stdout] error: cannot find macro `event_handler` in this scope
[INFO] [stdout]    --> src/macros.rs:102:1
[INFO] [stdout]     |
[INFO] [stdout] 102 | event_handler!(self, events, on_keypress);
[INFO] [stdout]     | ^^^^^^^^^^^^^
[INFO] [stdout] 
[INFO] [stdout] error: aborting due to 1 previous error
[INFO] [stdout] 
[INFO] [stdout] Couldn't compile the test.
[INFO] [stdout] 
[INFO] [stdout] failures:
[INFO] [stdout]     src/macros.rs - macros::event_handler (line 101)
[INFO] [stdout]     src/macros.rs - macros::event_handler (line 106)
[INFO] [stdout] 
[INFO] [stdout] test result: FAILED. 0 passed; 2 failed; 0 ignored; 0 measured; 0 filtered out; finished in 0.07s
[INFO] [stdout] 
[INFO] [stderr] error: doctest failed, to rerun pass `--doc`
[INFO] running `Command { std: "docker" "inspect" "436be1ceeb944dd822c34a1670b1936a5345a1831e9af888a2b12bca02bc1128", kill_on_drop: false }`
[INFO] running `Command { std: "docker" "rm" "-f" "436be1ceeb944dd822c34a1670b1936a5345a1831e9af888a2b12bca02bc1128", kill_on_drop: false }`
[INFO] [stdout] 436be1ceeb944dd822c34a1670b1936a5345a1831e9af888a2b12bca02bc1128
