[INFO] fetching crate osdns 0.2.3...
[INFO] testing osdns-0.2.3 against 1.99.0-beta.8+cargoflags=--release for beta-release-1.100-2
[INFO] extracting crate osdns 0.2.3 into /workspace/builds/worker-7-tc1/source
[INFO] removed /workspace/builds/worker-7-tc1/source/rust-toolchain.toml
[INFO] started tweaking crates.io crate osdns 0.2.3
[INFO] removed 0 missing examples
[INFO] removed 0 missing tests
[INFO] finished tweaking crates.io crate osdns 0.2.3
[INFO] tweaked toml for crates.io crate osdns 0.2.3 written to /workspace/builds/worker-7-tc1/source/Cargo.toml
[INFO] validating manifest of crates.io crate osdns 0.2.3 on toolchain 1.99.0-beta.8
[INFO] running `Command { std: CARGO_HOME="/workspace/cargo-home" RUSTUP_HOME="/workspace/rustup-home" "/workspace/cargo-home/bin/cargo" "+1.99.0-beta.8" "metadata" "--manifest-path" "Cargo.toml" "--no-deps", kill_on_drop: false }`
[INFO] crate crates.io crate osdns 0.2.3 already has a lockfile, it will not be regenerated
[INFO] running `Command { std: CARGO_HOME="/workspace/cargo-home" RUSTUP_HOME="/workspace/rustup-home" "/workspace/cargo-home/bin/cargo" "+1.99.0-beta.8" "fetch" "--manifest-path" "Cargo.toml", kill_on_drop: false }`
[INFO] [stderr]     Updating crates.io index
[INFO] [stderr]  Downloading crates ...
[INFO] [stderr]   Downloaded windows-link v0.100.0
[INFO] [stderr]   Downloaded windows-strings v0.100.0
[INFO] [stderr]   Downloaded windows-result v0.100.0
[INFO] [stderr]   Downloaded windows-registry v0.100.0
[INFO] [stderr]   Downloaded system-configuration v0.8.0
[INFO] [stderr]   Downloaded rstest v0.27.0
[INFO] [stderr]   Downloaded atomic-write-file v0.3.1
[INFO] [stderr]   Downloaded proptest-state-machine v0.8.0
[INFO] [stderr]   Downloaded rstest_macros v0.27.0
[INFO] [stderr]   Downloaded netlink-sys v0.9.0
[INFO] [stderr]   Downloaded netlink-packet-core v0.9.0
[INFO] [stderr]   Downloaded netlink-packet-route v0.33.0
[INFO] running `Command { std: "docker" "create" "-v" "/var/lib/crater-agent-workspace/builds/worker-7-tc1/source:/opt/rustwide/workdir:ro,Z" "-v" "/var/lib/crater-agent-workspace/builds/worker-7-tc1/target:/opt/rustwide/target:rw,Z" "-v" "/var/lib/crater-agent-workspace/cargo-home:/opt/rustwide/cargo-home:ro,Z" "-v" "/var/lib/crater-agent-workspace/rustup-home:/opt/rustwide/rustup-home:ro,Z" "-m" "1610612736" "--network" "none" "ghcr.io/rust-lang/crates-build-env/linux@sha256:77db811e55d90add9212f6832c23229e3de5f1c1f9905e8cb07319ea15df73ac" "sleep" "infinity", kill_on_drop: false }`
[INFO] [stdout] b985681074ec00a05af97799dc994545f2168411c4632432a51057a6e0b450ef
[INFO] running `Command { std: "docker" "start" "b985681074ec00a05af97799dc994545f2168411c4632432a51057a6e0b450ef", kill_on_drop: false }`
[INFO] running `Command { std: "docker" "inspect" "b985681074ec00a05af97799dc994545f2168411c4632432a51057a6e0b450ef", kill_on_drop: false }`
[INFO] running `Command { std: "docker" "exec" "-e" "SOURCE_DIR=/opt/rustwide/workdir" "-e" "CARGO_HOME=/opt/rustwide/cargo-home" "-e" "RUSTUP_HOME=/opt/rustwide/rustup-home" "-e" "CARGO_TARGET_DIR=/opt/rustwide/target" "-w" "/opt/rustwide/workdir" "--user" "0:0" "b985681074ec00a05af97799dc994545f2168411c4632432a51057a6e0b450ef" "/opt/rustwide/cargo-home/bin/cargo" "+1.99.0-beta.8" "metadata" "--no-deps" "--format-version=1", kill_on_drop: false }`
[INFO] running `Command { std: "docker" "inspect" "b985681074ec00a05af97799dc994545f2168411c4632432a51057a6e0b450ef", kill_on_drop: false }`
[INFO] running `Command { std: "docker" "exec" "-e" "SOURCE_DIR=/opt/rustwide/workdir" "-e" "CARGO_HOME=/opt/rustwide/cargo-home" "-e" "RUSTUP_HOME=/opt/rustwide/rustup-home" "-e" "CARGO_TARGET_DIR=/opt/rustwide/target" "-e" "CARGO_INCREMENTAL=0" "-e" "RUST_BACKTRACE=full" "-e" "RUSTFLAGS=--cap-lints=warn" "-e" "RUSTDOCFLAGS=--cap-lints=warn" "-w" "/opt/rustwide/workdir" "--user" "0:0" "b985681074ec00a05af97799dc994545f2168411c4632432a51057a6e0b450ef" "/opt/rustwide/cargo-home/bin/cargo" "+1.99.0-beta.8" "build" "--frozen" "--message-format=json" "--release", kill_on_drop: false }`
[INFO] [stderr]    Compiling crossbeam-utils v0.8.23
[INFO] [stderr]    Compiling serde v1.0.229
[INFO] [stderr]    Compiling enumflags2_derive v0.7.12
[INFO] [stderr]    Compiling futures-io v0.3.34
[INFO] [stderr]    Compiling zerofrom v0.1.8
[INFO] [stderr]    Compiling indexmap v2.14.2
[INFO] [stderr]    Compiling event-listener v5.4.2
[INFO] [stderr]    Compiling unicode-ident v1.0.26
[INFO] [stderr]    Compiling rustix v1.1.5
[INFO] [stderr]    Compiling smallvec v1.16.1
[INFO] [stderr]    Compiling getrandom v0.4.3
[INFO] [stderr]    Compiling errno v0.3.14
[INFO] [stderr]    Compiling winnow v1.0.4
[INFO] [stderr]    Compiling nix v0.31.3
[INFO] [stderr]    Compiling inotify-sys v0.1.8
[INFO] [stderr]    Compiling yoke v0.8.3
[INFO] [stderr]    Compiling proc-macro2 v1.0.107
[INFO] [stderr]    Compiling signal-hook-registry v1.4.8
[INFO] [stderr]    Compiling zerocopy v0.8.57
[INFO] [stderr]    Compiling futures-lite v2.6.1
[INFO] [stderr]    Compiling zerovec v0.11.8
[INFO] [stderr]    Compiling zerotrie v0.2.5
[INFO] [stderr]    Compiling piper v0.2.5
[INFO] [stderr]    Compiling event-listener-strategy v0.5.4
[INFO] [stderr]    Compiling zerocopy-derive v0.8.57
[INFO] [stderr]    Compiling async-lock v3.4.2
[INFO] [stderr]    Compiling tracing-attributes v0.1.31
[INFO] [stderr]    Compiling concurrent-queue v2.5.0
[INFO] [stderr]    Compiling sha1_smol v1.0.1
[INFO] [stderr]    Compiling async-broadcast v0.7.2
[INFO] [stderr]    Compiling async-channel v2.5.0
[INFO] [stderr]    Compiling uuid v1.26.1
[INFO] [stderr]    Compiling rand v0.10.2
[INFO] [stderr]    Compiling parking_lot_core v0.9.12
[INFO] [stderr]    Compiling toml_edit v0.25.15+spec-1.1.0
[INFO] [stderr]    Compiling quote v1.0.47
[INFO] [stderr]    Compiling zvariant_utils v4.2.0
[INFO] [stderr]    Compiling zcheapstr v1.1.0
[INFO] [stderr]    Compiling enumflags2 v0.7.12
[INFO] [stderr]    Compiling tinystr v0.8.4
[INFO] [stderr]    Compiling potential_utf v0.1.6
[INFO] [stderr]    Compiling icu_locale_core v2.3.0
[INFO] [stderr]    Compiling icu_collections v2.3.0
[INFO] [stderr]    Compiling syn v3.0.6
[INFO] [stderr]    Compiling proc-macro-crate v3.5.0
[INFO] [stderr]    Compiling blocking v1.7.0
[INFO] [stderr]    Compiling async-executor v1.14.0
[INFO] [stderr]    Compiling tracing v0.1.44
[INFO] [stderr]    Compiling ordered-stream v0.2.0
[INFO] [stderr]    Compiling async-recursion v1.1.1
[INFO] [stderr]    Compiling async-trait v0.1.92
[INFO] [stderr]    Compiling serde_repr v0.1.21
[INFO] [stderr]    Compiling netlink-packet-core v0.9.0
[INFO] [stderr]    Compiling netlink-sys v0.9.0
[INFO] [stderr]    Compiling thiserror v2.0.20
[INFO] [stderr]    Compiling parking_lot v0.12.5
[INFO] [stderr]    Compiling inotify v0.11.5
[INFO] [stderr]    Compiling resolv-conf v0.7.6
[INFO] [stderr]    Compiling zvariant_derive v5.15.0
[INFO] [stderr]    Compiling atomic-write-file v0.3.1
[INFO] [stderr]    Compiling zvariant v5.15.0
[INFO] [stderr]    Compiling icu_provider v2.3.1
[INFO] [stderr]    Compiling icu_properties v2.3.0
[INFO] [stderr]    Compiling icu_normalizer v2.3.0
[INFO] [stderr]    Compiling idna_adapter v1.2.2
[INFO] [stderr]    Compiling idna v1.1.0
[INFO] [stderr]    Compiling zbus_names v4.3.4
[INFO] [stderr]    Compiling zbus_macros v5.19.0
[INFO] [stderr]    Compiling polling v3.11.0
[INFO] [stderr]    Compiling async-io v2.6.0
[INFO] [stderr]    Compiling async-signal v0.2.14
[INFO] [stderr]    Compiling async-process v2.5.0
[INFO] [stderr]    Compiling netlink-packet-route v0.33.0
[INFO] [stderr]    Compiling zbus v5.19.0
[INFO] [stderr]    Compiling osdns v0.2.3 (/opt/rustwide/workdir)
[INFO] [stderr]     Finished `release` profile [optimized] target(s) in 1m 57s
[INFO] running `Command { std: "docker" "inspect" "b985681074ec00a05af97799dc994545f2168411c4632432a51057a6e0b450ef", kill_on_drop: false }`
[INFO] running `Command { std: "docker" "exec" "-e" "SOURCE_DIR=/opt/rustwide/workdir" "-e" "CARGO_HOME=/opt/rustwide/cargo-home" "-e" "RUSTUP_HOME=/opt/rustwide/rustup-home" "-e" "CARGO_TARGET_DIR=/opt/rustwide/target" "-e" "CARGO_INCREMENTAL=0" "-e" "RUST_BACKTRACE=full" "-e" "RUSTFLAGS=--cap-lints=warn" "-e" "RUSTDOCFLAGS=--cap-lints=warn" "-w" "/opt/rustwide/workdir" "--user" "0:0" "b985681074ec00a05af97799dc994545f2168411c4632432a51057a6e0b450ef" "/opt/rustwide/cargo-home/bin/cargo" "+1.99.0-beta.8" "test" "--frozen" "--no-run" "--message-format=json" "--release", kill_on_drop: false }`
[INFO] [stderr]    Compiling rustix v1.1.5
[INFO] [stderr]    Compiling zerocopy v0.8.57
[INFO] [stderr]    Compiling syn v2.0.119
[INFO] [stderr]    Compiling concurrent-queue v2.5.0
[INFO] [stderr]    Compiling getrandom v0.3.4
[INFO] [stderr]    Compiling serde v1.0.229
[INFO] [stderr]    Compiling aho-corasick v1.1.5
[INFO] [stderr]    Compiling regex-syntax v0.8.11
[INFO] [stderr]    Compiling either v1.18.0
[INFO] [stderr]    Compiling serde_json v1.0.151
[INFO] [stderr]    Compiling rstest_macros v0.27.0
[INFO] [stderr]    Compiling alloca v0.4.0
[INFO] [stderr]    Compiling wait-timeout v0.2.1
[INFO] [stderr]    Compiling clap_lex v1.1.1
[INFO] [stderr]    Compiling uuid v1.26.1
[INFO] [stderr]    Compiling regex-automata v0.4.18
[INFO] [stderr]    Compiling rand_core v0.9.5
[INFO] [stderr]    Compiling cfg-if v1.0.5
[INFO] [stderr]    Compiling futures-task v0.3.34
[INFO] [stderr]    Compiling clap_builder v4.6.7
[INFO] [stderr]    Compiling async-channel v2.5.0
[INFO] [stderr]    Compiling async-executor v1.14.0
[INFO] [stderr]    Compiling relative-path v1.9.3
[INFO] [stderr]    Compiling itertools v0.13.0
[INFO] [stderr]    Compiling rand v0.9.5
[INFO] [stderr]    Compiling rand_xorshift v0.4.0
[INFO] [stderr]    Compiling glob v0.3.4
[INFO] [stderr]    Compiling blocking v1.7.0
[INFO] [stderr]    Compiling rayon v1.12.0
[INFO] [stderr]    Compiling futures-util v0.3.34
[INFO] [stderr]    Compiling plotters v0.3.7
[INFO] [stderr]    Compiling page_size v0.6.0
[INFO] [stderr]    Compiling zcheapstr v1.1.0
[INFO] [stderr]    Compiling zvariant_utils v4.2.0
[INFO] [stderr]    Compiling arcstr v1.2.0
[INFO] [stderr]    Compiling tinytemplate v1.2.1
[INFO] [stderr]    Compiling criterion-plot v0.8.2
[INFO] [stderr]    Compiling regex v1.13.1
[INFO] [stderr]    Compiling clap v4.6.7
[INFO] [stderr]    Compiling zerocopy-derive v0.8.57
[INFO] [stderr]    Compiling enumflags2_derive v0.7.12
[INFO] [stderr]    Compiling tracing-attributes v0.1.31
[INFO] [stderr]    Compiling async-recursion v1.1.1
[INFO] [stderr]    Compiling enumflags2 v0.7.12
[INFO] [stderr]    Compiling zvariant v5.15.0
[INFO] [stderr]    Compiling polling v3.11.0
[INFO] [stderr]    Compiling tempfile v3.27.0
[INFO] [stderr]    Compiling tracing v0.1.44
[INFO] [stderr]    Compiling async-io v2.6.0
[INFO] [stderr]    Compiling rusty-fork v0.3.1
[INFO] [stderr]    Compiling async-signal v0.2.14
[INFO] [stderr]    Compiling async-process v2.5.0
[INFO] [stderr]    Compiling zbus_names v4.3.4
[INFO] [stderr]    Compiling rstest v0.27.0
[INFO] [stderr]    Compiling zbus_macros v5.19.0
[INFO] [stderr]    Compiling zbus v5.19.0
[INFO] [stderr]    Compiling ppv-lite86 v0.2.21
[INFO] [stderr]    Compiling half v2.7.1
[INFO] [stderr]    Compiling netlink-packet-route v0.33.0
[INFO] [stderr]    Compiling rand_chacha v0.9.0
[INFO] [stderr]    Compiling ciborium-ll v0.2.2
[INFO] [stderr]    Compiling proptest v1.11.0
[INFO] [stderr]    Compiling ciborium v0.2.2
[INFO] [stderr]    Compiling criterion v0.8.2
[INFO] [stderr]    Compiling proptest-state-machine v0.8.0
[INFO] [stderr]    Compiling osdns v0.2.3 (/opt/rustwide/workdir)
[INFO] [stderr]     Finished `release` profile [optimized] target(s) in 2m 34s
[INFO] running `Command { std: "docker" "inspect" "b985681074ec00a05af97799dc994545f2168411c4632432a51057a6e0b450ef", kill_on_drop: false }`
[INFO] running `Command { std: "docker" "exec" "-e" "SOURCE_DIR=/opt/rustwide/workdir" "-e" "CARGO_HOME=/opt/rustwide/cargo-home" "-e" "RUSTUP_HOME=/opt/rustwide/rustup-home" "-e" "CARGO_TARGET_DIR=/opt/rustwide/target" "-e" "CARGO_INCREMENTAL=0" "-e" "RUST_BACKTRACE=full" "-e" "RUSTFLAGS=--cap-lints=warn" "-e" "RUSTDOCFLAGS=--cap-lints=warn" "-w" "/opt/rustwide/workdir" "--user" "0:0" "b985681074ec00a05af97799dc994545f2168411c4632432a51057a6e0b450ef" "/opt/rustwide/cargo-home/bin/cargo" "+1.99.0-beta.8" "test" "--frozen" "--release", kill_on_drop: false }`
[INFO] [stderr]     Finished `release` profile [optimized] target(s) in 0.31s
[INFO] [stderr]      Running unittests src/lib.rs (/opt/rustwide/target/release/deps/osdns-68bf666e0ea54810)
[INFO] [stdout] 
[INFO] [stdout] running 41 tests
[INFO] [stdout] test platform::linux::direct::tests::absent_file_is_the_only_read_failure_treated_as_absent ... ok
[INFO] [stdout] test journal::snapshot_codec::decode_snapshot_rejects_backends_without_local_payload ... ok
[INFO] [stdout] test platform::linux::network_manager::identity_tests::device_rename_does_not_change_activation_identity ... ok
[INFO] [stdout] test ownership::tests::slugs_and_hashes_are_collision_free ... ok
[INFO] [stdout] test ownership::tests::windows_guid_resources_slug_without_collisions ... ok
[INFO] [stdout] test platform::linux::network_manager::identity_tests::applying_owned_dns_fields_preserves_unmanaged_priority ... ok
[INFO] [stdout] test platform::linux::network_manager::identity_tests::transient_network_manager_error_is_not_resource_gone ... ok
[INFO] [stdout] test platform::linux::network_manager::identity_tests::structural_device_disappearance_is_a_terminal_status ... ok
[INFO] [stdout] test platform::linux::resolved::resource_identity_tests::absence_is_terminal_only_in_the_recorded_observation_context ... ok
[INFO] [stdout] test platform::linux::resolved::resource_identity_tests::different_live_sysfs_object_proves_replacement ... ok
[INFO] [stdout] test platform::linux::resolved::resource_identity_tests::live_handle_proof_wins_over_mutable_metadata ... ok
[INFO] [stdout] test platform::linux::resolved::resource_identity_tests::transient_resolved_error_is_not_resource_gone ... ok
[INFO] [stdout] test platform::linux::resolved::tests::explicit_default_route_overrides ... ok
[INFO] [stdout] test platform::linux::resolved::tests::unspecified_default_route_preserves_false ... ok
[INFO] [stdout] test platform::linux::watch::tests::overflow_resync_reports_current_and_disappeared_resources ... ok
[INFO] [stdout] test platform::linux::resolved::resource_identity_tests::malformed_persisted_resolved_identity_is_rejected ... ok
[INFO] [stdout] test platform::linux::resolvconf::owner_tag_tests::owner_tags_remain_distinct_after_sanitizing_and_truncation ... ok
[INFO] [stdout] test platform::text_config::tests::nm_root_routing_domain_serialization_is_canonical_wildcard ... ok
[INFO] [stdout] test platform::text_config::tests::nm_fields_without_split_dns_drop_routing ... ok
[INFO] [stdout] test platform::linux::tests::default_route_lookup_returns_a_live_interface ... FAILED
[INFO] [stdout] test platform::text_config::tests::nm_root_routing_domain_parsing_roundtrip ... ok
[INFO] [stdout] test platform::linux::resolved::resource_identity_tests::resolved_resource_parser_validates_the_complete_kind ... ok
[INFO] [stdout] test platform::text_config::tests::nm_routing_entries_roundtrip_through_plan ... ok
[INFO] [stdout] test platform::text_config::tests::nm_fields_root_routing_domain ... ok
[INFO] [stdout] test platform::text_config::tests::resolv_conf_content_is_deterministic ... ok
[INFO] [stdout] test platform::text_config::tests::nm_fields_exclude_unmanaged_priority ... ok
[INFO] [stdout] test platform::text_config::tests::resolv_conf_content_roundtrip ... ok
[INFO] [stdout] test platform::text_config::tests::resolved_domains_search_implies_routing ... ok
[INFO] [stdout] test platform::text_config::tests::resolved_dns_mapping ... ok
[INFO] [stdout] test platform::text_config::tests::nm_fields_from_plan ... ok
[INFO] [stdout] test platform::linux::resolved::resource_identity_tests::restart_fingerprints_are_never_replacement_proof ... ok
[INFO] [stdout] test platform::text_config::tests::nm_routing_matching_semantics_split_search_and_routing ... ok
[INFO] [stdout] test reconciliation::tests::complete_keeps_a_touch_that_arrived_during_the_pass ... ok
[INFO] [stdout] test reconciliation::tests::complete_removes_when_no_touch_arrived ... ok
[INFO] [stdout] test tests::public_types_are_send_sync ... ok
[INFO] [stdout] test platform::linux::resolved::tests::merged_plan_keeps_dns_and_domains_from_plan ... ok
[INFO] [stdout] test platform::text_config::tests::resolved_root_routing_domain_uses_dot_and_route_only ... ok
[INFO] [stdout] test platform::linux::resolved::resource_identity_tests::native_no_such_link_is_resource_scoped_when_resolved_is_available ... ok
[INFO] [stdout] test watch::tests::coalescer_delivers_the_last_observed_state ... ok
[INFO] [stdout] test platform::linux::network_manager::identity_tests::malformed_network_manager_identity_is_rejected ... ok
[INFO] [stdout] test platform::linux::resolved::tests::unspecified_default_route_preserves_true ... ok
[INFO] [stdout] 
[INFO] [stdout] failures:
[INFO] [stdout] 
[INFO] [stdout] ---- platform::linux::tests::default_route_lookup_returns_a_live_interface stdout ----
[INFO] [stdout] 
[INFO] [stdout] thread 'platform::linux::tests::default_route_lookup_returns_a_live_interface' (3514) panicked at src/platform/linux/mod.rs:106:45:
[INFO] [stdout] called `Result::unwrap()` on an `Err` value: BackendUnavailable("Linux route lookup failed: Network is unreachable (os error 101)")
[INFO] [stdout] stack backtrace:
[INFO] [stdout]    0:     0x5c11ef80c581 - <<std[70759c8f55707aa4]::sys::backtrace::BacktraceLock>::print::DisplayBacktrace as core[df12db4294e9bfd3]::fmt::Display>::fmt
[INFO] [stdout]    1:     0x5c11ef82290a - core[df12db4294e9bfd3]::fmt::write
[INFO] [stdout]    2:     0x5c11ef81185c - <alloc[2182bb758b4b3781]::vec::Vec<u8> as core[df12db4294e9bfd3]::io::write::Write>::write_fmt
[INFO] [stdout]    3:     0x5c11ef7e50c6 - std[70759c8f55707aa4]::panicking::default_hook::{closure#0}
[INFO] [stdout]    4:     0x5c11ef8030f9 - std[70759c8f55707aa4]::panicking::default_hook
[INFO] [stdout]    5:     0x5c11ef5a40c0 - test[9d35eded1c95d3be]::test_main_inner::<test[9d35eded1c95d3be]::test_main_static::{closure#0}>::{closure#0}
[INFO] [stdout]    6:     0x5c11ef803422 - std[70759c8f55707aa4]::panicking::panic_with_hook
[INFO] [stdout]    7:     0x5c11ef7e5172 - std[70759c8f55707aa4]::panicking::panic_handler::{closure#0}
[INFO] [stdout]    8:     0x5c11ef7ddac9 - std[70759c8f55707aa4]::sys::backtrace::__rust_end_short_backtrace::<std[70759c8f55707aa4]::panicking::panic_handler::{closure#0}, !>
[INFO] [stdout]    9:     0x5c11ef7e5f5d - __rustc[8fa7c3cbc660c2b3]::rust_begin_unwind
[INFO] [stdout]   10:     0x5c11ef82306c - core[df12db4294e9bfd3]::panicking::panic_fmt
[INFO] [stdout]   11:     0x5c11ef822e42 - core[df12db4294e9bfd3]::result::unwrap_failed
[INFO] [stdout]   12:     0x5c11ef557810 - <osdns[c8193f298d54b3d]::platform::linux::tests::default_route_lookup_returns_a_live_interface::{closure#0} as core[df12db4294e9bfd3]::ops::function::FnOnce<()>>::call_once
[INFO] [stdout]   13:     0x5c11ef5973ab - test[9d35eded1c95d3be]::__rust_begin_short_backtrace::<core[df12db4294e9bfd3]::result::Result<(), alloc[2182bb758b4b3781]::string::String>, fn() -> core[df12db4294e9bfd3]::result::Result<(), alloc[2182bb758b4b3781]::string::String>>
[INFO] [stdout]   14:     0x5c11ef5a4a15 - test[9d35eded1c95d3be]::run_test::{closure#0}
[INFO] [stdout]   15:     0x5c11ef59e2d4 - std[70759c8f55707aa4]::sys::backtrace::__rust_begin_short_backtrace::<test[9d35eded1c95d3be]::run_test::{closure#1}, ()>
[INFO] [stdout]   16:     0x5c11ef5a7b72 - <std[70759c8f55707aa4]::thread::lifecycle::spawn_unchecked<test[9d35eded1c95d3be]::run_test::{closure#1}, ()>::{closure#1} as core[df12db4294e9bfd3]::ops::function::FnOnce<()>>::call_once::{shim:vtable#0}
[INFO] [stdout]   17:     0x5c11ef80afe9 - <std[70759c8f55707aa4]::sys::thread::unix::Thread>::new::thread_start
[INFO] [stdout]   18:     0x78365d014dfa - <unknown>
[INFO] [stdout]   19:     0x78365d0a83d4 - clone
[INFO] [stdout]   20:                0x0 - <unknown>
[INFO] [stdout] 
[INFO] [stdout] 
[INFO] [stdout] failures:
[INFO] [stdout]     platform::linux::tests::default_route_lookup_returns_a_live_interface
[INFO] [stdout] 
[INFO] [stdout] test result: FAILED. 40 passed; 1 failed; 0 ignored; 0 measured; 0 filtered out; finished in 0.03s
[INFO] [stdout] 
[INFO] [stderr] error: test failed, to rerun pass `--lib`
[INFO] running `Command { std: "docker" "inspect" "b985681074ec00a05af97799dc994545f2168411c4632432a51057a6e0b450ef", kill_on_drop: false }`
[INFO] running `Command { std: "docker" "rm" "-f" "b985681074ec00a05af97799dc994545f2168411c4632432a51057a6e0b450ef", kill_on_drop: false }`
[INFO] [stdout] b985681074ec00a05af97799dc994545f2168411c4632432a51057a6e0b450ef
