[INFO] fetching crate osd-core 0.2.27...
[INFO] testing osd-core-0.2.27 against 1.99.0-beta.8+cargoflags=--release for beta-release-1.100-2
[INFO] extracting crate osd-core 0.2.27 into /workspace/builds/worker-4-tc1/source
[INFO] started tweaking crates.io crate osd-core 0.2.27
[INFO] removed 0 missing examples
[INFO] removed 0 missing tests
[INFO] finished tweaking crates.io crate osd-core 0.2.27
[INFO] tweaked toml for crates.io crate osd-core 0.2.27 written to /workspace/builds/worker-4-tc1/source/Cargo.toml
[INFO] validating manifest of crates.io crate osd-core 0.2.27 on toolchain 1.99.0-beta.8
[INFO] running `Command { std: CARGO_HOME="/workspace/cargo-home" RUSTUP_HOME="/workspace/rustup-home" "/workspace/cargo-home/bin/cargo" "+1.99.0-beta.8" "metadata" "--manifest-path" "Cargo.toml" "--no-deps", kill_on_drop: false }`
[INFO] crate crates.io crate osd-core 0.2.27 already has a lockfile, it will not be regenerated
[INFO] running `Command { std: CARGO_HOME="/workspace/cargo-home" RUSTUP_HOME="/workspace/rustup-home" "/workspace/cargo-home/bin/cargo" "+1.99.0-beta.8" "fetch" "--manifest-path" "Cargo.toml", kill_on_drop: false }`
[INFO] running `Command { std: "docker" "create" "-v" "/var/lib/crater-agent-workspace/builds/worker-4-tc1/source:/opt/rustwide/workdir:ro,Z" "-v" "/var/lib/crater-agent-workspace/builds/worker-4-tc1/target:/opt/rustwide/target:rw,Z" "-v" "/var/lib/crater-agent-workspace/cargo-home:/opt/rustwide/cargo-home:ro,Z" "-v" "/var/lib/crater-agent-workspace/rustup-home:/opt/rustwide/rustup-home:ro,Z" "-m" "1610612736" "--network" "none" "ghcr.io/rust-lang/crates-build-env/linux@sha256:77db811e55d90add9212f6832c23229e3de5f1c1f9905e8cb07319ea15df73ac" "sleep" "infinity", kill_on_drop: false }`
[INFO] [stdout] 0d770dba4e4ec5772565f38445d392a4304e8cc2ea752b73908717f4e070a0f2
[INFO] running `Command { std: "docker" "start" "0d770dba4e4ec5772565f38445d392a4304e8cc2ea752b73908717f4e070a0f2", kill_on_drop: false }`
[INFO] running `Command { std: "docker" "inspect" "0d770dba4e4ec5772565f38445d392a4304e8cc2ea752b73908717f4e070a0f2", kill_on_drop: false }`
[INFO] running `Command { std: "docker" "exec" "-e" "SOURCE_DIR=/opt/rustwide/workdir" "-e" "CARGO_HOME=/opt/rustwide/cargo-home" "-e" "RUSTUP_HOME=/opt/rustwide/rustup-home" "-e" "CARGO_TARGET_DIR=/opt/rustwide/target" "-w" "/opt/rustwide/workdir" "--user" "0:0" "0d770dba4e4ec5772565f38445d392a4304e8cc2ea752b73908717f4e070a0f2" "/opt/rustwide/cargo-home/bin/cargo" "+1.99.0-beta.8" "metadata" "--no-deps" "--format-version=1", kill_on_drop: false }`
[INFO] running `Command { std: "docker" "inspect" "0d770dba4e4ec5772565f38445d392a4304e8cc2ea752b73908717f4e070a0f2", kill_on_drop: false }`
[INFO] running `Command { std: "docker" "exec" "-e" "SOURCE_DIR=/opt/rustwide/workdir" "-e" "CARGO_HOME=/opt/rustwide/cargo-home" "-e" "RUSTUP_HOME=/opt/rustwide/rustup-home" "-e" "CARGO_TARGET_DIR=/opt/rustwide/target" "-e" "CARGO_INCREMENTAL=0" "-e" "RUST_BACKTRACE=full" "-e" "RUSTFLAGS=--cap-lints=warn" "-e" "RUSTDOCFLAGS=--cap-lints=warn" "-w" "/opt/rustwide/workdir" "--user" "0:0" "0d770dba4e4ec5772565f38445d392a4304e8cc2ea752b73908717f4e070a0f2" "/opt/rustwide/cargo-home/bin/cargo" "+1.99.0-beta.8" "build" "--frozen" "--message-format=json" "--release", kill_on_drop: false }`
[INFO] [stderr]    Compiling thiserror v2.0.17
[INFO] [stderr]    Compiling proc-macro2 v1.0.103
[INFO] [stderr]    Compiling nom v8.0.0
[INFO] [stderr]    Compiling quote v1.0.42
[INFO] [stderr]    Compiling syn v2.0.111
[INFO] [stderr]    Compiling thiserror-impl v2.0.17
[INFO] [stderr]    Compiling osd-core v0.2.27 (/opt/rustwide/workdir)
[INFO] [stdout] warning: function `parse_arrow` is never used
[INFO] [stdout]    --> src/parser.rs:589:4
[INFO] [stdout]     |
[INFO] [stdout] 589 | fn parse_arrow(input: &str) -> IResult<&str, Arrow> {
[INFO] [stdout]     |    ^^^^^^^^^^^
[INFO] [stdout]     |
[INFO] [stdout]     = note: `#[warn(dead_code)]` (part of `#[warn(unused)]`) on by default
[INFO] [stdout] 
[INFO] [stdout] 
[INFO] [stderr]     Finished `release` profile [optimized] target(s) in 14.64s
[INFO] running `Command { std: "docker" "inspect" "0d770dba4e4ec5772565f38445d392a4304e8cc2ea752b73908717f4e070a0f2", kill_on_drop: false }`
[INFO] running `Command { std: "docker" "exec" "-e" "SOURCE_DIR=/opt/rustwide/workdir" "-e" "CARGO_HOME=/opt/rustwide/cargo-home" "-e" "RUSTUP_HOME=/opt/rustwide/rustup-home" "-e" "CARGO_TARGET_DIR=/opt/rustwide/target" "-e" "CARGO_INCREMENTAL=0" "-e" "RUST_BACKTRACE=full" "-e" "RUSTFLAGS=--cap-lints=warn" "-e" "RUSTDOCFLAGS=--cap-lints=warn" "-w" "/opt/rustwide/workdir" "--user" "0:0" "0d770dba4e4ec5772565f38445d392a4304e8cc2ea752b73908717f4e070a0f2" "/opt/rustwide/cargo-home/bin/cargo" "+1.99.0-beta.8" "test" "--frozen" "--no-run" "--message-format=json" "--release", kill_on_drop: false }`
[INFO] [stderr]    Compiling osd-core v0.2.27 (/opt/rustwide/workdir)
[INFO] [stdout] warning: function `parse_arrow` is never used
[INFO] [stdout]    --> src/parser.rs:589:4
[INFO] [stdout]     |
[INFO] [stdout] 589 | fn parse_arrow(input: &str) -> IResult<&str, Arrow> {
[INFO] [stdout]     |    ^^^^^^^^^^^
[INFO] [stdout]     |
[INFO] [stdout]     = note: `#[warn(dead_code)]` (part of `#[warn(unused)]`) on by default
[INFO] [stdout] 
[INFO] [stdout] 
[INFO] [stdout] warning: unused import: `Diagram`
[INFO] [stdout]  --> tests/stress_test.rs:1:31
[INFO] [stdout]   |
[INFO] [stdout] 1 | use osd_core::{parse, render, Diagram, Item};
[INFO] [stdout]   |                               ^^^^^^^
[INFO] [stdout]   |
[INFO] [stdout]   = note: `#[warn(unused_imports)]` (part of `#[warn(unused)]`) on by default
[INFO] [stdout] 
[INFO] [stdout] 
[INFO] [stdout] warning: function `parse_arrow` is never used
[INFO] [stdout]    --> src/parser.rs:589:4
[INFO] [stdout]     |
[INFO] [stdout] 589 | fn parse_arrow(input: &str) -> IResult<&str, Arrow> {
[INFO] [stdout]     |    ^^^^^^^^^^^
[INFO] [stdout]     |
[INFO] [stdout]     = note: `#[warn(dead_code)]` (part of `#[warn(unused)]`) on by default
[INFO] [stdout] 
[INFO] [stdout] 
[INFO] [stderr]     Finished `release` profile [optimized] target(s) in 6.20s
[INFO] running `Command { std: "docker" "inspect" "0d770dba4e4ec5772565f38445d392a4304e8cc2ea752b73908717f4e070a0f2", kill_on_drop: false }`
[INFO] running `Command { std: "docker" "exec" "-e" "SOURCE_DIR=/opt/rustwide/workdir" "-e" "CARGO_HOME=/opt/rustwide/cargo-home" "-e" "RUSTUP_HOME=/opt/rustwide/rustup-home" "-e" "CARGO_TARGET_DIR=/opt/rustwide/target" "-e" "CARGO_INCREMENTAL=0" "-e" "RUST_BACKTRACE=full" "-e" "RUSTFLAGS=--cap-lints=warn" "-e" "RUSTDOCFLAGS=--cap-lints=warn" "-w" "/opt/rustwide/workdir" "--user" "0:0" "0d770dba4e4ec5772565f38445d392a4304e8cc2ea752b73908717f4e070a0f2" "/opt/rustwide/cargo-home/bin/cargo" "+1.99.0-beta.8" "test" "--frozen" "--release", kill_on_drop: false }`
[INFO] [stderr] warning: function `parse_arrow` is never used
[INFO] [stderr]    --> src/parser.rs:589:4
[INFO] [stderr]     |
[INFO] [stderr] 589 | fn parse_arrow(input: &str) -> IResult<&str, Arrow> {
[INFO] [stderr]     |    ^^^^^^^^^^^
[INFO] [stderr]     |
[INFO] [stderr]     = note: `#[warn(dead_code)]` (part of `#[warn(unused)]`) on by default
[INFO] [stderr] 
[INFO] [stderr] warning: `osd-core` (lib) generated 1 warning
[INFO] [stderr] warning: unused import: `Diagram`
[INFO] [stderr]  --> tests/stress_test.rs:1:31
[INFO] [stderr]   |
[INFO] [stderr] 1 | use osd_core::{parse, render, Diagram, Item};
[INFO] [stderr]   |                               ^^^^^^^
[INFO] [stderr]   |
[INFO] [stderr]   = note: `#[warn(unused_imports)]` (part of `#[warn(unused)]`) on by default
[INFO] [stderr] 
[INFO] [stderr] warning: `osd-core` (test "stress_test") generated 1 warning (run `cargo fix --test "stress_test" -p osd-core` to apply 1 suggestion)
[INFO] [stderr] warning: `osd-core` (lib test) generated 1 warning (1 duplicate)
[INFO] [stderr]     Finished `release` profile [optimized] target(s) in 0.05s
[INFO] [stderr]      Running unittests src/lib.rs (/opt/rustwide/target/release/deps/osd_core-ed93b27b81cec68a)
[INFO] [stdout] 
[INFO] [stdout] running 16 tests
[INFO] [stdout] test parser::tests::test_note ... ok
[INFO] [stdout] test parser::tests::test_alt_else_block ... ok
[INFO] [stdout] test parser::tests::test_option ... ok
[INFO] [stdout] test parser::tests::test_comment ... ok
[INFO] [stdout] test parser::tests::test_multiline_note ... ok
[INFO] [stdout] test parser::tests::test_participant_decl ... ok
[INFO] [stdout] test parser::tests::test_opt_block ... ok
[INFO] [stdout] test parser::tests::test_participant_name_with_spaces ... ok
[INFO] [stdout] test parser::tests::test_participant_with_spaces_and_alias ... ok
[INFO] [stdout] test parser::tests::test_quoted_name_with_colon ... ok
[INFO] [stdout] test parser::tests::test_ref ... ok
[INFO] [stdout] test parser::tests::test_state ... ok
[INFO] [stdout] test parser::tests::test_ref_input_signal_multiline ... ok
[INFO] [stdout] test parser::tests::test_simple_message ... ok
[INFO] [stdout] test renderer::tests::test_render_simple ... ok
[INFO] [stdout] test renderer::tests::test_render_with_note ... ok
[INFO] [stdout] 
[INFO] [stdout] test result: ok. 16 passed; 0 failed; 0 ignored; 0 measured; 0 filtered out; finished in 0.01s
[INFO] [stdout] 
[INFO] [stderr]      Running tests/real_world.rs (/opt/rustwide/target/release/deps/real_world-8eaf25baf43396e3)
[INFO] [stdout] 
[INFO] [stdout] running 2 tests
[INFO] [stdout] test test_simple_auth_flow ... ok
[INFO] [stderr]      Running tests/stress_test.rs (/opt/rustwide/target/release/deps/stress_test-ca878ea55f93a1ca)
[INFO] [stdout] test test_security_setting_diagram ... ok
[INFO] [stdout] 
[INFO] [stdout] test result: ok. 2 passed; 0 failed; 0 ignored; 0 measured; 0 filtered out; finished in 0.00s
[INFO] [stdout] 
[INFO] [stdout] 
[INFO] [stdout] running 2 tests
[INFO] [stdout] test test_delay_parsing ... ok
[INFO] [stdout] test generate_stress_test_svg ... FAILED
[INFO] [stderr] error: test failed, to rerun pass `--test stress_test`
[INFO] [stdout] 
[INFO] [stdout] failures:
[INFO] [stdout] 
[INFO] [stdout] ---- generate_stress_test_svg stdout ----
[INFO] [stdout] 
[INFO] [stdout] thread 'generate_stress_test_svg' (465) panicked at tests/stress_test.rs:161:34:
[INFO] [stdout] Failed to write SVG: Os { code: 2, kind: NotFound, message: "No such file or directory" }
[INFO] [stdout] stack backtrace:
[INFO] [stdout]    0:     0x5665911bb341 - <<std[70759c8f55707aa4]::sys::backtrace::BacktraceLock>::print::DisplayBacktrace as core[df12db4294e9bfd3]::fmt::Display>::fmt
[INFO] [stdout]    1:     0x5665911d01da - core[df12db4294e9bfd3]::fmt::write
[INFO] [stdout]    2:     0x5665911bf7dc - <alloc[2182bb758b4b3781]::vec::Vec<u8> as core[df12db4294e9bfd3]::io::write::Write>::write_fmt
[INFO] [stdout]    3:     0x566591197746 - std[70759c8f55707aa4]::panicking::default_hook::{closure#0}
[INFO] [stdout]    4:     0x5665911b38b9 - std[70759c8f55707aa4]::panicking::default_hook
[INFO] [stdout]    5:     0x56659112b810 - test[9d35eded1c95d3be]::test_main_inner::<test[9d35eded1c95d3be]::test_main_static::{closure#0}>::{closure#0}
[INFO] [stdout]    6:     0x5665911b3a72 - std[70759c8f55707aa4]::panicking::panic_with_hook
[INFO] [stdout]    7:     0x5665911977f2 - std[70759c8f55707aa4]::panicking::panic_handler::{closure#0}
[INFO] [stdout]    8:     0x566591190579 - std[70759c8f55707aa4]::sys::backtrace::__rust_end_short_backtrace::<std[70759c8f55707aa4]::panicking::panic_handler::{closure#0}, !>
[INFO] [stdout]    9:     0x5665911983ed - __rustc[8fa7c3cbc660c2b3]::rust_begin_unwind
[INFO] [stdout]   10:     0x5665911d090c - core[df12db4294e9bfd3]::panicking::panic_fmt
[INFO] [stdout]   11:     0x5665911d06e2 - core[df12db4294e9bfd3]::result::unwrap_failed
[INFO] [stdout]   12:     0x56659111e97b - <stress_test[10af7d22dfab9cb5]::generate_stress_test_svg::{closure#0} as core[df12db4294e9bfd3]::ops::function::FnOnce<()>>::call_once
[INFO] [stdout]   13:     0x56659111eafb - test[9d35eded1c95d3be]::__rust_begin_short_backtrace::<core[df12db4294e9bfd3]::result::Result<(), alloc[2182bb758b4b3781]::string::String>, fn() -> core[df12db4294e9bfd3]::result::Result<(), alloc[2182bb758b4b3781]::string::String>>
[INFO] [stdout]   14:     0x56659112c165 - test[9d35eded1c95d3be]::run_test::{closure#0}
[INFO] [stdout]   15:     0x566591125a24 - std[70759c8f55707aa4]::sys::backtrace::__rust_begin_short_backtrace::<test[9d35eded1c95d3be]::run_test::{closure#1}, ()>
[INFO] [stdout]   16:     0x56659112f2c2 - <std[70759c8f55707aa4]::thread::lifecycle::spawn_unchecked<test[9d35eded1c95d3be]::run_test::{closure#1}, ()>::{closure#1} as core[df12db4294e9bfd3]::ops::function::FnOnce<()>>::call_once::{shim:vtable#0}
[INFO] [stdout]   17:     0x5665911baa29 - <std[70759c8f55707aa4]::sys::thread::unix::Thread>::new::thread_start
[INFO] [stdout]   18:     0x7bc0080e5dfa - <unknown>
[INFO] [stdout]   19:     0x7bc0081793d4 - clone
[INFO] [stdout]   20:                0x0 - <unknown>
[INFO] [stdout] 
[INFO] [stdout] 
[INFO] [stdout] failures:
[INFO] [stdout]     generate_stress_test_svg
[INFO] [stdout] 
[INFO] [stdout] test result: FAILED. 1 passed; 1 failed; 0 ignored; 0 measured; 0 filtered out; finished in 0.00s
[INFO] [stdout] 
[INFO] running `Command { std: "docker" "inspect" "0d770dba4e4ec5772565f38445d392a4304e8cc2ea752b73908717f4e070a0f2", kill_on_drop: false }`
[INFO] running `Command { std: "docker" "rm" "-f" "0d770dba4e4ec5772565f38445d392a4304e8cc2ea752b73908717f4e070a0f2", kill_on_drop: false }`
[INFO] [stdout] 0d770dba4e4ec5772565f38445d392a4304e8cc2ea752b73908717f4e070a0f2
