[INFO] fetching crate osascript-rs 1.1.0...
[INFO] testing osascript-rs-1.1.0 against 1.99.0-beta.8+cargoflags=--release for beta-release-1.100-2
[INFO] extracting crate osascript-rs 1.1.0 into /workspace/builds/worker-4-tc1/source
[INFO] started tweaking crates.io crate osascript-rs 1.1.0
[INFO] finished tweaking crates.io crate osascript-rs 1.1.0
[INFO] tweaked toml for crates.io crate osascript-rs 1.1.0 written to /workspace/builds/worker-4-tc1/source/Cargo.toml
[INFO] validating manifest of crates.io crate osascript-rs 1.1.0 on toolchain 1.99.0-beta.8
[INFO] running `Command { std: CARGO_HOME="/workspace/cargo-home" RUSTUP_HOME="/workspace/rustup-home" "/workspace/cargo-home/bin/cargo" "+1.99.0-beta.8" "metadata" "--manifest-path" "Cargo.toml" "--no-deps", kill_on_drop: false }`
[INFO] running `Command { std: CARGO_HOME="/workspace/cargo-home" RUSTUP_HOME="/workspace/rustup-home" "/workspace/cargo-home/bin/cargo" "+1.99.0-beta.8" "generate-lockfile" "--manifest-path" "Cargo.toml", kill_on_drop: false }`
[INFO] [stderr]     Updating crates.io index
[INFO] [stderr]      Locking 4 packages to highest compatible versions
[INFO] running `Command { std: CARGO_HOME="/workspace/cargo-home" RUSTUP_HOME="/workspace/rustup-home" "/workspace/cargo-home/bin/cargo" "+1.99.0-beta.8" "fetch" "--manifest-path" "Cargo.toml", kill_on_drop: false }`
[INFO] [stderr]  Downloading crates ...
[INFO] [stderr]   Downloaded osascript-macros v1.1.0
[INFO] running `Command { std: "docker" "create" "-v" "/var/lib/crater-agent-workspace/builds/worker-4-tc1/source:/opt/rustwide/workdir:ro,Z" "-v" "/var/lib/crater-agent-workspace/builds/worker-4-tc1/target:/opt/rustwide/target:rw,Z" "-v" "/var/lib/crater-agent-workspace/cargo-home:/opt/rustwide/cargo-home:ro,Z" "-v" "/var/lib/crater-agent-workspace/rustup-home:/opt/rustwide/rustup-home:ro,Z" "-m" "1610612736" "--network" "none" "ghcr.io/rust-lang/crates-build-env/linux@sha256:77db811e55d90add9212f6832c23229e3de5f1c1f9905e8cb07319ea15df73ac" "sleep" "infinity", kill_on_drop: false }`
[INFO] [stdout] 660b8a4a22c65179e4107e374187f6270b279e93113802daa09344778918fd43
[INFO] running `Command { std: "docker" "start" "660b8a4a22c65179e4107e374187f6270b279e93113802daa09344778918fd43", kill_on_drop: false }`
[INFO] running `Command { std: "docker" "inspect" "660b8a4a22c65179e4107e374187f6270b279e93113802daa09344778918fd43", kill_on_drop: false }`
[INFO] running `Command { std: "docker" "exec" "-e" "SOURCE_DIR=/opt/rustwide/workdir" "-e" "CARGO_HOME=/opt/rustwide/cargo-home" "-e" "RUSTUP_HOME=/opt/rustwide/rustup-home" "-e" "CARGO_TARGET_DIR=/opt/rustwide/target" "-w" "/opt/rustwide/workdir" "--user" "0:0" "660b8a4a22c65179e4107e374187f6270b279e93113802daa09344778918fd43" "/opt/rustwide/cargo-home/bin/cargo" "+1.99.0-beta.8" "metadata" "--no-deps" "--format-version=1", kill_on_drop: false }`
[INFO] running `Command { std: "docker" "inspect" "660b8a4a22c65179e4107e374187f6270b279e93113802daa09344778918fd43", kill_on_drop: false }`
[INFO] running `Command { std: "docker" "exec" "-e" "SOURCE_DIR=/opt/rustwide/workdir" "-e" "CARGO_HOME=/opt/rustwide/cargo-home" "-e" "RUSTUP_HOME=/opt/rustwide/rustup-home" "-e" "CARGO_TARGET_DIR=/opt/rustwide/target" "-e" "CARGO_INCREMENTAL=0" "-e" "RUST_BACKTRACE=full" "-e" "RUSTFLAGS=--cap-lints=warn" "-e" "RUSTDOCFLAGS=--cap-lints=warn" "-w" "/opt/rustwide/workdir" "--user" "0:0" "660b8a4a22c65179e4107e374187f6270b279e93113802daa09344778918fd43" "/opt/rustwide/cargo-home/bin/cargo" "+1.99.0-beta.8" "build" "--frozen" "--message-format=json" "--release", kill_on_drop: false }`
[INFO] [stderr]    Compiling osascript-macros v1.1.0
[INFO] [stderr]    Compiling osascript-rs v1.1.0 (/opt/rustwide/workdir)
[INFO] [stderr]     Finished `release` profile [optimized] target(s) in 0.54s
[INFO] running `Command { std: "docker" "inspect" "660b8a4a22c65179e4107e374187f6270b279e93113802daa09344778918fd43", kill_on_drop: false }`
[INFO] running `Command { std: "docker" "exec" "-e" "SOURCE_DIR=/opt/rustwide/workdir" "-e" "CARGO_HOME=/opt/rustwide/cargo-home" "-e" "RUSTUP_HOME=/opt/rustwide/rustup-home" "-e" "CARGO_TARGET_DIR=/opt/rustwide/target" "-e" "CARGO_INCREMENTAL=0" "-e" "RUST_BACKTRACE=full" "-e" "RUSTFLAGS=--cap-lints=warn" "-e" "RUSTDOCFLAGS=--cap-lints=warn" "-w" "/opt/rustwide/workdir" "--user" "0:0" "660b8a4a22c65179e4107e374187f6270b279e93113802daa09344778918fd43" "/opt/rustwide/cargo-home/bin/cargo" "+1.99.0-beta.8" "test" "--frozen" "--no-run" "--message-format=json" "--release", kill_on_drop: false }`
[INFO] [stderr]    Compiling osascript-rs v1.1.0 (/opt/rustwide/workdir)
[INFO] [stdout] warning: unused import: `super::*`
[INFO] [stdout]   --> src/lib.rs:27:9
[INFO] [stdout]    |
[INFO] [stdout] 27 |     use super::*;
[INFO] [stdout]    |         ^^^^^^^^
[INFO] [stdout]    |
[INFO] [stdout]    = note: `#[warn(unused_imports)]` (part of `#[warn(unused)]`) on by default
[INFO] [stdout] 
[INFO] [stdout] 
[INFO] [stderr]     Finished `release` profile [optimized] target(s) in 0.38s
[INFO] running `Command { std: "docker" "inspect" "660b8a4a22c65179e4107e374187f6270b279e93113802daa09344778918fd43", kill_on_drop: false }`
[INFO] running `Command { std: "docker" "exec" "-e" "SOURCE_DIR=/opt/rustwide/workdir" "-e" "CARGO_HOME=/opt/rustwide/cargo-home" "-e" "RUSTUP_HOME=/opt/rustwide/rustup-home" "-e" "CARGO_TARGET_DIR=/opt/rustwide/target" "-e" "CARGO_INCREMENTAL=0" "-e" "RUST_BACKTRACE=full" "-e" "RUSTFLAGS=--cap-lints=warn" "-e" "RUSTDOCFLAGS=--cap-lints=warn" "-w" "/opt/rustwide/workdir" "--user" "0:0" "660b8a4a22c65179e4107e374187f6270b279e93113802daa09344778918fd43" "/opt/rustwide/cargo-home/bin/cargo" "+1.99.0-beta.8" "test" "--frozen" "--release", kill_on_drop: false }`
[INFO] [stderr] warning: unused import: `super::*`
[INFO] [stderr]   --> src/lib.rs:27:9
[INFO] [stderr]    |
[INFO] [stderr] 27 |     use super::*;
[INFO] [stderr]    |         ^^^^^^^^
[INFO] [stderr]    |
[INFO] [stderr]    = note: `#[warn(unused_imports)]` (part of `#[warn(unused)]`) on by default
[INFO] [stderr] 
[INFO] [stderr] warning: `osascript-rs` (lib test) generated 1 warning (run `cargo fix --lib -p osascript-rs --tests` to apply 1 suggestion)
[INFO] [stderr]     Finished `release` profile [optimized] target(s) in 0.01s
[INFO] [stderr]      Running unittests src/lib.rs (/opt/rustwide/target/release/deps/osascript_rs-c4afdf00616e63e8)
[INFO] [stdout] 
[INFO] [stdout] running 3 tests
[INFO] [stdout] test tests::test_multiline_works ... FAILED
[INFO] [stdout] test tests::test_list_notes ... FAILED
[INFO] [stdout] test tests::test_open_url ... FAILED
[INFO] [stdout] 
[INFO] [stdout] failures:
[INFO] [stderr] error: test failed, to rerun pass `--lib`
[INFO] [stdout] 
[INFO] [stdout] ---- tests::test_multiline_works stdout ----
[INFO] [stdout] Executing script lines: ["tell application \"Safari\"", "activate", "open location \"https://www.rust-lang.org\"", "set bounds of front window to {100, 100, 1000, 800}", "end tell"]
[INFO] [stdout] 
[INFO] [stdout] thread 'tests::test_multiline_works' (169) panicked at src/lib.rs:12:31:
[INFO] [stdout] Failed to run AppleScript: Os { code: 2, kind: NotFound, message: "No such file or directory" }
[INFO] [stdout] stack backtrace:
[INFO] [stdout]    0:     0x557871dc9911 - <<std[70759c8f55707aa4]::sys::backtrace::BacktraceLock>::print::DisplayBacktrace as core[df12db4294e9bfd3]::fmt::Display>::fmt
[INFO] [stdout]    1:     0x557871dddf3a - core[df12db4294e9bfd3]::fmt::write
[INFO] [stdout]    2:     0x557871dcdfec - <alloc[2182bb758b4b3781]::vec::Vec<u8> as core[df12db4294e9bfd3]::io::write::Write>::write_fmt
[INFO] [stdout]    3:     0x557871da5ab6 - std[70759c8f55707aa4]::panicking::default_hook::{closure#0}
[INFO] [stdout]    4:     0x557871dc2079 - std[70759c8f55707aa4]::panicking::default_hook
[INFO] [stdout]    5:     0x557871d5e060 - test[9d35eded1c95d3be]::test_main_inner::<test[9d35eded1c95d3be]::test_main_static::{closure#0}>::{closure#0}
[INFO] [stdout]    6:     0x557871dc2232 - std[70759c8f55707aa4]::panicking::panic_with_hook
[INFO] [stdout]    7:     0x557871da5b62 - std[70759c8f55707aa4]::panicking::panic_handler::{closure#0}
[INFO] [stdout]    8:     0x557871d9e8e9 - std[70759c8f55707aa4]::sys::backtrace::__rust_end_short_backtrace::<std[70759c8f55707aa4]::panicking::panic_handler::{closure#0}, !>
[INFO] [stdout]    9:     0x557871da675d - __rustc[8fa7c3cbc660c2b3]::rust_begin_unwind
[INFO] [stdout]   10:     0x557871dde66c - core[df12db4294e9bfd3]::panicking::panic_fmt
[INFO] [stdout]   11:     0x557871dde442 - core[df12db4294e9bfd3]::result::unwrap_failed
[INFO] [stdout]   12:     0x557871d50d6e - osascript_rs[6c664eaa3395bbae]::run_applescript
[INFO] [stdout]   13:     0x557871d512d5 - <osascript_rs[6c664eaa3395bbae]::tests::test_multiline_works::{closure#0} as core[df12db4294e9bfd3]::ops::function::FnOnce<()>>::call_once
[INFO] [stdout]   14:     0x557871d5134b - test[9d35eded1c95d3be]::__rust_begin_short_backtrace::<core[df12db4294e9bfd3]::result::Result<(), alloc[2182bb758b4b3781]::string::String>, fn() -> core[df12db4294e9bfd3]::result::Result<(), alloc[2182bb758b4b3781]::string::String>>
[INFO] [stdout]   15:     0x557871d5e9b5 - test[9d35eded1c95d3be]::run_test::{closure#0}
[INFO] [stdout]   16:     0x557871d58274 - std[70759c8f55707aa4]::sys::backtrace::__rust_begin_short_backtrace::<test[9d35eded1c95d3be]::run_test::{closure#1}, ()>
[INFO] [stdout]   17:     0x557871d61b12 - <std[70759c8f55707aa4]::thread::lifecycle::spawn_unchecked<test[9d35eded1c95d3be]::run_test::{closure#1}, ()>::{closure#1} as core[df12db4294e9bfd3]::ops::function::FnOnce<()>>::call_once::{shim:vtable#0}
[INFO] [stdout]   18:     0x557871dc91e9 - <std[70759c8f55707aa4]::sys::thread::unix::Thread>::new::thread_start
[INFO] [stdout]   19:     0x7d61ac2abdfa - <unknown>
[INFO] [stdout]   20:     0x7d61ac33f3d4 - clone
[INFO] [stdout]   21:                0x0 - <unknown>
[INFO] [stdout] 
[INFO] [stdout] ---- tests::test_list_notes stdout ----
[INFO] [stdout] Executing script lines: ["tell application \"Notes\"", "set noteList to \"\"", "repeat with aNote in notes", "set noteList to noteList & name of aNote & linefeed", "end repeat", "return noteList", "end tell"]
[INFO] [stdout] 
[INFO] [stdout] thread 'tests::test_list_notes' (168) panicked at src/lib.rs:12:31:
[INFO] [stdout] Failed to run AppleScript: Os { code: 2, kind: NotFound, message: "No such file or directory" }
[INFO] [stdout] stack backtrace:
[INFO] [stdout]    0:     0x557871dc9911 - <<std[70759c8f55707aa4]::sys::backtrace::BacktraceLock>::print::DisplayBacktrace as core[df12db4294e9bfd3]::fmt::Display>::fmt
[INFO] [stdout]    1:     0x557871dddf3a - core[df12db4294e9bfd3]::fmt::write
[INFO] [stdout]    2:     0x557871dcdfec - <alloc[2182bb758b4b3781]::vec::Vec<u8> as core[df12db4294e9bfd3]::io::write::Write>::write_fmt
[INFO] [stdout]    3:     0x557871da5ab6 - std[70759c8f55707aa4]::panicking::default_hook::{closure#0}
[INFO] [stdout]    4:     0x557871dc2079 - std[70759c8f55707aa4]::panicking::default_hook
[INFO] [stdout]    5:     0x557871d5e060 - test[9d35eded1c95d3be]::test_main_inner::<test[9d35eded1c95d3be]::test_main_static::{closure#0}>::{closure#0}
[INFO] [stdout]    6:     0x557871dc2232 - std[70759c8f55707aa4]::panicking::panic_with_hook
[INFO] [stdout]    7:     0x557871da5b62 - std[70759c8f55707aa4]::panicking::panic_handler::{closure#0}
[INFO] [stdout]    8:     0x557871d9e8e9 - std[70759c8f55707aa4]::sys::backtrace::__rust_end_short_backtrace::<std[70759c8f55707aa4]::panicking::panic_handler::{closure#0}, !>
[INFO] [stdout]    9:     0x557871da675d - __rustc[8fa7c3cbc660c2b3]::rust_begin_unwind
[INFO] [stdout]   10:     0x557871dde66c - core[df12db4294e9bfd3]::panicking::panic_fmt
[INFO] [stdout]   11:     0x557871dde442 - core[df12db4294e9bfd3]::result::unwrap_failed
[INFO] [stdout]   12:     0x557871d50d6e - osascript_rs[6c664eaa3395bbae]::run_applescript
[INFO] [stdout]   13:     0x557871d512a5 - <osascript_rs[6c664eaa3395bbae]::tests::test_list_notes::{closure#0} as core[df12db4294e9bfd3]::ops::function::FnOnce<()>>::call_once
[INFO] [stdout]   14:     0x557871d5134b - test[9d35eded1c95d3be]::__rust_begin_short_backtrace::<core[df12db4294e9bfd3]::result::Result<(), alloc[2182bb758b4b3781]::string::String>, fn() -> core[df12db4294e9bfd3]::result::Result<(), alloc[2182bb758b4b3781]::string::String>>
[INFO] [stdout]   15:     0x557871d5e9b5 - test[9d35eded1c95d3be]::run_test::{closure#0}
[INFO] [stdout]   16:     0x557871d58274 - std[70759c8f55707aa4]::sys::backtrace::__rust_begin_short_backtrace::<test[9d35eded1c95d3be]::run_test::{closure#1}, ()>
[INFO] [stdout]   17:     0x557871d61b12 - <std[70759c8f55707aa4]::thread::lifecycle::spawn_unchecked<test[9d35eded1c95d3be]::run_test::{closure#1}, ()>::{closure#1} as core[df12db4294e9bfd3]::ops::function::FnOnce<()>>::call_once::{shim:vtable#0}
[INFO] [stdout]   18:     0x557871dc91e9 - <std[70759c8f55707aa4]::sys::thread::unix::Thread>::new::thread_start
[INFO] [stdout]   19:     0x7d61ac2abdfa - <unknown>
[INFO] [stdout]   20:     0x7d61ac33f3d4 - clone
[INFO] [stdout]   21:                0x0 - <unknown>
[INFO] [stdout] 
[INFO] [stdout] ---- tests::test_open_url stdout ----
[INFO] [stdout] Executing script lines: ["tell application \"Safari\" to open location \"https://www.rust-lang.org\""]
[INFO] [stdout] 
[INFO] [stdout] thread 'tests::test_open_url' (170) panicked at src/lib.rs:12:31:
[INFO] [stdout] Failed to run AppleScript: Os { code: 2, kind: NotFound, message: "No such file or directory" }
[INFO] [stdout] stack backtrace:
[INFO] [stdout]    0:     0x557871dc9911 - <<std[70759c8f55707aa4]::sys::backtrace::BacktraceLock>::print::DisplayBacktrace as core[df12db4294e9bfd3]::fmt::Display>::fmt
[INFO] [stdout]    1:     0x557871dddf3a - core[df12db4294e9bfd3]::fmt::write
[INFO] [stdout]    2:     0x557871dcdfec - <alloc[2182bb758b4b3781]::vec::Vec<u8> as core[df12db4294e9bfd3]::io::write::Write>::write_fmt
[INFO] [stdout]    3:     0x557871da5ab6 - std[70759c8f55707aa4]::panicking::default_hook::{closure#0}
[INFO] [stdout]    4:     0x557871dc2079 - std[70759c8f55707aa4]::panicking::default_hook
[INFO] [stdout]    5:     0x557871d5e060 - test[9d35eded1c95d3be]::test_main_inner::<test[9d35eded1c95d3be]::test_main_static::{closure#0}>::{closure#0}
[INFO] [stdout]    6:     0x557871dc2232 - std[70759c8f55707aa4]::panicking::panic_with_hook
[INFO] [stdout]    7:     0x557871da5b62 - std[70759c8f55707aa4]::panicking::panic_handler::{closure#0}
[INFO] [stdout]    8:     0x557871d9e8e9 - std[70759c8f55707aa4]::sys::backtrace::__rust_end_short_backtrace::<std[70759c8f55707aa4]::panicking::panic_handler::{closure#0}, !>
[INFO] [stdout]    9:     0x557871da675d - __rustc[8fa7c3cbc660c2b3]::rust_begin_unwind
[INFO] [stdout]   10:     0x557871dde66c - core[df12db4294e9bfd3]::panicking::panic_fmt
[INFO] [stdout]   11:     0x557871dde442 - core[df12db4294e9bfd3]::result::unwrap_failed
[INFO] [stdout]   12:     0x557871d50d6e - osascript_rs[6c664eaa3395bbae]::run_applescript
[INFO] [stdout]   13:     0x557871d51275 - <osascript_rs[6c664eaa3395bbae]::tests::test_open_url::{closure#0} as core[df12db4294e9bfd3]::ops::function::FnOnce<()>>::call_once
[INFO] [stdout]   14:     0x557871d5134b - test[9d35eded1c95d3be]::__rust_begin_short_backtrace::<core[df12db4294e9bfd3]::result::Result<(), alloc[2182bb758b4b3781]::string::String>, fn() -> core[df12db4294e9bfd3]::result::Result<(), alloc[2182bb758b4b3781]::string::String>>
[INFO] [stdout]   15:     0x557871d5e9b5 - test[9d35eded1c95d3be]::run_test::{closure#0}
[INFO] [stdout]   16:     0x557871d58274 - std[70759c8f55707aa4]::sys::backtrace::__rust_begin_short_backtrace::<test[9d35eded1c95d3be]::run_test::{closure#1}, ()>
[INFO] [stdout]   17:     0x557871d61b12 - <std[70759c8f55707aa4]::thread::lifecycle::spawn_unchecked<test[9d35eded1c95d3be]::run_test::{closure#1}, ()>::{closure#1} as core[df12db4294e9bfd3]::ops::function::FnOnce<()>>::call_once::{shim:vtable#0}
[INFO] [stdout]   18:     0x557871dc91e9 - <std[70759c8f55707aa4]::sys::thread::unix::Thread>::new::thread_start
[INFO] [stdout]   19:     0x7d61ac2abdfa - <unknown>
[INFO] [stdout]   20:     0x7d61ac33f3d4 - clone
[INFO] [stdout]   21:                0x0 - <unknown>
[INFO] [stdout] 
[INFO] [stdout] 
[INFO] [stdout] failures:
[INFO] [stdout]     tests::test_list_notes
[INFO] [stdout]     tests::test_multiline_works
[INFO] [stdout]     tests::test_open_url
[INFO] [stdout] 
[INFO] [stdout] test result: FAILED. 0 passed; 3 failed; 0 ignored; 0 measured; 0 filtered out; finished in 0.00s
[INFO] [stdout] 
[INFO] running `Command { std: "docker" "inspect" "660b8a4a22c65179e4107e374187f6270b279e93113802daa09344778918fd43", kill_on_drop: false }`
[INFO] running `Command { std: "docker" "rm" "-f" "660b8a4a22c65179e4107e374187f6270b279e93113802daa09344778918fd43", kill_on_drop: false }`
[INFO] [stdout] 660b8a4a22c65179e4107e374187f6270b279e93113802daa09344778918fd43
