[INFO] fetching crate osamail 0.5.0...
[INFO] testing osamail-0.5.0 against 1.99.0-beta.8+cargoflags=--release for beta-release-1.100-2
[INFO] extracting crate osamail 0.5.0 into /workspace/builds/worker-5-tc1/source
[INFO] started tweaking crates.io crate osamail 0.5.0
[INFO] removed 0 missing tests
[INFO] finished tweaking crates.io crate osamail 0.5.0
[INFO] tweaked toml for crates.io crate osamail 0.5.0 written to /workspace/builds/worker-5-tc1/source/Cargo.toml
[INFO] validating manifest of crates.io crate osamail 0.5.0 on toolchain 1.99.0-beta.8
[INFO] running `Command { std: CARGO_HOME="/workspace/cargo-home" RUSTUP_HOME="/workspace/rustup-home" "/workspace/cargo-home/bin/cargo" "+1.99.0-beta.8" "metadata" "--manifest-path" "Cargo.toml" "--no-deps", kill_on_drop: false }`
[INFO] crate crates.io crate osamail 0.5.0 already has a lockfile, it will not be regenerated
[INFO] running `Command { std: CARGO_HOME="/workspace/cargo-home" RUSTUP_HOME="/workspace/rustup-home" "/workspace/cargo-home/bin/cargo" "+1.99.0-beta.8" "fetch" "--manifest-path" "Cargo.toml", kill_on_drop: false }`
[INFO] running `Command { std: "docker" "create" "-v" "/var/lib/crater-agent-workspace/builds/worker-5-tc1/source:/opt/rustwide/workdir:ro,Z" "-v" "/var/lib/crater-agent-workspace/builds/worker-5-tc1/target:/opt/rustwide/target:rw,Z" "-v" "/var/lib/crater-agent-workspace/cargo-home:/opt/rustwide/cargo-home:ro,Z" "-v" "/var/lib/crater-agent-workspace/rustup-home:/opt/rustwide/rustup-home:ro,Z" "-m" "1610612736" "--network" "none" "ghcr.io/rust-lang/crates-build-env/linux@sha256:77db811e55d90add9212f6832c23229e3de5f1c1f9905e8cb07319ea15df73ac" "sleep" "infinity", kill_on_drop: false }`
[INFO] [stdout] c408bb0f1160a10cea2b251e602fa8a745be77097f38893e92ed6c4c72066cf4
[INFO] running `Command { std: "docker" "start" "c408bb0f1160a10cea2b251e602fa8a745be77097f38893e92ed6c4c72066cf4", kill_on_drop: false }`
[INFO] running `Command { std: "docker" "inspect" "c408bb0f1160a10cea2b251e602fa8a745be77097f38893e92ed6c4c72066cf4", kill_on_drop: false }`
[INFO] running `Command { std: "docker" "exec" "-e" "SOURCE_DIR=/opt/rustwide/workdir" "-e" "CARGO_HOME=/opt/rustwide/cargo-home" "-e" "RUSTUP_HOME=/opt/rustwide/rustup-home" "-e" "CARGO_TARGET_DIR=/opt/rustwide/target" "-w" "/opt/rustwide/workdir" "--user" "0:0" "c408bb0f1160a10cea2b251e602fa8a745be77097f38893e92ed6c4c72066cf4" "/opt/rustwide/cargo-home/bin/cargo" "+1.99.0-beta.8" "metadata" "--no-deps" "--format-version=1", kill_on_drop: false }`
[INFO] running `Command { std: "docker" "inspect" "c408bb0f1160a10cea2b251e602fa8a745be77097f38893e92ed6c4c72066cf4", kill_on_drop: false }`
[INFO] running `Command { std: "docker" "exec" "-e" "SOURCE_DIR=/opt/rustwide/workdir" "-e" "CARGO_HOME=/opt/rustwide/cargo-home" "-e" "RUSTUP_HOME=/opt/rustwide/rustup-home" "-e" "CARGO_TARGET_DIR=/opt/rustwide/target" "-e" "CARGO_INCREMENTAL=0" "-e" "RUST_BACKTRACE=full" "-e" "RUSTFLAGS=--cap-lints=warn" "-e" "RUSTDOCFLAGS=--cap-lints=warn" "-w" "/opt/rustwide/workdir" "--user" "0:0" "c408bb0f1160a10cea2b251e602fa8a745be77097f38893e92ed6c4c72066cf4" "/opt/rustwide/cargo-home/bin/cargo" "+1.99.0-beta.8" "build" "--frozen" "--message-format=json" "--release", kill_on_drop: false }`
[INFO] [stderr]    Compiling libc v0.2.189
[INFO] [stderr]    Compiling getrandom v0.4.3
[INFO] [stderr]    Compiling bitflags v2.13.1
[INFO] [stderr]    Compiling syn v3.0.3
[INFO] [stderr]    Compiling clap_builder v4.6.2
[INFO] [stderr]    Compiling fastrand v2.5.0
[INFO] [stderr]    Compiling serde_json v1.0.151
[INFO] [stderr]    Compiling rustix v1.1.4
[INFO] [stderr]    Compiling tempfile v3.27.0
[INFO] [stderr]    Compiling clap_derive v4.6.4
[INFO] [stderr]    Compiling thiserror-impl v2.0.19
[INFO] [stderr]    Compiling serde_derive v1.0.229
[INFO] [stderr]    Compiling thiserror v2.0.19
[INFO] [stderr]    Compiling clap v4.6.4
[INFO] [stderr]    Compiling serde v1.0.229
[INFO] [stderr]    Compiling osamail v0.5.0 (/opt/rustwide/workdir)
[INFO] [stderr]     Finished `release` profile [optimized] target(s) in 27.83s
[INFO] running `Command { std: "docker" "inspect" "c408bb0f1160a10cea2b251e602fa8a745be77097f38893e92ed6c4c72066cf4", kill_on_drop: false }`
[INFO] running `Command { std: "docker" "exec" "-e" "SOURCE_DIR=/opt/rustwide/workdir" "-e" "CARGO_HOME=/opt/rustwide/cargo-home" "-e" "RUSTUP_HOME=/opt/rustwide/rustup-home" "-e" "CARGO_TARGET_DIR=/opt/rustwide/target" "-e" "CARGO_INCREMENTAL=0" "-e" "RUST_BACKTRACE=full" "-e" "RUSTFLAGS=--cap-lints=warn" "-e" "RUSTDOCFLAGS=--cap-lints=warn" "-w" "/opt/rustwide/workdir" "--user" "0:0" "c408bb0f1160a10cea2b251e602fa8a745be77097f38893e92ed6c4c72066cf4" "/opt/rustwide/cargo-home/bin/cargo" "+1.99.0-beta.8" "test" "--frozen" "--no-run" "--message-format=json" "--release", kill_on_drop: false }`
[INFO] [stderr]    Compiling regex-automata v0.4.16
[INFO] [stderr]    Compiling getrandom v0.4.3
[INFO] [stderr]    Compiling predicates-core v1.0.10
[INFO] [stderr]    Compiling assert_cmd v2.2.2
[INFO] [stderr]    Compiling wait-timeout v0.2.1
[INFO] [stderr]    Compiling float-cmp v0.10.0
[INFO] [stderr]    Compiling yansi v1.0.1
[INFO] [stderr]    Compiling diff v0.1.13
[INFO] [stderr]    Compiling predicates-tree v1.0.13
[INFO] [stderr]    Compiling tempfile v3.27.0
[INFO] [stderr]    Compiling osamail v0.5.0 (/opt/rustwide/workdir)
[INFO] [stderr]    Compiling pretty_assertions v1.4.1
[INFO] [stderr]    Compiling regex v1.13.1
[INFO] [stderr]    Compiling bstr v1.13.0
[INFO] [stderr]    Compiling predicates v3.1.4
[INFO] [stderr]     Finished `release` profile [optimized] target(s) in 25.17s
[INFO] running `Command { std: "docker" "inspect" "c408bb0f1160a10cea2b251e602fa8a745be77097f38893e92ed6c4c72066cf4", kill_on_drop: false }`
[INFO] running `Command { std: "docker" "exec" "-e" "SOURCE_DIR=/opt/rustwide/workdir" "-e" "CARGO_HOME=/opt/rustwide/cargo-home" "-e" "RUSTUP_HOME=/opt/rustwide/rustup-home" "-e" "CARGO_TARGET_DIR=/opt/rustwide/target" "-e" "CARGO_INCREMENTAL=0" "-e" "RUST_BACKTRACE=full" "-e" "RUSTFLAGS=--cap-lints=warn" "-e" "RUSTDOCFLAGS=--cap-lints=warn" "-w" "/opt/rustwide/workdir" "--user" "0:0" "c408bb0f1160a10cea2b251e602fa8a745be77097f38893e92ed6c4c72066cf4" "/opt/rustwide/cargo-home/bin/cargo" "+1.99.0-beta.8" "test" "--frozen" "--release", kill_on_drop: false }`
[INFO] [stderr]     Finished `release` profile [optimized] target(s) in 0.08s
[INFO] [stderr]      Running unittests src/lib.rs (/opt/rustwide/target/release/deps/osamail-8d18b6f87b92afdc)
[INFO] [stdout] 
[INFO] [stdout] running 59 tests
[INFO] [stdout] test automation::runner::tests::mark_script_gates_every_write_behind_dry_run ... ok
[INFO] [stdout] test automation::runner::tests::request_files_have_private_permissions ... ok
[INFO] [stdout] test automation::runner::tests::user_content_is_not_present_in_process_arguments ... ok
[INFO] [stdout] test automation::runner::tests::production_command_uses_absolute_osascript_without_shell ... ok
[INFO] [stdout] test automation::runner::tests::move_script_gates_the_write_behind_dry_run ... ok
[INFO] [stdout] test automation::runner::tests::show_script_does_not_swallow_property_read_errors ... ok
[INFO] [stdout] test cli::tests::mailboxes_accepts_an_exact_account_filter ... ok
[INFO] [stdout] test cli::tests::mark_accepts_a_bounded_batch ... ok
[INFO] [stdout] test automation::runner::tests::list_script_never_loads_message_bodies_for_metadata_output ... ok
[INFO] [stdout] test cli::tests::move_and_archive_share_one_explicit_destination_shape ... ok
[INFO] [stdout] test cli::tests::mutation_commands_accept_explicit_stdin_reference_input ... ok
[INFO] [stdout] test automation::runner::tests::nonzero_status_is_a_script_failure ... ok
[INFO] [stdout] test cli::tests::mutation_commands_require_a_reference_source ... ok
[INFO] [stdout] test cli::tests::parses_global_options_after_subcommand ... ok
[INFO] [stdout] test cli::tests::mark_exposes_four_actions_and_dry_run ... ok
[INFO] [stdout] test cli::tests::read_commands_accept_local_date_filters ... ok
[INFO] [stdout] test cli::tests::command_definition_is_valid ... ok
[INFO] [stdout] test cli::tests::read_commands_reject_invalid_calendar_dates ... ok
[INFO] [stdout] test automation::runner::tests::invalid_json_is_rejected ... ok
[INFO] [stdout] test automation::runner::tests::maps_native_permission_error ... ok
[INFO] [stdout] test cli::tests::rejects_limit_outside_range ... ok
[INFO] [stdout] test cli::tests::send_body_sources_are_mutually_exclusive ... ok
[INFO] [stdout] test cli::tests::send_requires_a_to_recipient ... ok
[INFO] [stdout] test automation::runner::tests::parses_successful_json ... ok
[INFO] [stdout] test cli::tests::send_supports_multiple_recipients ... ok
[INFO] [stdout] test cli::tests::unread_titles_conflicts_with_count ... ok
[INFO] [stdout] test commands::tests::archive_dry_run_uses_an_explicit_typed_destination ... ok
[INFO] [stdout] test commands::tests::archive_reads_a_reference_from_stdin_in_dry_run_mode ... ok
[INFO] [stdout] test commands::tests::automation_error_codes_map_to_exit_codes ... ok
[INFO] [stdout] test automation::runner::tests::request_files_are_removed_after_execution ... ok
[INFO] [stdout] test commands::tests::combined_reference_input_keeps_the_fifty_message_limit ... ok
[INFO] [stdout] test commands::tests::date_filters_are_serialized_without_requiring_a_search_query ... ok
[INFO] [stdout] test commands::tests::dry_run_never_calls_send_without_account_validation ... ok
[INFO] [stdout] test commands::tests::empty_stdin_reference_input_is_rejected_before_mail_access ... ok
[INFO] [stdout] test commands::tests::mark_batch_reports_each_result_and_continues_after_failure ... ok
[INFO] [stdout] test commands::tests::mark_dry_run_serializes_the_locator_without_applying_a_change ... ok
[INFO] [stdout] test commands::tests::invalid_date_range_is_rejected_before_mail_access ... ok
[INFO] [stdout] test commands::tests::mailboxes_emit_sorted_opaque_destination_references ... ok
[INFO] [stdout] test commands::tests::move_batch_reports_invalid_items_without_skipping_valid_ones ... ok
[INFO] [stdout] test cli::tests::read_commands_expose_delayed_progress_messages ... ok
[INFO] [stdout] test commands::tests::mark_reads_ordered_references_from_stdin ... ok
[INFO] [stdout] test commands::tests::unread_titles_requests_minimal_output ... ok
[INFO] [stdout] test commands::tests::one_stdin_reference_preserves_the_single_mark_result_shape ... ok
[INFO] [stdout] test commands::tests::unread_count_human_output_is_only_the_number ... ok
[INFO] [stdout] test output::tests::body_truncation_preserves_utf8 ... ok
[INFO] [stdout] test commands::tests::unicode_send_request_serializes_without_source_interpolation ... ok
[INFO] [stdout] test output::tests::titles_are_one_per_line ... ok
[INFO] [stdout] test reference::tests::round_trips_mailbox_reference ... ok
[INFO] [stdout] test reference::tests::round_trips_unicode_locator ... ok
[INFO] [stdout] test commands::tests::unread_count_json_uses_structured_output ... ok
[INFO] [stdout] test output::tests::error_json_is_structured ... ok
[INFO] [stdout] test output::tests::json_success_is_a_single_valid_value ... ok
[INFO] [stdout] test reference::tests::rejects_semantically_invalid_locator ... ok
[INFO] [stdout] test reference::tests::rejects_message_reference_as_mailbox_reference ... ok
[INFO] [stdout] test output::tests::mark_dry_run_output_is_explicit_about_no_change ... ok
[INFO] [stdout] test reference::tests::rejects_damaged_reference ... ok
[INFO] [stdout] test output::tests::lookup_errors_include_recovery_hints_in_human_and_json_output ... ok
[INFO] [stdout] test commands::tests::search_titles_json_is_structured ... ok
[INFO] [stdout] test automation::runner::tests::timeout_kills_the_child ... ok
[INFO] [stdout] 
[INFO] [stdout] test result: ok. 59 passed; 0 failed; 0 ignored; 0 measured; 0 filtered out; finished in 0.06s
[INFO] [stdout] 
[INFO] [stderr]      Running unittests src/main.rs (/opt/rustwide/target/release/deps/osamail-bfb9fa6a00d343b1)
[INFO] [stdout] 
[INFO] [stdout] running 2 tests
[INFO] [stdout] test tests::disabled_progress_finishes_cleanly ... ok
[INFO] [stdout] test tests::json_detection_stops_at_argument_separator ... ok
[INFO] [stderr]      Running tests/cli.rs (/opt/rustwide/target/release/deps/cli-5248155a42b6c0a0)
[INFO] [stdout] 
[INFO] [stdout] test result: ok. 2 passed; 0 failed; 0 ignored; 0 measured; 0 filtered out; finished in 0.00s
[INFO] [stdout] 
[INFO] [stdout] 
[INFO] [stdout] running 8 tests
[INFO] [stdout] test help_is_available_without_mail ... ok
[INFO] [stdout] test version_is_available_without_mail ... ok
[INFO] [stdout] test zero_limit_is_rejected_before_mail_access ... ok
[INFO] [stdout] test send_requires_a_to_recipient ... ok
[INFO] [stdout] test json_argument_errors_are_exactly_one_json_value ... ok
[INFO] [stdout] test mark_rejects_an_invalid_reference_before_mail_access ... FAILED
[INFO] [stdout] test dry_run_never_sends_mail ... FAILED
[INFO] [stdout] test invalid_reference_is_rejected_before_mail_access ... FAILED
[INFO] [stdout] 
[INFO] [stdout] failures:
[INFO] [stdout] 
[INFO] [stdout] ---- mark_rejects_an_invalid_reference_before_mail_access stdout ----
[INFO] [stdout] 
[INFO] [stdout] thread 'mark_rejects_an_invalid_reference_before_mail_access' (1077) panicked at tests/cli.rs:77:10:
[INFO] [stdout] Unexpected return code, failed var == 2
[INFO] [stdout] └── var: 3
[INFO] [stdout] 
[INFO] [stdout] command=`"/opt/rustwide/target/release/osamail" "mark" "read" "invalid-reference" "--dry-run"`
[INFO] [stdout] code=3
[INFO] [stdout] stdout=""
[INFO] [stdout] stderr=```
[INFO] [stdout] error: OsaMail only supports macOS.
[INFO] [stdout] hint: Run OsaMail on macOS with Apple Mail installed.
[INFO] [stdout] ```
[INFO] [stdout] 
[INFO] [stdout] 
[INFO] [stdout] stack backtrace:
[INFO] [stdout]    0:     0x63e91eabb8d1 - <<std[70759c8f55707aa4]::sys::backtrace::BacktraceLock>::print::DisplayBacktrace as core[df12db4294e9bfd3]::fmt::Display>::fmt
[INFO] [stdout]    1:     0x63e91ead270a - core[df12db4294e9bfd3]::fmt::write
[INFO] [stdout]    2:     0x63e91eac115c - <alloc[2182bb758b4b3781]::vec::Vec<u8> as core[df12db4294e9bfd3]::io::write::Write>::write_fmt
[INFO] [stdout]    3:     0x63e91ea978d6 - std[70759c8f55707aa4]::panicking::default_hook::{closure#0}
[INFO] [stdout]    4:     0x63e91eab3f09 - std[70759c8f55707aa4]::panicking::default_hook
[INFO] [stdout]    5:     0x63e91e9775f0 - test[9d35eded1c95d3be]::test_main_inner::<test[9d35eded1c95d3be]::test_main_static::{closure#0}>::{closure#0}
[INFO] [stdout]    6:     0x63e91eab40c2 - std[70759c8f55707aa4]::panicking::panic_with_hook
[INFO] [stdout]    7:     0x63e91ea97982 - std[70759c8f55707aa4]::panicking::panic_handler::{closure#0}
[INFO] [stdout]    8:     0x63e91ea90709 - std[70759c8f55707aa4]::sys::backtrace::__rust_end_short_backtrace::<std[70759c8f55707aa4]::panicking::panic_handler::{closure#0}, !>
[INFO] [stdout]    9:     0x63e91ea9857d - __rustc[8fa7c3cbc660c2b3]::rust_begin_unwind
[INFO] [stdout]   10:     0x63e91ead2eec - core[df12db4294e9bfd3]::panicking::panic_fmt
[INFO] [stdout]   11:     0x63e91e962730 - <assert_cmd[b010ba7ee3437b62]::assert::AssertError>::panic::<assert_cmd[b010ba7ee3437b62]::assert::Assert>
[INFO] [stdout]   12:     0x63e91e9669bf - <cli[aebb7fbfe554208]::mark_rejects_an_invalid_reference_before_mail_access::{closure#0} as core[df12db4294e9bfd3]::ops::function::FnOnce<()>>::call_once
[INFO] [stdout]   13:     0x63e91e96a8db - test[9d35eded1c95d3be]::__rust_begin_short_backtrace::<core[df12db4294e9bfd3]::result::Result<(), alloc[2182bb758b4b3781]::string::String>, fn() -> core[df12db4294e9bfd3]::result::Result<(), alloc[2182bb758b4b3781]::string::String>>
[INFO] [stdout]   14:     0x63e91e977f45 - test[9d35eded1c95d3be]::run_test::{closure#0}
[INFO] [stdout]   15:     0x63e91e971804 - std[70759c8f55707aa4]::sys::backtrace::__rust_begin_short_backtrace::<test[9d35eded1c95d3be]::run_test::{closure#1}, ()>
[INFO] [stdout]   16:     0x63e91e97b0a2 - <std[70759c8f55707aa4]::thread::lifecycle::spawn_unchecked<test[9d35eded1c95d3be]::run_test::{closure#1}, ()>::{closure#1} as core[df12db4294e9bfd3]::ops::function::FnOnce<()>>::call_once::{shim:vtable#0}
[INFO] [stdout]   17:     0x63e91eabb129 - <std[70759c8f55707aa4]::sys::thread::unix::Thread>::new::thread_start
[INFO] [stdout]   18:     0x73967cb12dfa - <unknown>
[INFO] [stdout]   19:     0x73967cba63d4 - clone
[INFO] [stdout]   20:                0x0 - <unknown>
[INFO] [stdout] 
[INFO] [stdout] ---- dry_run_never_sends_mail stdout ----
[INFO] [stdout] 
[INFO] [stdout] thread 'dry_run_never_sends_mail' (1073) panicked at tests/cli.rs:96:10:
[INFO] [stdout] Unexpected failure.
[INFO] [stdout] code=3
[INFO] [stdout] stderr=``````
[INFO] [stdout] {
[INFO] [stdout]   \"ok\": false,
[INFO] [stdout]   \"error\": {
[INFO] [stdout]     \"code\": \"UNSUPPORTED_PLATFORM\",
[INFO] [stdout]     \"message\": \"OsaMail only supports macOS.\",
[INFO] [stdout]     \"hint\": \"Run OsaMail on macOS with Apple Mail installed.\"
[INFO] [stdout]   }
[INFO] [stdout] }
[INFO] [stdout] ```
[INFO] [stdout] ```
[INFO] [stdout] command=`"/opt/rustwide/target/release/osamail" "send" "--to" "test@example.invalid" "--subject" "integration dry run" "--body" "not sent" "--dry-run" "--json"`
[INFO] [stdout] code=3
[INFO] [stdout] stdout=""
[INFO] [stdout] stderr=```
[INFO] [stdout] {
[INFO] [stdout]   \"ok\": false,
[INFO] [stdout]   \"error\": {
[INFO] [stdout]     \"code\": \"UNSUPPORTED_PLATFORM\",
[INFO] [stdout]     \"message\": \"OsaMail only supports macOS.\",
[INFO] [stdout]     \"hint\": \"Run OsaMail on macOS with Apple Mail installed.\"
[INFO] [stdout]   }
[INFO] [stdout] }
[INFO] [stdout] ```
[INFO] [stdout] 
[INFO] [stdout] 
[INFO] [stdout] stack backtrace:
[INFO] [stdout]    0:     0x63e91eabb8d1 - <<std[70759c8f55707aa4]::sys::backtrace::BacktraceLock>::print::DisplayBacktrace as core[df12db4294e9bfd3]::fmt::Display>::fmt
[INFO] [stdout]    1:     0x63e91ead270a - core[df12db4294e9bfd3]::fmt::write
[INFO] [stdout]    2:     0x63e91eac115c - <alloc[2182bb758b4b3781]::vec::Vec<u8> as core[df12db4294e9bfd3]::io::write::Write>::write_fmt
[INFO] [stdout]    3:     0x63e91ea978d6 - std[70759c8f55707aa4]::panicking::default_hook::{closure#0}
[INFO] [stdout]    4:     0x63e91eab3f09 - std[70759c8f55707aa4]::panicking::default_hook
[INFO] [stdout]    5:     0x63e91e9775f0 - test[9d35eded1c95d3be]::test_main_inner::<test[9d35eded1c95d3be]::test_main_static::{closure#0}>::{closure#0}
[INFO] [stdout]    6:     0x63e91eab40c2 - std[70759c8f55707aa4]::panicking::panic_with_hook
[INFO] [stdout]    7:     0x63e91ea97982 - std[70759c8f55707aa4]::panicking::panic_handler::{closure#0}
[INFO] [stdout]    8:     0x63e91ea90709 - std[70759c8f55707aa4]::sys::backtrace::__rust_end_short_backtrace::<std[70759c8f55707aa4]::panicking::panic_handler::{closure#0}, !>
[INFO] [stdout]    9:     0x63e91ea9857d - __rustc[8fa7c3cbc660c2b3]::rust_begin_unwind
[INFO] [stdout]   10:     0x63e91ead2eec - core[df12db4294e9bfd3]::panicking::panic_fmt
[INFO] [stdout]   11:     0x63e91e9ab89f - <assert_cmd[b010ba7ee3437b62]::assert::AssertError>::panic::<assert_cmd[b010ba7ee3437b62]::assert::Assert>
[INFO] [stdout]   12:     0x63e91e9ac1f9 - <assert_cmd[b010ba7ee3437b62]::assert::Assert>::success
[INFO] [stdout]   13:     0x63e91e964fed - <cli[aebb7fbfe554208]::dry_run_never_sends_mail::{closure#0} as core[df12db4294e9bfd3]::ops::function::FnOnce<()>>::call_once
[INFO] [stdout]   14:     0x63e91e96a8db - test[9d35eded1c95d3be]::__rust_begin_short_backtrace::<core[df12db4294e9bfd3]::result::Result<(), alloc[2182bb758b4b3781]::string::String>, fn() -> core[df12db4294e9bfd3]::result::Result<(), alloc[2182bb758b4b3781]::string::String>>
[INFO] [stdout]   15:     0x63e91e977f45 - test[9d35eded1c95d3be]::run_test::{closure#0}
[INFO] [stdout]   16:     0x63e91e971804 - std[70759c8f55707aa4]::sys::backtrace::__rust_begin_short_backtrace::<test[9d35eded1c95d3be]::run_test::{closure#1}, ()>
[INFO] [stdout]   17:     0x63e91e97b0a2 - <std[70759c8f55707aa4]::thread::lifecycle::spawn_unchecked<test[9d35eded1c95d3be]::run_test::{closure#1}, ()>::{closure#1} as core[df12db4294e9bfd3]::ops::function::FnOnce<()>>::call_once::{shim:vtable#0}
[INFO] [stdout]   18:     0x63e91eabb129 - <std[70759c8f55707aa4]::sys::thread::unix::Thread>::new::thread_start
[INFO] [stdout]   19:     0x73967cb12dfa - <unknown>
[INFO] [stdout]   20:     0x73967cba63d4 - clone
[INFO] [stdout]   21:                0x0 - <unknown>
[INFO] [stdout] 
[INFO] [stdout] ---- invalid_reference_is_rejected_before_mail_access stdout ----
[INFO] [stdout] 
[INFO] [stdout] thread 'invalid_reference_is_rejected_before_mail_access' (1075) panicked at tests/cli.rs:67:10:
[INFO] [stdout] Unexpected return code, failed var == 2
[INFO] [stdout] └── var: 3
[INFO] [stdout] 
[INFO] [stdout] command=`"/opt/rustwide/target/release/osamail" "show" "invalid-reference"`
[INFO] [stdout] code=3
[INFO] [stdout] stdout=""
[INFO] [stdout] stderr=```
[INFO] [stdout] error: OsaMail only supports macOS.
[INFO] [stdout] hint: Run OsaMail on macOS with Apple Mail installed.
[INFO] [stdout] ```
[INFO] [stdout] 
[INFO] [stdout] 
[INFO] [stdout] stack backtrace:
[INFO] [stdout]    0:     0x63e91eabb8d1 - <<std[70759c8f55707aa4]::sys::backtrace::BacktraceLock>::print::DisplayBacktrace as core[df12db4294e9bfd3]::fmt::Display>::fmt
[INFO] [stdout]    1:     0x63e91ead270a - core[df12db4294e9bfd3]::fmt::write
[INFO] [stdout]    2:     0x63e91eac115c - <alloc[2182bb758b4b3781]::vec::Vec<u8> as core[df12db4294e9bfd3]::io::write::Write>::write_fmt
[INFO] [stdout]    3:     0x63e91ea978d6 - std[70759c8f55707aa4]::panicking::default_hook::{closure#0}
[INFO] [stdout]    4:     0x63e91eab3f09 - std[70759c8f55707aa4]::panicking::default_hook
[INFO] [stdout]    5:     0x63e91e9775f0 - test[9d35eded1c95d3be]::test_main_inner::<test[9d35eded1c95d3be]::test_main_static::{closure#0}>::{closure#0}
[INFO] [stdout]    6:     0x63e91eab40c2 - std[70759c8f55707aa4]::panicking::panic_with_hook
[INFO] [stdout]    7:     0x63e91ea97982 - std[70759c8f55707aa4]::panicking::panic_handler::{closure#0}
[INFO] [stdout]    8:     0x63e91ea90709 - std[70759c8f55707aa4]::sys::backtrace::__rust_end_short_backtrace::<std[70759c8f55707aa4]::panicking::panic_handler::{closure#0}, !>
[INFO] [stdout]    9:     0x63e91ea9857d - __rustc[8fa7c3cbc660c2b3]::rust_begin_unwind
[INFO] [stdout]   10:     0x63e91ead2eec - core[df12db4294e9bfd3]::panicking::panic_fmt
[INFO] [stdout]   11:     0x63e91e962730 - <assert_cmd[b010ba7ee3437b62]::assert::AssertError>::panic::<assert_cmd[b010ba7ee3437b62]::assert::Assert>
[INFO] [stdout]   12:     0x63e91e96660b - <cli[aebb7fbfe554208]::invalid_reference_is_rejected_before_mail_access::{closure#0} as core[df12db4294e9bfd3]::ops::function::FnOnce<()>>::call_once
[INFO] [stdout]   13:     0x63e91e96a8db - test[9d35eded1c95d3be]::__rust_begin_short_backtrace::<core[df12db4294e9bfd3]::result::Result<(), alloc[2182bb758b4b3781]::string::String>, fn() -> core[df12db4294e9bfd3]::result::Result<(), alloc[2182bb758b4b3781]::string::String>>
[INFO] [stdout]   14:     0x63e91e977f45 - test[9d35eded1c95d3be]::run_test::{closure#0}
[INFO] [stdout]   15:     0x63e91e971804 - std[70759c8f55707aa4]::sys::backtrace::__rust_begin_short_backtrace::<test[9d35eded1c95d3be]::run_test::{closure#1}, ()>
[INFO] [stdout]   16:     0x63e91e97b0a2 - <std[70759c8f55707aa4]::thread::lifecycle::spawn_unchecked<test[9d35eded1c95d3be]::run_test::{closure#1}, ()>::{closure#1} as core[df12db4294e9bfd3]::ops::function::FnOnce<()>>::call_once::{shim:vtable#0}
[INFO] [stdout]   17:     0x63e91eabb129 - <std[70759c8f55707aa4]::sys::thread::unix::Thread>::new::thread_start
[INFO] [stdout]   18:     0x73967cb12dfa - <unknown>
[INFO] [stdout]   19:     0x73967cba63d4 - clone
[INFO] [stdout]   20:                0x0 - <unknown>
[INFO] [stdout] 
[INFO] [stdout] 
[INFO] [stdout] failures:
[INFO] [stdout]     dry_run_never_sends_mail
[INFO] [stdout]     invalid_reference_is_rejected_before_mail_access
[INFO] [stdout]     mark_rejects_an_invalid_reference_before_mail_access
[INFO] [stdout] 
[INFO] [stdout] test result: FAILED. 5 passed; 3 failed; 0 ignored; 0 measured; 0 filtered out; finished in 0.01s
[INFO] [stdout] 
[INFO] [stderr] error: test failed, to rerun pass `--test cli`
[INFO] running `Command { std: "docker" "inspect" "c408bb0f1160a10cea2b251e602fa8a745be77097f38893e92ed6c4c72066cf4", kill_on_drop: false }`
[INFO] running `Command { std: "docker" "rm" "-f" "c408bb0f1160a10cea2b251e602fa8a745be77097f38893e92ed6c4c72066cf4", kill_on_drop: false }`
[INFO] [stdout] c408bb0f1160a10cea2b251e602fa8a745be77097f38893e92ed6c4c72066cf4
