[INFO] fetching crate os_info 3.15.0...
[INFO] testing os_info-3.15.0 against 1.99.0-beta.8+cargoflags=--release for beta-release-1.100-2
[INFO] extracting crate os_info 3.15.0 into /workspace/builds/worker-3-tc1/source
[INFO] started tweaking crates.io crate os_info 3.15.0
[INFO] finished tweaking crates.io crate os_info 3.15.0
[INFO] tweaked toml for crates.io crate os_info 3.15.0 written to /workspace/builds/worker-3-tc1/source/Cargo.toml
[INFO] validating manifest of crates.io crate os_info 3.15.0 on toolchain 1.99.0-beta.8
[INFO] running `Command { std: CARGO_HOME="/workspace/cargo-home" RUSTUP_HOME="/workspace/rustup-home" "/workspace/cargo-home/bin/cargo" "+1.99.0-beta.8" "metadata" "--manifest-path" "Cargo.toml" "--no-deps", kill_on_drop: false }`
[INFO] crate crates.io crate os_info 3.15.0 already has a lockfile, it will not be regenerated
[INFO] running `Command { std: CARGO_HOME="/workspace/cargo-home" RUSTUP_HOME="/workspace/rustup-home" "/workspace/cargo-home/bin/cargo" "+1.99.0-beta.8" "fetch" "--manifest-path" "Cargo.toml", kill_on_drop: false }`
[INFO] running `Command { std: "docker" "create" "-v" "/var/lib/crater-agent-workspace/builds/worker-3-tc1/source:/opt/rustwide/workdir:ro,Z" "-v" "/var/lib/crater-agent-workspace/builds/worker-3-tc1/target:/opt/rustwide/target:rw,Z" "-v" "/var/lib/crater-agent-workspace/cargo-home:/opt/rustwide/cargo-home:ro,Z" "-v" "/var/lib/crater-agent-workspace/rustup-home:/opt/rustwide/rustup-home:ro,Z" "-m" "1610612736" "--network" "none" "ghcr.io/rust-lang/crates-build-env/linux@sha256:77db811e55d90add9212f6832c23229e3de5f1c1f9905e8cb07319ea15df73ac" "sleep" "infinity", kill_on_drop: false }`
[INFO] [stdout] 4f9180ac0f4c80151f6230712b565c72dcebb031308a399039f39dd417c77929
[INFO] running `Command { std: "docker" "start" "4f9180ac0f4c80151f6230712b565c72dcebb031308a399039f39dd417c77929", kill_on_drop: false }`
[INFO] running `Command { std: "docker" "inspect" "4f9180ac0f4c80151f6230712b565c72dcebb031308a399039f39dd417c77929", kill_on_drop: false }`
[INFO] running `Command { std: "docker" "exec" "-e" "SOURCE_DIR=/opt/rustwide/workdir" "-e" "CARGO_HOME=/opt/rustwide/cargo-home" "-e" "RUSTUP_HOME=/opt/rustwide/rustup-home" "-e" "CARGO_TARGET_DIR=/opt/rustwide/target" "-w" "/opt/rustwide/workdir" "--user" "0:0" "4f9180ac0f4c80151f6230712b565c72dcebb031308a399039f39dd417c77929" "/opt/rustwide/cargo-home/bin/cargo" "+1.99.0-beta.8" "metadata" "--no-deps" "--format-version=1", kill_on_drop: false }`
[INFO] running `Command { std: "docker" "inspect" "4f9180ac0f4c80151f6230712b565c72dcebb031308a399039f39dd417c77929", kill_on_drop: false }`
[INFO] running `Command { std: "docker" "exec" "-e" "SOURCE_DIR=/opt/rustwide/workdir" "-e" "CARGO_HOME=/opt/rustwide/cargo-home" "-e" "RUSTUP_HOME=/opt/rustwide/rustup-home" "-e" "CARGO_TARGET_DIR=/opt/rustwide/target" "-e" "CARGO_INCREMENTAL=0" "-e" "RUST_BACKTRACE=full" "-e" "RUSTFLAGS=--cap-lints=warn" "-e" "RUSTDOCFLAGS=--cap-lints=warn" "-w" "/opt/rustwide/workdir" "--user" "0:0" "4f9180ac0f4c80151f6230712b565c72dcebb031308a399039f39dd417c77929" "/opt/rustwide/cargo-home/bin/cargo" "+1.99.0-beta.8" "build" "--frozen" "--message-format=json" "--release", kill_on_drop: false }`
[INFO] [stderr]    Compiling proc-macro2 v1.0.93
[INFO] [stderr]    Compiling bitflags v2.10.0
[INFO] [stderr]    Compiling nix v0.31.3
[INFO] [stderr]    Compiling log v0.4.25
[INFO] [stderr]    Compiling quote v1.0.38
[INFO] [stderr]    Compiling syn v2.0.98
[INFO] [stderr]    Compiling serde_derive v1.0.228
[INFO] [stderr]    Compiling serde v1.0.228
[INFO] [stderr]    Compiling os_info v3.15.0 (/opt/rustwide/workdir)
[INFO] [stderr]     Finished `release` profile [optimized] target(s) in 7.78s
[INFO] running `Command { std: "docker" "inspect" "4f9180ac0f4c80151f6230712b565c72dcebb031308a399039f39dd417c77929", kill_on_drop: false }`
[INFO] running `Command { std: "docker" "exec" "-e" "SOURCE_DIR=/opt/rustwide/workdir" "-e" "CARGO_HOME=/opt/rustwide/cargo-home" "-e" "RUSTUP_HOME=/opt/rustwide/rustup-home" "-e" "CARGO_TARGET_DIR=/opt/rustwide/target" "-e" "CARGO_INCREMENTAL=0" "-e" "RUST_BACKTRACE=full" "-e" "RUSTFLAGS=--cap-lints=warn" "-e" "RUSTDOCFLAGS=--cap-lints=warn" "-w" "/opt/rustwide/workdir" "--user" "0:0" "4f9180ac0f4c80151f6230712b565c72dcebb031308a399039f39dd417c77929" "/opt/rustwide/cargo-home/bin/cargo" "+1.99.0-beta.8" "test" "--frozen" "--no-run" "--message-format=json" "--release", kill_on_drop: false }`
[INFO] [stderr]    Compiling doc-comment v0.3.3
[INFO] [stderr]    Compiling os_info v3.15.0 (/opt/rustwide/workdir)
[INFO] [stderr]     Finished `release` profile [optimized] target(s) in 3.07s
[INFO] running `Command { std: "docker" "inspect" "4f9180ac0f4c80151f6230712b565c72dcebb031308a399039f39dd417c77929", kill_on_drop: false }`
[INFO] running `Command { std: "docker" "exec" "-e" "SOURCE_DIR=/opt/rustwide/workdir" "-e" "CARGO_HOME=/opt/rustwide/cargo-home" "-e" "RUSTUP_HOME=/opt/rustwide/rustup-home" "-e" "CARGO_TARGET_DIR=/opt/rustwide/target" "-e" "CARGO_INCREMENTAL=0" "-e" "RUST_BACKTRACE=full" "-e" "RUSTFLAGS=--cap-lints=warn" "-e" "RUSTDOCFLAGS=--cap-lints=warn" "-w" "/opt/rustwide/workdir" "--user" "0:0" "4f9180ac0f4c80151f6230712b565c72dcebb031308a399039f39dd417c77929" "/opt/rustwide/cargo-home/bin/cargo" "+1.99.0-beta.8" "test" "--frozen" "--release", kill_on_drop: false }`
[INFO] [stderr]     Finished `release` profile [optimized] target(s) in 0.09s
[INFO] [stderr]      Running unittests src/lib.rs (/opt/rustwide/target/release/deps/os_info-a97548760fd85168)
[INFO] [stdout] 
[INFO] [stdout] running 105 tests
[INFO] [stdout] test imp::file_release::tests::alpaquita_os_release ... FAILED
[INFO] [stdout] test imp::file_release::tests::almalinux_9_0_release ... FAILED
[INFO] [stdout] test imp::file_release::tests::alpine_3_12_os_release ... FAILED
[INFO] [stdout] test imp::file_release::tests::alpine_release ... FAILED
[INFO] [stdout] test bitness::tests::display ... ok
[INFO] [stdout] test architecture::tests::uname_nonempty ... ok
[INFO] [stdout] test imp::file_release::tests::alt_p11_os_release ... FAILED
[INFO] [stdout] test imp::file_release::tests::archarm_os_release ... FAILED
[INFO] [stdout] test imp::file_release::tests::aosc_os_release ... FAILED
[INFO] [stdout] test imp::file_release::tests::amazon_1_os_release ... FAILED
[INFO] [stdout] test imp::file_release::tests::amazon_2_os_release ... FAILED
[INFO] [stdout] test imp::file_release::tests::arch_os_release ... FAILED
[INFO] [stdout] test imp::file_release::tests::artix_os_release ... FAILED
[INFO] [stdout] test imp::file_release::tests::bazzite_os_release ... FAILED
[INFO] [stdout] test imp::file_release::tests::bluefin_os_release ... FAILED
[INFO] [stdout] test imp::file_release::tests::cachy_os_release ... FAILED
[INFO] [stdout] test bitness::tests::get_bitness ... ok
[INFO] [stdout] test imp::file_release::tests::centos_release_unknown ... FAILED
[INFO] [stdout] test imp::file_release::tests::centos_7_os_release ... FAILED
[INFO] [stdout] test imp::file_release::tests::debian_11_os_release ... FAILED
[INFO] [stdout] test imp::file_release::tests::fedora_release_unknown ... FAILED
[INFO] [stdout] test imp::file_release::tests::fedora_35_os_release ... FAILED
[INFO] [stdout] test imp::file_release::tests::centos_stream_os_release ... FAILED
[INFO] [stdout] test imp::file_release::tests::fedora_32_os_release ... FAILED
[INFO] [stdout] test imp::file_release::tests::centos_release ... FAILED
[INFO] [stdout] test imp::file_release::tests::fedora_release ... FAILED
[INFO] [stdout] test imp::file_release::tests::instant_os_release ... FAILED
[INFO] [stdout] test imp::file_release::tests::kde_neon_release ... FAILED
[INFO] [stdout] test imp::file_release::tests::nixos_os_release ... FAILED
[INFO] [stdout] test imp::file_release::tests::nobara_os_release ... FAILED
[INFO] [stdout] test imp::file_release::tests::mint_os_release ... FAILED
[INFO] [stdout] test imp::file_release::tests::mariner_release_unknown ... FAILED
[INFO] [stdout] test imp::file_release::tests::mariner_release ... FAILED
[INFO] [stdout] test imp::file_release::tests::none_invalid_os_release ... ok
[INFO] [stdout] test imp::file_release::tests::none_no_path ... ok
[INFO] [stdout] test imp::file_release::tests::kali_2023_2_os_release ... FAILED
[INFO] [stdout] test imp::file_release::tests::openeuler_os_release ... FAILED
[INFO] [stdout] test imp::file_release::tests::manjaro_arm_release ... FAILED
[INFO] [stdout] test imp::file_release::tests::opensuse_tumbleweed_os_release ... FAILED
[INFO] [stdout] test imp::file_release::tests::none_no_release ... ok
[INFO] [stdout] test imp::file_release::tests::oracle_linux_os_release ... FAILED
[INFO] [stdout] test imp::file_release::tests::redhat_release ... FAILED
[INFO] [stdout] test imp::file_release::tests::rhel_8_os_release ... FAILED
[INFO] [stdout] test imp::file_release::tests::release_info_debug ... ok
[INFO] [stdout] test imp::file_release::tests::redhat_release_unknown ... FAILED
[INFO] [stdout] test imp::file_release::tests::suse_12_os_release ... FAILED
[INFO] [stdout] test imp::file_release::tests::uos_os_release ... FAILED
[INFO] [stdout] test imp::file_release::tests::suse_15_os_release ... FAILED
[INFO] [stdout] test imp::file_release::tests::rocky_9_2_release ... FAILED
[INFO] [stdout] test imp::file_release::tests::pika_os_release ... FAILED
[INFO] [stdout] test imp::lsb_release::tests::altlinux ... ok
[INFO] [stdout] test imp::file_release::tests::rhel_7_os_release ... FAILED
[INFO] [stdout] test imp::lsb_release::tests::amazon2 ... ok
[INFO] [stdout] test imp::lsb_release::tests::aosc ... ok
[INFO] [stdout] test imp::lsb_release::tests::alpaquita ... ok
[INFO] [stdout] test imp::file_release::tests::ubuntu_os_release ... FAILED
[INFO] [stdout] test imp::lsb_release::tests::amazon1 ... ok
[INFO] [stdout] test imp::file_release::tests::void_os_release ... FAILED
[INFO] [stdout] test imp::lsb_release::tests::arch ... ok
[INFO] [stdout] test imp::lsb_release::tests::artix ... ok
[INFO] [stdout] test imp::lsb_release::tests::cachyos ... ok
[INFO] [stdout] test imp::lsb_release::tests::debian ... ok
[INFO] [stdout] test imp::lsb_release::tests::manjaro_arm ... ok
[INFO] [stdout] test imp::lsb_release::tests::mariner ... ok
[INFO] [stdout] test imp::lsb_release::tests::endeavouros ... ok
[INFO] [stdout] test imp::lsb_release::tests::manjaro ... ok
[INFO] [stdout] test imp::lsb_release::tests::nixos ... ok
[INFO] [stdout] test imp::lsb_release::tests::fedora ... ok
[INFO] [stdout] test imp::lsb_release::tests::kali_2023_2 ... ok
[INFO] [stdout] test imp::lsb_release::tests::mint ... ok
[INFO] [stdout] test imp::lsb_release::tests::oracle_linux_7_5 ... ok
[INFO] [stdout] test imp::lsb_release::tests::oracle_linux_8_1 ... ok
[INFO] [stdout] test imp::lsb_release::tests::raspbian ... ok
[INFO] [stdout] test imp::lsb_release::tests::redhat_enterprise_6 ... ok
[INFO] [stdout] test imp::lsb_release::tests::redhat_enterprise_7 ... ok
[INFO] [stdout] test imp::lsb_release::tests::redhat_enterprise_8 ... ok
[INFO] [stdout] test imp::lsb_release::tests::solus_4_1 ... ok
[INFO] [stdout] test imp::lsb_release::tests::suse_enterprise_12_5 ... ok
[INFO] [stdout] test imp::lsb_release::tests::nobara ... ok
[INFO] [stdout] test imp::file_release::tests::opencloudos_os_release ... FAILED
[INFO] [stdout] test imp::lsb_release::tests::uos ... ok
[INFO] [stdout] test imp::file_release::tests::ultramarine_os_release ... FAILED
[INFO] [stdout] test imp::lsb_release::tests::open_suse_15_1 ... ok
[INFO] [stdout] test imp::lsb_release::tests::void_linux ... ok
[INFO] [stdout] test imp::lsb_release::tests::pikaos ... ok
[INFO] [stdout] test info::tests::default ... ok
[INFO] [stdout] test info::tests::unknown ... ok
[INFO] [stdout] test info::tests::with_type ... ok
[INFO] [stdout] test imp::lsb_release::tests::suse_enterprise_15_1 ... ok
[INFO] [stdout] test imp::lsb_release::tests::pop_os_20_04_lts ... ok
[INFO] [stdout] test imp::lsb_release::tests::ubuntu ... ok
[INFO] [stdout] test imp::lsb_release::tests::ultramarine ... ok
[INFO] [stdout] test matcher::tests::key_value ... ok
[INFO] [stdout] test matcher::tests::trimmed ... ok
[INFO] [stdout] test os_type::tests::default ... ok
[INFO] [stdout] test version::tests::default ... ok
[INFO] [stdout] test version::tests::display ... ok
[INFO] [stdout] test version::tests::from_string ... ok
[INFO] [stdout] test info::tests::display ... ok
[INFO] [stdout] test version::tests::parse_semantic_version ... ok
[INFO] [stdout] test matcher::tests::prefixed_version ... ok
[INFO] [stdout] test os_type::tests::display ... ok
[INFO] [stdout] test uname::tests::uname_nonempty ... ok
[INFO] [stdout] test matcher::tests::prefixed_word ... ok
[INFO] [stdout] test imp::tests::os_type ... ok
[INFO] [stdout] 
[INFO] [stdout] failures:
[INFO] [stdout] 
[INFO] [stdout] ---- imp::file_release::tests::alpaquita_os_release stdout ----
[INFO] [stdout] 
[INFO] [stdout] thread 'imp::file_release::tests::alpaquita_os_release' (359) panicked at src/linux/file_release.rs:260:51:
[INFO] [stdout] called `Option::unwrap()` on a `None` value
[INFO] [stdout] stack backtrace:
[INFO] [stdout]    0:     0x651845323c11 - <<std[70759c8f55707aa4]::sys::backtrace::BacktraceLock>::print::DisplayBacktrace as core[df12db4294e9bfd3]::fmt::Display>::fmt
[INFO] [stdout]    1:     0x65184533862a - core[df12db4294e9bfd3]::fmt::write
[INFO] [stdout]    2:     0x65184532835c - <alloc[2182bb758b4b3781]::vec::Vec<u8> as core[df12db4294e9bfd3]::io::write::Write>::write_fmt
[INFO] [stdout]    3:     0x6518452fff76 - std[70759c8f55707aa4]::panicking::default_hook::{closure#0}
[INFO] [stdout]    4:     0x65184531c379 - std[70759c8f55707aa4]::panicking::default_hook
[INFO] [stdout]    5:     0x6518452b3420 - test[9d35eded1c95d3be]::test_main_inner::<test[9d35eded1c95d3be]::test_main_static::{closure#0}>::{closure#0}
[INFO] [stdout]    6:     0x65184531c532 - std[70759c8f55707aa4]::panicking::panic_with_hook
[INFO] [stdout]    7:     0x651845300054 - std[70759c8f55707aa4]::panicking::panic_handler::{closure#0}
[INFO] [stdout]    8:     0x6518452f8da9 - std[70759c8f55707aa4]::sys::backtrace::__rust_end_short_backtrace::<std[70759c8f55707aa4]::panicking::panic_handler::{closure#0}, !>
[INFO] [stdout]    9:     0x651845300c1d - __rustc[8fa7c3cbc660c2b3]::rust_begin_unwind
[INFO] [stdout]   10:     0x651845338d5c - core[df12db4294e9bfd3]::panicking::panic_fmt
[INFO] [stdout]   11:     0x651845338d22 - core[df12db4294e9bfd3]::panicking::panic
[INFO] [stdout]   12:     0x651845338ad9 - core[df12db4294e9bfd3]::option::unwrap_failed
[INFO] [stdout]   13:     0x65184528d2b6 - os_info[2e66a972fc1fb7c5]::imp::file_release::tests::alpaquita_os_release
[INFO] [stdout]   14:     0x65184529dad9 - <os_info[2e66a972fc1fb7c5]::imp::file_release::tests::alpaquita_os_release::{closure#0} as core[df12db4294e9bfd3]::ops::function::FnOnce<()>>::call_once
[INFO] [stdout]   15:     0x6518452a670b - test[9d35eded1c95d3be]::__rust_begin_short_backtrace::<core[df12db4294e9bfd3]::result::Result<(), alloc[2182bb758b4b3781]::string::String>, fn() -> core[df12db4294e9bfd3]::result::Result<(), alloc[2182bb758b4b3781]::string::String>>
[INFO] [stdout]   16:     0x6518452b3d75 - test[9d35eded1c95d3be]::run_test::{closure#0}
[INFO] [stdout]   17:     0x6518452ad634 - std[70759c8f55707aa4]::sys::backtrace::__rust_begin_short_backtrace::<test[9d35eded1c95d3be]::run_test::{closure#1}, ()>
[INFO] [stdout]   18:     0x6518452b6ed2 - <std[70759c8f55707aa4]::thread::lifecycle::spawn_unchecked<test[9d35eded1c95d3be]::run_test::{closure#1}, ()>::{closure#1} as core[df12db4294e9bfd3]::ops::function::FnOnce<()>>::call_once::{shim:vtable#0}
[INFO] [stdout]   19:     0x6518453234e9 - <std[70759c8f55707aa4]::sys::thread::unix::Thread>::new::thread_start
[INFO] [stdout]   20:     0x70cbc8a53dfa - <unknown>
[INFO] [stdout]   21:     0x70cbc8ae73d4 - clone
[INFO] [stdout]   22:                0x0 - <unknown>
[INFO] [stdout] 
[INFO] [stdout] ---- imp::file_release::tests::almalinux_9_0_release stdout ----
[INFO] [stdout] 
[INFO] [stdout] thread 'imp::file_release::tests::almalinux_9_0_release' (358) panicked at src/linux/file_release.rs:249:51:
[INFO] [stdout] called `Option::unwrap()` on a `None` value
[INFO] [stdout] stack backtrace:
[INFO] [stdout]    0:     0x651845323c11 - <<std[70759c8f55707aa4]::sys::backtrace::BacktraceLock>::print::DisplayBacktrace as core[df12db4294e9bfd3]::fmt::Display>::fmt
[INFO] [stdout]    1:     0x65184533862a - core[df12db4294e9bfd3]::fmt::write
[INFO] [stdout]    2:     0x65184532835c - <alloc[2182bb758b4b3781]::vec::Vec<u8> as core[df12db4294e9bfd3]::io::write::Write>::write_fmt
[INFO] [stdout]    3:     0x6518452fff76 - std[70759c8f55707aa4]::panicking::default_hook::{closure#0}
[INFO] [stdout]    4:     0x65184531c379 - std[70759c8f55707aa4]::panicking::default_hook
[INFO] [stdout]    5:     0x6518452b3420 - test[9d35eded1c95d3be]::test_main_inner::<test[9d35eded1c95d3be]::test_main_static::{closure#0}>::{closure#0}
[INFO] [stdout]    6:     0x65184531c532 - std[70759c8f55707aa4]::panicking::panic_with_hook
[INFO] [stdout]    7:     0x651845300054 - std[70759c8f55707aa4]::panicking::panic_handler::{closure#0}
[INFO] [stdout]    8:     0x6518452f8da9 - std[70759c8f55707aa4]::sys::backtrace::__rust_end_short_backtrace::<std[70759c8f55707aa4]::panicking::panic_handler::{closure#0}, !>
[INFO] [stdout]    9:     0x651845300c1d - __rustc[8fa7c3cbc660c2b3]::rust_begin_unwind
[INFO] [stdout]   10:     0x651845338d5c - core[df12db4294e9bfd3]::panicking::panic_fmt
[INFO] [stdout]   11:     0x651845338d22 - core[df12db4294e9bfd3]::panicking::panic
[INFO] [stdout]   12:     0x651845338ad9 - core[df12db4294e9bfd3]::option::unwrap_failed
[INFO] [stdout]   13:     0x65184528e036 - os_info[2e66a972fc1fb7c5]::imp::file_release::tests::almalinux_9_0_release
[INFO] [stdout]   14:     0x65184529db79 - <os_info[2e66a972fc1fb7c5]::imp::file_release::tests::almalinux_9_0_release::{closure#0} as core[df12db4294e9bfd3]::ops::function::FnOnce<()>>::call_once
[INFO] [stdout]   15:     0x6518452a670b - test[9d35eded1c95d3be]::__rust_begin_short_backtrace::<core[df12db4294e9bfd3]::result::Result<(), alloc[2182bb758b4b3781]::string::String>, fn() -> core[df12db4294e9bfd3]::result::Result<(), alloc[2182bb758b4b3781]::string::String>>
[INFO] [stdout]   16:     0x6518452b3d75 - test[9d35eded1c95d3be]::run_test::{closure#0}
[INFO] [stdout]   17:     0x6518452ad634 - std[70759c8f55707aa4]::sys::backtrace::__rust_begin_short_backtrace::<test[9d35eded1c95d3be]::run_test::{closure#1}, ()>
[INFO] [stdout]   18:     0x6518452b6ed2 - <std[70759c8f55707aa4]::thread::lifecycle::spawn_unchecked<test[9d35eded1c95d3be]::run_test::{closure#1}, ()>::{closure#1} as core[df12db4294e9bfd3]::ops::function::FnOnce<()>>::call_once::{shim:vtable#0}
[INFO] [stdout]   19:     0x6518453234e9 - <std[70759c8f55707aa4]::sys::thread::unix::Thread>::new::thread_start
[INFO] [stdout]   20:     0x70cbc8a53dfa - <unknown>
[INFO] [stdout]   21:     0x70cbc8ae73d4 - clone
[INFO] [stdout]   22:                0x0 - <unknown>
[INFO] [stdout] 
[INFO] [stdout] ---- imp::file_release::tests::alpine_3_12_os_release stdout ----
[INFO] [stdout] 
[INFO] [stdout] thread 'imp::file_release::tests::alpine_3_12_os_release' (360) panicked at src/linux/file_release.rs:271:51:
[INFO] [stdout] called `Option::unwrap()` on a `None` value
[INFO] [stdout] stack backtrace:
[INFO] [stdout]    0:     0x651845323c11 - <<std[70759c8f55707aa4]::sys::backtrace::BacktraceLock>::print::DisplayBacktrace as core[df12db4294e9bfd3]::fmt::Display>::fmt
[INFO] [stdout]    1:     0x65184533862a - core[df12db4294e9bfd3]::fmt::write
[INFO] [stdout]    2:     0x65184532835c - <alloc[2182bb758b4b3781]::vec::Vec<u8> as core[df12db4294e9bfd3]::io::write::Write>::write_fmt
[INFO] [stdout]    3:     0x6518452fff76 - std[70759c8f55707aa4]::panicking::default_hook::{closure#0}
[INFO] [stdout]    4:     0x65184531c379 - std[70759c8f55707aa4]::panicking::default_hook
[INFO] [stdout]    5:     0x6518452b3420 - test[9d35eded1c95d3be]::test_main_inner::<test[9d35eded1c95d3be]::test_main_static::{closure#0}>::{closure#0}
[INFO] [stdout]    6:     0x65184531c532 - std[70759c8f55707aa4]::panicking::panic_with_hook
[INFO] [stdout]    7:     0x651845300054 - std[70759c8f55707aa4]::panicking::panic_handler::{closure#0}
[INFO] [stdout]    8:     0x6518452f8da9 - std[70759c8f55707aa4]::sys::backtrace::__rust_end_short_backtrace::<std[70759c8f55707aa4]::panicking::panic_handler::{closure#0}, !>
[INFO] [stdout]    9:     0x651845300c1d - __rustc[8fa7c3cbc660c2b3]::rust_begin_unwind
[INFO] [stdout]   10:     0x651845338d5c - core[df12db4294e9bfd3]::panicking::panic_fmt
[INFO] [stdout]   11:     0x651845338d22 - core[df12db4294e9bfd3]::panicking::panic
[INFO] [stdout]   12:     0x651845338ad9 - core[df12db4294e9bfd3]::option::unwrap_failed
[INFO] [stdout]   13:     0x65184528e2b6 - os_info[2e66a972fc1fb7c5]::imp::file_release::tests::alpine_3_12_os_release
[INFO] [stdout]   14:     0x65184529db99 - <os_info[2e66a972fc1fb7c5]::imp::file_release::tests::alpine_3_12_os_release::{closure#0} as core[df12db4294e9bfd3]::ops::function::FnOnce<()>>::call_once
[INFO] [stdout]   15:     0x6518452a670b - test[9d35eded1c95d3be]::__rust_begin_short_backtrace::<core[df12db4294e9bfd3]::result::Result<(), alloc[2182bb758b4b3781]::string::String>, fn() -> core[df12db4294e9bfd3]::result::Result<(), alloc[2182bb758b4b3781]::string::String>>
[INFO] [stdout]   16:     0x6518452b3d75 - test[9d35eded1c95d3be]::run_test::{closure#0}
[INFO] [stdout]   17:     0x6518452ad634 - std[70759c8f55707aa4]::sys::backtrace::__rust_begin_short_backtrace::<test[9d35eded1c95d3be]::run_test::{closure#1}, ()>
[INFO] [stdout]   18:     0x6518452b6ed2 - <std[70759c8f55707aa4]::thread::lifecycle::spawn_unchecked<test[9d35eded1c95d3be]::run_test::{closure#1}, ()>::{closure#1} as core[df12db4294e9bfd3]::ops::function::FnOnce<()>>::call_once::{shim:vtable#0}
[INFO] [stdout]   19:     0x6518453234e9 - <std[70759c8f55707aa4]::sys::thread::unix::Thread>::new::thread_start
[INFO] [stdout]   20:     0x70cbc8a53dfa - <unknown>
[INFO] [stdout]   21:     0x70cbc8ae73d4 - clone
[INFO] [stdout]   22:                0x0 - <unknown>
[INFO] [stdout] 
[INFO] [stdout] ---- imp::file_release::tests::alpine_release stdout ----
[INFO] [stdout] 
[INFO] [stdout] thread 'imp::file_release::tests::alpine_release' (361) panicked at src/linux/file_release.rs:282:51:
[INFO] [stdout] called `Option::unwrap()` on a `None` value
[INFO] [stdout] stack backtrace:
[INFO] [stdout]    0:     0x651845323c11 - <<std[70759c8f55707aa4]::sys::backtrace::BacktraceLock>::print::DisplayBacktrace as core[df12db4294e9bfd3]::fmt::Display>::fmt
[INFO] [stdout]    1:     0x65184533862a - core[df12db4294e9bfd3]::fmt::write
[INFO] [stdout]    2:     0x65184532835c - <alloc[2182bb758b4b3781]::vec::Vec<u8> as core[df12db4294e9bfd3]::io::write::Write>::write_fmt
[INFO] [stdout]    3:     0x6518452fff76 - std[70759c8f55707aa4]::panicking::default_hook::{closure#0}
[INFO] [stdout]    4:     0x65184531c379 - std[70759c8f55707aa4]::panicking::default_hook
[INFO] [stdout]    5:     0x6518452b3420 - test[9d35eded1c95d3be]::test_main_inner::<test[9d35eded1c95d3be]::test_main_static::{closure#0}>::{closure#0}
[INFO] [stdout]    6:     0x65184531c532 - std[70759c8f55707aa4]::panicking::panic_with_hook
[INFO] [stdout]    7:     0x651845300054 - std[70759c8f55707aa4]::panicking::panic_handler::{closure#0}
[INFO] [stdout]    8:     0x6518452f8da9 - std[70759c8f55707aa4]::sys::backtrace::__rust_end_short_backtrace::<std[70759c8f55707aa4]::panicking::panic_handler::{closure#0}, !>
[INFO] [stdout]    9:     0x651845300c1d - __rustc[8fa7c3cbc660c2b3]::rust_begin_unwind
[INFO] [stdout]   10:     0x651845338d5c - core[df12db4294e9bfd3]::panicking::panic_fmt
[INFO] [stdout]   11:     0x651845338d22 - core[df12db4294e9bfd3]::panicking::panic
[INFO] [stdout]   12:     0x651845338ad9 - core[df12db4294e9bfd3]::option::unwrap_failed
[INFO] [stdout]   13:     0x651845287d4f - os_info[2e66a972fc1fb7c5]::imp::file_release::tests::alpine_release
[INFO] [stdout]   14:     0x65184529d569 - <os_info[2e66a972fc1fb7c5]::imp::file_release::tests::alpine_release::{closure#0} as core[df12db4294e9bfd3]::ops::function::FnOnce<()>>::call_once
[INFO] [stdout]   15:     0x6518452a670b - test[9d35eded1c95d3be]::__rust_begin_short_backtrace::<core[df12db4294e9bfd3]::result::Result<(), alloc[2182bb758b4b3781]::string::String>, fn() -> core[df12db4294e9bfd3]::result::Result<(), alloc[2182bb758b4b3781]::string::String>>
[INFO] [stdout]   16:     0x6518452b3d75 - test[9d35eded1c95d3be]::run_test::{closure#0}
[INFO] [stdout]   17:     0x6518452ad634 - std[70759c8f55707aa4]::sys::backtrace::__rust_begin_short_backtrace::<test[9d35eded1c95d3be]::run_test::{closure#1}, ()>
[INFO] [stdout]   18:     0x6518452b6ed2 - <std[70759c8f55707aa4]::thread::lifecycle::spawn_unchecked<test[9d35eded1c95d3be]::run_test::{closure#1}, ()>::{closure#1} as core[df12db4294e9bfd3]::ops::function::FnOnce<()>>::call_once::{shim:vtable#0}
[INFO] [stdout]   19:     0x6518453234e9 - <std[70759c8f55707aa4]::sys::thread::unix::Thread>::new::thread_start
[INFO] [stdout]   20:     0x70cbc8a53dfa - <unknown>
[INFO] [stdout]   21:     0x70cbc8ae73d4 - clone
[INFO] [stdout]   22:                0x0 - <unknown>
[INFO] [stdout] 
[INFO] [stdout] ---- imp::file_release::tests::alt_p11_os_release stdout ----
[INFO] [stdout] 
[INFO] [stdout] thread 'imp::file_release::tests::alt_p11_os_release' (362) panicked at src/linux/file_release.rs:293:51:
[INFO] [stdout] called `Option::unwrap()` on a `None` value
[INFO] [stdout] stack backtrace:
[INFO] [stdout]    0:     0x651845323c11 - <<std[70759c8f55707aa4]::sys::backtrace::BacktraceLock>::print::DisplayBacktrace as core[df12db4294e9bfd3]::fmt::Display>::fmt
[INFO] [stdout]    1:     0x65184533862a - core[df12db4294e9bfd3]::fmt::write
[INFO] [stdout]    2:     0x65184532835c - <alloc[2182bb758b4b3781]::vec::Vec<u8> as core[df12db4294e9bfd3]::io::write::Write>::write_fmt
[INFO] [stdout]    3:     0x6518452fff76 - std[70759c8f55707aa4]::panicking::default_hook::{closure#0}
[INFO] [stdout]    4:     0x65184531c379 - std[70759c8f55707aa4]::panicking::default_hook
[INFO] [stdout]    5:     0x6518452b3420 - test[9d35eded1c95d3be]::test_main_inner::<test[9d35eded1c95d3be]::test_main_static::{closure#0}>::{closure#0}
[INFO] [stdout]    6:     0x65184531c532 - std[70759c8f55707aa4]::panicking::panic_with_hook
[INFO] [stdout]    7:     0x651845300054 - std[70759c8f55707aa4]::panicking::panic_handler::{closure#0}
[INFO] [stdout]    8:     0x6518452f8da9 - std[70759c8f55707aa4]::sys::backtrace::__rust_end_short_backtrace::<std[70759c8f55707aa4]::panicking::panic_handler::{closure#0}, !>
[INFO] [stdout]    9:     0x651845300c1d - __rustc[8fa7c3cbc660c2b3]::rust_begin_unwind
[INFO] [stdout]   10:     0x651845338d5c - core[df12db4294e9bfd3]::panicking::panic_fmt
[INFO] [stdout]   11:     0x651845338d22 - core[df12db4294e9bfd3]::panicking::panic
[INFO] [stdout]   12:     0x651845338ad9 - core[df12db4294e9bfd3]::option::unwrap_failed
[INFO] [stdout]   13:     0x65184528b626 - os_info[2e66a972fc1fb7c5]::imp::file_release::tests::alt_p11_os_release
[INFO] [stdout]   14:     0x65184529d8b9 - <os_info[2e66a972fc1fb7c5]::imp::file_release::tests::alt_p11_os_release::{closure#0} as core[df12db4294e9bfd3]::ops::function::FnOnce<()>>::call_once
[INFO] [stdout]   15:     0x6518452a670b - test[9d35eded1c95d3be]::__rust_begin_short_backtrace::<core[df12db4294e9bfd3]::result::Result<(), alloc[2182bb758b4b3781]::string::String>, fn() -> core[df12db4294e9bfd3]::result::Result<(), alloc[2182bb758b4b3781]::string::String>>
[INFO] [stdout]   16:     0x6518452b3d75 - test[9d35eded1c95d3be]::run_test::{closure#0}
[INFO] [stdout]   17:     0x6518452ad634 - std[70759c8f55707aa4]::sys::backtrace::__rust_begin_short_backtrace::<test[9d35eded1c95d3be]::run_test::{closure#1}, ()>
[INFO] [stdout]   18:     0x6518452b6ed2 - <std[70759c8f55707aa4]::thread::lifecycle::spawn_unchecked<test[9d35eded1c95d3be]::run_test::{closure#1}, ()>::{closure#1} as core[df12db4294e9bfd3]::ops::function::FnOnce<()>>::call_once::{shim:vtable#0}
[INFO] [stdout]   19:     0x6518453234e9 - <std[70759c8f55707aa4]::sys::thread::unix::Thread>::new::thread_start
[INFO] [stdout]   20:     0x70cbc8a53dfa - <unknown>
[INFO] [stdout]   21:     0x70cbc8ae73d4 - clone
[INFO] [stdout]   22:                0x0 - <unknown>
[INFO] [stdout] 
[INFO] [stdout] ---- imp::file_release::tests::archarm_os_release stdout ----
[INFO] [stdout] 
[INFO] [stdout] thread 'imp::file_release::tests::archarm_os_release' (367) panicked at src/linux/file_release.rs:348:51:
[INFO] [stdout] called `Option::unwrap()` on a `None` value
[INFO] [stdout] stack backtrace:
[INFO] [stdout]    0:     0x651845323c11 - <<std[70759c8f55707aa4]::sys::backtrace::BacktraceLock>::print::DisplayBacktrace as core[df12db4294e9bfd3]::fmt::Display>::fmt
[INFO] [stdout]    1:     0x65184533862a - core[df12db4294e9bfd3]::fmt::write
[INFO] [stdout]    2:     0x65184532835c - <alloc[2182bb758b4b3781]::vec::Vec<u8> as core[df12db4294e9bfd3]::io::write::Write>::write_fmt
[INFO] [stdout]    3:     0x6518452fff76 - std[70759c8f55707aa4]::panicking::default_hook::{closure#0}
[INFO] [stdout]    4:     0x65184531c379 - std[70759c8f55707aa4]::panicking::default_hook
[INFO] [stdout]    5:     0x6518452b3420 - test[9d35eded1c95d3be]::test_main_inner::<test[9d35eded1c95d3be]::test_main_static::{closure#0}>::{closure#0}
[INFO] [stdout]    6:     0x65184531c532 - std[70759c8f55707aa4]::panicking::panic_with_hook
[INFO] [stdout]    7:     0x651845300054 - std[70759c8f55707aa4]::panicking::panic_handler::{closure#0}
[INFO] [stdout]    8:     0x6518452f8da9 - std[70759c8f55707aa4]::sys::backtrace::__rust_end_short_backtrace::<std[70759c8f55707aa4]::panicking::panic_handler::{closure#0}, !>
[INFO] [stdout]    9:     0x651845300c1d - __rustc[8fa7c3cbc660c2b3]::rust_begin_unwind
[INFO] [stdout]   10:     0x651845338d5c - core[df12db4294e9bfd3]::panicking::panic_fmt
[INFO] [stdout]   11:     0x651845338d22 - core[df12db4294e9bfd3]::panicking::panic
[INFO] [stdout]   12:     0x651845338ad9 - core[df12db4294e9bfd3]::option::unwrap_failed
[INFO] [stdout]   13:     0x65184528b810 - os_info[2e66a972fc1fb7c5]::imp::file_release::tests::archarm_os_release
[INFO] [stdout]   14:     0x65184529d8d9 - <os_info[2e66a972fc1fb7c5]::imp::file_release::tests::archarm_os_release::{closure#0} as core[df12db4294e9bfd3]::ops::function::FnOnce<()>>::call_once
[INFO] [stdout]   15:     0x6518452a670b - test[9d35eded1c95d3be]::__rust_begin_short_backtrace::<core[df12db4294e9bfd3]::result::Result<(), alloc[2182bb758b4b3781]::string::String>, fn() -> core[df12db4294e9bfd3]::result::Result<(), alloc[2182bb758b4b3781]::string::String>>
[INFO] [stdout]   16:     0x6518452b3d75 - test[9d35eded1c95d3be]::run_test::{closure#0}
[INFO] [stdout]   17:     0x6518452ad634 - std[70759c8f55707aa4]::sys::backtrace::__rust_begin_short_backtrace::<test[9d35eded1c95d3be]::run_test::{closure#1}, ()>
[INFO] [stdout]   18:     0x6518452b6ed2 - <std[70759c8f55707aa4]::thread::lifecycle::spawn_unchecked<test[9d35eded1c95d3be]::run_test::{closure#1}, ()>::{closure#1} as core[df12db4294e9bfd3]::ops::function::FnOnce<()>>::call_once::{shim:vtable#0}
[INFO] [stdout]   19:     0x6518453234e9 - <std[70759c8f55707aa4]::sys::thread::unix::Thread>::new::thread_start
[INFO] [stdout]   20:     0x70cbc8a53dfa - <unknown>
[INFO] [stdout]   21:     0x70cbc8ae73d4 - clone
[INFO] [stdout]   22:                0x0 - <unknown>
[INFO] [stdout] 
[INFO] [stdout] ---- imp::file_release::tests::aosc_os_release stdout ----
[INFO] [stdout] 
[INFO] [stdout] thread 'imp::file_release::tests::aosc_os_release' (365) panicked at src/linux/file_release.rs:326:51:
[INFO] [stdout] called `Option::unwrap()` on a `None` value
[INFO] [stdout] stack backtrace:
[INFO] [stdout]    0:     0x651845323c11 - <<std[70759c8f55707aa4]::sys::backtrace::BacktraceLock>::print::DisplayBacktrace as core[df12db4294e9bfd3]::fmt::Display>::fmt
[INFO] [stdout]    1:     0x65184533862a - core[df12db4294e9bfd3]::fmt::write
[INFO] [stdout]    2:     0x65184532835c - <alloc[2182bb758b4b3781]::vec::Vec<u8> as core[df12db4294e9bfd3]::io::write::Write>::write_fmt
[INFO] [stdout]    3:     0x6518452fff76 - std[70759c8f55707aa4]::panicking::default_hook::{closure#0}
[INFO] [stdout]    4:     0x65184531c379 - std[70759c8f55707aa4]::panicking::default_hook
[INFO] [stdout]    5:     0x6518452b3420 - test[9d35eded1c95d3be]::test_main_inner::<test[9d35eded1c95d3be]::test_main_static::{closure#0}>::{closure#0}
[INFO] [stdout]    6:     0x65184531c532 - std[70759c8f55707aa4]::panicking::panic_with_hook
[INFO] [stdout]    7:     0x651845300054 - std[70759c8f55707aa4]::panicking::panic_handler::{closure#0}
[INFO] [stdout]    8:     0x6518452f8da9 - std[70759c8f55707aa4]::sys::backtrace::__rust_end_short_backtrace::<std[70759c8f55707aa4]::panicking::panic_handler::{closure#0}, !>
[INFO] [stdout]    9:     0x651845300c1d - __rustc[8fa7c3cbc660c2b3]::rust_begin_unwind
[INFO] [stdout]   10:     0x651845338d5c - core[df12db4294e9bfd3]::panicking::panic_fmt
[INFO] [stdout]   11:     0x651845338d22 - core[df12db4294e9bfd3]::panicking::panic
[INFO] [stdout]   12:     0x651845338ad9 - core[df12db4294e9bfd3]::option::unwrap_failed
[INFO] [stdout]   13:     0x651845288c06 - os_info[2e66a972fc1fb7c5]::imp::file_release::tests::aosc_os_release
[INFO] [stdout]   14:     0x65184529d609 - <os_info[2e66a972fc1fb7c5]::imp::file_release::tests::aosc_os_release::{closure#0} as core[df12db4294e9bfd3]::ops::function::FnOnce<()>>::call_once
[INFO] [stdout]   15:     0x6518452a670b - test[9d35eded1c95d3be]::__rust_begin_short_backtrace::<core[df12db4294e9bfd3]::result::Result<(), alloc[2182bb758b4b3781]::string::String>, fn() -> core[df12db4294e9bfd3]::result::Result<(), alloc[2182bb758b4b3781]::string::String>>
[INFO] [stdout]   16:     0x6518452b3d75 - test[9d35eded1c95d3be]::run_test::{closure#0}
[INFO] [stdout]   17:     0x6518452ad634 - std[70759c8f55707aa4]::sys::backtrace::__rust_begin_short_backtrace::<test[9d35eded1c95d3be]::run_test::{closure#1}, ()>
[INFO] [stdout]   18:     0x6518452b6ed2 - <std[70759c8f55707aa4]::thread::lifecycle::spawn_unchecked<test[9d35eded1c95d3be]::run_test::{closure#1}, ()>::{closure#1} as core[df12db4294e9bfd3]::ops::function::FnOnce<()>>::call_once::{shim:vtable#0}
[INFO] [stdout]   19:     0x6518453234e9 - <std[70759c8f55707aa4]::sys::thread::unix::Thread>::new::thread_start
[INFO] [stdout]   20:     0x70cbc8a53dfa - <unknown>
[INFO] [stdout]   21:     0x70cbc8ae73d4 - clone
[INFO] [stdout]   22:                0x0 - <unknown>
[INFO] [stdout] 
[INFO] [stdout] ---- imp::file_release::tests::amazon_1_os_release stdout ----
[INFO] [stdout] 
[INFO] [stdout] thread 'imp::file_release::tests::amazon_1_os_release' (363) panicked at src/linux/file_release.rs:304:51:
[INFO] [stdout] called `Option::unwrap()` on a `None` value
[INFO] [stdout] stack backtrace:
[INFO] [stdout]    0:     0x651845323c11 - <<std[70759c8f55707aa4]::sys::backtrace::BacktraceLock>::print::DisplayBacktrace as core[df12db4294e9bfd3]::fmt::Display>::fmt
[INFO] [stdout]    1:     0x65184533862a - core[df12db4294e9bfd3]::fmt::write
[INFO] [stdout]    2:     0x65184532835c - <alloc[2182bb758b4b3781]::vec::Vec<u8> as core[df12db4294e9bfd3]::io::write::Write>::write_fmt
[INFO] [stdout]    3:     0x6518452fff76 - std[70759c8f55707aa4]::panicking::default_hook::{closure#0}
[INFO] [stdout]    4:     0x65184531c379 - std[70759c8f55707aa4]::panicking::default_hook
[INFO] [stdout]    5:     0x6518452b3420 - test[9d35eded1c95d3be]::test_main_inner::<test[9d35eded1c95d3be]::test_main_static::{closure#0}>::{closure#0}
[INFO] [stdout]    6:     0x65184531c532 - std[70759c8f55707aa4]::panicking::panic_with_hook
[INFO] [stdout]    7:     0x651845300054 - std[70759c8f55707aa4]::panicking::panic_handler::{closure#0}
[INFO] [stdout]    8:     0x6518452f8da9 - std[70759c8f55707aa4]::sys::backtrace::__rust_end_short_backtrace::<std[70759c8f55707aa4]::panicking::panic_handler::{closure#0}, !>
[INFO] [stdout]    9:     0x651845300c1d - __rustc[8fa7c3cbc660c2b3]::rust_begin_unwind
[INFO] [stdout]   10:     0x651845338d5c - core[df12db4294e9bfd3]::panicking::panic_fmt
[INFO] [stdout]   11:     0x651845338d22 - core[df12db4294e9bfd3]::panicking::panic
[INFO] [stdout]   12:     0x651845338ad9 - core[df12db4294e9bfd3]::option::unwrap_failed
[INFO] [stdout]   13:     0x65184528c8e9 - os_info[2e66a972fc1fb7c5]::imp::file_release::tests::amazon_1_os_release
[INFO] [stdout]   14:     0x65184529da59 - <os_info[2e66a972fc1fb7c5]::imp::file_release::tests::amazon_1_os_release::{closure#0} as core[df12db4294e9bfd3]::ops::function::FnOnce<()>>::call_once
[INFO] [stdout]   15:     0x6518452a670b - test[9d35eded1c95d3be]::__rust_begin_short_backtrace::<core[df12db4294e9bfd3]::result::Result<(), alloc[2182bb758b4b3781]::string::String>, fn() -> core[df12db4294e9bfd3]::result::Result<(), alloc[2182bb758b4b3781]::string::String>>
[INFO] [stdout]   16:     0x6518452b3d75 - test[9d35eded1c95d3be]::run_test::{closure#0}
[INFO] [stdout]   17:     0x6518452ad634 - std[70759c8f55707aa4]::sys::backtrace::__rust_begin_short_backtrace::<test[9d35eded1c95d3be]::run_test::{closure#1}, ()>
[INFO] [stdout]   18:     0x6518452b6ed2 - <std[70759c8f55707aa4]::thread::lifecycle::spawn_unchecked<test[9d35eded1c95d3be]::run_test::{closure#1}, ()>::{closure#1} as core[df12db4294e9bfd3]::ops::function::FnOnce<()>>::call_once::{shim:vtable#0}
[INFO] [stdout]   19:     0x6518453234e9 - <std[70759c8f55707aa4]::sys::thread::unix::Thread>::new::thread_start
[INFO] [stdout]   20:     0x70cbc8a53dfa - <unknown>
[INFO] [stdout]   21:     0x70cbc8ae73d4 - clone
[INFO] [stdout]   22:                0x0 - <unknown>
[INFO] [stdout] 
[INFO] [stdout] ---- imp::file_release::tests::amazon_2_os_release stdout ----
[INFO] [stdout] 
[INFO] [stdout] thread 'imp::file_release::tests::amazon_2_os_release' (364) panicked at src/linux/file_release.rs:315:51:
[INFO] [stdout] called `Option::unwrap()` on a `None` value
[INFO] [stdout] stack backtrace:
[INFO] [stdout]    0:     0x651845323c11 - <<std[70759c8f55707aa4]::sys::backtrace::BacktraceLock>::print::DisplayBacktrace as core[df12db4294e9bfd3]::fmt::Display>::fmt
[INFO] [stdout]    1:     0x65184533862a - core[df12db4294e9bfd3]::fmt::write
[INFO] [stdout]    2:     0x65184532835c - <alloc[2182bb758b4b3781]::vec::Vec<u8> as core[df12db4294e9bfd3]::io::write::Write>::write_fmt
[INFO] [stdout]    3:     0x6518452fff76 - std[70759c8f55707aa4]::panicking::default_hook::{closure#0}
[INFO] [stdout]    4:     0x65184531c379 - std[70759c8f55707aa4]::panicking::default_hook
[INFO] [stdout]    5:     0x6518452b3420 - test[9d35eded1c95d3be]::test_main_inner::<test[9d35eded1c95d3be]::test_main_static::{closure#0}>::{closure#0}
[INFO] [stdout]    6:     0x65184531c532 - std[70759c8f55707aa4]::panicking::panic_with_hook
[INFO] [stdout]    7:     0x651845300054 - std[70759c8f55707aa4]::panicking::panic_handler::{closure#0}
[INFO] [stdout]    8:     0x6518452f8da9 - std[70759c8f55707aa4]::sys::backtrace::__rust_end_short_backtrace::<std[70759c8f55707aa4]::panicking::panic_handler::{closure#0}, !>
[INFO] [stdout]    9:     0x651845300c1d - __rustc[8fa7c3cbc660c2b3]::rust_begin_unwind
[INFO] [stdout]   10:     0x651845338d5c - core[df12db4294e9bfd3]::panicking::panic_fmt
[INFO] [stdout]   11:     0x651845338d22 - core[df12db4294e9bfd3]::panicking::panic
[INFO] [stdout]   12:     0x651845338ad9 - core[df12db4294e9bfd3]::option::unwrap_failed
[INFO] [stdout]   13:     0x65184528cb76 - os_info[2e66a972fc1fb7c5]::imp::file_release::tests::amazon_2_os_release
[INFO] [stdout]   14:     0x65184529da79 - <os_info[2e66a972fc1fb7c5]::imp::file_release::tests::amazon_2_os_release::{closure#0} as core[df12db4294e9bfd3]::ops::function::FnOnce<()>>::call_once
[INFO] [stdout]   15:     0x6518452a670b - test[9d35eded1c95d3be]::__rust_begin_short_backtrace::<core[df12db4294e9bfd3]::result::Result<(), alloc[2182bb758b4b3781]::string::String>, fn() -> core[df12db4294e9bfd3]::result::Result<(), alloc[2182bb758b4b3781]::string::String>>
[INFO] [stdout]   16:     0x6518452b3d75 - test[9d35eded1c95d3be]::run_test::{closure#0}
[INFO] [stdout]   17:     0x6518452ad634 - std[70759c8f55707aa4]::sys::backtrace::__rust_begin_short_backtrace::<test[9d35eded1c95d3be]::run_test::{closure#1}, ()>
[INFO] [stdout]   18:     0x6518452b6ed2 - <std[70759c8f55707aa4]::thread::lifecycle::spawn_unchecked<test[9d35eded1c95d3be]::run_test::{closure#1}, ()>::{closure#1} as core[df12db4294e9bfd3]::ops::function::FnOnce<()>>::call_once::{shim:vtable#0}
[INFO] [stdout]   19:     0x6518453234e9 - <std[70759c8f55707aa4]::sys::thread::unix::Thread>::new::thread_start
[INFO] [stdout]   20:     0x70cbc8a53dfa - <unknown>
[INFO] [stdout]   21:     0x70cbc8ae73d4 - clone
[INFO] [stdout]   22:                0x0 - <unknown>
[INFO] [stdout] 
[INFO] [stdout] ---- imp::file_release::tests::arch_os_release stdout ----
[INFO] [stdout] 
[INFO] [stdout] thread 'imp::file_release::tests::arch_os_release' (366) panicked at src/linux/file_release.rs:337:51:
[INFO] [stdout] called `Option::unwrap()` on a `None` value
[INFO] [stdout] stack backtrace:
[INFO] [stdout]    0:     0x651845323c11 - <<std[70759c8f55707aa4]::sys::backtrace::BacktraceLock>::print::DisplayBacktrace as core[df12db4294e9bfd3]::fmt::Display>::fmt
[INFO] [stdout]    1:     0x65184533862a - core[df12db4294e9bfd3]::fmt::write
[INFO] [stdout]    2:     0x65184532835c - <alloc[2182bb758b4b3781]::vec::Vec<u8> as core[df12db4294e9bfd3]::io::write::Write>::write_fmt
[INFO] [stdout]    3:     0x6518452fff76 - std[70759c8f55707aa4]::panicking::default_hook::{closure#0}
[INFO] [stdout]    4:     0x65184531c379 - std[70759c8f55707aa4]::panicking::default_hook
[INFO] [stdout]    5:     0x6518452b3420 - test[9d35eded1c95d3be]::test_main_inner::<test[9d35eded1c95d3be]::test_main_static::{closure#0}>::{closure#0}
[INFO] [stdout]    6:     0x65184531c532 - std[70759c8f55707aa4]::panicking::panic_with_hook
[INFO] [stdout]    7:     0x651845300054 - std[70759c8f55707aa4]::panicking::panic_handler::{closure#0}
[INFO] [stdout]    8:     0x6518452f8da9 - std[70759c8f55707aa4]::sys::backtrace::__rust_end_short_backtrace::<std[70759c8f55707aa4]::panicking::panic_handler::{closure#0}, !>
[INFO] [stdout]    9:     0x651845300c1d - __rustc[8fa7c3cbc660c2b3]::rust_begin_unwind
[INFO] [stdout]   10:     0x651845338d5c - core[df12db4294e9bfd3]::panicking::panic_fmt
[INFO] [stdout]   11:     0x651845338d22 - core[df12db4294e9bfd3]::panicking::panic
[INFO] [stdout]   12:     0x651845338ad9 - core[df12db4294e9bfd3]::option::unwrap_failed
[INFO] [stdout]   13:     0x651845288df0 - os_info[2e66a972fc1fb7c5]::imp::file_release::tests::arch_os_release
[INFO] [stdout]   14:     0x65184529d629 - <os_info[2e66a972fc1fb7c5]::imp::file_release::tests::arch_os_release::{closure#0} as core[df12db4294e9bfd3]::ops::function::FnOnce<()>>::call_once
[INFO] [stdout]   15:     0x6518452a670b - test[9d35eded1c95d3be]::__rust_begin_short_backtrace::<core[df12db4294e9bfd3]::result::Result<(), alloc[2182bb758b4b3781]::string::String>, fn() -> core[df12db4294e9bfd3]::result::Result<(), alloc[2182bb758b4b3781]::string::String>>
[INFO] [stdout]   16:     0x6518452b3d75 - test[9d35eded1c95d3be]::run_test::{closure#0}
[INFO] [stdout]   17:     0x6518452ad634 - std[70759c8f55707aa4]::sys::backtrace::__rust_begin_short_backtrace::<test[9d35eded1c95d3be]::run_test::{closure#1}, ()>
[INFO] [stdout]   18:     0x6518452b6ed2 - <std[70759c8f55707aa4]::thread::lifecycle::spawn_unchecked<test[9d35eded1c95d3be]::run_test::{closure#1}, ()>::{closure#1} as core[df12db4294e9bfd3]::ops::function::FnOnce<()>>::call_once::{shim:vtable#0}
[INFO] [stdout]   19:     0x6518453234e9 - <std[70759c8f55707aa4]::sys::thread::unix::Thread>::new::thread_start
[INFO] [stdout]   20:     0x70cbc8a53dfa - <unknown>
[INFO] [stdout]   21:     0x70cbc8ae73d4 - clone
[INFO] [stdout]   22:                0x0 - <unknown>
[INFO] [stdout] 
[INFO] [stdout] ---- imp::file_release::tests::artix_os_release stdout ----
[INFO] [stdout] 
[INFO] [stdout] thread 'imp::file_release::tests::artix_os_release' (368) panicked at src/linux/file_release.rs:359:51:
[INFO] [stdout] called `Option::unwrap()` on a `None` value
[INFO] [stdout] stack backtrace:
[INFO] [stdout]    0:     0x651845323c11 - <<std[70759c8f55707aa4]::sys::backtrace::BacktraceLock>::print::DisplayBacktrace as core[df12db4294e9bfd3]::fmt::Display>::fmt
[INFO] [stdout]    1:     0x65184533862a - core[df12db4294e9bfd3]::fmt::write
[INFO] [stdout]    2:     0x65184532835c - <alloc[2182bb758b4b3781]::vec::Vec<u8> as core[df12db4294e9bfd3]::io::write::Write>::write_fmt
[INFO] [stdout]    3:     0x6518452fff76 - std[70759c8f55707aa4]::panicking::default_hook::{closure#0}
[INFO] [stdout]    4:     0x65184531c379 - std[70759c8f55707aa4]::panicking::default_hook
[INFO] [stdout]    5:     0x6518452b3420 - test[9d35eded1c95d3be]::test_main_inner::<test[9d35eded1c95d3be]::test_main_static::{closure#0}>::{closure#0}
[INFO] [stdout]    6:     0x65184531c532 - std[70759c8f55707aa4]::panicking::panic_with_hook
[INFO] [stdout]    7:     0x651845300054 - std[70759c8f55707aa4]::panicking::panic_handler::{closure#0}
[INFO] [stdout]    8:     0x6518452f8da9 - std[70759c8f55707aa4]::sys::backtrace::__rust_end_short_backtrace::<std[70759c8f55707aa4]::panicking::panic_handler::{closure#0}, !>
[INFO] [stdout]    9:     0x651845300c1d - __rustc[8fa7c3cbc660c2b3]::rust_begin_unwind
[INFO] [stdout]   10:     0x651845338d5c - core[df12db4294e9bfd3]::panicking::panic_fmt
[INFO] [stdout]   11:     0x651845338d22 - core[df12db4294e9bfd3]::panicking::panic
[INFO] [stdout]   12:     0x651845338ad9 - core[df12db4294e9bfd3]::option::unwrap_failed
[INFO] [stdout]   13:     0x651845289bf0 - os_info[2e66a972fc1fb7c5]::imp::file_release::tests::artix_os_release
[INFO] [stdout]   14:     0x65184529d799 - <os_info[2e66a972fc1fb7c5]::imp::file_release::tests::artix_os_release::{closure#0} as core[df12db4294e9bfd3]::ops::function::FnOnce<()>>::call_once
[INFO] [stdout]   15:     0x6518452a670b - test[9d35eded1c95d3be]::__rust_begin_short_backtrace::<core[df12db4294e9bfd3]::result::Result<(), alloc[2182bb758b4b3781]::string::String>, fn() -> core[df12db4294e9bfd3]::result::Result<(), alloc[2182bb758b4b3781]::string::String>>
[INFO] [stdout]   16:     0x6518452b3d75 - test[9d35eded1c95d3be]::run_test::{closure#0}
[INFO] [stdout]   17:     0x6518452ad634 - std[70759c8f55707aa4]::sys::backtrace::__rust_begin_short_backtrace::<test[9d35eded1c95d3be]::run_test::{closure#1}, ()>
[INFO] [stdout]   18:     0x6518452b6ed2 - <std[70759c8f55707aa4]::thread::lifecycle::spawn_unchecked<test[9d35eded1c95d3be]::run_test::{closure#1}, ()>::{closure#1} as core[df12db4294e9bfd3]::ops::function::FnOnce<()>>::call_once::{shim:vtable#0}
[INFO] [stdout]   19:     0x6518453234e9 - <std[70759c8f55707aa4]::sys::thread::unix::Thread>::new::thread_start
[INFO] [stdout]   20:     0x70cbc8a53dfa - <unknown>
[INFO] [stdout]   21:     0x70cbc8ae73d4 - clone
[INFO] [stdout]   22:                0x0 - <unknown>
[INFO] [stdout] 
[INFO] [stdout] ---- imp::file_release::tests::bazzite_os_release stdout ----
[INFO] [stdout] 
[INFO] [stdout] thread 'imp::file_release::tests::bazzite_os_release' (369) panicked at src/linux/file_release.rs:370:51:
[INFO] [stdout] called `Option::unwrap()` on a `None` value
[INFO] [stdout] stack backtrace:
[INFO] [stdout]    0:     0x651845323c11 - <<std[70759c8f55707aa4]::sys::backtrace::BacktraceLock>::print::DisplayBacktrace as core[df12db4294e9bfd3]::fmt::Display>::fmt
[INFO] [stdout]    1:     0x65184533862a - core[df12db4294e9bfd3]::fmt::write
[INFO] [stdout]    2:     0x65184532835c - <alloc[2182bb758b4b3781]::vec::Vec<u8> as core[df12db4294e9bfd3]::io::write::Write>::write_fmt
[INFO] [stdout]    3:     0x6518452fff76 - std[70759c8f55707aa4]::panicking::default_hook::{closure#0}
[INFO] [stdout]    4:     0x65184531c379 - std[70759c8f55707aa4]::panicking::default_hook
[INFO] [stdout]    5:     0x6518452b3420 - test[9d35eded1c95d3be]::test_main_inner::<test[9d35eded1c95d3be]::test_main_static::{closure#0}>::{closure#0}
[INFO] [stdout]    6:     0x65184531c532 - std[70759c8f55707aa4]::panicking::panic_with_hook
[INFO] [stdout]    7:     0x651845300054 - std[70759c8f55707aa4]::panicking::panic_handler::{closure#0}
[INFO] [stdout]    8:     0x6518452f8da9 - std[70759c8f55707aa4]::sys::backtrace::__rust_end_short_backtrace::<std[70759c8f55707aa4]::panicking::panic_handler::{closure#0}, !>
[INFO] [stdout]    9:     0x651845300c1d - __rustc[8fa7c3cbc660c2b3]::rust_begin_unwind
[INFO] [stdout]   10:     0x651845338d5c - core[df12db4294e9bfd3]::panicking::panic_fmt
[INFO] [stdout]   11:     0x651845338d22 - core[df12db4294e9bfd3]::panicking::panic
[INFO] [stdout]   12:     0x651845338ad9 - core[df12db4294e9bfd3]::option::unwrap_failed
[INFO] [stdout]   13:     0x65184528bb43 - os_info[2e66a972fc1fb7c5]::imp::file_release::tests::bazzite_os_release
[INFO] [stdout]   14:     0x65184529d8f9 - <os_info[2e66a972fc1fb7c5]::imp::file_release::tests::bazzite_os_release::{closure#0} as core[df12db4294e9bfd3]::ops::function::FnOnce<()>>::call_once
[INFO] [stdout]   15:     0x6518452a670b - test[9d35eded1c95d3be]::__rust_begin_short_backtrace::<core[df12db4294e9bfd3]::result::Result<(), alloc[2182bb758b4b3781]::string::String>, fn() -> core[df12db4294e9bfd3]::result::Result<(), alloc[2182bb758b4b3781]::string::String>>
[INFO] [stdout]   16:     0x6518452b3d75 - test[9d35eded1c95d3be]::run_test::{closure#0}
[INFO] [stdout]   17:     0x6518452ad634 - std[70759c8f55707aa4]::sys::backtrace::__rust_begin_short_backtrace::<test[9d35eded1c95d3be]::run_test::{closure#1}, ()>
[INFO] [stdout]   18:     0x6518452b6ed2 - <std[70759c8f55707aa4]::thread::lifecycle::spawn_unchecked<test[9d35eded1c95d3be]::run_test::{closure#1}, ()>::{closure#1} as core[df12db4294e9bfd3]::ops::function::FnOnce<()>>::call_once::{shim:vtable#0}
[INFO] [stdout]   19:     0x6518453234e9 - <std[70759c8f55707aa4]::sys::thread::unix::Thread>::new::thread_start
[INFO] [stdout]   20:     0x70cbc8a53dfa - <unknown>
[INFO] [stdout]   21:     0x70cbc8ae73d4 - clone
[INFO] [stdout]   22:                0x0 - <unknown>
[INFO] [stdout] 
[INFO] [stdout] ---- imp::file_release::tests::bluefin_os_release stdout ----
[INFO] [stdout] 
[INFO] [stdout] thread 'imp::file_release::tests::bluefin_os_release' (370) panicked at src/linux/file_release.rs:381:51:
[INFO] [stdout] called `Option::unwrap()` on a `None` value
[INFO] [stdout] stack backtrace:
[INFO] [stdout]    0:     0x651845323c11 - <<std[70759c8f55707aa4]::sys::backtrace::BacktraceLock>::print::DisplayBacktrace as core[df12db4294e9bfd3]::fmt::Display>::fmt
[INFO] [stdout]    1:     0x65184533862a - core[df12db4294e9bfd3]::fmt::write
[INFO] [stdout]    2:     0x65184532835c - <alloc[2182bb758b4b3781]::vec::Vec<u8> as core[df12db4294e9bfd3]::io::write::Write>::write_fmt
[INFO] [stdout]    3:     0x6518452fff76 - std[70759c8f55707aa4]::panicking::default_hook::{closure#0}
[INFO] [stdout]    4:     0x65184531c379 - std[70759c8f55707aa4]::panicking::default_hook
[INFO] [stdout]    5:     0x6518452b3420 - test[9d35eded1c95d3be]::test_main_inner::<test[9d35eded1c95d3be]::test_main_static::{closure#0}>::{closure#0}
[INFO] [stdout]    6:     0x65184531c532 - std[70759c8f55707aa4]::panicking::panic_with_hook
[INFO] [stdout]    7:     0x651845300054 - std[70759c8f55707aa4]::panicking::panic_handler::{closure#0}
[INFO] [stdout]    8:     0x6518452f8da9 - std[70759c8f55707aa4]::sys::backtrace::__rust_end_short_backtrace::<std[70759c8f55707aa4]::panicking::panic_handler::{closure#0}, !>
[INFO] [stdout]    9:     0x651845300c1d - __rustc[8fa7c3cbc660c2b3]::rust_begin_unwind
[INFO] [stdout]   10:     0x651845338d5c - core[df12db4294e9bfd3]::panicking::panic_fmt
[INFO] [stdout]   11:     0x651845338d22 - core[df12db4294e9bfd3]::panicking::panic
[INFO] [stdout]   12:     0x651845338ad9 - core[df12db4294e9bfd3]::option::unwrap_failed
[INFO] [stdout]   13:     0x65184528bf1f - os_info[2e66a972fc1fb7c5]::imp::file_release::tests::bluefin_os_release
[INFO] [stdout]   14:     0x65184529d919 - <os_info[2e66a972fc1fb7c5]::imp::file_release::tests::bluefin_os_release::{closure#0} as core[df12db4294e9bfd3]::ops::function::FnOnce<()>>::call_once
[INFO] [stdout]   15:     0x6518452a670b - test[9d35eded1c95d3be]::__rust_begin_short_backtrace::<core[df12db4294e9bfd3]::result::Result<(), alloc[2182bb758b4b3781]::string::String>, fn() -> core[df12db4294e9bfd3]::result::Result<(), alloc[2182bb758b4b3781]::string::String>>
[INFO] [stdout]   16:     0x6518452b3d75 - test[9d35eded1c95d3be]::run_test::{closure#0}
[INFO] [stdout]   17:     0x6518452ad634 - std[70759c8f55707aa4]::sys::backtrace::__rust_begin_short_backtrace::<test[9d35eded1c95d3be]::run_test::{closure#1}, ()>
[INFO] [stdout]   18:     0x6518452b6ed2 - <std[70759c8f55707aa4]::thread::lifecycle::spawn_unchecked<test[9d35eded1c95d3be]::run_test::{closure#1}, ()>::{closure#1} as core[df12db4294e9bfd3]::ops::function::FnOnce<()>>::call_once::{shim:vtable#0}
[INFO] [stdout]   19:     0x6518453234e9 - <std[70759c8f55707aa4]::sys::thread::unix::Thread>::new::thread_start
[INFO] [stdout]   20:     0x70cbc8a53dfa - <unknown>
[INFO] [stdout]   21:     0x70cbc8ae73d4 - clone
[INFO] [stdout]   22:                0x0 - <unknown>
[INFO] [stdout] 
[INFO] [stdout] ---- imp::file_release::tests::cachy_os_release stdout ----
[INFO] [stdout] 
[INFO] [stdout] thread 'imp::file_release::tests::cachy_os_release' (371) panicked at src/linux/file_release.rs:782:51:
[INFO] [stdout] called `Option::unwrap()` on a `None` value
[INFO] [stdout] stack backtrace:
[INFO] [stdout]    0:     0x651845323c11 - <<std[70759c8f55707aa4]::sys::backtrace::BacktraceLock>::print::DisplayBacktrace as core[df12db4294e9bfd3]::fmt::Display>::fmt
[INFO] [stdout]    1:     0x65184533862a - core[df12db4294e9bfd3]::fmt::write
[INFO] [stdout]    2:     0x65184532835c - <alloc[2182bb758b4b3781]::vec::Vec<u8> as core[df12db4294e9bfd3]::io::write::Write>::write_fmt
[INFO] [stdout]    3:     0x6518452fff76 - std[70759c8f55707aa4]::panicking::default_hook::{closure#0}
[INFO] [stdout]    4:     0x65184531c379 - std[70759c8f55707aa4]::panicking::default_hook
[INFO] [stdout]    5:     0x6518452b3420 - test[9d35eded1c95d3be]::test_main_inner::<test[9d35eded1c95d3be]::test_main_static::{closure#0}>::{closure#0}
[INFO] [stdout]    6:     0x65184531c532 - std[70759c8f55707aa4]::panicking::panic_with_hook
[INFO] [stdout]    7:     0x651845300054 - std[70759c8f55707aa4]::panicking::panic_handler::{closure#0}
[INFO] [stdout]    8:     0x6518452f8da9 - std[70759c8f55707aa4]::sys::backtrace::__rust_end_short_backtrace::<std[70759c8f55707aa4]::panicking::panic_handler::{closure#0}, !>
[INFO] [stdout]    9:     0x651845300c1d - __rustc[8fa7c3cbc660c2b3]::rust_begin_unwind
[INFO] [stdout]   10:     0x651845338d5c - core[df12db4294e9bfd3]::panicking::panic_fmt
[INFO] [stdout]   11:     0x651845338d22 - core[df12db4294e9bfd3]::panicking::panic
[INFO] [stdout]   12:     0x651845338ad9 - core[df12db4294e9bfd3]::option::unwrap_failed
[INFO] [stdout]   13:     0x651845289e30 - os_info[2e66a972fc1fb7c5]::imp::file_release::tests::cachy_os_release
[INFO] [stdout]   14:     0x65184529d7b9 - <os_info[2e66a972fc1fb7c5]::imp::file_release::tests::cachy_os_release::{closure#0} as core[df12db4294e9bfd3]::ops::function::FnOnce<()>>::call_once
[INFO] [stdout]   15:     0x6518452a670b - test[9d35eded1c95d3be]::__rust_begin_short_backtrace::<core[df12db4294e9bfd3]::result::Result<(), alloc[2182bb758b4b3781]::string::String>, fn() -> core[df12db4294e9bfd3]::result::Result<(), alloc[2182bb758b4b3781]::string::String>>
[INFO] [stdout]   16:     0x6518452b3d75 - test[9d35eded1c95d3be]::run_test::{closure#0}
[INFO] [stdout]   17:     0x6518452ad634 - std[70759c8f55707aa4]::sys::backtrace::__rust_begin_short_backtrace::<test[9d35eded1c95d3be]::run_test::{closure#1}, ()>
[INFO] [stdout]   18:     0x6518452b6ed2 - <std[70759c8f55707aa4]::thread::lifecycle::spawn_unchecked<test[9d35eded1c95d3be]::run_test::{closure#1}, ()>::{closure#1} as core[df12db4294e9bfd3]::ops::function::FnOnce<()>>::call_once::{shim:vtable#0}
[INFO] [stdout]   19:     0x6518453234e9 - <std[70759c8f55707aa4]::sys::thread::unix::Thread>::new::thread_start
[INFO] [stdout]   20:     0x70cbc8a53dfa - <unknown>
[INFO] [stdout]   21:     0x70cbc8ae73d4 - clone
[INFO] [stdout]   22:                0x0 - <unknown>
[INFO] [stdout] 
[INFO] [stdout] ---- imp::file_release::tests::centos_release_unknown stdout ----
[INFO] [stdout] 
[INFO] [stdout] thread 'imp::file_release::tests::centos_release_unknown' (375) panicked at src/linux/file_release.rs:436:51:
[INFO] [stdout] called `Option::unwrap()` on a `None` value
[INFO] [stdout] stack backtrace:
[INFO] [stdout]    0:     0x651845323c11 - <<std[70759c8f55707aa4]::sys::backtrace::BacktraceLock>::print::DisplayBacktrace as core[df12db4294e9bfd3]::fmt::Display>::fmt
[INFO] [stdout]    1:     0x65184533862a - core[df12db4294e9bfd3]::fmt::write
[INFO] [stdout]    2:     0x65184532835c - <alloc[2182bb758b4b3781]::vec::Vec<u8> as core[df12db4294e9bfd3]::io::write::Write>::write_fmt
[INFO] [stdout]    3:     0x6518452fff76 - std[70759c8f55707aa4]::panicking::default_hook::{closure#0}
[INFO] [stdout]    4:     0x65184531c379 - std[70759c8f55707aa4]::panicking::default_hook
[INFO] [stdout]    5:     0x6518452b3420 - test[9d35eded1c95d3be]::test_main_inner::<test[9d35eded1c95d3be]::test_main_static::{closure#0}>::{closure#0}
[INFO] [stdout]    6:     0x65184531c532 - std[70759c8f55707aa4]::panicking::panic_with_hook
[INFO] [stdout]    7:     0x651845300054 - std[70759c8f55707aa4]::panicking::panic_handler::{closure#0}
[INFO] [stdout]    8:     0x6518452f8da9 - std[70759c8f55707aa4]::sys::backtrace::__rust_end_short_backtrace::<std[70759c8f55707aa4]::panicking::panic_handler::{closure#0}, !>
[INFO] [stdout]    9:     0x651845300c1d - __rustc[8fa7c3cbc660c2b3]::rust_begin_unwind
[INFO] [stdout]   10:     0x651845338d5c - core[df12db4294e9bfd3]::panicking::panic_fmt
[INFO] [stdout]   11:     0x651845338d22 - core[df12db4294e9bfd3]::panicking::panic
[INFO] [stdout]   12:     0x651845338ad9 - core[df12db4294e9bfd3]::option::unwrap_failed
[INFO] [stdout]   13:     0x65184528e4a0 - os_info[2e66a972fc1fb7c5]::imp::file_release::tests::centos_release_unknown
[INFO] [stdout]   14:     0x65184529dbb9 - <os_info[2e66a972fc1fb7c5]::imp::file_release::tests::centos_release_unknown::{closure#0} as core[df12db4294e9bfd3]::ops::function::FnOnce<()>>::call_once
[INFO] [stdout]   15:     0x6518452a670b - test[9d35eded1c95d3be]::__rust_begin_short_backtrace::<core[df12db4294e9bfd3]::result::Result<(), alloc[2182bb758b4b3781]::string::String>, fn() -> core[df12db4294e9bfd3]::result::Result<(), alloc[2182bb758b4b3781]::string::String>>
[INFO] [stdout]   16:     0x6518452b3d75 - test[9d35eded1c95d3be]::run_test::{closure#0}
[INFO] [stdout]   17:     0x6518452ad634 - std[70759c8f55707aa4]::sys::backtrace::__rust_begin_short_backtrace::<test[9d35eded1c95d3be]::run_test::{closure#1}, ()>
[INFO] [stdout]   18:     0x6518452b6ed2 - <std[70759c8f55707aa4]::thread::lifecycle::spawn_unchecked<test[9d35eded1c95d3be]::run_test::{closure#1}, ()>::{closure#1} as core[df12db4294e9bfd3]::ops::function::FnOnce<()>>::call_once::{shim:vtable#0}
[INFO] [stdout]   19:     0x6518453234e9 - <std[70759c8f55707aa4]::sys::thread::unix::Thread>::new::thread_start
[INFO] [stdout]   20:     0x70cbc8a53dfa - <unknown>
[INFO] [stdout]   21:     0x70cbc8ae73d4 - clone
[INFO] [stdout]   22:                0x0 - <unknown>
[INFO] [stdout] 
[INFO] [stdout] ---- imp::file_release::tests::centos_7_os_release stdout ----
[INFO] [stdout] 
[INFO] [stdout] thread 'imp::file_release::tests::centos_7_os_release' (373) panicked at src/linux/file_release.rs:403:51:
[INFO] [stdout] called `Option::unwrap()` on a `None` value
[INFO] [stdout] stack backtrace:
[INFO] [stdout]    0:     0x651845323c11 - <<std[70759c8f55707aa4]::sys::backtrace::BacktraceLock>::print::DisplayBacktrace as core[df12db4294e9bfd3]::fmt::Display>::fmt
[INFO] [stdout]    1:     0x65184533862a - core[df12db4294e9bfd3]::fmt::write
[INFO] [stdout]    2:     0x65184532835c - <alloc[2182bb758b4b3781]::vec::Vec<u8> as core[df12db4294e9bfd3]::io::write::Write>::write_fmt
[INFO] [stdout]    3:     0x6518452fff76 - std[70759c8f55707aa4]::panicking::default_hook::{closure#0}
[INFO] [stdout]    4:     0x65184531c379 - std[70759c8f55707aa4]::panicking::default_hook
[INFO] [stdout]    5:     0x6518452b3420 - test[9d35eded1c95d3be]::test_main_inner::<test[9d35eded1c95d3be]::test_main_static::{closure#0}>::{closure#0}
[INFO] [stdout]    6:     0x65184531c532 - std[70759c8f55707aa4]::panicking::panic_with_hook
[INFO] [stdout]    7:     0x651845300054 - std[70759c8f55707aa4]::panicking::panic_handler::{closure#0}
[INFO] [stdout]    8:     0x6518452f8da9 - std[70759c8f55707aa4]::sys::backtrace::__rust_end_short_backtrace::<std[70759c8f55707aa4]::panicking::panic_handler::{closure#0}, !>
[INFO] [stdout]    9:     0x651845300c1d - __rustc[8fa7c3cbc660c2b3]::rust_begin_unwind
[INFO] [stdout]   10:     0x651845338d5c - core[df12db4294e9bfd3]::panicking::panic_fmt
[INFO] [stdout]   11:     0x651845338d22 - core[df12db4294e9bfd3]::panicking::panic
[INFO] [stdout]   12:     0x651845338ad9 - core[df12db4294e9bfd3]::option::unwrap_failed
[INFO] [stdout]   13:     0x65184528cdf6 - os_info[2e66a972fc1fb7c5]::imp::file_release::tests::centos_7_os_release
[INFO] [stdout]   14:     0x65184529da99 - <os_info[2e66a972fc1fb7c5]::imp::file_release::tests::centos_7_os_release::{closure#0} as core[df12db4294e9bfd3]::ops::function::FnOnce<()>>::call_once
[INFO] [stdout]   15:     0x6518452a670b - test[9d35eded1c95d3be]::__rust_begin_short_backtrace::<core[df12db4294e9bfd3]::result::Result<(), alloc[2182bb758b4b3781]::string::String>, fn() -> core[df12db4294e9bfd3]::result::Result<(), alloc[2182bb758b4b3781]::string::String>>
[INFO] [stdout]   16:     0x6518452b3d75 - test[9d35eded1c95d3be]::run_test::{closure#0}
[INFO] [stdout]   17:     0x6518452ad634 - std[70759c8f55707aa4]::sys::backtrace::__rust_begin_short_backtrace::<test[9d35eded1c95d3be]::run_test::{closure#1}, ()>
[INFO] [stdout]   18:     0x6518452b6ed2 - <std[70759c8f55707aa4]::thread::lifecycle::spawn_unchecked<test[9d35eded1c95d3be]::run_test::{closure#1}, ()>::{closure#1} as core[df12db4294e9bfd3]::ops::function::FnOnce<()>>::call_once::{shim:vtable#0}
[INFO] [stdout]   19:     0x6518453234e9 - <std[70759c8f55707aa4]::sys::thread::unix::Thread>::new::thread_start
[INFO] [stdout]   20:     0x70cbc8a53dfa - <unknown>
[INFO] [stdout]   21:     0x70cbc8ae73d4 - clone
[INFO] [stdout]   22:                0x0 - <unknown>
[INFO] [stdout] 
[INFO] [stdout] ---- imp::file_release::tests::debian_11_os_release stdout ----
[INFO] [stdout] 
[INFO] [stdout] thread 'imp::file_release::tests::debian_11_os_release' (377) panicked at src/linux/file_release.rs:447:51:
[INFO] [stdout] called `Option::unwrap()` on a `None` value
[INFO] [stdout] stack backtrace:
[INFO] [stdout]    0:     0x651845323c11 - <<std[70759c8f55707aa4]::sys::backtrace::BacktraceLock>::print::DisplayBacktrace as core[df12db4294e9bfd3]::fmt::Display>::fmt
[INFO] [stdout]    1:     0x65184533862a - core[df12db4294e9bfd3]::fmt::write
[INFO] [stdout]    2:     0x65184532835c - <alloc[2182bb758b4b3781]::vec::Vec<u8> as core[df12db4294e9bfd3]::io::write::Write>::write_fmt
[INFO] [stdout]    3:     0x6518452fff76 - std[70759c8f55707aa4]::panicking::default_hook::{closure#0}
[INFO] [stdout]    4:     0x65184531c379 - std[70759c8f55707aa4]::panicking::default_hook
[INFO] [stdout]    5:     0x6518452b3420 - test[9d35eded1c95d3be]::test_main_inner::<test[9d35eded1c95d3be]::test_main_static::{closure#0}>::{closure#0}
[INFO] [stdout]    6:     0x65184531c532 - std[70759c8f55707aa4]::panicking::panic_with_hook
[INFO] [stdout]    7:     0x651845300054 - std[70759c8f55707aa4]::panicking::panic_handler::{closure#0}
[INFO] [stdout]    8:     0x6518452f8da9 - std[70759c8f55707aa4]::sys::backtrace::__rust_end_short_backtrace::<std[70759c8f55707aa4]::panicking::panic_handler::{closure#0}, !>
[INFO] [stdout]    9:     0x651845300c1d - __rustc[8fa7c3cbc660c2b3]::rust_begin_unwind
[INFO] [stdout]   10:     0x651845338d5c - core[df12db4294e9bfd3]::panicking::panic_fmt
[INFO] [stdout]   11:     0x651845338d22 - core[df12db4294e9bfd3]::panicking::panic
[INFO] [stdout]   12:     0x651845338ad9 - core[df12db4294e9bfd3]::option::unwrap_failed
[INFO] [stdout]   13:     0x65184528d626 - os_info[2e66a972fc1fb7c5]::imp::file_release::tests::debian_11_os_release
[INFO] [stdout]   14:     0x65184529daf9 - <os_info[2e66a972fc1fb7c5]::imp::file_release::tests::debian_11_os_release::{closure#0} as core[df12db4294e9bfd3]::ops::function::FnOnce<()>>::call_once
[INFO] [stdout]   15:     0x6518452a670b - test[9d35eded1c95d3be]::__rust_begin_short_backtrace::<core[df12db4294e9bfd3]::result::Result<(), alloc[2182bb758b4b3781]::string::String>, fn() -> core[df12db4294e9bfd3]::result::Result<(), alloc[2182bb758b4b3781]::string::String>>
[INFO] [stdout]   16:     0x6518452b3d75 - test[9d35eded1c95d3be]::run_test::{closure#0}
[INFO] [stdout]   17:     0x6518452ad634 - std[70759c8f55707aa4]::sys::backtrace::__rust_begin_short_backtrace::<test[9d35eded1c95d3be]::run_test::{closure#1}, ()>
[INFO] [stdout]   18:     0x6518452b6ed2 - <std[70759c8f55707aa4]::thread::lifecycle::spawn_unchecked<test[9d35eded1c95d3be]::run_test::{closure#1}, ()>::{closure#1} as core[df12db4294e9bfd3]::ops::function::FnOnce<()>>::call_once::{shim:vtable#0}
[INFO] [stdout]   19:     0x6518453234e9 - <std[70759c8f55707aa4]::sys::thread::unix::Thread>::new::thread_start
[INFO] [stdout]   20:     0x70cbc8a53dfa - <unknown>
[INFO] [stdout]   21:     0x70cbc8ae73d4 - clone
[INFO] [stdout]   22:                0x0 - <unknown>
[INFO] [stdout] 
[INFO] [stdout] ---- imp::file_release::tests::fedora_release_unknown stdout ----
[INFO] [stdout] 
[INFO] [stdout] thread 'imp::file_release::tests::fedora_release_unknown' (381) panicked at src/linux/file_release.rs:491:51:
[INFO] [stdout] called `Option::unwrap()` on a `None` value
[INFO] [stdout] stack backtrace:
[INFO] [stdout]    0:     0x651845323c11 - <<std[70759c8f55707aa4]::sys::backtrace::BacktraceLock>::print::DisplayBacktrace as core[df12db4294e9bfd3]::fmt::Display>::fmt
[INFO] [stdout]    1:     0x65184533862a - core[df12db4294e9bfd3]::fmt::write
[INFO] [stdout]    2:     0x65184532835c - <alloc[2182bb758b4b3781]::vec::Vec<u8> as core[df12db4294e9bfd3]::io::write::Write>::write_fmt
[INFO] [stdout]    3:     0x6518452fff76 - std[70759c8f55707aa4]::panicking::default_hook::{closure#0}
[INFO] [stdout]    4:     0x65184531c379 - std[70759c8f55707aa4]::panicking::default_hook
[INFO] [stdout]    5:     0x6518452b3420 - test[9d35eded1c95d3be]::test_main_inner::<test[9d35eded1c95d3be]::test_main_static::{closure#0}>::{closure#0}
[INFO] [stdout]    6:     0x65184531c532 - std[70759c8f55707aa4]::panicking::panic_with_hook
[INFO] [stdout]    7:     0x651845300054 - std[70759c8f55707aa4]::panicking::panic_handler::{closure#0}
[INFO] [stdout]    8:     0x6518452f8da9 - std[70759c8f55707aa4]::sys::backtrace::__rust_end_short_backtrace::<std[70759c8f55707aa4]::panicking::panic_handler::{closure#0}, !>
[INFO] [stdout]    9:     0x651845300c1d - __rustc[8fa7c3cbc660c2b3]::rust_begin_unwind
[INFO] [stdout]   10:     0x651845338d5c - core[df12db4294e9bfd3]::panicking::panic_fmt
[INFO] [stdout]   11:     0x651845338d22 - core[df12db4294e9bfd3]::panicking::panic
[INFO] [stdout]   12:     0x651845338ad9 - core[df12db4294e9bfd3]::option::unwrap_failed
[INFO] [stdout]   13:     0x65184528e6e0 - os_info[2e66a972fc1fb7c5]::imp::file_release::tests::fedora_release_unknown
[INFO] [stdout]   14:     0x65184529dbd9 - <os_info[2e66a972fc1fb7c5]::imp::file_release::tests::fedora_release_unknown::{closure#0} as core[df12db4294e9bfd3]::ops::function::FnOnce<()>>::call_once
[INFO] [stdout]   15:     0x6518452a670b - test[9d35eded1c95d3be]::__rust_begin_short_backtrace::<core[df12db4294e9bfd3]::result::Result<(), alloc[2182bb758b4b3781]::string::String>, fn() -> core[df12db4294e9bfd3]::result::Result<(), alloc[2182bb758b4b3781]::string::String>>
[INFO] [stdout]   16:     0x6518452b3d75 - test[9d35eded1c95d3be]::run_test::{closure#0}
[INFO] [stdout]   17:     0x6518452ad634 - std[70759c8f55707aa4]::sys::backtrace::__rust_begin_short_backtrace::<test[9d35eded1c95d3be]::run_test::{closure#1}, ()>
[INFO] [stdout]   18:     0x6518452b6ed2 - <std[70759c8f55707aa4]::thread::lifecycle::spawn_unchecked<test[9d35eded1c95d3be]::run_test::{closure#1}, ()>::{closure#1} as core[df12db4294e9bfd3]::ops::function::FnOnce<()>>::call_once::{shim:vtable#0}
[INFO] [stdout]   19:     0x6518453234e9 - <std[70759c8f55707aa4]::sys::thread::unix::Thread>::new::thread_start
[INFO] [stdout]   20:     0x70cbc8a53dfa - <unknown>
[INFO] [stdout]   21:     0x70cbc8ae73d4 - clone
[INFO] [stdout]   22:                0x0 - <unknown>
[INFO] [stdout] 
[INFO] [stdout] ---- imp::file_release::tests::fedora_35_os_release stdout ----
[INFO] [stdout] 
[INFO] [stdout] thread 'imp::file_release::tests::fedora_35_os_release' (379) panicked at src/linux/file_release.rs:469:51:
[INFO] [stdout] called `Option::unwrap()` on a `None` value
[INFO] [stdout] stack backtrace:
[INFO] [stdout]    0:     0x651845323c11 - <<std[70759c8f55707aa4]::sys::backtrace::BacktraceLock>::print::DisplayBacktrace as core[df12db4294e9bfd3]::fmt::Display>::fmt
[INFO] [stdout]    1:     0x65184533862a - core[df12db4294e9bfd3]::fmt::write
[INFO] [stdout]    2:     0x65184532835c - <alloc[2182bb758b4b3781]::vec::Vec<u8> as core[df12db4294e9bfd3]::io::write::Write>::write_fmt
[INFO] [stdout]    3:     0x6518452fff76 - std[70759c8f55707aa4]::panicking::default_hook::{closure#0}
[INFO] [stdout]    4:     0x65184531c379 - std[70759c8f55707aa4]::panicking::default_hook
[INFO] [stdout]    5:     0x6518452b3420 - test[9d35eded1c95d3be]::test_main_inner::<test[9d35eded1c95d3be]::test_main_static::{closure#0}>::{closure#0}
[INFO] [stdout]    6:     0x65184531c532 - std[70759c8f55707aa4]::panicking::panic_with_hook
[INFO] [stdout]    7:     0x651845300054 - std[70759c8f55707aa4]::panicking::panic_handler::{closure#0}
[INFO] [stdout]    8:     0x6518452f8da9 - std[70759c8f55707aa4]::sys::backtrace::__rust_end_short_backtrace::<std[70759c8f55707aa4]::panicking::panic_handler::{closure#0}, !>
[INFO] [stdout]    9:     0x651845300c1d - __rustc[8fa7c3cbc660c2b3]::rust_begin_unwind
[INFO] [stdout]   10:     0x651845338d5c - core[df12db4294e9bfd3]::panicking::panic_fmt
[INFO] [stdout]   11:     0x651845338d22 - core[df12db4294e9bfd3]::panicking::panic
[INFO] [stdout]   12:     0x651845338ad9 - core[df12db4294e9bfd3]::option::unwrap_failed
[INFO] [stdout]   13:     0x65184528db36 - os_info[2e66a972fc1fb7c5]::imp::file_release::tests::fedora_35_os_release
[INFO] [stdout]   14:     0x65184529db39 - <os_info[2e66a972fc1fb7c5]::imp::file_release::tests::fedora_35_os_release::{closure#0} as core[df12db4294e9bfd3]::ops::function::FnOnce<()>>::call_once
[INFO] [stdout]   15:     0x6518452a670b - test[9d35eded1c95d3be]::__rust_begin_short_backtrace::<core[df12db4294e9bfd3]::result::Result<(), alloc[2182bb758b4b3781]::string::String>, fn() -> core[df12db4294e9bfd3]::result::Result<(), alloc[2182bb758b4b3781]::string::String>>
[INFO] [stdout]   16:     0x6518452b3d75 - test[9d35eded1c95d3be]::run_test::{closure#0}
[INFO] [stdout]   17:     0x6518452ad634 - std[70759c8f55707aa4]::sys::backtrace::__rust_begin_short_backtrace::<test[9d35eded1c95d3be]::run_test::{closure#1}, ()>
[INFO] [stdout]   18:     0x6518452b6ed2 - <std[70759c8f55707aa4]::thread::lifecycle::spawn_unchecked<test[9d35eded1c95d3be]::run_test::{closure#1}, ()>::{closure#1} as core[df12db4294e9bfd3]::ops::function::FnOnce<()>>::call_once::{shim:vtable#0}
[INFO] [stdout]   19:     0x6518453234e9 - <std[70759c8f55707aa4]::sys::thread::unix::Thread>::new::thread_start
[INFO] [stdout]   20:     0x70cbc8a53dfa - <unknown>
[INFO] [stdout]   21:     0x70cbc8ae73d4 - clone
[INFO] [stdout]   22:                0x0 - <unknown>
[INFO] [stdout] 
[INFO] [stdout] ---- imp::file_release::tests::centos_stream_os_release stdout ----
[INFO] [stdout] 
[INFO] [stdout] thread 'imp::file_release::tests::centos_stream_os_release' (376) panicked at src/linux/file_release.rs:414:51:
[INFO] [stdout] called `Option::unwrap()` on a `None` value
[INFO] [stdout] stack backtrace:
[INFO] [stdout]    0:     0x651845323c11 - <<std[70759c8f55707aa4]::sys::backtrace::BacktraceLock>::print::DisplayBacktrace as core[df12db4294e9bfd3]::fmt::Display>::fmt
[INFO] [stdout]    1:     0x65184533862a - core[df12db4294e9bfd3]::fmt::write
[INFO] [stdout]    2:     0x65184532835c - <alloc[2182bb758b4b3781]::vec::Vec<u8> as core[df12db4294e9bfd3]::io::write::Write>::write_fmt
[INFO] [stdout]    3:     0x6518452fff76 - std[70759c8f55707aa4]::panicking::default_hook::{closure#0}
[INFO] [stdout]    4:     0x65184531c379 - std[70759c8f55707aa4]::panicking::default_hook
[INFO] [stdout]    5:     0x6518452b3420 - test[9d35eded1c95d3be]::test_main_inner::<test[9d35eded1c95d3be]::test_main_static::{closure#0}>::{closure#0}
[INFO] [stdout]    6:     0x65184531c532 - std[70759c8f55707aa4]::panicking::panic_with_hook
[INFO] [stdout]    7:     0x651845300054 - std[70759c8f55707aa4]::panicking::panic_handler::{closure#0}
[INFO] [stdout]    8:     0x6518452f8da9 - std[70759c8f55707aa4]::sys::backtrace::__rust_end_short_backtrace::<std[70759c8f55707aa4]::panicking::panic_handler::{closure#0}, !>
[INFO] [stdout]    9:     0x651845300c1d - __rustc[8fa7c3cbc660c2b3]::rust_begin_unwind
[INFO] [stdout]   10:     0x651845338d5c - core[df12db4294e9bfd3]::panicking::panic_fmt
[INFO] [stdout]   11:     0x651845338d22 - core[df12db4294e9bfd3]::panicking::panic
[INFO] [stdout]   12:     0x651845338ad9 - core[df12db4294e9bfd3]::option::unwrap_failed
[INFO] [stdout]   13:     0x65184528fa36 - os_info[2e66a972fc1fb7c5]::imp::file_release::tests::centos_stream_os_release
[INFO] [stdout]   14:     0x65184529dd89 - <os_info[2e66a972fc1fb7c5]::imp::file_release::tests::centos_stream_os_release::{closure#0} as core[df12db4294e9bfd3]::ops::function::FnOnce<()>>::call_once
[INFO] [stdout]   15:     0x6518452a670b - test[9d35eded1c95d3be]::__rust_begin_short_backtrace::<core[df12db4294e9bfd3]::result::Result<(), alloc[2182bb758b4b3781]::string::String>, fn() -> core[df12db4294e9bfd3]::result::Result<(), alloc[2182bb758b4b3781]::string::String>>
[INFO] [stdout]   16:     0x6518452b3d75 - test[9d35eded1c95d3be]::run_test::{closure#0}
[INFO] [stdout]   17:     0x6518452ad634 - std[70759c8f55707aa4]::sys::backtrace::__rust_begin_short_backtrace::<test[9d35eded1c95d3be]::run_test::{closure#1}, ()>
[INFO] [stdout]   18:     0x6518452b6ed2 - <std[70759c8f55707aa4]::thread::lifecycle::spawn_unchecked<test[9d35eded1c95d3be]::run_test::{closure#1}, ()>::{closure#1} as core[df12db4294e9bfd3]::ops::function::FnOnce<()>>::call_once::{shim:vtable#0}
[INFO] [stdout]   19:     0x6518453234e9 - <std[70759c8f55707aa4]::sys::thread::unix::Thread>::new::thread_start
[INFO] [stdout]   20:     0x70cbc8a53dfa - <unknown>
[INFO] [stdout]   21:     0x70cbc8ae73d4 - clone
[INFO] [stdout]   22:                0x0 - <unknown>
[INFO] [stdout] 
[INFO] [stdout] ---- imp::file_release::tests::fedora_32_os_release stdout ----
[INFO] [stdout] 
[INFO] [stdout] thread 'imp::file_release::tests::fedora_32_os_release' (378) panicked at src/linux/file_release.rs:458:51:
[INFO] [stdout] called `Option::unwrap()` on a `None` value
[INFO] [stdout] stack backtrace:
[INFO] [stdout]    0:     0x651845323c11 - <<std[70759c8f55707aa4]::sys::backtrace::BacktraceLock>::print::DisplayBacktrace as core[df12db4294e9bfd3]::fmt::Display>::fmt
[INFO] [stdout]    1:     0x65184533862a - core[df12db4294e9bfd3]::fmt::write
[INFO] [stdout]    2:     0x65184532835c - <alloc[2182bb758b4b3781]::vec::Vec<u8> as core[df12db4294e9bfd3]::io::write::Write>::write_fmt
[INFO] [stdout]    3:     0x6518452fff76 - std[70759c8f55707aa4]::panicking::default_hook::{closure#0}
[INFO] [stdout]    4:     0x65184531c379 - std[70759c8f55707aa4]::panicking::default_hook
[INFO] [stdout]    5:     0x6518452b3420 - test[9d35eded1c95d3be]::test_main_inner::<test[9d35eded1c95d3be]::test_main_static::{closure#0}>::{closure#0}
[INFO] [stdout]    6:     0x65184531c532 - std[70759c8f55707aa4]::panicking::panic_with_hook
[INFO] [stdout]    7:     0x651845300054 - std[70759c8f55707aa4]::panicking::panic_handler::{closure#0}
[INFO] [stdout]    8:     0x6518452f8da9 - std[70759c8f55707aa4]::sys::backtrace::__rust_end_short_backtrace::<std[70759c8f55707aa4]::panicking::panic_handler::{closure#0}, !>
[INFO] [stdout]    9:     0x651845300c1d - __rustc[8fa7c3cbc660c2b3]::rust_begin_unwind
[INFO] [stdout]   10:     0x651845338d5c - core[df12db4294e9bfd3]::panicking::panic_fmt
[INFO] [stdout]   11:     0x651845338d22 - core[df12db4294e9bfd3]::panicking::panic
[INFO] [stdout]   12:     0x651845338ad9 - core[df12db4294e9bfd3]::option::unwrap_failed
[INFO] [stdout]   13:     0x65184528d8b6 - os_info[2e66a972fc1fb7c5]::imp::file_release::tests::fedora_32_os_release
[INFO] [stdout]   14:     0x65184529db19 - <os_info[2e66a972fc1fb7c5]::imp::file_release::tests::fedora_32_os_release::{closure#0} as core[df12db4294e9bfd3]::ops::function::FnOnce<()>>::call_once
[INFO] [stdout]   15:     0x6518452a670b - test[9d35eded1c95d3be]::__rust_begin_short_backtrace::<core[df12db4294e9bfd3]::result::Result<(), alloc[2182bb758b4b3781]::string::String>, fn() -> core[df12db4294e9bfd3]::result::Result<(), alloc[2182bb758b4b3781]::string::String>>
[INFO] [stdout]   16:     0x6518452b3d75 - test[9d35eded1c95d3be]::run_test::{closure#0}
[INFO] [stdout]   17:     0x6518452ad634 - std[70759c8f55707aa4]::sys::backtrace::__rust_begin_short_backtrace::<test[9d35eded1c95d3be]::run_test::{closure#1}, ()>
[INFO] [stdout]   18:     0x6518452b6ed2 - <std[70759c8f55707aa4]::thread::lifecycle::spawn_unchecked<test[9d35eded1c95d3be]::run_test::{closure#1}, ()>::{closure#1} as core[df12db4294e9bfd3]::ops::function::FnOnce<()>>::call_once::{shim:vtable#0}
[INFO] [stdout]   19:     0x6518453234e9 - <std[70759c8f55707aa4]::sys::thread::unix::Thread>::new::thread_start
[INFO] [stdout]   20:     0x70cbc8a53dfa - <unknown>
[INFO] [stdout]   21:     0x70cbc8ae73d4 - clone
[INFO] [stdout]   22:                0x0 - <unknown>
[INFO] [stdout] 
[INFO] [stdout] ---- imp::file_release::tests::centos_release stdout ----
[INFO] [stdout] 
[INFO] [stdout] thread 'imp::file_release::tests::centos_release' (374) panicked at src/linux/file_release.rs:425:51:
[INFO] [stdout] called `Option::unwrap()` on a `None` value
[INFO] [stdout] stack backtrace:
[INFO] [stdout]    0:     0x651845323c11 - <<std[70759c8f55707aa4]::sys::backtrace::BacktraceLock>::print::DisplayBacktrace as core[df12db4294e9bfd3]::fmt::Display>::fmt
[INFO] [stdout]    1:     0x65184533862a - core[df12db4294e9bfd3]::fmt::write
[INFO] [stdout]    2:     0x65184532835c - <alloc[2182bb758b4b3781]::vec::Vec<u8> as core[df12db4294e9bfd3]::io::write::Write>::write_fmt
[INFO] [stdout]    3:     0x6518452fff76 - std[70759c8f55707aa4]::panicking::default_hook::{closure#0}
[INFO] [stdout]    4:     0x65184531c379 - std[70759c8f55707aa4]::panicking::default_hook
[INFO] [stdout]    5:     0x6518452b3420 - test[9d35eded1c95d3be]::test_main_inner::<test[9d35eded1c95d3be]::test_main_static::{closure#0}>::{closure#0}
[INFO] [stdout]    6:     0x65184531c532 - std[70759c8f55707aa4]::panicking::panic_with_hook
[INFO] [stdout]    7:     0x651845300054 - std[70759c8f55707aa4]::panicking::panic_handler::{closure#0}
[INFO] [stdout]    8:     0x6518452f8da9 - std[70759c8f55707aa4]::sys::backtrace::__rust_end_short_backtrace::<std[70759c8f55707aa4]::panicking::panic_handler::{closure#0}, !>
[INFO] [stdout]    9:     0x651845300c1d - __rustc[8fa7c3cbc660c2b3]::rust_begin_unwind
[INFO] [stdout]   10:     0x651845338d5c - core[df12db4294e9bfd3]::panicking::panic_fmt
[INFO] [stdout]   11:     0x651845338d22 - core[df12db4294e9bfd3]::panicking::panic
[INFO] [stdout]   12:     0x651845338ad9 - core[df12db4294e9bfd3]::option::unwrap_failed
[INFO] [stdout]   13:     0x651845288050 - os_info[2e66a972fc1fb7c5]::imp::file_release::tests::centos_release
[INFO] [stdout]   14:     0x65184529d589 - <os_info[2e66a972fc1fb7c5]::imp::file_release::tests::centos_release::{closure#0} as core[df12db4294e9bfd3]::ops::function::FnOnce<()>>::call_once
[INFO] [stdout]   15:     0x6518452a670b - test[9d35eded1c95d3be]::__rust_begin_short_backtrace::<core[df12db4294e9bfd3]::result::Result<(), alloc[2182bb758b4b3781]::string::String>, fn() -> core[df12db4294e9bfd3]::result::Result<(), alloc[2182bb758b4b3781]::string::String>>
[INFO] [stdout]   16:     0x6518452b3d75 - test[9d35eded1c95d3be]::run_test::{closure#0}
[INFO] [stdout]   17:     0x6518452ad634 - std[70759c8f55707aa4]::sys::backtrace::__rust_begin_short_backtrace::<test[9d35eded1c95d3be]::run_test::{closure#1}, ()>
[INFO] [stdout]   18:     0x6518452b6ed2 - <std[70759c8f55707aa4]::thread::lifecycle::spawn_unchecked<test[9d35eded1c95d3be]::run_test::{closure#1}, ()>::{closure#1} as core[df12db4294e9bfd3]::ops::function::FnOnce<()>>::call_once::{shim:vtable#0}
[INFO] [stdout]   19:     0x6518453234e9 - <std[70759c8f55707aa4]::sys::thread::unix::Thread>::new::thread_start
[INFO] [stdout]   20:     0x70cbc8a53dfa - <unknown>
[INFO] [stdout]   21:     0x70cbc8ae73d4 - clone
[INFO] [stdout]   22:                0x0 - <unknown>
[INFO] [stdout] 
[INFO] [stdout] ---- imp::file_release::tests::fedora_release stdout ----
[INFO] [stdout] 
[INFO] [stdout] thread 'imp::file_release::tests::fedora_release' (380) panicked at src/linux/file_release.rs:480:51:
[INFO] [stdout] called `Option::unwrap()` on a `None` value
[INFO] [stdout] stack backtrace:
[INFO] [stdout]    0:     0x651845323c11 - <<std[70759c8f55707aa4]::sys::backtrace::BacktraceLock>::print::DisplayBacktrace as core[df12db4294e9bfd3]::fmt::Display>::fmt
[INFO] [stdout]    1:     0x65184533862a - core[df12db4294e9bfd3]::fmt::write
[INFO] [stdout]    2:     0x65184532835c - <alloc[2182bb758b4b3781]::vec::Vec<u8> as core[df12db4294e9bfd3]::io::write::Write>::write_fmt
[INFO] [stdout]    3:     0x6518452fff76 - std[70759c8f55707aa4]::panicking::default_hook::{closure#0}
[INFO] [stdout]    4:     0x65184531c379 - std[70759c8f55707aa4]::panicking::default_hook
[INFO] [stdout]    5:     0x6518452b3420 - test[9d35eded1c95d3be]::test_main_inner::<test[9d35eded1c95d3be]::test_main_static::{closure#0}>::{closure#0}
[INFO] [stdout]    6:     0x65184531c532 - std[70759c8f55707aa4]::panicking::panic_with_hook
[INFO] [stdout]    7:     0x651845300054 - std[70759c8f55707aa4]::panicking::panic_handler::{closure#0}
[INFO] [stdout]    8:     0x6518452f8da9 - std[70759c8f55707aa4]::sys::backtrace::__rust_end_short_backtrace::<std[70759c8f55707aa4]::panicking::panic_handler::{closure#0}, !>
[INFO] [stdout]    9:     0x651845300c1d - __rustc[8fa7c3cbc660c2b3]::rust_begin_unwind
[INFO] [stdout]   10:     0x651845338d5c - core[df12db4294e9bfd3]::panicking::panic_fmt
[INFO] [stdout]   11:     0x651845338d22 - core[df12db4294e9bfd3]::panicking::panic
[INFO] [stdout]   12:     0x651845338ad9 - core[df12db4294e9bfd3]::option::unwrap_failed
[INFO] [stdout]   13:     0x651845288306 - os_info[2e66a972fc1fb7c5]::imp::file_release::tests::fedora_release
[INFO] [stdout]   14:     0x65184529d5a9 - <os_info[2e66a972fc1fb7c5]::imp::file_release::tests::fedora_release::{closure#0} as core[df12db4294e9bfd3]::ops::function::FnOnce<()>>::call_once
[INFO] [stdout]   15:     0x6518452a670b - test[9d35eded1c95d3be]::__rust_begin_short_backtrace::<core[df12db4294e9bfd3]::result::Result<(), alloc[2182bb758b4b3781]::string::String>, fn() -> core[df12db4294e9bfd3]::result::Result<(), alloc[2182bb758b4b3781]::string::String>>
[INFO] [stdout]   16:     0x6518452b3d75 - test[9d35eded1c95d3be]::run_test::{closure#0}
[INFO] [stdout]   17:     0x6518452ad634 - std[70759c8f55707aa4]::sys::backtrace::__rust_begin_short_backtrace::<test[9d35eded1c95d3be]::run_test::{closure#1}, ()>
[INFO] [stdout]   18:     0x6518452b6ed2 - <std[70759c8f55707aa4]::thread::lifecycle::spawn_unchecked<test[9d35eded1c95d3be]::run_test::{closure#1}, ()>::{closure#1} as core[df12db4294e9bfd3]::ops::function::FnOnce<()>>::call_once::{shim:vtable#0}
[INFO] [stdout]   19:     0x6518453234e9 - <std[70759c8f55707aa4]::sys::thread::unix::Thread>::new::thread_start
[INFO] [stdout]   20:     0x70cbc8a53dfa - <unknown>
[INFO] [stdout]   21:     0x70cbc8ae73d4 - clone
[INFO] [stdout]   22:                0x0 - <unknown>
[INFO] [stdout] 
[INFO] [stdout] ---- imp::file_release::tests::instant_os_release stdout ----
[INFO] [stdout] 
[INFO] [stdout] thread 'imp::file_release::tests::instant_os_release' (382) panicked at src/linux/file_release.rs:392:51:
[INFO] [stdout] called `Option::unwrap()` on a `None` value
[INFO] [stdout] stack backtrace:
[INFO] [stdout]    0:     0x651845323c11 - <<std[70759c8f55707aa4]::sys::backtrace::BacktraceLock>::print::DisplayBacktrace as core[df12db4294e9bfd3]::fmt::Display>::fmt
[INFO] [stdout]    1:     0x65184533862a - core[df12db4294e9bfd3]::fmt::write
[INFO] [stdout]    2:     0x65184532835c - <alloc[2182bb758b4b3781]::vec::Vec<u8> as core[df12db4294e9bfd3]::io::write::Write>::write_fmt
[INFO] [stdout]    3:     0x6518452fff76 - std[70759c8f55707aa4]::panicking::default_hook::{closure#0}
[INFO] [stdout]    4:     0x65184531c379 - std[70759c8f55707aa4]::panicking::default_hook
[INFO] [stdout]    5:     0x6518452b3420 - test[9d35eded1c95d3be]::test_main_inner::<test[9d35eded1c95d3be]::test_main_static::{closure#0}>::{closure#0}
[INFO] [stdout]    6:     0x65184531c532 - std[70759c8f55707aa4]::panicking::panic_with_hook
[INFO] [stdout]    7:     0x651845300054 - std[70759c8f55707aa4]::panicking::panic_handler::{closure#0}
[INFO] [stdout]    8:     0x6518452f8da9 - std[70759c8f55707aa4]::sys::backtrace::__rust_end_short_backtrace::<std[70759c8f55707aa4]::panicking::panic_handler::{closure#0}, !>
[INFO] [stdout]    9:     0x651845300c1d - __rustc[8fa7c3cbc660c2b3]::rust_begin_unwind
[INFO] [stderr] error: test failed, to rerun pass `--lib`
[INFO] [stdout]   10:     0x651845338d5c - core[df12db4294e9bfd3]::panicking::panic_fmt
[INFO] [stdout]   11:     0x651845338d22 - core[df12db4294e9bfd3]::panicking::panic
[INFO] [stdout]   12:     0x651845338ad9 - core[df12db4294e9bfd3]::option::unwrap_failed
[INFO] [stdout]   13:     0x65184528c110 - os_info[2e66a972fc1fb7c5]::imp::file_release::tests::instant_os_release
[INFO] [stdout]   14:     0x65184529d939 - <os_info[2e66a972fc1fb7c5]::imp::file_release::tests::instant_os_release::{closure#0} as core[df12db4294e9bfd3]::ops::function::FnOnce<()>>::call_once
[INFO] [stdout]   15:     0x6518452a670b - test[9d35eded1c95d3be]::__rust_begin_short_backtrace::<core[df12db4294e9bfd3]::result::Result<(), alloc[2182bb758b4b3781]::string::String>, fn() -> core[df12db4294e9bfd3]::result::Result<(), alloc[2182bb758b4b3781]::string::String>>
[INFO] [stdout]   16:     0x6518452b3d75 - test[9d35eded1c95d3be]::run_test::{closure#0}
[INFO] [stdout]   17:     0x6518452ad634 - std[70759c8f55707aa4]::sys::backtrace::__rust_begin_short_backtrace::<test[9d35eded1c95d3be]::run_test::{closure#1}, ()>
[INFO] [stdout]   18:     0x6518452b6ed2 - <std[70759c8f55707aa4]::thread::lifecycle::spawn_unchecked<test[9d35eded1c95d3be]::run_test::{closure#1}, ()>::{closure#1} as core[df12db4294e9bfd3]::ops::function::FnOnce<()>>::call_once::{shim:vtable#0}
[INFO] [stdout]   19:     0x6518453234e9 - <std[70759c8f55707aa4]::sys::thread::unix::Thread>::new::thread_start
[INFO] [stdout]   20:     0x70cbc8a53dfa - <unknown>
[INFO] [stdout]   21:     0x70cbc8ae73d4 - clone
[INFO] [stdout]   22:                0x0 - <unknown>
[INFO] [stdout] 
[INFO] [stdout] ---- imp::file_release::tests::kde_neon_release stdout ----
[INFO] [stdout] 
[INFO] [stdout] thread 'imp::file_release::tests::kde_neon_release' (384) panicked at src/linux/file_release.rs:513:51:
[INFO] [stdout] called `Option::unwrap()` on a `None` value
[INFO] [stdout] stack backtrace:
[INFO] [stdout]    0:     0x651845323c11 - <<std[70759c8f55707aa4]::sys::backtrace::BacktraceLock>::print::DisplayBacktrace as core[df12db4294e9bfd3]::fmt::Display>::fmt
[INFO] [stdout]    1:     0x65184533862a - core[df12db4294e9bfd3]::fmt::write
[INFO] [stdout]    2:     0x65184532835c - <alloc[2182bb758b4b3781]::vec::Vec<u8> as core[df12db4294e9bfd3]::io::write::Write>::write_fmt
[INFO] [stdout]    3:     0x6518452fff76 - std[70759c8f55707aa4]::panicking::default_hook::{closure#0}
[INFO] [stdout]    4:     0x65184531c379 - std[70759c8f55707aa4]::panicking::default_hook
[INFO] [stdout]    5:     0x6518452b3420 - test[9d35eded1c95d3be]::test_main_inner::<test[9d35eded1c95d3be]::test_main_static::{closure#0}>::{closure#0}
[INFO] [stdout]    6:     0x65184531c532 - std[70759c8f55707aa4]::panicking::panic_with_hook
[INFO] [stdout]    7:     0x651845300054 - std[70759c8f55707aa4]::panicking::panic_handler::{closure#0}
[INFO] [stdout]    8:     0x6518452f8da9 - std[70759c8f55707aa4]::sys::backtrace::__rust_end_short_backtrace::<std[70759c8f55707aa4]::panicking::panic_handler::{closure#0}, !>
[INFO] [stdout]    9:     0x651845300c1d - __rustc[8fa7c3cbc660c2b3]::rust_begin_unwind
[INFO] [stdout]   10:     0x651845338d5c - core[df12db4294e9bfd3]::panicking::panic_fmt
[INFO] [stdout]   11:     0x651845338d22 - core[df12db4294e9bfd3]::panicking::panic
[INFO] [stdout]   12:     0x651845338ad9 - core[df12db4294e9bfd3]::option::unwrap_failed
[INFO] [stdout]   13:     0x65184528a1fd - os_info[2e66a972fc1fb7c5]::imp::file_release::tests::kde_neon_release
[INFO] [stdout]   14:     0x65184529d7d9 - <os_info[2e66a972fc1fb7c5]::imp::file_release::tests::kde_neon_release::{closure#0} as core[df12db4294e9bfd3]::ops::function::FnOnce<()>>::call_once
[INFO] [stdout]   15:     0x6518452a670b - test[9d35eded1c95d3be]::__rust_begin_short_backtrace::<core[df12db4294e9bfd3]::result::Result<(), alloc[2182bb758b4b3781]::string::String>, fn() -> core[df12db4294e9bfd3]::result::Result<(), alloc[2182bb758b4b3781]::string::String>>
[INFO] [stdout]   16:     0x6518452b3d75 - test[9d35eded1c95d3be]::run_test::{closure#0}
[INFO] [stdout]   17:     0x6518452ad634 - std[70759c8f55707aa4]::sys::backtrace::__rust_begin_short_backtrace::<test[9d35eded1c95d3be]::run_test::{closure#1}, ()>
[INFO] [stdout]   18:     0x6518452b6ed2 - <std[70759c8f55707aa4]::thread::lifecycle::spawn_unchecked<test[9d35eded1c95d3be]::run_test::{closure#1}, ()>::{closure#1} as core[df12db4294e9bfd3]::ops::function::FnOnce<()>>::call_once::{shim:vtable#0}
[INFO] [stdout]   19:     0x6518453234e9 - <std[70759c8f55707aa4]::sys::thread::unix::Thread>::new::thread_start
[INFO] [stdout]   20:     0x70cbc8a53dfa - <unknown>
[INFO] [stdout]   21:     0x70cbc8ae73d4 - clone
[INFO] [stdout]   22:                0x0 - <unknown>
[INFO] [stdout] 
[INFO] [stdout] ---- imp::file_release::tests::nixos_os_release stdout ----
[INFO] [stdout] 
[INFO] [stdout] thread 'imp::file_release::tests::nixos_os_release' (389) panicked at src/linux/file_release.rs:568:51:
[INFO] [stdout] called `Option::unwrap()` on a `None` value
[INFO] [stdout] stack backtrace:
[INFO] [stdout]    0:     0x651845323c11 - <<std[70759c8f55707aa4]::sys::backtrace::BacktraceLock>::print::DisplayBacktrace as core[df12db4294e9bfd3]::fmt::Display>::fmt
[INFO] [stdout]    1:     0x65184533862a - core[df12db4294e9bfd3]::fmt::write
[INFO] [stdout]    2:     0x65184532835c - <alloc[2182bb758b4b3781]::vec::Vec<u8> as core[df12db4294e9bfd3]::io::write::Write>::write_fmt
[INFO] [stdout]    3:     0x6518452fff76 - std[70759c8f55707aa4]::panicking::default_hook::{closure#0}
[INFO] [stdout]    4:     0x65184531c379 - std[70759c8f55707aa4]::panicking::default_hook
[INFO] [stdout]    5:     0x6518452b3420 - test[9d35eded1c95d3be]::test_main_inner::<test[9d35eded1c95d3be]::test_main_static::{closure#0}>::{closure#0}
[INFO] [stdout]    6:     0x65184531c532 - std[70759c8f55707aa4]::panicking::panic_with_hook
[INFO] [stdout]    7:     0x651845300054 - std[70759c8f55707aa4]::panicking::panic_handler::{closure#0}
[INFO] [stdout]    8:     0x6518452f8da9 - std[70759c8f55707aa4]::sys::backtrace::__rust_end_short_backtrace::<std[70759c8f55707aa4]::panicking::panic_handler::{closure#0}, !>
[INFO] [stdout]    9:     0x651845300c1d - __rustc[8fa7c3cbc660c2b3]::rust_begin_unwind
[INFO] [stdout]   10:     0x651845338d5c - core[df12db4294e9bfd3]::panicking::panic_fmt
[INFO] [stdout]   11:     0x651845338d22 - core[df12db4294e9bfd3]::panicking::panic
[INFO] [stdout]   12:     0x651845338ad9 - core[df12db4294e9bfd3]::option::unwrap_failed
[INFO] [stdout]   13:     0x65184528a605 - os_info[2e66a972fc1fb7c5]::imp::file_release::tests::nixos_os_release
[INFO] [stdout]   14:     0x65184529d7f9 - <os_info[2e66a972fc1fb7c5]::imp::file_release::tests::nixos_os_release::{closure#0} as core[df12db4294e9bfd3]::ops::function::FnOnce<()>>::call_once
[INFO] [stdout]   15:     0x6518452a670b - test[9d35eded1c95d3be]::__rust_begin_short_backtrace::<core[df12db4294e9bfd3]::result::Result<(), alloc[2182bb758b4b3781]::string::String>, fn() -> core[df12db4294e9bfd3]::result::Result<(), alloc[2182bb758b4b3781]::string::String>>
[INFO] [stdout]   16:     0x6518452b3d75 - test[9d35eded1c95d3be]::run_test::{closure#0}
[INFO] [stdout]   17:     0x6518452ad634 - std[70759c8f55707aa4]::sys::backtrace::__rust_begin_short_backtrace::<test[9d35eded1c95d3be]::run_test::{closure#1}, ()>
[INFO] [stdout]   18:     0x6518452b6ed2 - <std[70759c8f55707aa4]::thread::lifecycle::spawn_unchecked<test[9d35eded1c95d3be]::run_test::{closure#1}, ()>::{closure#1} as core[df12db4294e9bfd3]::ops::function::FnOnce<()>>::call_once::{shim:vtable#0}
[INFO] [stdout]   19:     0x6518453234e9 - <std[70759c8f55707aa4]::sys::thread::unix::Thread>::new::thread_start
[INFO] [stdout]   20:     0x70cbc8a53dfa - <unknown>
[INFO] [stdout]   21:     0x70cbc8ae73d4 - clone
[INFO] [stdout]   22:                0x0 - <unknown>
[INFO] [stdout] 
[INFO] [stdout] ---- imp::file_release::tests::nobara_os_release stdout ----
[INFO] [stdout] 
[INFO] [stdout] thread 'imp::file_release::tests::nobara_os_release' (390) panicked at src/linux/file_release.rs:582:51:
[INFO] [stdout] called `Option::unwrap()` on a `None` value
[INFO] [stdout] stack backtrace:
[INFO] [stdout]    0:     0x651845323c11 - <<std[70759c8f55707aa4]::sys::backtrace::BacktraceLock>::print::DisplayBacktrace as core[df12db4294e9bfd3]::fmt::Display>::fmt
[INFO] [stdout]    1:     0x65184533862a - core[df12db4294e9bfd3]::fmt::write
[INFO] [stdout]    2:     0x65184532835c - <alloc[2182bb758b4b3781]::vec::Vec<u8> as core[df12db4294e9bfd3]::io::write::Write>::write_fmt
[INFO] [stdout]    3:     0x6518452fff76 - std[70759c8f55707aa4]::panicking::default_hook::{closure#0}
[INFO] [stdout]    4:     0x65184531c379 - std[70759c8f55707aa4]::panicking::default_hook
[INFO] [stdout]    5:     0x6518452b3420 - test[9d35eded1c95d3be]::test_main_inner::<test[9d35eded1c95d3be]::test_main_static::{closure#0}>::{closure#0}
[INFO] [stdout]    6:     0x65184531c532 - std[70759c8f55707aa4]::panicking::panic_with_hook
[INFO] [stdout]    7:     0x651845300054 - std[70759c8f55707aa4]::panicking::panic_handler::{closure#0}
[INFO] [stdout]    8:     0x6518452f8da9 - std[70759c8f55707aa4]::sys::backtrace::__rust_end_short_backtrace::<std[70759c8f55707aa4]::panicking::panic_handler::{closure#0}, !>
[INFO] [stdout]    9:     0x651845300c1d - __rustc[8fa7c3cbc660c2b3]::rust_begin_unwind
[INFO] [stdout]   10:     0x651845338d5c - core[df12db4294e9bfd3]::panicking::panic_fmt
[INFO] [stdout]   11:     0x651845338d22 - core[df12db4294e9bfd3]::panicking::panic
[INFO] [stdout]   12:     0x651845338ad9 - core[df12db4294e9bfd3]::option::unwrap_failed
[INFO] [stdout]   13:     0x65184528a8a6 - os_info[2e66a972fc1fb7c5]::imp::file_release::tests::nobara_os_release
[INFO] [stdout]   14:     0x65184529d819 - <os_info[2e66a972fc1fb7c5]::imp::file_release::tests::nobara_os_release::{closure#0} as core[df12db4294e9bfd3]::ops::function::FnOnce<()>>::call_once
[INFO] [stdout]   15:     0x6518452a670b - test[9d35eded1c95d3be]::__rust_begin_short_backtrace::<core[df12db4294e9bfd3]::result::Result<(), alloc[2182bb758b4b3781]::string::String>, fn() -> core[df12db4294e9bfd3]::result::Result<(), alloc[2182bb758b4b3781]::string::String>>
[INFO] [stdout]   16:     0x6518452b3d75 - test[9d35eded1c95d3be]::run_test::{closure#0}
[INFO] [stdout]   17:     0x6518452ad634 - std[70759c8f55707aa4]::sys::backtrace::__rust_begin_short_backtrace::<test[9d35eded1c95d3be]::run_test::{closure#1}, ()>
[INFO] [stdout]   18:     0x6518452b6ed2 - <std[70759c8f55707aa4]::thread::lifecycle::spawn_unchecked<test[9d35eded1c95d3be]::run_test::{closure#1}, ()>::{closure#1} as core[df12db4294e9bfd3]::ops::function::FnOnce<()>>::call_once::{shim:vtable#0}
[INFO] [stdout]   19:     0x6518453234e9 - <std[70759c8f55707aa4]::sys::thread::unix::Thread>::new::thread_start
[INFO] [stdout]   20:     0x70cbc8a53dfa - <unknown>
[INFO] [stdout]   21:     0x70cbc8ae73d4 - clone
[INFO] [stdout]   22:                0x0 - <unknown>
[INFO] [stdout] 
[INFO] [stdout] ---- imp::file_release::tests::mint_os_release stdout ----
[INFO] [stdout] 
[INFO] [stdout] thread 'imp::file_release::tests::mint_os_release' (388) panicked at src/linux/file_release.rs:557:51:
[INFO] [stdout] called `Option::unwrap()` on a `None` value
[INFO] [stdout] stack backtrace:
[INFO] [stdout]    0:     0x651845323c11 - <<std[70759c8f55707aa4]::sys::backtrace::BacktraceLock>::print::DisplayBacktrace as core[df12db4294e9bfd3]::fmt::Display>::fmt
[INFO] [stdout]    1:     0x65184533862a - core[df12db4294e9bfd3]::fmt::write
[INFO] [stdout]    2:     0x65184532835c - <alloc[2182bb758b4b3781]::vec::Vec<u8> as core[df12db4294e9bfd3]::io::write::Write>::write_fmt
[INFO] [stdout]    3:     0x6518452fff76 - std[70759c8f55707aa4]::panicking::default_hook::{closure#0}
[INFO] [stdout]    4:     0x65184531c379 - std[70759c8f55707aa4]::panicking::default_hook
[INFO] [stdout]    5:     0x6518452b3420 - test[9d35eded1c95d3be]::test_main_inner::<test[9d35eded1c95d3be]::test_main_static::{closure#0}>::{closure#0}
[INFO] [stdout]    6:     0x65184531c532 - std[70759c8f55707aa4]::panicking::panic_with_hook
[INFO] [stdout]    7:     0x651845300054 - std[70759c8f55707aa4]::panicking::panic_handler::{closure#0}
[INFO] [stdout]    8:     0x6518452f8da9 - std[70759c8f55707aa4]::sys::backtrace::__rust_end_short_backtrace::<std[70759c8f55707aa4]::panicking::panic_handler::{closure#0}, !>
[INFO] [stdout]    9:     0x651845300c1d - __rustc[8fa7c3cbc660c2b3]::rust_begin_unwind
[INFO] [stdout]   10:     0x651845338d5c - core[df12db4294e9bfd3]::panicking::panic_fmt
[INFO] [stdout]   11:     0x651845338d22 - core[df12db4294e9bfd3]::panicking::panic
[INFO] [stdout]   12:     0x651845338ad9 - core[df12db4294e9bfd3]::option::unwrap_failed
[INFO] [stdout]   13:     0x651845289450 - os_info[2e66a972fc1fb7c5]::imp::file_release::tests::mint_os_release
[INFO] [stdout]   14:     0x65184529d669 - <os_info[2e66a972fc1fb7c5]::imp::file_release::tests::mint_os_release::{closure#0} as core[df12db4294e9bfd3]::ops::function::FnOnce<()>>::call_once
[INFO] [stdout]   15:     0x6518452a670b - test[9d35eded1c95d3be]::__rust_begin_short_backtrace::<core[df12db4294e9bfd3]::result::Result<(), alloc[2182bb758b4b3781]::string::String>, fn() -> core[df12db4294e9bfd3]::result::Result<(), alloc[2182bb758b4b3781]::string::String>>
[INFO] [stdout]   16:     0x6518452b3d75 - test[9d35eded1c95d3be]::run_test::{closure#0}
[INFO] [stdout]   17:     0x6518452ad634 - std[70759c8f55707aa4]::sys::backtrace::__rust_begin_short_backtrace::<test[9d35eded1c95d3be]::run_test::{closure#1}, ()>
[INFO] [stdout]   18:     0x6518452b6ed2 - <std[70759c8f55707aa4]::thread::lifecycle::spawn_unchecked<test[9d35eded1c95d3be]::run_test::{closure#1}, ()>::{closure#1} as core[df12db4294e9bfd3]::ops::function::FnOnce<()>>::call_once::{shim:vtable#0}
[INFO] [stdout]   19:     0x6518453234e9 - <std[70759c8f55707aa4]::sys::thread::unix::Thread>::new::thread_start
[INFO] [stdout]   20:     0x70cbc8a53dfa - <unknown>
[INFO] [stdout]   21:     0x70cbc8ae73d4 - clone
[INFO] [stdout]   22:                0x0 - <unknown>
[INFO] [stdout] 
[INFO] [stdout] ---- imp::file_release::tests::mariner_release_unknown stdout ----
[INFO] [stdout] 
[INFO] [stdout] thread 'imp::file_release::tests::mariner_release_unknown' (387) panicked at src/linux/file_release.rs:546:51:
[INFO] [stdout] called `Option::unwrap()` on a `None` value
[INFO] [stdout] stack backtrace:
[INFO] [stdout]    0:     0x651845323c11 - <<std[70759c8f55707aa4]::sys::backtrace::BacktraceLock>::print::DisplayBacktrace as core[df12db4294e9bfd3]::fmt::Display>::fmt
[INFO] [stdout]    1:     0x65184533862a - core[df12db4294e9bfd3]::fmt::write
[INFO] [stdout]    2:     0x65184532835c - <alloc[2182bb758b4b3781]::vec::Vec<u8> as core[df12db4294e9bfd3]::io::write::Write>::write_fmt
[INFO] [stdout]    3:     0x6518452fff76 - std[70759c8f55707aa4]::panicking::default_hook::{closure#0}
[INFO] [stdout]    4:     0x65184531c379 - std[70759c8f55707aa4]::panicking::default_hook
[INFO] [stdout]    5:     0x6518452b3420 - test[9d35eded1c95d3be]::test_main_inner::<test[9d35eded1c95d3be]::test_main_static::{closure#0}>::{closure#0}
[INFO] [stdout]    6:     0x65184531c532 - std[70759c8f55707aa4]::panicking::panic_with_hook
[INFO] [stdout]    7:     0x651845300054 - std[70759c8f55707aa4]::panicking::panic_handler::{closure#0}
[INFO] [stdout]    8:     0x6518452f8da9 - std[70759c8f55707aa4]::sys::backtrace::__rust_end_short_backtrace::<std[70759c8f55707aa4]::panicking::panic_handler::{closure#0}, !>
[INFO] [stdout]    9:     0x651845300c1d - __rustc[8fa7c3cbc660c2b3]::rust_begin_unwind
[INFO] [stdout]   10:     0x651845338d5c - core[df12db4294e9bfd3]::panicking::panic_fmt
[INFO] [stdout]   11:     0x651845338d22 - core[df12db4294e9bfd3]::panicking::panic
[INFO] [stdout]   12:     0x651845338ad9 - core[df12db4294e9bfd3]::option::unwrap_failed
[INFO] [stdout]   13:     0x65184528f4e0 - os_info[2e66a972fc1fb7c5]::imp::file_release::tests::mariner_release_unknown
[INFO] [stdout]   14:     0x65184529dc79 - <os_info[2e66a972fc1fb7c5]::imp::file_release::tests::mariner_release_unknown::{closure#0} as core[df12db4294e9bfd3]::ops::function::FnOnce<()>>::call_once
[INFO] [stdout]   15:     0x6518452a670b - test[9d35eded1c95d3be]::__rust_begin_short_backtrace::<core[df12db4294e9bfd3]::result::Result<(), alloc[2182bb758b4b3781]::string::String>, fn() -> core[df12db4294e9bfd3]::result::Result<(), alloc[2182bb758b4b3781]::string::String>>
[INFO] [stdout]   16:     0x6518452b3d75 - test[9d35eded1c95d3be]::run_test::{closure#0}
[INFO] [stdout]   17:     0x6518452ad634 - std[70759c8f55707aa4]::sys::backtrace::__rust_begin_short_backtrace::<test[9d35eded1c95d3be]::run_test::{closure#1}, ()>
[INFO] [stdout]   18:     0x6518452b6ed2 - <std[70759c8f55707aa4]::thread::lifecycle::spawn_unchecked<test[9d35eded1c95d3be]::run_test::{closure#1}, ()>::{closure#1} as core[df12db4294e9bfd3]::ops::function::FnOnce<()>>::call_once::{shim:vtable#0}
[INFO] [stdout]   19:     0x6518453234e9 - <std[70759c8f55707aa4]::sys::thread::unix::Thread>::new::thread_start
[INFO] [stdout]   20:     0x70cbc8a53dfa - <unknown>
[INFO] [stdout]   21:     0x70cbc8ae73d4 - clone
[INFO] [stdout]   22:                0x0 - <unknown>
[INFO] [stdout] 
[INFO] [stdout] ---- imp::file_release::tests::mariner_release stdout ----
[INFO] [stdout] 
[INFO] [stdout] thread 'imp::file_release::tests::mariner_release' (386) panicked at src/linux/file_release.rs:535:51:
[INFO] [stdout] called `Option::unwrap()` on a `None` value
[INFO] [stdout] stack backtrace:
[INFO] [stdout]    0:     0x651845323c11 - <<std[70759c8f55707aa4]::sys::backtrace::BacktraceLock>::print::DisplayBacktrace as core[df12db4294e9bfd3]::fmt::Display>::fmt
[INFO] [stdout]    1:     0x65184533862a - core[df12db4294e9bfd3]::fmt::write
[INFO] [stdout]    2:     0x65184532835c - <alloc[2182bb758b4b3781]::vec::Vec<u8> as core[df12db4294e9bfd3]::io::write::Write>::write_fmt
[INFO] [stdout]    3:     0x6518452fff76 - std[70759c8f55707aa4]::panicking::default_hook::{closure#0}
[INFO] [stdout]    4:     0x65184531c379 - std[70759c8f55707aa4]::panicking::default_hook
[INFO] [stdout]    5:     0x6518452b3420 - test[9d35eded1c95d3be]::test_main_inner::<test[9d35eded1c95d3be]::test_main_static::{closure#0}>::{closure#0}
[INFO] [stdout]    6:     0x65184531c532 - std[70759c8f55707aa4]::panicking::panic_with_hook
[INFO] [stdout]    7:     0x651845300054 - std[70759c8f55707aa4]::panicking::panic_handler::{closure#0}
[INFO] [stdout]    8:     0x6518452f8da9 - std[70759c8f55707aa4]::sys::backtrace::__rust_end_short_backtrace::<std[70759c8f55707aa4]::panicking::panic_handler::{closure#0}, !>
[INFO] [stdout]    9:     0x651845300c1d - __rustc[8fa7c3cbc660c2b3]::rust_begin_unwind
[INFO] [stdout]   10:     0x651845338d5c - core[df12db4294e9bfd3]::panicking::panic_fmt
[INFO] [stdout]   11:     0x651845338d22 - core[df12db4294e9bfd3]::panicking::panic
[INFO] [stdout]   12:     0x651845338ad9 - core[df12db4294e9bfd3]::option::unwrap_failed
[INFO] [stdout]   13:     0x6518452890cc - os_info[2e66a972fc1fb7c5]::imp::file_release::tests::mariner_release
[INFO] [stdout]   14:     0x65184529d649 - <os_info[2e66a972fc1fb7c5]::imp::file_release::tests::mariner_release::{closure#0} as core[df12db4294e9bfd3]::ops::function::FnOnce<()>>::call_once
[INFO] [stdout]   15:     0x6518452a670b - test[9d35eded1c95d3be]::__rust_begin_short_backtrace::<core[df12db4294e9bfd3]::result::Result<(), alloc[2182bb758b4b3781]::string::String>, fn() -> core[df12db4294e9bfd3]::result::Result<(), alloc[2182bb758b4b3781]::string::String>>
[INFO] [stdout]   16:     0x6518452b3d75 - test[9d35eded1c95d3be]::run_test::{closure#0}
[INFO] [stdout]   17:     0x6518452ad634 - std[70759c8f55707aa4]::sys::backtrace::__rust_begin_short_backtrace::<test[9d35eded1c95d3be]::run_test::{closure#1}, ()>
[INFO] [stdout]   18:     0x6518452b6ed2 - <std[70759c8f55707aa4]::thread::lifecycle::spawn_unchecked<test[9d35eded1c95d3be]::run_test::{closure#1}, ()>::{closure#1} as core[df12db4294e9bfd3]::ops::function::FnOnce<()>>::call_once::{shim:vtable#0}
[INFO] [stdout]   19:     0x6518453234e9 - <std[70759c8f55707aa4]::sys::thread::unix::Thread>::new::thread_start
[INFO] [stdout]   20:     0x70cbc8a53dfa - <unknown>
[INFO] [stdout]   21:     0x70cbc8ae73d4 - clone
[INFO] [stdout]   22:                0x0 - <unknown>
[INFO] [stdout] 
[INFO] [stdout] ---- imp::file_release::tests::kali_2023_2_os_release stdout ----
[INFO] [stdout] 
[INFO] [stdout] thread 'imp::file_release::tests::kali_2023_2_os_release' (383) panicked at src/linux/file_release.rs:502:51:
[INFO] [stdout] called `Option::unwrap()` on a `None` value
[INFO] [stdout] stack backtrace:
[INFO] [stdout]    0:     0x651845323c11 - <<std[70759c8f55707aa4]::sys::backtrace::BacktraceLock>::print::DisplayBacktrace as core[df12db4294e9bfd3]::fmt::Display>::fmt
[INFO] [stdout]    1:     0x65184533862a - core[df12db4294e9bfd3]::fmt::write
[INFO] [stdout]    2:     0x65184532835c - <alloc[2182bb758b4b3781]::vec::Vec<u8> as core[df12db4294e9bfd3]::io::write::Write>::write_fmt
[INFO] [stdout]    3:     0x6518452fff76 - std[70759c8f55707aa4]::panicking::default_hook::{closure#0}
[INFO] [stdout]    4:     0x65184531c379 - std[70759c8f55707aa4]::panicking::default_hook
[INFO] [stdout]    5:     0x6518452b3420 - test[9d35eded1c95d3be]::test_main_inner::<test[9d35eded1c95d3be]::test_main_static::{closure#0}>::{closure#0}
[INFO] [stdout]    6:     0x65184531c532 - std[70759c8f55707aa4]::panicking::panic_with_hook
[INFO] [stdout]    7:     0x651845300054 - std[70759c8f55707aa4]::panicking::panic_handler::{closure#0}
[INFO] [stdout]    8:     0x6518452f8da9 - std[70759c8f55707aa4]::sys::backtrace::__rust_end_short_backtrace::<std[70759c8f55707aa4]::panicking::panic_handler::{closure#0}, !>
[INFO] [stdout]    9:     0x651845300c1d - __rustc[8fa7c3cbc660c2b3]::rust_begin_unwind
[INFO] [stdout]   10:     0x651845338d5c - core[df12db4294e9bfd3]::panicking::panic_fmt
[INFO] [stdout]   11:     0x651845338d22 - core[df12db4294e9bfd3]::panicking::panic
[INFO] [stdout]   12:     0x651845338ad9 - core[df12db4294e9bfd3]::option::unwrap_failed
[INFO] [stdout]   13:     0x65184528eab9 - os_info[2e66a972fc1fb7c5]::imp::file_release::tests::kali_2023_2_os_release
[INFO] [stdout]   14:     0x65184529dbf9 - <os_info[2e66a972fc1fb7c5]::imp::file_release::tests::kali_2023_2_os_release::{closure#0} as core[df12db4294e9bfd3]::ops::function::FnOnce<()>>::call_once
[INFO] [stdout]   15:     0x6518452a670b - test[9d35eded1c95d3be]::__rust_begin_short_backtrace::<core[df12db4294e9bfd3]::result::Result<(), alloc[2182bb758b4b3781]::string::String>, fn() -> core[df12db4294e9bfd3]::result::Result<(), alloc[2182bb758b4b3781]::string::String>>
[INFO] [stdout]   16:     0x6518452b3d75 - test[9d35eded1c95d3be]::run_test::{closure#0}
[INFO] [stdout]   17:     0x6518452ad634 - std[70759c8f55707aa4]::sys::backtrace::__rust_begin_short_backtrace::<test[9d35eded1c95d3be]::run_test::{closure#1}, ()>
[INFO] [stdout]   18:     0x6518452b6ed2 - <std[70759c8f55707aa4]::thread::lifecycle::spawn_unchecked<test[9d35eded1c95d3be]::run_test::{closure#1}, ()>::{closure#1} as core[df12db4294e9bfd3]::ops::function::FnOnce<()>>::call_once::{shim:vtable#0}
[INFO] [stdout]   19:     0x6518453234e9 - <std[70759c8f55707aa4]::sys::thread::unix::Thread>::new::thread_start
[INFO] [stdout]   20:     0x70cbc8a53dfa - <unknown>
[INFO] [stdout]   21:     0x70cbc8ae73d4 - clone
[INFO] [stdout]   22:                0x0 - <unknown>
[INFO] [stdout] 
[INFO] [stdout] ---- imp::file_release::tests::openeuler_os_release stdout ----
[INFO] [stdout] 
[INFO] [stdout] thread 'imp::file_release::tests::openeuler_os_release' (395) panicked at src/linux/file_release.rs:639:51:
[INFO] [stdout] called `Option::unwrap()` on a `None` value
[INFO] [stdout] stack backtrace:
[INFO] [stdout]    0:     0x651845323c11 - <<std[70759c8f55707aa4]::sys::backtrace::BacktraceLock>::print::DisplayBacktrace as core[df12db4294e9bfd3]::fmt::Display>::fmt
[INFO] [stdout]    1:     0x65184533862a - core[df12db4294e9bfd3]::fmt::write
[INFO] [stdout]    2:     0x65184532835c - <alloc[2182bb758b4b3781]::vec::Vec<u8> as core[df12db4294e9bfd3]::io::write::Write>::write_fmt
[INFO] [stdout]    3:     0x6518452fff76 - std[70759c8f55707aa4]::panicking::default_hook::{closure#0}
[INFO] [stdout]    4:     0x65184531c379 - std[70759c8f55707aa4]::panicking::default_hook
[INFO] [stdout]    5:     0x6518452b3420 - test[9d35eded1c95d3be]::test_main_inner::<test[9d35eded1c95d3be]::test_main_static::{closure#0}>::{closure#0}
[INFO] [stdout]    6:     0x65184531c532 - std[70759c8f55707aa4]::panicking::panic_with_hook
[INFO] [stdout]    7:     0x651845300054 - std[70759c8f55707aa4]::panicking::panic_handler::{closure#0}
[INFO] [stdout]    8:     0x6518452f8da9 - std[70759c8f55707aa4]::sys::backtrace::__rust_end_short_backtrace::<std[70759c8f55707aa4]::panicking::panic_handler::{closure#0}, !>
[INFO] [stdout]    9:     0x651845300c1d - __rustc[8fa7c3cbc660c2b3]::rust_begin_unwind
[INFO] [stdout]   10:     0x651845338d5c - core[df12db4294e9bfd3]::panicking::panic_fmt
[INFO] [stdout]   11:     0x651845338d22 - core[df12db4294e9bfd3]::panicking::panic
[INFO] [stdout]   12:     0x651845338ad9 - core[df12db4294e9bfd3]::option::unwrap_failed
[INFO] [stdout]   13:     0x65184528ddb6 - os_info[2e66a972fc1fb7c5]::imp::file_release::tests::openeuler_os_release
[INFO] [stdout]   14:     0x65184529db59 - <os_info[2e66a972fc1fb7c5]::imp::file_release::tests::openeuler_os_release::{closure#0} as core[df12db4294e9bfd3]::ops::function::FnOnce<()>>::call_once
[INFO] [stdout]   15:     0x6518452a670b - test[9d35eded1c95d3be]::__rust_begin_short_backtrace::<core[df12db4294e9bfd3]::result::Result<(), alloc[2182bb758b4b3781]::string::String>, fn() -> core[df12db4294e9bfd3]::result::Result<(), alloc[2182bb758b4b3781]::string::String>>
[INFO] [stdout]   16:     0x6518452b3d75 - test[9d35eded1c95d3be]::run_test::{closure#0}
[INFO] [stdout]   17:     0x6518452ad634 - std[70759c8f55707aa4]::sys::backtrace::__rust_begin_short_backtrace::<test[9d35eded1c95d3be]::run_test::{closure#1}, ()>
[INFO] [stdout]   18:     0x6518452b6ed2 - <std[70759c8f55707aa4]::thread::lifecycle::spawn_unchecked<test[9d35eded1c95d3be]::run_test::{closure#1}, ()>::{closure#1} as core[df12db4294e9bfd3]::ops::function::FnOnce<()>>::call_once::{shim:vtable#0}
[INFO] [stdout]   19:     0x6518453234e9 - <std[70759c8f55707aa4]::sys::thread::unix::Thread>::new::thread_start
[INFO] [stdout]   20:     0x70cbc8a53dfa - <unknown>
[INFO] [stdout]   21:     0x70cbc8ae73d4 - clone
[INFO] [stdout]   22:                0x0 - <unknown>
[INFO] [stdout] 
[INFO] [stdout] ---- imp::file_release::tests::manjaro_arm_release stdout ----
[INFO] [stdout] 
[INFO] [stdout] thread 'imp::file_release::tests::manjaro_arm_release' (385) panicked at src/linux/file_release.rs:524:51:
[INFO] [stdout] called `Option::unwrap()` on a `None` value
[INFO] [stdout] stack backtrace:
[INFO] [stdout]    0:     0x651845323c11 - <<std[70759c8f55707aa4]::sys::backtrace::BacktraceLock>::print::DisplayBacktrace as core[df12db4294e9bfd3]::fmt::Display>::fmt
[INFO] [stdout]    1:     0x65184533862a - core[df12db4294e9bfd3]::fmt::write
[INFO] [stdout]    2:     0x65184532835c - <alloc[2182bb758b4b3781]::vec::Vec<u8> as core[df12db4294e9bfd3]::io::write::Write>::write_fmt
[INFO] [stdout]    3:     0x6518452fff76 - std[70759c8f55707aa4]::panicking::default_hook::{closure#0}
[INFO] [stdout]    4:     0x65184531c379 - std[70759c8f55707aa4]::panicking::default_hook
[INFO] [stdout]    5:     0x6518452b3420 - test[9d35eded1c95d3be]::test_main_inner::<test[9d35eded1c95d3be]::test_main_static::{closure#0}>::{closure#0}
[INFO] [stdout]    6:     0x65184531c532 - std[70759c8f55707aa4]::panicking::panic_with_hook
[INFO] [stdout]    7:     0x651845300054 - std[70759c8f55707aa4]::panicking::panic_handler::{closure#0}
[INFO] [stdout]    8:     0x6518452f8da9 - std[70759c8f55707aa4]::sys::backtrace::__rust_end_short_backtrace::<std[70759c8f55707aa4]::panicking::panic_handler::{closure#0}, !>
[INFO] [stdout]    9:     0x651845300c1d - __rustc[8fa7c3cbc660c2b3]::rust_begin_unwind
[INFO] [stdout]   10:     0x651845338d5c - core[df12db4294e9bfd3]::panicking::panic_fmt
[INFO] [stdout]   11:     0x651845338d22 - core[df12db4294e9bfd3]::panicking::panic
[INFO] [stdout]   12:     0x651845338ad9 - core[df12db4294e9bfd3]::option::unwrap_failed
[INFO] [stdout]   13:     0x65184528cfe0 - os_info[2e66a972fc1fb7c5]::imp::file_release::tests::manjaro_arm_release
[INFO] [stdout]   14:     0x65184529dab9 - <os_info[2e66a972fc1fb7c5]::imp::file_release::tests::manjaro_arm_release::{closure#0} as core[df12db4294e9bfd3]::ops::function::FnOnce<()>>::call_once
[INFO] [stdout]   15:     0x6518452a670b - test[9d35eded1c95d3be]::__rust_begin_short_backtrace::<core[df12db4294e9bfd3]::result::Result<(), alloc[2182bb758b4b3781]::string::String>, fn() -> core[df12db4294e9bfd3]::result::Result<(), alloc[2182bb758b4b3781]::string::String>>
[INFO] [stdout]   16:     0x6518452b3d75 - test[9d35eded1c95d3be]::run_test::{closure#0}
[INFO] [stdout]   17:     0x6518452ad634 - std[70759c8f55707aa4]::sys::backtrace::__rust_begin_short_backtrace::<test[9d35eded1c95d3be]::run_test::{closure#1}, ()>
[INFO] [stdout]   18:     0x6518452b6ed2 - <std[70759c8f55707aa4]::thread::lifecycle::spawn_unchecked<test[9d35eded1c95d3be]::run_test::{closure#1}, ()>::{closure#1} as core[df12db4294e9bfd3]::ops::function::FnOnce<()>>::call_once::{shim:vtable#0}
[INFO] [stdout]   19:     0x6518453234e9 - <std[70759c8f55707aa4]::sys::thread::unix::Thread>::new::thread_start
[INFO] [stdout]   20:     0x70cbc8a53dfa - <unknown>
[INFO] [stdout]   21:     0x70cbc8ae73d4 - clone
[INFO] [stdout]   22:                0x0 - <unknown>
[INFO] [stdout] 
[INFO] [stdout] ---- imp::file_release::tests::opensuse_tumbleweed_os_release stdout ----
[INFO] [stdout] 
[INFO] [stdout] thread 'imp::file_release::tests::opensuse_tumbleweed_os_release' (396) panicked at src/linux/file_release.rs:650:51:
[INFO] [stdout] called `Option::unwrap()` on a `None` value
[INFO] [stdout] stack backtrace:
[INFO] [stdout]    0:     0x651845323c11 - <<std[70759c8f55707aa4]::sys::backtrace::BacktraceLock>::print::DisplayBacktrace as core[df12db4294e9bfd3]::fmt::Display>::fmt
[INFO] [stdout]    1:     0x65184533862a - core[df12db4294e9bfd3]::fmt::write
[INFO] [stdout]    2:     0x65184532835c - <alloc[2182bb758b4b3781]::vec::Vec<u8> as core[df12db4294e9bfd3]::io::write::Write>::write_fmt
[INFO] [stdout]    3:     0x6518452fff76 - std[70759c8f55707aa4]::panicking::default_hook::{closure#0}
[INFO] [stdout]    4:     0x65184531c379 - std[70759c8f55707aa4]::panicking::default_hook
[INFO] [stdout]    5:     0x6518452b3420 - test[9d35eded1c95d3be]::test_main_inner::<test[9d35eded1c95d3be]::test_main_static::{closure#0}>::{closure#0}
[INFO] [stdout]    6:     0x65184531c532 - std[70759c8f55707aa4]::panicking::panic_with_hook
[INFO] [stdout]    7:     0x651845300054 - std[70759c8f55707aa4]::panicking::panic_handler::{closure#0}
[INFO] [stdout]    8:     0x6518452f8da9 - std[70759c8f55707aa4]::sys::backtrace::__rust_end_short_backtrace::<std[70759c8f55707aa4]::panicking::panic_handler::{closure#0}, !>
[INFO] [stdout]    9:     0x651845300c1d - __rustc[8fa7c3cbc660c2b3]::rust_begin_unwind
[INFO] [stdout]   10:     0x651845338d5c - core[df12db4294e9bfd3]::panicking::panic_fmt
[INFO] [stdout]   11:     0x651845338d22 - core[df12db4294e9bfd3]::panicking::panic
[INFO] [stdout]   12:     0x651845338ad9 - core[df12db4294e9bfd3]::option::unwrap_failed
[INFO] [stdout]   13:     0x65184528fcb9 - os_info[2e66a972fc1fb7c5]::imp::file_release::tests::opensuse_tumbleweed_os_release
[INFO] [stdout]   14:     0x65184529dda9 - <os_info[2e66a972fc1fb7c5]::imp::file_release::tests::opensuse_tumbleweed_os_release::{closure#0} as core[df12db4294e9bfd3]::ops::function::FnOnce<()>>::call_once
[INFO] [stdout]   15:     0x6518452a670b - test[9d35eded1c95d3be]::__rust_begin_short_backtrace::<core[df12db4294e9bfd3]::result::Result<(), alloc[2182bb758b4b3781]::string::String>, fn() -> core[df12db4294e9bfd3]::result::Result<(), alloc[2182bb758b4b3781]::string::String>>
[INFO] [stdout]   16:     0x6518452b3d75 - test[9d35eded1c95d3be]::run_test::{closure#0}
[INFO] [stdout]   17:     0x6518452ad634 - std[70759c8f55707aa4]::sys::backtrace::__rust_begin_short_backtrace::<test[9d35eded1c95d3be]::run_test::{closure#1}, ()>
[INFO] [stdout]   18:     0x6518452b6ed2 - <std[70759c8f55707aa4]::thread::lifecycle::spawn_unchecked<test[9d35eded1c95d3be]::run_test::{closure#1}, ()>::{closure#1} as core[df12db4294e9bfd3]::ops::function::FnOnce<()>>::call_once::{shim:vtable#0}
[INFO] [stdout]   19:     0x6518453234e9 - <std[70759c8f55707aa4]::sys::thread::unix::Thread>::new::thread_start
[INFO] [stdout]   20:     0x70cbc8a53dfa - <unknown>
[INFO] [stdout]   21:     0x70cbc8ae73d4 - clone
[INFO] [stdout]   22:                0x0 - <unknown>
[INFO] [stdout] 
[INFO] [stdout] ---- imp::file_release::tests::oracle_linux_os_release stdout ----
[INFO] [stdout] 
[INFO] [stdout] thread 'imp::file_release::tests::oracle_linux_os_release' (397) panicked at src/linux/file_release.rs:661:51:
[INFO] [stdout] called `Option::unwrap()` on a `None` value
[INFO] [stdout] stack backtrace:
[INFO] [stdout]    0:     0x651845323c11 - <<std[70759c8f55707aa4]::sys::backtrace::BacktraceLock>::print::DisplayBacktrace as core[df12db4294e9bfd3]::fmt::Display>::fmt
[INFO] [stdout]    1:     0x65184533862a - core[df12db4294e9bfd3]::fmt::write
[INFO] [stdout]    2:     0x65184532835c - <alloc[2182bb758b4b3781]::vec::Vec<u8> as core[df12db4294e9bfd3]::io::write::Write>::write_fmt
[INFO] [stdout]    3:     0x6518452fff76 - std[70759c8f55707aa4]::panicking::default_hook::{closure#0}
[INFO] [stdout]    4:     0x65184531c379 - std[70759c8f55707aa4]::panicking::default_hook
[INFO] [stdout]    5:     0x6518452b3420 - test[9d35eded1c95d3be]::test_main_inner::<test[9d35eded1c95d3be]::test_main_static::{closure#0}>::{closure#0}
[INFO] [stdout]    6:     0x65184531c532 - std[70759c8f55707aa4]::panicking::panic_with_hook
[INFO] [stdout]    7:     0x651845300054 - std[70759c8f55707aa4]::panicking::panic_handler::{closure#0}
[INFO] [stdout]    8:     0x6518452f8da9 - std[70759c8f55707aa4]::sys::backtrace::__rust_end_short_backtrace::<std[70759c8f55707aa4]::panicking::panic_handler::{closure#0}, !>
[INFO] [stdout]    9:     0x651845300c1d - __rustc[8fa7c3cbc660c2b3]::rust_begin_unwind
[INFO] [stdout]   10:     0x651845338d5c - core[df12db4294e9bfd3]::panicking::panic_fmt
[INFO] [stdout]   11:     0x651845338d22 - core[df12db4294e9bfd3]::panicking::panic
[INFO] [stdout]   12:     0x651845338ad9 - core[df12db4294e9bfd3]::option::unwrap_failed
[INFO] [stdout]   13:     0x65184528f7b6 - os_info[2e66a972fc1fb7c5]::imp::file_release::tests::oracle_linux_os_release
[INFO] [stdout]   14:     0x65184529dd69 - <os_info[2e66a972fc1fb7c5]::imp::file_release::tests::oracle_linux_os_release::{closure#0} as core[df12db4294e9bfd3]::ops::function::FnOnce<()>>::call_once
[INFO] [stdout]   15:     0x6518452a670b - test[9d35eded1c95d3be]::__rust_begin_short_backtrace::<core[df12db4294e9bfd3]::result::Result<(), alloc[2182bb758b4b3781]::string::String>, fn() -> core[df12db4294e9bfd3]::result::Result<(), alloc[2182bb758b4b3781]::string::String>>
[INFO] [stdout]   16:     0x6518452b3d75 - test[9d35eded1c95d3be]::run_test::{closure#0}
[INFO] [stdout]   17:     0x6518452ad634 - std[70759c8f55707aa4]::sys::backtrace::__rust_begin_short_backtrace::<test[9d35eded1c95d3be]::run_test::{closure#1}, ()>
[INFO] [stdout]   18:     0x6518452b6ed2 - <std[70759c8f55707aa4]::thread::lifecycle::spawn_unchecked<test[9d35eded1c95d3be]::run_test::{closure#1}, ()>::{closure#1} as core[df12db4294e9bfd3]::ops::function::FnOnce<()>>::call_once::{shim:vtable#0}
[INFO] [stdout]   19:     0x6518453234e9 - <std[70759c8f55707aa4]::sys::thread::unix::Thread>::new::thread_start
[INFO] [stdout]   20:     0x70cbc8a53dfa - <unknown>
[INFO] [stdout]   21:     0x70cbc8ae73d4 - clone
[INFO] [stdout]   22:                0x0 - <unknown>
[INFO] [stdout] 
[INFO] [stdout] ---- imp::file_release::tests::redhat_release stdout ----
[INFO] [stdout] 
[INFO] [stdout] thread 'imp::file_release::tests::redhat_release' (399) panicked at src/linux/file_release.rs:694:51:
[INFO] [stdout] called `Option::unwrap()` on a `None` value
[INFO] [stdout] stack backtrace:
[INFO] [stdout]    0:     0x651845323c11 - <<std[70759c8f55707aa4]::sys::backtrace::BacktraceLock>::print::DisplayBacktrace as core[df12db4294e9bfd3]::fmt::Display>::fmt
[INFO] [stdout]    1:     0x65184533862a - core[df12db4294e9bfd3]::fmt::write
[INFO] [stdout]    2:     0x65184532835c - <alloc[2182bb758b4b3781]::vec::Vec<u8> as core[df12db4294e9bfd3]::io::write::Write>::write_fmt
[INFO] [stdout]    3:     0x6518452fff76 - std[70759c8f55707aa4]::panicking::default_hook::{closure#0}
[INFO] [stdout]    4:     0x65184531c379 - std[70759c8f55707aa4]::panicking::default_hook
[INFO] [stdout]    5:     0x6518452b3420 - test[9d35eded1c95d3be]::test_main_inner::<test[9d35eded1c95d3be]::test_main_static::{closure#0}>::{closure#0}
[INFO] [stdout]    6:     0x65184531c532 - std[70759c8f55707aa4]::panicking::panic_with_hook
[INFO] [stdout]    7:     0x651845300054 - std[70759c8f55707aa4]::panicking::panic_handler::{closure#0}
[INFO] [stdout]    8:     0x6518452f8da9 - std[70759c8f55707aa4]::sys::backtrace::__rust_end_short_backtrace::<std[70759c8f55707aa4]::panicking::panic_handler::{closure#0}, !>
[INFO] [stdout]    9:     0x651845300c1d - __rustc[8fa7c3cbc660c2b3]::rust_begin_unwind
[INFO] [stdout]   10:     0x651845338d5c - core[df12db4294e9bfd3]::panicking::panic_fmt
[INFO] [stdout]   11:     0x651845338d22 - core[df12db4294e9bfd3]::panicking::panic
[INFO] [stdout]   12:     0x651845338ad9 - core[df12db4294e9bfd3]::option::unwrap_failed
[INFO] [stdout]   13:     0x6518452885d0 - os_info[2e66a972fc1fb7c5]::imp::file_release::tests::redhat_release
[INFO] [stdout]   14:     0x65184529d5c9 - <os_info[2e66a972fc1fb7c5]::imp::file_release::tests::redhat_release::{closure#0} as core[df12db4294e9bfd3]::ops::function::FnOnce<()>>::call_once
[INFO] [stdout]   15:     0x6518452a670b - test[9d35eded1c95d3be]::__rust_begin_short_backtrace::<core[df12db4294e9bfd3]::result::Result<(), alloc[2182bb758b4b3781]::string::String>, fn() -> core[df12db4294e9bfd3]::result::Result<(), alloc[2182bb758b4b3781]::string::String>>
[INFO] [stdout]   16:     0x6518452b3d75 - test[9d35eded1c95d3be]::run_test::{closure#0}
[INFO] [stdout]   17:     0x6518452ad634 - std[70759c8f55707aa4]::sys::backtrace::__rust_begin_short_backtrace::<test[9d35eded1c95d3be]::run_test::{closure#1}, ()>
[INFO] [stdout]   18:     0x6518452b6ed2 - <std[70759c8f55707aa4]::thread::lifecycle::spawn_unchecked<test[9d35eded1c95d3be]::run_test::{closure#1}, ()>::{closure#1} as core[df12db4294e9bfd3]::ops::function::FnOnce<()>>::call_once::{shim:vtable#0}
[INFO] [stdout]   19:     0x6518453234e9 - <std[70759c8f55707aa4]::sys::thread::unix::Thread>::new::thread_start
[INFO] [stdout]   20:     0x70cbc8a53dfa - <unknown>
[INFO] [stdout]   21:     0x70cbc8ae73d4 - clone
[INFO] [stdout]   22:                0x0 - <unknown>
[INFO] [stdout] 
[INFO] [stdout] ---- imp::file_release::tests::rhel_8_os_release stdout ----
[INFO] [stdout] 
[INFO] [stdout] thread 'imp::file_release::tests::rhel_8_os_release' (403) panicked at src/linux/file_release.rs:672:51:
[INFO] [stdout] called `Option::unwrap()` on a `None` value
[INFO] [stdout] stack backtrace:
[INFO] [stdout]    0:     0x651845323c11 - <<std[70759c8f55707aa4]::sys::backtrace::BacktraceLock>::print::DisplayBacktrace as core[df12db4294e9bfd3]::fmt::Display>::fmt
[INFO] [stdout]    1:     0x65184533862a - core[df12db4294e9bfd3]::fmt::write
[INFO] [stdout]    2:     0x65184532835c - <alloc[2182bb758b4b3781]::vec::Vec<u8> as core[df12db4294e9bfd3]::io::write::Write>::write_fmt
[INFO] [stdout]    3:     0x6518452fff76 - std[70759c8f55707aa4]::panicking::default_hook::{closure#0}
[INFO] [stdout]    4:     0x65184531c379 - std[70759c8f55707aa4]::panicking::default_hook
[INFO] [stdout]    5:     0x6518452b3420 - test[9d35eded1c95d3be]::test_main_inner::<test[9d35eded1c95d3be]::test_main_static::{closure#0}>::{closure#0}
[INFO] [stdout]    6:     0x65184531c532 - std[70759c8f55707aa4]::panicking::panic_with_hook
[INFO] [stdout]    7:     0x651845300054 - std[70759c8f55707aa4]::panicking::panic_handler::{closure#0}
[INFO] [stdout]    8:     0x6518452f8da9 - std[70759c8f55707aa4]::sys::backtrace::__rust_end_short_backtrace::<std[70759c8f55707aa4]::panicking::panic_handler::{closure#0}, !>
[INFO] [stdout]    9:     0x651845300c1d - __rustc[8fa7c3cbc660c2b3]::rust_begin_unwind
[INFO] [stdout]   10:     0x651845338d5c - core[df12db4294e9bfd3]::panicking::panic_fmt
[INFO] [stdout]   11:     0x651845338d22 - core[df12db4294e9bfd3]::panicking::panic
[INFO] [stdout]   12:     0x651845338ad9 - core[df12db4294e9bfd3]::option::unwrap_failed
[INFO] [stdout]   13:     0x65184528ada6 - os_info[2e66a972fc1fb7c5]::imp::file_release::tests::rhel_8_os_release
[INFO] [stdout]   14:     0x65184529d859 - <os_info[2e66a972fc1fb7c5]::imp::file_release::tests::rhel_8_os_release::{closure#0} as core[df12db4294e9bfd3]::ops::function::FnOnce<()>>::call_once
[INFO] [stdout]   15:     0x6518452a670b - test[9d35eded1c95d3be]::__rust_begin_short_backtrace::<core[df12db4294e9bfd3]::result::Result<(), alloc[2182bb758b4b3781]::string::String>, fn() -> core[df12db4294e9bfd3]::result::Result<(), alloc[2182bb758b4b3781]::string::String>>
[INFO] [stdout]   16:     0x6518452b3d75 - test[9d35eded1c95d3be]::run_test::{closure#0}
[INFO] [stdout]   17:     0x6518452ad634 - std[70759c8f55707aa4]::sys::backtrace::__rust_begin_short_backtrace::<test[9d35eded1c95d3be]::run_test::{closure#1}, ()>
[INFO] [stdout]   18:     0x6518452b6ed2 - <std[70759c8f55707aa4]::thread::lifecycle::spawn_unchecked<test[9d35eded1c95d3be]::run_test::{closure#1}, ()>::{closure#1} as core[df12db4294e9bfd3]::ops::function::FnOnce<()>>::call_once::{shim:vtable#0}
[INFO] [stdout]   19:     0x6518453234e9 - <std[70759c8f55707aa4]::sys::thread::unix::Thread>::new::thread_start
[INFO] [stdout]   20:     0x70cbc8a53dfa - <unknown>
[INFO] [stdout]   21:     0x70cbc8ae73d4 - clone
[INFO] [stdout]   22:                0x0 - <unknown>
[INFO] [stdout] 
[INFO] [stdout] ---- imp::file_release::tests::redhat_release_unknown stdout ----
[INFO] [stdout] 
[INFO] [stdout] thread 'imp::file_release::tests::redhat_release_unknown' (400) panicked at src/linux/file_release.rs:705:51:
[INFO] [stdout] called `Option::unwrap()` on a `None` value
[INFO] [stdout] stack backtrace:
[INFO] [stdout]    0:     0x651845323c11 - <<std[70759c8f55707aa4]::sys::backtrace::BacktraceLock>::print::DisplayBacktrace as core[df12db4294e9bfd3]::fmt::Display>::fmt
[INFO] [stdout]    1:     0x65184533862a - core[df12db4294e9bfd3]::fmt::write
[INFO] [stdout]    2:     0x65184532835c - <alloc[2182bb758b4b3781]::vec::Vec<u8> as core[df12db4294e9bfd3]::io::write::Write>::write_fmt
[INFO] [stdout]    3:     0x6518452fff76 - std[70759c8f55707aa4]::panicking::default_hook::{closure#0}
[INFO] [stdout]    4:     0x65184531c379 - std[70759c8f55707aa4]::panicking::default_hook
[INFO] [stdout]    5:     0x6518452b3420 - test[9d35eded1c95d3be]::test_main_inner::<test[9d35eded1c95d3be]::test_main_static::{closure#0}>::{closure#0}
[INFO] [stdout]    6:     0x65184531c532 - std[70759c8f55707aa4]::panicking::panic_with_hook
[INFO] [stdout]    7:     0x651845300054 - std[70759c8f55707aa4]::panicking::panic_handler::{closure#0}
[INFO] [stdout]    8:     0x6518452f8da9 - std[70759c8f55707aa4]::sys::backtrace::__rust_end_short_backtrace::<std[70759c8f55707aa4]::panicking::panic_handler::{closure#0}, !>
[INFO] [stdout]    9:     0x651845300c1d - __rustc[8fa7c3cbc660c2b3]::rust_begin_unwind
[INFO] [stdout]   10:     0x651845338d5c - core[df12db4294e9bfd3]::panicking::panic_fmt
[INFO] [stdout]   11:     0x651845338d22 - core[df12db4294e9bfd3]::panicking::panic
[INFO] [stdout]   12:     0x651845338ad9 - core[df12db4294e9bfd3]::option::unwrap_failed
[INFO] [stdout]   13:     0x65184528ef30 - os_info[2e66a972fc1fb7c5]::imp::file_release::tests::redhat_release_unknown
[INFO] [stdout]   14:     0x65184529dc39 - <os_info[2e66a972fc1fb7c5]::imp::file_release::tests::redhat_release_unknown::{closure#0} as core[df12db4294e9bfd3]::ops::function::FnOnce<()>>::call_once
[INFO] [stdout]   15:     0x6518452a670b - test[9d35eded1c95d3be]::__rust_begin_short_backtrace::<core[df12db4294e9bfd3]::result::Result<(), alloc[2182bb758b4b3781]::string::String>, fn() -> core[df12db4294e9bfd3]::result::Result<(), alloc[2182bb758b4b3781]::string::String>>
[INFO] [stdout]   16:     0x6518452b3d75 - test[9d35eded1c95d3be]::run_test::{closure#0}
[INFO] [stdout]   17:     0x6518452ad634 - std[70759c8f55707aa4]::sys::backtrace::__rust_begin_short_backtrace::<test[9d35eded1c95d3be]::run_test::{closure#1}, ()>
[INFO] [stdout]   18:     0x6518452b6ed2 - <std[70759c8f55707aa4]::thread::lifecycle::spawn_unchecked<test[9d35eded1c95d3be]::run_test::{closure#1}, ()>::{closure#1} as core[df12db4294e9bfd3]::ops::function::FnOnce<()>>::call_once::{shim:vtable#0}
[INFO] [stdout]   19:     0x6518453234e9 - <std[70759c8f55707aa4]::sys::thread::unix::Thread>::new::thread_start
[INFO] [stdout]   20:     0x70cbc8a53dfa - <unknown>
[INFO] [stdout]   21:     0x70cbc8ae73d4 - clone
[INFO] [stdout]   22:                0x0 - <unknown>
[INFO] [stdout] 
[INFO] [stdout] ---- imp::file_release::tests::suse_12_os_release stdout ----
[INFO] [stdout] 
[INFO] [stdout] thread 'imp::file_release::tests::suse_12_os_release' (405) panicked at src/linux/file_release.rs:727:51:
[INFO] [stdout] called `Option::unwrap()` on a `None` value
[INFO] [stdout] stack backtrace:
[INFO] [stdout]    0:     0x651845323c11 - <<std[70759c8f55707aa4]::sys::backtrace::BacktraceLock>::print::DisplayBacktrace as core[df12db4294e9bfd3]::fmt::Display>::fmt
[INFO] [stdout]    1:     0x65184533862a - core[df12db4294e9bfd3]::fmt::write
[INFO] [stdout]    2:     0x65184532835c - <alloc[2182bb758b4b3781]::vec::Vec<u8> as core[df12db4294e9bfd3]::io::write::Write>::write_fmt
[INFO] [stdout]    3:     0x6518452fff76 - std[70759c8f55707aa4]::panicking::default_hook::{closure#0}
[INFO] [stdout]    4:     0x65184531c379 - std[70759c8f55707aa4]::panicking::default_hook
[INFO] [stdout]    5:     0x6518452b3420 - test[9d35eded1c95d3be]::test_main_inner::<test[9d35eded1c95d3be]::test_main_static::{closure#0}>::{closure#0}
[INFO] [stdout]    6:     0x65184531c532 - std[70759c8f55707aa4]::panicking::panic_with_hook
[INFO] [stdout]    7:     0x651845300054 - std[70759c8f55707aa4]::panicking::panic_handler::{closure#0}
[INFO] [stdout]    8:     0x6518452f8da9 - std[70759c8f55707aa4]::sys::backtrace::__rust_end_short_backtrace::<std[70759c8f55707aa4]::panicking::panic_handler::{closure#0}, !>
[INFO] [stdout]    9:     0x651845300c1d - __rustc[8fa7c3cbc660c2b3]::rust_begin_unwind
[INFO] [stdout]   10:     0x651845338d5c - core[df12db4294e9bfd3]::panicking::panic_fmt
[INFO] [stdout]   11:     0x651845338d22 - core[df12db4294e9bfd3]::panicking::panic
[INFO] [stdout]   12:     0x651845338ad9 - core[df12db4294e9bfd3]::option::unwrap_failed
[INFO] [stdout]   13:     0x65184528c3e6 - os_info[2e66a972fc1fb7c5]::imp::file_release::tests::suse_12_os_release
[INFO] [stdout]   14:     0x65184529da19 - <os_info[2e66a972fc1fb7c5]::imp::file_release::tests::suse_12_os_release::{closure#0} as core[df12db4294e9bfd3]::ops::function::FnOnce<()>>::call_once
[INFO] [stdout]   15:     0x6518452a670b - test[9d35eded1c95d3be]::__rust_begin_short_backtrace::<core[df12db4294e9bfd3]::result::Result<(), alloc[2182bb758b4b3781]::string::String>, fn() -> core[df12db4294e9bfd3]::result::Result<(), alloc[2182bb758b4b3781]::string::String>>
[INFO] [stdout]   16:     0x6518452b3d75 - test[9d35eded1c95d3be]::run_test::{closure#0}
[INFO] [stdout]   17:     0x6518452ad634 - std[70759c8f55707aa4]::sys::backtrace::__rust_begin_short_backtrace::<test[9d35eded1c95d3be]::run_test::{closure#1}, ()>
[INFO] [stdout]   18:     0x6518452b6ed2 - <std[70759c8f55707aa4]::thread::lifecycle::spawn_unchecked<test[9d35eded1c95d3be]::run_test::{closure#1}, ()>::{closure#1} as core[df12db4294e9bfd3]::ops::function::FnOnce<()>>::call_once::{shim:vtable#0}
[INFO] [stdout]   19:     0x6518453234e9 - <std[70759c8f55707aa4]::sys::thread::unix::Thread>::new::thread_start
[INFO] [stdout]   20:     0x70cbc8a53dfa - <unknown>
[INFO] [stdout]   21:     0x70cbc8ae73d4 - clone
[INFO] [stdout]   22:                0x0 - <unknown>
[INFO] [stdout] 
[INFO] [stdout] ---- imp::file_release::tests::uos_os_release stdout ----
[INFO] [stdout] 
[INFO] [stdout] thread 'imp::file_release::tests::uos_os_release' (409) panicked at src/linux/file_release.rs:593:51:
[INFO] [stdout] called `Option::unwrap()` on a `None` value
[INFO] [stdout] stack backtrace:
[INFO] [stdout]    0:     0x651845323c11 - <<std[70759c8f55707aa4]::sys::backtrace::BacktraceLock>::print::DisplayBacktrace as core[df12db4294e9bfd3]::fmt::Display>::fmt
[INFO] [stdout]    1:     0x65184533862a - core[df12db4294e9bfd3]::fmt::write
[INFO] [stdout]    2:     0x65184532835c - <alloc[2182bb758b4b3781]::vec::Vec<u8> as core[df12db4294e9bfd3]::io::write::Write>::write_fmt
[INFO] [stdout]    3:     0x6518452fff76 - std[70759c8f55707aa4]::panicking::default_hook::{closure#0}
[INFO] [stdout]    4:     0x65184531c379 - std[70759c8f55707aa4]::panicking::default_hook
[INFO] [stdout]    5:     0x6518452b3420 - test[9d35eded1c95d3be]::test_main_inner::<test[9d35eded1c95d3be]::test_main_static::{closure#0}>::{closure#0}
[INFO] [stdout]    6:     0x65184531c532 - std[70759c8f55707aa4]::panicking::panic_with_hook
[INFO] [stdout]    7:     0x651845300054 - std[70759c8f55707aa4]::panicking::panic_handler::{closure#0}
[INFO] [stdout]    8:     0x6518452f8da9 - std[70759c8f55707aa4]::sys::backtrace::__rust_end_short_backtrace::<std[70759c8f55707aa4]::panicking::panic_handler::{closure#0}, !>
[INFO] [stdout]    9:     0x651845300c1d - __rustc[8fa7c3cbc660c2b3]::rust_begin_unwind
[INFO] [stdout]   10:     0x651845338d5c - core[df12db4294e9bfd3]::panicking::panic_fmt
[INFO] [stdout]   11:     0x651845338d22 - core[df12db4294e9bfd3]::panicking::panic
[INFO] [stdout]   12:     0x651845338ad9 - core[df12db4294e9bfd3]::option::unwrap_failed
[INFO] [stdout]   13:     0x65184528897d - os_info[2e66a972fc1fb7c5]::imp::file_release::tests::uos_os_release
[INFO] [stdout]   14:     0x65184529d5e9 - <os_info[2e66a972fc1fb7c5]::imp::file_release::tests::uos_os_release::{closure#0} as core[df12db4294e9bfd3]::ops::function::FnOnce<()>>::call_once
[INFO] [stdout]   15:     0x6518452a670b - test[9d35eded1c95d3be]::__rust_begin_short_backtrace::<core[df12db4294e9bfd3]::result::Result<(), alloc[2182bb758b4b3781]::string::String>, fn() -> core[df12db4294e9bfd3]::result::Result<(), alloc[2182bb758b4b3781]::string::String>>
[INFO] [stdout]   16:     0x6518452b3d75 - test[9d35eded1c95d3be]::run_test::{closure#0}
[INFO] [stdout]   17:     0x6518452ad634 - std[70759c8f55707aa4]::sys::backtrace::__rust_begin_short_backtrace::<test[9d35eded1c95d3be]::run_test::{closure#1}, ()>
[INFO] [stdout]   18:     0x6518452b6ed2 - <std[70759c8f55707aa4]::thread::lifecycle::spawn_unchecked<test[9d35eded1c95d3be]::run_test::{closure#1}, ()>::{closure#1} as core[df12db4294e9bfd3]::ops::function::FnOnce<()>>::call_once::{shim:vtable#0}
[INFO] [stdout]   19:     0x6518453234e9 - <std[70759c8f55707aa4]::sys::thread::unix::Thread>::new::thread_start
[INFO] [stdout]   20:     0x70cbc8a53dfa - <unknown>
[INFO] [stdout]   21:     0x70cbc8ae73d4 - clone
[INFO] [stdout]   22:                0x0 - <unknown>
[INFO] [stdout] 
[INFO] [stdout] ---- imp::file_release::tests::suse_15_os_release stdout ----
[INFO] [stdout] 
[INFO] [stdout] thread 'imp::file_release::tests::suse_15_os_release' (406) panicked at src/linux/file_release.rs:738:51:
[INFO] [stdout] called `Option::unwrap()` on a `None` value
[INFO] [stdout] stack backtrace:
[INFO] [stdout]    0:     0x651845323c11 - <<std[70759c8f55707aa4]::sys::backtrace::BacktraceLock>::print::DisplayBacktrace as core[df12db4294e9bfd3]::fmt::Display>::fmt
[INFO] [stdout]    1:     0x65184533862a - core[df12db4294e9bfd3]::fmt::write
[INFO] [stdout]    2:     0x65184532835c - <alloc[2182bb758b4b3781]::vec::Vec<u8> as core[df12db4294e9bfd3]::io::write::Write>::write_fmt
[INFO] [stdout]    3:     0x6518452fff76 - std[70759c8f55707aa4]::panicking::default_hook::{closure#0}
[INFO] [stdout]    4:     0x65184531c379 - std[70759c8f55707aa4]::panicking::default_hook
[INFO] [stdout]    5:     0x6518452b3420 - test[9d35eded1c95d3be]::test_main_inner::<test[9d35eded1c95d3be]::test_main_static::{closure#0}>::{closure#0}
[INFO] [stdout]    6:     0x65184531c532 - std[70759c8f55707aa4]::panicking::panic_with_hook
[INFO] [stdout]    7:     0x651845300054 - std[70759c8f55707aa4]::panicking::panic_handler::{closure#0}
[INFO] [stdout]    8:     0x6518452f8da9 - std[70759c8f55707aa4]::sys::backtrace::__rust_end_short_backtrace::<std[70759c8f55707aa4]::panicking::panic_handler::{closure#0}, !>
[INFO] [stdout]    9:     0x651845300c1d - __rustc[8fa7c3cbc660c2b3]::rust_begin_unwind
[INFO] [stdout]   10:     0x651845338d5c - core[df12db4294e9bfd3]::panicking::panic_fmt
[INFO] [stdout]   11:     0x651845338d22 - core[df12db4294e9bfd3]::panicking::panic
[INFO] [stdout]   12:     0x651845338ad9 - core[df12db4294e9bfd3]::option::unwrap_failed
[INFO] [stdout]   13:     0x65184528c666 - os_info[2e66a972fc1fb7c5]::imp::file_release::tests::suse_15_os_release
[INFO] [stdout]   14:     0x65184529da39 - <os_info[2e66a972fc1fb7c5]::imp::file_release::tests::suse_15_os_release::{closure#0} as core[df12db4294e9bfd3]::ops::function::FnOnce<()>>::call_once
[INFO] [stdout]   15:     0x6518452a670b - test[9d35eded1c95d3be]::__rust_begin_short_backtrace::<core[df12db4294e9bfd3]::result::Result<(), alloc[2182bb758b4b3781]::string::String>, fn() -> core[df12db4294e9bfd3]::result::Result<(), alloc[2182bb758b4b3781]::string::String>>
[INFO] [stdout]   16:     0x6518452b3d75 - test[9d35eded1c95d3be]::run_test::{closure#0}
[INFO] [stdout]   17:     0x6518452ad634 - std[70759c8f55707aa4]::sys::backtrace::__rust_begin_short_backtrace::<test[9d35eded1c95d3be]::run_test::{closure#1}, ()>
[INFO] [stdout]   18:     0x6518452b6ed2 - <std[70759c8f55707aa4]::thread::lifecycle::spawn_unchecked<test[9d35eded1c95d3be]::run_test::{closure#1}, ()>::{closure#1} as core[df12db4294e9bfd3]::ops::function::FnOnce<()>>::call_once::{shim:vtable#0}
[INFO] [stdout]   19:     0x6518453234e9 - <std[70759c8f55707aa4]::sys::thread::unix::Thread>::new::thread_start
[INFO] [stdout]   20:     0x70cbc8a53dfa - <unknown>
[INFO] [stdout]   21:     0x70cbc8ae73d4 - clone
[INFO] [stdout]   22:                0x0 - <unknown>
[INFO] [stdout] 
[INFO] [stdout] ---- imp::file_release::tests::rocky_9_2_release stdout ----
[INFO] [stdout] 
[INFO] [stdout] thread 'imp::file_release::tests::rocky_9_2_release' (404) panicked at src/linux/file_release.rs:716:51:
[INFO] [stdout] called `Option::unwrap()` on a `None` value
[INFO] [stdout] stack backtrace:
[INFO] [stdout]    0:     0x651845323c11 - <<std[70759c8f55707aa4]::sys::backtrace::BacktraceLock>::print::DisplayBacktrace as core[df12db4294e9bfd3]::fmt::Display>::fmt
[INFO] [stdout]    1:     0x65184533862a - core[df12db4294e9bfd3]::fmt::write
[INFO] [stdout]    2:     0x65184532835c - <alloc[2182bb758b4b3781]::vec::Vec<u8> as core[df12db4294e9bfd3]::io::write::Write>::write_fmt
[INFO] [stdout]    3:     0x6518452fff76 - std[70759c8f55707aa4]::panicking::default_hook::{closure#0}
[INFO] [stdout]    4:     0x65184531c379 - std[70759c8f55707aa4]::panicking::default_hook
[INFO] [stdout]    5:     0x6518452b3420 - test[9d35eded1c95d3be]::test_main_inner::<test[9d35eded1c95d3be]::test_main_static::{closure#0}>::{closure#0}
[INFO] [stdout]    6:     0x65184531c532 - std[70759c8f55707aa4]::panicking::panic_with_hook
[INFO] [stdout]    7:     0x651845300054 - std[70759c8f55707aa4]::panicking::panic_handler::{closure#0}
[INFO] [stdout]    8:     0x6518452f8da9 - std[70759c8f55707aa4]::sys::backtrace::__rust_end_short_backtrace::<std[70759c8f55707aa4]::panicking::panic_handler::{closure#0}, !>
[INFO] [stdout]    9:     0x651845300c1d - __rustc[8fa7c3cbc660c2b3]::rust_begin_unwind
[INFO] [stdout]   10:     0x651845338d5c - core[df12db4294e9bfd3]::panicking::panic_fmt
[INFO] [stdout]   11:     0x651845338d22 - core[df12db4294e9bfd3]::panicking::panic
[INFO] [stdout]   12:     0x651845338ad9 - core[df12db4294e9bfd3]::option::unwrap_failed
[INFO] [stdout]   13:     0x65184528b026 - os_info[2e66a972fc1fb7c5]::imp::file_release::tests::rocky_9_2_release
[INFO] [stdout]   14:     0x65184529d879 - <os_info[2e66a972fc1fb7c5]::imp::file_release::tests::rocky_9_2_release::{closure#0} as core[df12db4294e9bfd3]::ops::function::FnOnce<()>>::call_once
[INFO] [stdout]   15:     0x6518452a670b - test[9d35eded1c95d3be]::__rust_begin_short_backtrace::<core[df12db4294e9bfd3]::result::Result<(), alloc[2182bb758b4b3781]::string::String>, fn() -> core[df12db4294e9bfd3]::result::Result<(), alloc[2182bb758b4b3781]::string::String>>
[INFO] [stdout]   16:     0x6518452b3d75 - test[9d35eded1c95d3be]::run_test::{closure#0}
[INFO] [stdout]   17:     0x6518452ad634 - std[70759c8f55707aa4]::sys::backtrace::__rust_begin_short_backtrace::<test[9d35eded1c95d3be]::run_test::{closure#1}, ()>
[INFO] [stdout]   18:     0x6518452b6ed2 - <std[70759c8f55707aa4]::thread::lifecycle::spawn_unchecked<test[9d35eded1c95d3be]::run_test::{closure#1}, ()>::{closure#1} as core[df12db4294e9bfd3]::ops::function::FnOnce<()>>::call_once::{shim:vtable#0}
[INFO] [stdout]   19:     0x6518453234e9 - <std[70759c8f55707aa4]::sys::thread::unix::Thread>::new::thread_start
[INFO] [stdout]   20:     0x70cbc8a53dfa - <unknown>
[INFO] [stdout]   21:     0x70cbc8ae73d4 - clone
[INFO] [stdout]   22:                0x0 - <unknown>
[INFO] [stdout] 
[INFO] [stdout] ---- imp::file_release::tests::pika_os_release stdout ----
[INFO] [stdout] 
[INFO] [stdout] thread 'imp::file_release::tests::pika_os_release' (398) panicked at src/linux/file_release.rs:793:51:
[INFO] [stdout] called `Option::unwrap()` on a `None` value
[INFO] [stdout] stack backtrace:
[INFO] [stdout]    0:     0x651845323c11 - <<std[70759c8f55707aa4]::sys::backtrace::BacktraceLock>::print::DisplayBacktrace as core[df12db4294e9bfd3]::fmt::Display>::fmt
[INFO] [stdout]    1:     0x65184533862a - core[df12db4294e9bfd3]::fmt::write
[INFO] [stdout]    2:     0x65184532835c - <alloc[2182bb758b4b3781]::vec::Vec<u8> as core[df12db4294e9bfd3]::io::write::Write>::write_fmt
[INFO] [stdout]    3:     0x6518452fff76 - std[70759c8f55707aa4]::panicking::default_hook::{closure#0}
[INFO] [stdout]    4:     0x65184531c379 - std[70759c8f55707aa4]::panicking::default_hook
[INFO] [stdout]    5:     0x6518452b3420 - test[9d35eded1c95d3be]::test_main_inner::<test[9d35eded1c95d3be]::test_main_static::{closure#0}>::{closure#0}
[INFO] [stdout]    6:     0x65184531c532 - std[70759c8f55707aa4]::panicking::panic_with_hook
[INFO] [stdout]    7:     0x651845300054 - std[70759c8f55707aa4]::panicking::panic_handler::{closure#0}
[INFO] [stdout]    8:     0x6518452f8da9 - std[70759c8f55707aa4]::sys::backtrace::__rust_end_short_backtrace::<std[70759c8f55707aa4]::panicking::panic_handler::{closure#0}, !>
[INFO] [stdout]    9:     0x651845300c1d - __rustc[8fa7c3cbc660c2b3]::rust_begin_unwind
[INFO] [stdout]   10:     0x651845338d5c - core[df12db4294e9bfd3]::panicking::panic_fmt
[INFO] [stdout]   11:     0x651845338d22 - core[df12db4294e9bfd3]::panicking::panic
[INFO] [stdout]   12:     0x651845338ad9 - core[df12db4294e9bfd3]::option::unwrap_failed
[INFO] [stdout]   13:     0x6518452897bd - os_info[2e66a972fc1fb7c5]::imp::file_release::tests::pika_os_release
[INFO] [stdout]   14:     0x65184529d759 - <os_info[2e66a972fc1fb7c5]::imp::file_release::tests::pika_os_release::{closure#0} as core[df12db4294e9bfd3]::ops::function::FnOnce<()>>::call_once
[INFO] [stdout]   15:     0x6518452a670b - test[9d35eded1c95d3be]::__rust_begin_short_backtrace::<core[df12db4294e9bfd3]::result::Result<(), alloc[2182bb758b4b3781]::string::String>, fn() -> core[df12db4294e9bfd3]::result::Result<(), alloc[2182bb758b4b3781]::string::String>>
[INFO] [stdout]   16:     0x6518452b3d75 - test[9d35eded1c95d3be]::run_test::{closure#0}
[INFO] [stdout]   17:     0x6518452ad634 - std[70759c8f55707aa4]::sys::backtrace::__rust_begin_short_backtrace::<test[9d35eded1c95d3be]::run_test::{closure#1}, ()>
[INFO] [stdout]   18:     0x6518452b6ed2 - <std[70759c8f55707aa4]::thread::lifecycle::spawn_unchecked<test[9d35eded1c95d3be]::run_test::{closure#1}, ()>::{closure#1} as core[df12db4294e9bfd3]::ops::function::FnOnce<()>>::call_once::{shim:vtable#0}
[INFO] [stdout]   19:     0x6518453234e9 - <std[70759c8f55707aa4]::sys::thread::unix::Thread>::new::thread_start
[INFO] [stdout]   20:     0x70cbc8a53dfa - <unknown>
[INFO] [stdout]   21:     0x70cbc8ae73d4 - clone
[INFO] [stdout]   22:                0x0 - <unknown>
[INFO] [stdout] 
[INFO] [stdout] ---- imp::file_release::tests::rhel_7_os_release stdout ----
[INFO] [stdout] 
[INFO] [stdout] thread 'imp::file_release::tests::rhel_7_os_release' (402) panicked at src/linux/file_release.rs:683:51:
[INFO] [stdout] called `Option::unwrap()` on a `None` value
[INFO] [stdout] stack backtrace:
[INFO] [stdout]    0:     0x651845323c11 - <<std[70759c8f55707aa4]::sys::backtrace::BacktraceLock>::print::DisplayBacktrace as core[df12db4294e9bfd3]::fmt::Display>::fmt
[INFO] [stdout]    1:     0x65184533862a - core[df12db4294e9bfd3]::fmt::write
[INFO] [stdout]    2:     0x65184532835c - <alloc[2182bb758b4b3781]::vec::Vec<u8> as core[df12db4294e9bfd3]::io::write::Write>::write_fmt
[INFO] [stdout]    3:     0x6518452fff76 - std[70759c8f55707aa4]::panicking::default_hook::{closure#0}
[INFO] [stdout]    4:     0x65184531c379 - std[70759c8f55707aa4]::panicking::default_hook
[INFO] [stdout]    5:     0x6518452b3420 - test[9d35eded1c95d3be]::test_main_inner::<test[9d35eded1c95d3be]::test_main_static::{closure#0}>::{closure#0}
[INFO] [stdout]    6:     0x65184531c532 - std[70759c8f55707aa4]::panicking::panic_with_hook
[INFO] [stdout]    7:     0x651845300054 - std[70759c8f55707aa4]::panicking::panic_handler::{closure#0}
[INFO] [stdout]    8:     0x6518452f8da9 - std[70759c8f55707aa4]::sys::backtrace::__rust_end_short_backtrace::<std[70759c8f55707aa4]::panicking::panic_handler::{closure#0}, !>
[INFO] [stdout]    9:     0x651845300c1d - __rustc[8fa7c3cbc660c2b3]::rust_begin_unwind
[INFO] [stdout]   10:     0x651845338d5c - core[df12db4294e9bfd3]::panicking::panic_fmt
[INFO] [stdout]   11:     0x651845338d22 - core[df12db4294e9bfd3]::panicking::panic
[INFO] [stdout]   12:     0x651845338ad9 - core[df12db4294e9bfd3]::option::unwrap_failed
[INFO] [stdout]   13:     0x65184528ab26 - os_info[2e66a972fc1fb7c5]::imp::file_release::tests::rhel_7_os_release
[INFO] [stdout]   14:     0x65184529d839 - <os_info[2e66a972fc1fb7c5]::imp::file_release::tests::rhel_7_os_release::{closure#0} as core[df12db4294e9bfd3]::ops::function::FnOnce<()>>::call_once
[INFO] [stdout]   15:     0x6518452a670b - test[9d35eded1c95d3be]::__rust_begin_short_backtrace::<core[df12db4294e9bfd3]::result::Result<(), alloc[2182bb758b4b3781]::string::String>, fn() -> core[df12db4294e9bfd3]::result::Result<(), alloc[2182bb758b4b3781]::string::String>>
[INFO] [stdout]   16:     0x6518452b3d75 - test[9d35eded1c95d3be]::run_test::{closure#0}
[INFO] [stdout]   17:     0x6518452ad634 - std[70759c8f55707aa4]::sys::backtrace::__rust_begin_short_backtrace::<test[9d35eded1c95d3be]::run_test::{closure#1}, ()>
[INFO] [stdout]   18:     0x6518452b6ed2 - <std[70759c8f55707aa4]::thread::lifecycle::spawn_unchecked<test[9d35eded1c95d3be]::run_test::{closure#1}, ()>::{closure#1} as core[df12db4294e9bfd3]::ops::function::FnOnce<()>>::call_once::{shim:vtable#0}
[INFO] [stdout]   19:     0x6518453234e9 - <std[70759c8f55707aa4]::sys::thread::unix::Thread>::new::thread_start
[INFO] [stdout]   20:     0x70cbc8a53dfa - <unknown>
[INFO] [stdout]   21:     0x70cbc8ae73d4 - clone
[INFO] [stdout]   22:                0x0 - <unknown>
[INFO] [stdout] 
[INFO] [stdout] ---- imp::file_release::tests::ubuntu_os_release stdout ----
[INFO] [stdout] 
[INFO] [stdout] thread 'imp::file_release::tests::ubuntu_os_release' (407) panicked at src/linux/file_release.rs:749:51:
[INFO] [stdout] called `Option::unwrap()` on a `None` value
[INFO] [stdout] stack backtrace:
[INFO] [stdout]    0:     0x651845323c11 - <<std[70759c8f55707aa4]::sys::backtrace::BacktraceLock>::print::DisplayBacktrace as core[df12db4294e9bfd3]::fmt::Display>::fmt
[INFO] [stdout]    1:     0x65184533862a - core[df12db4294e9bfd3]::fmt::write
[INFO] [stdout]    2:     0x65184532835c - <alloc[2182bb758b4b3781]::vec::Vec<u8> as core[df12db4294e9bfd3]::io::write::Write>::write_fmt
[INFO] [stdout]    3:     0x6518452fff76 - std[70759c8f55707aa4]::panicking::default_hook::{closure#0}
[INFO] [stdout]    4:     0x65184531c379 - std[70759c8f55707aa4]::panicking::default_hook
[INFO] [stdout]    5:     0x6518452b3420 - test[9d35eded1c95d3be]::test_main_inner::<test[9d35eded1c95d3be]::test_main_static::{closure#0}>::{closure#0}
[INFO] [stdout]    6:     0x65184531c532 - std[70759c8f55707aa4]::panicking::panic_with_hook
[INFO] [stdout]    7:     0x651845300054 - std[70759c8f55707aa4]::panicking::panic_handler::{closure#0}
[INFO] [stdout]    8:     0x6518452f8da9 - std[70759c8f55707aa4]::sys::backtrace::__rust_end_short_backtrace::<std[70759c8f55707aa4]::panicking::panic_handler::{closure#0}, !>
[INFO] [stdout]    9:     0x651845300c1d - __rustc[8fa7c3cbc660c2b3]::rust_begin_unwind
[INFO] [stdout]   10:     0x651845338d5c - core[df12db4294e9bfd3]::panicking::panic_fmt
[INFO] [stdout]   11:     0x651845338d22 - core[df12db4294e9bfd3]::panicking::panic
[INFO] [stdout]   12:     0x651845338ad9 - core[df12db4294e9bfd3]::option::unwrap_failed
[INFO] [stdout]   13:     0x65184528b3a0 - os_info[2e66a972fc1fb7c5]::imp::file_release::tests::ubuntu_os_release
[INFO] [stdout]   14:     0x65184529d899 - <os_info[2e66a972fc1fb7c5]::imp::file_release::tests::ubuntu_os_release::{closure#0} as core[df12db4294e9bfd3]::ops::function::FnOnce<()>>::call_once
[INFO] [stdout]   15:     0x6518452a670b - test[9d35eded1c95d3be]::__rust_begin_short_backtrace::<core[df12db4294e9bfd3]::result::Result<(), alloc[2182bb758b4b3781]::string::String>, fn() -> core[df12db4294e9bfd3]::result::Result<(), alloc[2182bb758b4b3781]::string::String>>
[INFO] [stdout]   16:     0x6518452b3d75 - test[9d35eded1c95d3be]::run_test::{closure#0}
[INFO] [stdout]   17:     0x6518452ad634 - std[70759c8f55707aa4]::sys::backtrace::__rust_begin_short_backtrace::<test[9d35eded1c95d3be]::run_test::{closure#1}, ()>
[INFO] [stdout]   18:     0x6518452b6ed2 - <std[70759c8f55707aa4]::thread::lifecycle::spawn_unchecked<test[9d35eded1c95d3be]::run_test::{closure#1}, ()>::{closure#1} as core[df12db4294e9bfd3]::ops::function::FnOnce<()>>::call_once::{shim:vtable#0}
[INFO] [stdout]   19:     0x6518453234e9 - <std[70759c8f55707aa4]::sys::thread::unix::Thread>::new::thread_start
[INFO] [stdout]   20:     0x70cbc8a53dfa - <unknown>
[INFO] [stdout]   21:     0x70cbc8ae73d4 - clone
[INFO] [stdout]   22:                0x0 - <unknown>
[INFO] [stdout] 
[INFO] [stdout] ---- imp::file_release::tests::void_os_release stdout ----
[INFO] [stdout] 
[INFO] [stdout] thread 'imp::file_release::tests::void_os_release' (410) panicked at src/linux/file_release.rs:771:51:
[INFO] [stdout] called `Option::unwrap()` on a `None` value
[INFO] [stdout] stack backtrace:
[INFO] [stdout]    0:     0x651845323c11 - <<std[70759c8f55707aa4]::sys::backtrace::BacktraceLock>::print::DisplayBacktrace as core[df12db4294e9bfd3]::fmt::Display>::fmt
[INFO] [stdout]    1:     0x65184533862a - core[df12db4294e9bfd3]::fmt::write
[INFO] [stdout]    2:     0x65184532835c - <alloc[2182bb758b4b3781]::vec::Vec<u8> as core[df12db4294e9bfd3]::io::write::Write>::write_fmt
[INFO] [stdout]    3:     0x6518452fff76 - std[70759c8f55707aa4]::panicking::default_hook::{closure#0}
[INFO] [stdout]    4:     0x65184531c379 - std[70759c8f55707aa4]::panicking::default_hook
[INFO] [stdout]    5:     0x6518452b3420 - test[9d35eded1c95d3be]::test_main_inner::<test[9d35eded1c95d3be]::test_main_static::{closure#0}>::{closure#0}
[INFO] [stdout]    6:     0x65184531c532 - std[70759c8f55707aa4]::panicking::panic_with_hook
[INFO] [stdout]    7:     0x651845300054 - std[70759c8f55707aa4]::panicking::panic_handler::{closure#0}
[INFO] [stdout]    8:     0x6518452f8da9 - std[70759c8f55707aa4]::sys::backtrace::__rust_end_short_backtrace::<std[70759c8f55707aa4]::panicking::panic_handler::{closure#0}, !>
[INFO] [stdout]    9:     0x651845300c1d - __rustc[8fa7c3cbc660c2b3]::rust_begin_unwind
[INFO] [stdout]   10:     0x651845338d5c - core[df12db4294e9bfd3]::panicking::panic_fmt
[INFO] [stdout]   11:     0x651845338d22 - core[df12db4294e9bfd3]::panicking::panic
[INFO] [stdout]   12:     0x651845338ad9 - core[df12db4294e9bfd3]::option::unwrap_failed
[INFO] [stdout]   13:     0x6518452899b0 - os_info[2e66a972fc1fb7c5]::imp::file_release::tests::void_os_release
[INFO] [stdout]   14:     0x65184529d779 - <os_info[2e66a972fc1fb7c5]::imp::file_release::tests::void_os_release::{closure#0} as core[df12db4294e9bfd3]::ops::function::FnOnce<()>>::call_once
[INFO] [stdout]   15:     0x6518452a670b - test[9d35eded1c95d3be]::__rust_begin_short_backtrace::<core[df12db4294e9bfd3]::result::Result<(), alloc[2182bb758b4b3781]::string::String>, fn() -> core[df12db4294e9bfd3]::result::Result<(), alloc[2182bb758b4b3781]::string::String>>
[INFO] [stdout]   16:     0x6518452b3d75 - test[9d35eded1c95d3be]::run_test::{closure#0}
[INFO] [stdout]   17:     0x6518452ad634 - std[70759c8f55707aa4]::sys::backtrace::__rust_begin_short_backtrace::<test[9d35eded1c95d3be]::run_test::{closure#1}, ()>
[INFO] [stdout]   18:     0x6518452b6ed2 - <std[70759c8f55707aa4]::thread::lifecycle::spawn_unchecked<test[9d35eded1c95d3be]::run_test::{closure#1}, ()>::{closure#1} as core[df12db4294e9bfd3]::ops::function::FnOnce<()>>::call_once::{shim:vtable#0}
[INFO] [stdout]   19:     0x6518453234e9 - <std[70759c8f55707aa4]::sys::thread::unix::Thread>::new::thread_start
[INFO] [stdout]   20:     0x70cbc8a53dfa - <unknown>
[INFO] [stdout]   21:     0x70cbc8ae73d4 - clone
[INFO] [stdout]   22:                0x0 - <unknown>
[INFO] [stdout] 
[INFO] [stdout] ---- imp::file_release::tests::opencloudos_os_release stdout ----
[INFO] [stdout] 
[INFO] [stdout] thread 'imp::file_release::tests::opencloudos_os_release' (394) panicked at src/linux/file_release.rs:628:51:
[INFO] [stdout] called `Option::unwrap()` on a `None` value
[INFO] [stdout] stack backtrace:
[INFO] [stdout]    0:     0x651845323c11 - <<std[70759c8f55707aa4]::sys::backtrace::BacktraceLock>::print::DisplayBacktrace as core[df12db4294e9bfd3]::fmt::Display>::fmt
[INFO] [stdout]    1:     0x65184533862a - core[df12db4294e9bfd3]::fmt::write
[INFO] [stdout]    2:     0x65184532835c - <alloc[2182bb758b4b3781]::vec::Vec<u8> as core[df12db4294e9bfd3]::io::write::Write>::write_fmt
[INFO] [stdout]    3:     0x6518452fff76 - std[70759c8f55707aa4]::panicking::default_hook::{closure#0}
[INFO] [stdout]    4:     0x65184531c379 - std[70759c8f55707aa4]::panicking::default_hook
[INFO] [stdout]    5:     0x6518452b3420 - test[9d35eded1c95d3be]::test_main_inner::<test[9d35eded1c95d3be]::test_main_static::{closure#0}>::{closure#0}
[INFO] [stdout]    6:     0x65184531c532 - std[70759c8f55707aa4]::panicking::panic_with_hook
[INFO] [stdout]    7:     0x651845300054 - std[70759c8f55707aa4]::panicking::panic_handler::{closure#0}
[INFO] [stdout]    8:     0x6518452f8da9 - std[70759c8f55707aa4]::sys::backtrace::__rust_end_short_backtrace::<std[70759c8f55707aa4]::panicking::panic_handler::{closure#0}, !>
[INFO] [stdout]    9:     0x651845300c1d - __rustc[8fa7c3cbc660c2b3]::rust_begin_unwind
[INFO] [stdout]   10:     0x651845338d5c - core[df12db4294e9bfd3]::panicking::panic_fmt
[INFO] [stdout]   11:     0x651845338d22 - core[df12db4294e9bfd3]::panicking::panic
[INFO] [stdout]   12:     0x651845338ad9 - core[df12db4294e9bfd3]::option::unwrap_failed
[INFO] [stdout]   13:     0x65184528ed46 - os_info[2e66a972fc1fb7c5]::imp::file_release::tests::opencloudos_os_release
[INFO] [stdout]   14:     0x65184529dc19 - <os_info[2e66a972fc1fb7c5]::imp::file_release::tests::opencloudos_os_release::{closure#0} as core[df12db4294e9bfd3]::ops::function::FnOnce<()>>::call_once
[INFO] [stdout]   15:     0x6518452a670b - test[9d35eded1c95d3be]::__rust_begin_short_backtrace::<core[df12db4294e9bfd3]::result::Result<(), alloc[2182bb758b4b3781]::string::String>, fn() -> core[df12db4294e9bfd3]::result::Result<(), alloc[2182bb758b4b3781]::string::String>>
[INFO] [stdout]   16:     0x6518452b3d75 - test[9d35eded1c95d3be]::run_test::{closure#0}
[INFO] [stdout]   17:     0x6518452ad634 - std[70759c8f55707aa4]::sys::backtrace::__rust_begin_short_backtrace::<test[9d35eded1c95d3be]::run_test::{closure#1}, ()>
[INFO] [stdout]   18:     0x6518452b6ed2 - <std[70759c8f55707aa4]::thread::lifecycle::spawn_unchecked<test[9d35eded1c95d3be]::run_test::{closure#1}, ()>::{closure#1} as core[df12db4294e9bfd3]::ops::function::FnOnce<()>>::call_once::{shim:vtable#0}
[INFO] [stdout]   19:     0x6518453234e9 - <std[70759c8f55707aa4]::sys::thread::unix::Thread>::new::thread_start
[INFO] [stdout]   20:     0x70cbc8a53dfa - <unknown>
[INFO] [stdout]   21:     0x70cbc8ae73d4 - clone
[INFO] [stdout]   22:                0x0 - <unknown>
[INFO] [stdout] 
[INFO] [stdout] ---- imp::file_release::tests::ultramarine_os_release stdout ----
[INFO] [stdout] 
[INFO] [stdout] thread 'imp::file_release::tests::ultramarine_os_release' (408) panicked at src/linux/file_release.rs:760:51:
[INFO] [stdout] called `Option::unwrap()` on a `None` value
[INFO] [stdout] stack backtrace:
[INFO] [stdout]    0:     0x651845323c11 - <<std[70759c8f55707aa4]::sys::backtrace::BacktraceLock>::print::DisplayBacktrace as core[df12db4294e9bfd3]::fmt::Display>::fmt
[INFO] [stdout]    1:     0x65184533862a - core[df12db4294e9bfd3]::fmt::write
[INFO] [stdout]    2:     0x65184532835c - <alloc[2182bb758b4b3781]::vec::Vec<u8> as core[df12db4294e9bfd3]::io::write::Write>::write_fmt
[INFO] [stdout]    3:     0x6518452fff76 - std[70759c8f55707aa4]::panicking::default_hook::{closure#0}
[INFO] [stdout]    4:     0x65184531c379 - std[70759c8f55707aa4]::panicking::default_hook
[INFO] [stdout]    5:     0x6518452b3420 - test[9d35eded1c95d3be]::test_main_inner::<test[9d35eded1c95d3be]::test_main_static::{closure#0}>::{closure#0}
[INFO] [stdout]    6:     0x65184531c532 - std[70759c8f55707aa4]::panicking::panic_with_hook
[INFO] [stdout]    7:     0x651845300054 - std[70759c8f55707aa4]::panicking::panic_handler::{closure#0}
[INFO] [stdout]    8:     0x6518452f8da9 - std[70759c8f55707aa4]::sys::backtrace::__rust_end_short_backtrace::<std[70759c8f55707aa4]::panicking::panic_handler::{closure#0}, !>
[INFO] [stdout]    9:     0x651845300c1d - __rustc[8fa7c3cbc660c2b3]::rust_begin_unwind
[INFO] [stdout]   10:     0x651845338d5c - core[df12db4294e9bfd3]::panicking::panic_fmt
[INFO] [stdout]   11:     0x651845338d22 - core[df12db4294e9bfd3]::panicking::panic
[INFO] [stdout]   12:     0x651845338ad9 - core[df12db4294e9bfd3]::option::unwrap_failed
[INFO] [stdout]   13:     0x65184528f2ed - os_info[2e66a972fc1fb7c5]::imp::file_release::tests::ultramarine_os_release
[INFO] [stdout]   14:     0x65184529dc59 - <os_info[2e66a972fc1fb7c5]::imp::file_release::tests::ultramarine_os_release::{closure#0} as core[df12db4294e9bfd3]::ops::function::FnOnce<()>>::call_once
[INFO] [stdout]   15:     0x6518452a670b - test[9d35eded1c95d3be]::__rust_begin_short_backtrace::<core[df12db4294e9bfd3]::result::Result<(), alloc[2182bb758b4b3781]::string::String>, fn() -> core[df12db4294e9bfd3]::result::Result<(), alloc[2182bb758b4b3781]::string::String>>
[INFO] [stdout]   16:     0x6518452b3d75 - test[9d35eded1c95d3be]::run_test::{closure#0}
[INFO] [stdout]   17:     0x6518452ad634 - std[70759c8f55707aa4]::sys::backtrace::__rust_begin_short_backtrace::<test[9d35eded1c95d3be]::run_test::{closure#1}, ()>
[INFO] [stdout]   18:     0x6518452b6ed2 - <std[70759c8f55707aa4]::thread::lifecycle::spawn_unchecked<test[9d35eded1c95d3be]::run_test::{closure#1}, ()>::{closure#1} as core[df12db4294e9bfd3]::ops::function::FnOnce<()>>::call_once::{shim:vtable#0}
[INFO] [stdout]   19:     0x6518453234e9 - <std[70759c8f55707aa4]::sys::thread::unix::Thread>::new::thread_start
[INFO] [stdout]   20:     0x70cbc8a53dfa - <unknown>
[INFO] [stdout]   21:     0x70cbc8ae73d4 - clone
[INFO] [stdout]   22:                0x0 - <unknown>
[INFO] [stdout] 
[INFO] [stdout] 
[INFO] [stdout] failures:
[INFO] [stdout]     imp::file_release::tests::almalinux_9_0_release
[INFO] [stdout]     imp::file_release::tests::alpaquita_os_release
[INFO] [stdout]     imp::file_release::tests::alpine_3_12_os_release
[INFO] [stdout]     imp::file_release::tests::alpine_release
[INFO] [stdout]     imp::file_release::tests::alt_p11_os_release
[INFO] [stdout]     imp::file_release::tests::amazon_1_os_release
[INFO] [stdout]     imp::file_release::tests::amazon_2_os_release
[INFO] [stdout]     imp::file_release::tests::aosc_os_release
[INFO] [stdout]     imp::file_release::tests::arch_os_release
[INFO] [stdout]     imp::file_release::tests::archarm_os_release
[INFO] [stdout]     imp::file_release::tests::artix_os_release
[INFO] [stdout]     imp::file_release::tests::bazzite_os_release
[INFO] [stdout]     imp::file_release::tests::bluefin_os_release
[INFO] [stdout]     imp::file_release::tests::cachy_os_release
[INFO] [stdout]     imp::file_release::tests::centos_7_os_release
[INFO] [stdout]     imp::file_release::tests::centos_release
[INFO] [stdout]     imp::file_release::tests::centos_release_unknown
[INFO] [stdout]     imp::file_release::tests::centos_stream_os_release
[INFO] [stdout]     imp::file_release::tests::debian_11_os_release
[INFO] [stdout]     imp::file_release::tests::fedora_32_os_release
[INFO] [stdout]     imp::file_release::tests::fedora_35_os_release
[INFO] [stdout]     imp::file_release::tests::fedora_release
[INFO] [stdout]     imp::file_release::tests::fedora_release_unknown
[INFO] [stdout]     imp::file_release::tests::instant_os_release
[INFO] [stdout]     imp::file_release::tests::kali_2023_2_os_release
[INFO] [stdout]     imp::file_release::tests::kde_neon_release
[INFO] [stdout]     imp::file_release::tests::manjaro_arm_release
[INFO] [stdout]     imp::file_release::tests::mariner_release
[INFO] [stdout]     imp::file_release::tests::mariner_release_unknown
[INFO] [stdout]     imp::file_release::tests::mint_os_release
[INFO] [stdout]     imp::file_release::tests::nixos_os_release
[INFO] [stdout]     imp::file_release::tests::nobara_os_release
[INFO] [stdout]     imp::file_release::tests::opencloudos_os_release
[INFO] [stdout]     imp::file_release::tests::openeuler_os_release
[INFO] [stdout]     imp::file_release::tests::opensuse_tumbleweed_os_release
[INFO] [stdout]     imp::file_release::tests::oracle_linux_os_release
[INFO] [stdout]     imp::file_release::tests::pika_os_release
[INFO] [stdout]     imp::file_release::tests::redhat_release
[INFO] [stdout]     imp::file_release::tests::redhat_release_unknown
[INFO] [stdout]     imp::file_release::tests::rhel_7_os_release
[INFO] [stdout]     imp::file_release::tests::rhel_8_os_release
[INFO] [stdout]     imp::file_release::tests::rocky_9_2_release
[INFO] [stdout]     imp::file_release::tests::suse_12_os_release
[INFO] [stdout]     imp::file_release::tests::suse_15_os_release
[INFO] [stdout]     imp::file_release::tests::ubuntu_os_release
[INFO] [stdout]     imp::file_release::tests::ultramarine_os_release
[INFO] [stdout]     imp::file_release::tests::uos_os_release
[INFO] [stdout]     imp::file_release::tests::void_os_release
[INFO] [stdout] 
[INFO] [stdout] test result: FAILED. 57 passed; 48 failed; 0 ignored; 0 measured; 0 filtered out; finished in 0.05s
[INFO] [stdout] 
[INFO] running `Command { std: "docker" "inspect" "4f9180ac0f4c80151f6230712b565c72dcebb031308a399039f39dd417c77929", kill_on_drop: false }`
[INFO] running `Command { std: "docker" "rm" "-f" "4f9180ac0f4c80151f6230712b565c72dcebb031308a399039f39dd417c77929", kill_on_drop: false }`
[INFO] [stdout] 4f9180ac0f4c80151f6230712b565c72dcebb031308a399039f39dd417c77929
