[INFO] fetching crate os-checker-plugin-cargo 0.1.6...
[INFO] testing os-checker-plugin-cargo-0.1.6 against 1.99.0-beta.8+cargoflags=--release for beta-release-1.100-2
[INFO] extracting crate os-checker-plugin-cargo 0.1.6 into /workspace/builds/worker-3-tc1/source
[INFO] started tweaking crates.io crate os-checker-plugin-cargo 0.1.6
[INFO] finished tweaking crates.io crate os-checker-plugin-cargo 0.1.6
[INFO] tweaked toml for crates.io crate os-checker-plugin-cargo 0.1.6 written to /workspace/builds/worker-3-tc1/source/Cargo.toml
[INFO] validating manifest of crates.io crate os-checker-plugin-cargo 0.1.6 on toolchain 1.99.0-beta.8
[INFO] running `Command { std: CARGO_HOME="/workspace/cargo-home" RUSTUP_HOME="/workspace/rustup-home" "/workspace/cargo-home/bin/cargo" "+1.99.0-beta.8" "metadata" "--manifest-path" "Cargo.toml" "--no-deps", kill_on_drop: false }`
[INFO] crate crates.io crate os-checker-plugin-cargo 0.1.6 already has a lockfile, it will not be regenerated
[INFO] running `Command { std: CARGO_HOME="/workspace/cargo-home" RUSTUP_HOME="/workspace/rustup-home" "/workspace/cargo-home/bin/cargo" "+1.99.0-beta.8" "fetch" "--manifest-path" "Cargo.toml", kill_on_drop: false }`
[INFO] [stderr] warning: Cargo.toml: only one of `license` or `license-file` is necessary
[INFO] [stderr] `license` should be used if the package license can be expressed with a standard SPDX expression.
[INFO] [stderr] `license-file` should be used if the package uses a non-standard license.
[INFO] [stderr] See https://doc.rust-lang.org/cargo/reference/manifest.html#the-license-and-license-file-fields for more information.
[INFO] [stderr] warning: `os-checker-plugin-cargo` (manifest) generated 1 warning
[INFO] [stderr]     Updating crates.io index
[INFO] [stderr]  Downloading crates ...
[INFO] [stderr]   Downloaded musli-core v0.0.124
[INFO] [stderr]   Downloaded musli-macros v0.0.124
[INFO] [stderr]   Downloaded os-checker-types v0.6.0
[INFO] [stderr]   Downloaded os_pipe v1.2.1
[INFO] [stderr]   Downloaded guppy-workspace-hack v0.1.0
[INFO] [stderr]   Downloaded nextest-workspace-hack v0.1.0
[INFO] [stderr]   Downloaded child_wait_timeout v0.1.0
[INFO] [stderr]   Downloaded shared_child v1.0.1
[INFO] [stderr]   Downloaded os-checker-plugin v0.1.4
[INFO] [stderr]   Downloaded target-lexicon v0.13.2
[INFO] [stderr]   Downloaded nextest-metadata v0.12.2
[INFO] [stderr]   Downloaded target-spec v3.4.2
[INFO] [stderr]   Downloaded smol_str v0.3.2
[INFO] [stderr]   Downloaded generator v0.8.4
[INFO] [stderr]   Downloaded cfg-expr v0.18.0
[INFO] [stderr]   Downloaded musli v0.0.124
[INFO] [stderr]   Downloaded redb v2.5.0
[INFO] [stderr]   Downloaded color-spantrace v0.2.1
[INFO] [stderr]   Downloaded color-eyre v0.6.3
[INFO] [stderr]   Downloaded jiff v0.1.29
[INFO] running `Command { std: "docker" "create" "-v" "/var/lib/crater-agent-workspace/builds/worker-3-tc1/source:/opt/rustwide/workdir:ro,Z" "-v" "/var/lib/crater-agent-workspace/builds/worker-3-tc1/target:/opt/rustwide/target:rw,Z" "-v" "/var/lib/crater-agent-workspace/cargo-home:/opt/rustwide/cargo-home:ro,Z" "-v" "/var/lib/crater-agent-workspace/rustup-home:/opt/rustwide/rustup-home:ro,Z" "-m" "1610612736" "--network" "none" "ghcr.io/rust-lang/crates-build-env/linux@sha256:77db811e55d90add9212f6832c23229e3de5f1c1f9905e8cb07319ea15df73ac" "sleep" "infinity", kill_on_drop: false }`
[INFO] [stdout] 1b65b6fe26c1d692c9b6cdab8551aa6d895647c1e1af5b4a9e12d287a9c69071
[INFO] running `Command { std: "docker" "start" "1b65b6fe26c1d692c9b6cdab8551aa6d895647c1e1af5b4a9e12d287a9c69071", kill_on_drop: false }`
[INFO] running `Command { std: "docker" "inspect" "1b65b6fe26c1d692c9b6cdab8551aa6d895647c1e1af5b4a9e12d287a9c69071", kill_on_drop: false }`
[INFO] running `Command { std: "docker" "exec" "-e" "SOURCE_DIR=/opt/rustwide/workdir" "-e" "CARGO_HOME=/opt/rustwide/cargo-home" "-e" "RUSTUP_HOME=/opt/rustwide/rustup-home" "-e" "CARGO_TARGET_DIR=/opt/rustwide/target" "-w" "/opt/rustwide/workdir" "--user" "0:0" "1b65b6fe26c1d692c9b6cdab8551aa6d895647c1e1af5b4a9e12d287a9c69071" "/opt/rustwide/cargo-home/bin/cargo" "+1.99.0-beta.8" "metadata" "--no-deps" "--format-version=1", kill_on_drop: false }`
[INFO] running `Command { std: "docker" "inspect" "1b65b6fe26c1d692c9b6cdab8551aa6d895647c1e1af5b4a9e12d287a9c69071", kill_on_drop: false }`
[INFO] running `Command { std: "docker" "exec" "-e" "SOURCE_DIR=/opt/rustwide/workdir" "-e" "CARGO_HOME=/opt/rustwide/cargo-home" "-e" "RUSTUP_HOME=/opt/rustwide/rustup-home" "-e" "CARGO_TARGET_DIR=/opt/rustwide/target" "-e" "CARGO_INCREMENTAL=0" "-e" "RUST_BACKTRACE=full" "-e" "RUSTFLAGS=--cap-lints=warn" "-e" "RUSTDOCFLAGS=--cap-lints=warn" "-w" "/opt/rustwide/workdir" "--user" "0:0" "1b65b6fe26c1d692c9b6cdab8551aa6d895647c1e1af5b4a9e12d287a9c69071" "/opt/rustwide/cargo-home/bin/cargo" "+1.99.0-beta.8" "build" "--frozen" "--message-format=json" "--release", kill_on_drop: false }`
[INFO] [stderr] warning: Cargo.toml: only one of `license` or `license-file` is necessary
[INFO] [stderr] `license` should be used if the package license can be expressed with a standard SPDX expression.
[INFO] [stderr] `license-file` should be used if the package uses a non-standard license.
[INFO] [stderr] See https://doc.rust-lang.org/cargo/reference/manifest.html#the-license-and-license-file-fields for more information.
[INFO] [stderr] warning: `os-checker-plugin-cargo` (manifest) generated 1 warning
[INFO] [stderr]    Compiling syn v2.0.100
[INFO] [stderr]    Compiling memchr v2.7.4
[INFO] [stderr]    Compiling libc v0.2.172
[INFO] [stderr]    Compiling smallvec v1.15.0
[INFO] [stderr]    Compiling regex-syntax v0.8.5
[INFO] [stderr]    Compiling serde_json v1.0.140
[INFO] [stderr]    Compiling regex-syntax v0.6.29
[INFO] [stderr]    Compiling tracing-core v0.1.33
[INFO] [stderr]    Compiling cc v1.2.19
[INFO] [stderr]    Compiling camino v1.1.9
[INFO] [stderr]    Compiling rustversion v1.0.20
[INFO] [stderr]    Compiling overload v0.1.1
[INFO] [stderr]    Compiling thread_local v1.1.8
[INFO] [stderr]    Compiling target-lexicon v0.13.2
[INFO] [stderr]    Compiling eyre v0.6.12
[INFO] [stderr]    Compiling semver v1.0.26
[INFO] [stderr]    Compiling nu-ansi-term v0.46.0
[INFO] [stderr]    Compiling guppy-workspace-hack v0.1.0
[INFO] [stderr]    Compiling indenter v0.3.3
[INFO] [stderr]    Compiling gimli v0.28.1
[INFO] [stderr]    Compiling miniz_oxide v0.7.4
[INFO] [stderr]    Compiling target-spec v3.4.2
[INFO] [stderr]    Compiling rustc-demangle v0.1.24
[INFO] [stderr]    Compiling nextest-workspace-hack v0.1.0
[INFO] [stderr]    Compiling redb v2.5.0
[INFO] [stderr]    Compiling owo-colors v3.5.0
[INFO] [stderr]    Compiling time-macros v0.2.22
[INFO] [stderr]    Compiling castaway v0.2.3
[INFO] [stderr]    Compiling tracing-log v0.2.0
[INFO] [stderr]    Compiling object v0.32.2
[INFO] [stderr]    Compiling cfg-expr v0.18.0
[INFO] [stderr]    Compiling os_pipe v1.2.1
[INFO] [stderr]    Compiling shared_child v1.0.1
[INFO] [stderr]    Compiling vte v0.14.1
[INFO] [stderr]    Compiling duct v0.13.7
[INFO] [stderr]    Compiling strip-ansi-escapes v0.2.1
[INFO] [stderr]    Compiling backtrace v0.3.71
[INFO] [stderr]    Compiling child_wait_timeout v0.1.0
[INFO] [stderr]    Compiling time v0.3.41
[INFO] [stderr]    Compiling regex-automata v0.1.10
[INFO] [stderr]    Compiling regex-automata v0.4.9
[INFO] [stderr]    Compiling addr2line v0.21.0
[INFO] [stderr]    Compiling matchers v0.1.0
[INFO] [stderr]    Compiling regex v1.11.1
[INFO] [stderr]    Compiling serde_derive v1.0.219
[INFO] [stderr]    Compiling tracing-attributes v0.1.28
[INFO] [stderr]    Compiling thiserror-impl v1.0.69
[INFO] [stderr]    Compiling musli-macros v0.0.124
[INFO] [stderr]    Compiling thiserror v1.0.69
[INFO] [stderr]    Compiling tracing v0.1.41
[INFO] [stderr]    Compiling tracing-subscriber v0.3.19
[INFO] [stderr]    Compiling musli-core v0.0.124
[INFO] [stderr]    Compiling serde v1.0.219
[INFO] [stderr]    Compiling tracing-error v0.2.1
[INFO] [stderr]    Compiling color-spantrace v0.2.1
[INFO] [stderr]    Compiling color-eyre v0.6.3
[INFO] [stderr]    Compiling indexmap v2.9.0
[INFO] [stderr]    Compiling cargo-platform v0.1.9
[INFO] [stderr]    Compiling compact_str v0.8.1
[INFO] [stderr]    Compiling jiff v0.1.29
[INFO] [stderr]    Compiling musli v0.0.124
[INFO] [stderr]    Compiling smol_str v0.3.2
[INFO] [stderr]    Compiling cargo_metadata v0.18.1
[INFO] [stderr]    Compiling nextest-metadata v0.12.2
[INFO] [stderr]    Compiling os-checker-types v0.6.0
[INFO] [stderr]    Compiling os-checker-plugin v0.1.4
[INFO] [stderr]    Compiling os-checker-plugin-cargo v0.1.6 (/opt/rustwide/workdir)
[INFO] [stderr]     Finished `release` profile [optimized] target(s) in 59.95s
[INFO] running `Command { std: "docker" "inspect" "1b65b6fe26c1d692c9b6cdab8551aa6d895647c1e1af5b4a9e12d287a9c69071", kill_on_drop: false }`
[INFO] running `Command { std: "docker" "exec" "-e" "SOURCE_DIR=/opt/rustwide/workdir" "-e" "CARGO_HOME=/opt/rustwide/cargo-home" "-e" "RUSTUP_HOME=/opt/rustwide/rustup-home" "-e" "CARGO_TARGET_DIR=/opt/rustwide/target" "-e" "CARGO_INCREMENTAL=0" "-e" "RUST_BACKTRACE=full" "-e" "RUSTFLAGS=--cap-lints=warn" "-e" "RUSTDOCFLAGS=--cap-lints=warn" "-w" "/opt/rustwide/workdir" "--user" "0:0" "1b65b6fe26c1d692c9b6cdab8551aa6d895647c1e1af5b4a9e12d287a9c69071" "/opt/rustwide/cargo-home/bin/cargo" "+1.99.0-beta.8" "test" "--frozen" "--no-run" "--message-format=json" "--release", kill_on_drop: false }`
[INFO] [stderr] warning: Cargo.toml: only one of `license` or `license-file` is necessary
[INFO] [stderr] `license` should be used if the package license can be expressed with a standard SPDX expression.
[INFO] [stderr] `license-file` should be used if the package uses a non-standard license.
[INFO] [stderr] See https://doc.rust-lang.org/cargo/reference/manifest.html#the-license-and-license-file-fields for more information.
[INFO] [stderr] warning: `os-checker-plugin-cargo` (manifest) generated 1 warning
[INFO] [stderr]    Compiling os-checker-plugin-cargo v0.1.6 (/opt/rustwide/workdir)
[INFO] [stderr]     Finished `release` profile [optimized] target(s) in 4.37s
[INFO] running `Command { std: "docker" "inspect" "1b65b6fe26c1d692c9b6cdab8551aa6d895647c1e1af5b4a9e12d287a9c69071", kill_on_drop: false }`
[INFO] running `Command { std: "docker" "exec" "-e" "SOURCE_DIR=/opt/rustwide/workdir" "-e" "CARGO_HOME=/opt/rustwide/cargo-home" "-e" "RUSTUP_HOME=/opt/rustwide/rustup-home" "-e" "CARGO_TARGET_DIR=/opt/rustwide/target" "-e" "CARGO_INCREMENTAL=0" "-e" "RUST_BACKTRACE=full" "-e" "RUSTFLAGS=--cap-lints=warn" "-e" "RUSTDOCFLAGS=--cap-lints=warn" "-w" "/opt/rustwide/workdir" "--user" "0:0" "1b65b6fe26c1d692c9b6cdab8551aa6d895647c1e1af5b4a9e12d287a9c69071" "/opt/rustwide/cargo-home/bin/cargo" "+1.99.0-beta.8" "test" "--frozen" "--release", kill_on_drop: false }`
[INFO] [stderr] warning: Cargo.toml: only one of `license` or `license-file` is necessary
[INFO] [stderr] `license` should be used if the package license can be expressed with a standard SPDX expression.
[INFO] [stderr] `license-file` should be used if the package uses a non-standard license.
[INFO] [stderr] See https://doc.rust-lang.org/cargo/reference/manifest.html#the-license-and-license-file-fields for more information.
[INFO] [stderr] warning: `os-checker-plugin-cargo` (manifest) generated 1 warning
[INFO] [stderr]     Finished `release` profile [optimized] target(s) in 0.11s
[INFO] [stderr]      Running unittests src/lib.rs (/opt/rustwide/target/release/deps/os_checker_plugin_cargo-ab7e691d891da968)
[INFO] [stdout] 
[INFO] [stdout] running 13 tests
[INFO] [stdout] test nextest::run_and_parse ... ignored, manually trigger this to avoid recursion
[INFO] [stdout] test repo::testcases::test_get_testcases ... ignored, manually trigger this to avoid recursion
[INFO] [stderr] fatal: not a git repository (or any parent up to mount point /opt/rustwide)
[INFO] [stderr] Stopping at filesystem boundary (GIT_DISCOVERY_ACROSS_FILESYSTEM not set).
[INFO] [stderr] --2026-10-18 13:34:55--  https://raw.githubusercontent.com/os-checker/database/refs/heads/main/ui/home/split/All-Targets.json
[INFO] [stdout] test nextest::parse_test_event ... ok
[INFO] [stdout] test repo::test_cargo_tomls ... ok
[INFO] [stdout] test nextest::string_to_name ... ok
[INFO] [stdout] test repo::os_checker::test_sel4 ... FAILED
[INFO] [stdout] test repo::test_pkg_targets ... FAILED
[INFO] [stdout] test repo::git_info::git_info ... FAILED
[INFO] [stdout] test nextest::parse_stream ... FAILED
[INFO] [stdout] test crates_io::release_tarball::test_tarball_info ... FAILED
[INFO] [stdout] test crates_io::release_count::test_get_release_count ... FAILED
[INFO] [stderr] Resolving raw.githubusercontent.com (raw.githubusercontent.com)... failed: Temporary failure in name resolution.
[INFO] [stderr] wget: unable to resolve host address 'raw.githubusercontent.com'
[INFO] [stdout] test database::test_diagnostics_count ... FAILED
[INFO] [stdout] test repo::miri::miri_output ... ok
[INFO] [stderr] error: test failed, to rerun pass `--lib`
[INFO] [stdout] 
[INFO] [stdout] failures:
[INFO] [stdout] 
[INFO] [stdout] ---- repo::os_checker::test_sel4 stdout ----
[INFO] [stdout] Error: No such file or directory (os error 2)
[INFO] [stdout] 
[INFO] [stdout] Location:
[INFO] [stdout]     src/repo/os_checker.rs:12:18
[INFO] [stdout] 
[INFO] [stdout] ---- repo::test_pkg_targets stdout ----
[INFO] [stdout] Error: No such file or directory (os error 2)
[INFO] [stdout] 
[INFO] [stdout] Location:
[INFO] [stdout]     src/repo/os_checker.rs:12:18
[INFO] [stdout] 
[INFO] [stdout] ---- repo::git_info::git_info stdout ----
[INFO] [stdout] Error: command ["git", "log", "-1", "--pretty=format:%ct"] exited with code 128
[INFO] [stdout] 
[INFO] [stdout] Location:
[INFO] [stdout]     src/repo/git_info.rs:25:8
[INFO] [stdout] 
[INFO] [stdout] ---- nextest::parse_stream stdout ----
[INFO] [stdout] 
[INFO] [stdout] thread 'nextest::parse_stream' (1898) panicked at src/nextest/mod.rs:118:64:
[INFO] [stdout] called `Result::unwrap()` on an `Err` value: Os { code: 2, kind: NotFound, message: "No such file or directory" }
[INFO] [stdout] stack backtrace:
[INFO] [stdout]    0:     0x60cd58bad861 - <<std[70759c8f55707aa4]::sys::backtrace::BacktraceLock>::print::DisplayBacktrace as core[df12db4294e9bfd3]::fmt::Display>::fmt
[INFO] [stdout]    1:     0x60cd58bc4fba - core[df12db4294e9bfd3]::fmt::write
[INFO] [stdout]    2:     0x60cd58bb213c - <alloc[2182bb758b4b3781]::vec::Vec<u8> as core[df12db4294e9bfd3]::io::write::Write>::write_fmt
[INFO] [stdout]    3:     0x60cd58b87176 - std[70759c8f55707aa4]::panicking::default_hook::{closure#0}
[INFO] [stdout]    4:     0x60cd58ba4e49 - std[70759c8f55707aa4]::panicking::default_hook
[INFO] [stdout]    5:     0x60cd589d4230 - test[9d35eded1c95d3be]::test_main_inner::<test[9d35eded1c95d3be]::test_main_static::{closure#0}>::{closure#0}
[INFO] [stdout]    6:     0x60cd58ba5002 - std[70759c8f55707aa4]::panicking::panic_with_hook
[INFO] [stdout]    7:     0x60cd58b87222 - std[70759c8f55707aa4]::panicking::panic_handler::{closure#0}
[INFO] [stdout]    8:     0x60cd58b7fba9 - std[70759c8f55707aa4]::sys::backtrace::__rust_end_short_backtrace::<std[70759c8f55707aa4]::panicking::panic_handler::{closure#0}, !>
[INFO] [stdout]    9:     0x60cd58b87e9d - __rustc[8fa7c3cbc660c2b3]::rust_begin_unwind
[INFO] [stdout]   10:     0x60cd58bc579c - core[df12db4294e9bfd3]::panicking::panic_fmt
[INFO] [stdout]   11:     0x60cd58bc5572 - core[df12db4294e9bfd3]::result::unwrap_failed
[INFO] [stdout]   12:     0x60cd589aeac6 - os_checker_plugin_cargo[1081b326f1c61baa]::nextest::parse_stream
[INFO] [stdout]   13:     0x60cd589ba959 - <os_checker_plugin_cargo[1081b326f1c61baa]::nextest::parse_stream::{closure#0} as core[df12db4294e9bfd3]::ops::function::FnOnce<()>>::call_once
[INFO] [stdout]   14:     0x60cd589c751b - test[9d35eded1c95d3be]::__rust_begin_short_backtrace::<core[df12db4294e9bfd3]::result::Result<(), alloc[2182bb758b4b3781]::string::String>, fn() -> core[df12db4294e9bfd3]::result::Result<(), alloc[2182bb758b4b3781]::string::String>>
[INFO] [stdout]   15:     0x60cd589d4b85 - test[9d35eded1c95d3be]::run_test::{closure#0}
[INFO] [stdout]   16:     0x60cd589ce444 - std[70759c8f55707aa4]::sys::backtrace::__rust_begin_short_backtrace::<test[9d35eded1c95d3be]::run_test::{closure#1}, ()>
[INFO] [stdout]   17:     0x60cd589d7ce2 - <std[70759c8f55707aa4]::thread::lifecycle::spawn_unchecked<test[9d35eded1c95d3be]::run_test::{closure#1}, ()>::{closure#1} as core[df12db4294e9bfd3]::ops::function::FnOnce<()>>::call_once::{shim:vtable#0}
[INFO] [stdout]   18:     0x60cd58bacd99 - <std[70759c8f55707aa4]::sys::thread::unix::Thread>::new::thread_start
[INFO] [stdout]   19:     0x73b9935cfdfa - <unknown>
[INFO] [stdout]   20:     0x73b9936633d4 - clone
[INFO] [stdout]   21:                0x0 - <unknown>
[INFO] [stdout] 
[INFO] [stdout] ---- crates_io::release_tarball::test_tarball_info stdout ----
[INFO] [stdout] Error: command ["wget", "https://static.crates.io/crates/os-checker/0.4.1/download", "-O", "download"] exited with code 4
[INFO] [stdout] 
[INFO] [stdout] Location:
[INFO] [stdout]     src/crates_io/release_tarball.rs:32:5
[INFO] [stdout] 
[INFO] [stdout] ---- crates_io::release_count::test_get_release_count stdout ----
[INFO] [stdout] 
[INFO] [stdout] thread 'crates_io::release_count::test_get_release_count' (1895) panicked at src/crates_io/release_count.rs:83:39:
[INFO] [stdout] called `Result::unwrap()` on an `Err` value: command ["wget", "https://index.crates.io/os/-c/os-checker", "-O", "-"] exited with code 4
[INFO] [stdout] 
[INFO] [stdout] Location:
[INFO] [stdout]     src/crates_io/release_count.rs:55:22
[INFO] [stdout] stack backtrace:
[INFO] [stdout]    0:     0x60cd58bad861 - <<std[70759c8f55707aa4]::sys::backtrace::BacktraceLock>::print::DisplayBacktrace as core[df12db4294e9bfd3]::fmt::Display>::fmt
[INFO] [stdout]    1:     0x60cd58bc4fba - core[df12db4294e9bfd3]::fmt::write
[INFO] [stdout]    2:     0x60cd58bb213c - <alloc[2182bb758b4b3781]::vec::Vec<u8> as core[df12db4294e9bfd3]::io::write::Write>::write_fmt
[INFO] [stdout]    3:     0x60cd58b87176 - std[70759c8f55707aa4]::panicking::default_hook::{closure#0}
[INFO] [stdout]    4:     0x60cd58ba4e49 - std[70759c8f55707aa4]::panicking::default_hook
[INFO] [stdout]    5:     0x60cd589d4230 - test[9d35eded1c95d3be]::test_main_inner::<test[9d35eded1c95d3be]::test_main_static::{closure#0}>::{closure#0}
[INFO] [stdout]    6:     0x60cd58ba5002 - std[70759c8f55707aa4]::panicking::panic_with_hook
[INFO] [stdout]    7:     0x60cd58b87222 - std[70759c8f55707aa4]::panicking::panic_handler::{closure#0}
[INFO] [stdout]    8:     0x60cd58b7fba9 - std[70759c8f55707aa4]::sys::backtrace::__rust_end_short_backtrace::<std[70759c8f55707aa4]::panicking::panic_handler::{closure#0}, !>
[INFO] [stdout]    9:     0x60cd58b87e9d - __rustc[8fa7c3cbc660c2b3]::rust_begin_unwind
[INFO] [stdout]   10:     0x60cd58bc579c - core[df12db4294e9bfd3]::panicking::panic_fmt
[INFO] [stdout]   11:     0x60cd58bc5572 - core[df12db4294e9bfd3]::result::unwrap_failed
[INFO] [stdout]   12:     0x60cd589be811 - os_checker_plugin_cargo[1081b326f1c61baa]::crates_io::release_count::test_get_release_count
[INFO] [stdout]   13:     0x60cd589bacb9 - <os_checker_plugin_cargo[1081b326f1c61baa]::crates_io::release_count::test_get_release_count::{closure#0} as core[df12db4294e9bfd3]::ops::function::FnOnce<()>>::call_once
[INFO] [stdout]   14:     0x60cd589c751b - test[9d35eded1c95d3be]::__rust_begin_short_backtrace::<core[df12db4294e9bfd3]::result::Result<(), alloc[2182bb758b4b3781]::string::String>, fn() -> core[df12db4294e9bfd3]::result::Result<(), alloc[2182bb758b4b3781]::string::String>>
[INFO] [stdout]   15:     0x60cd589d4b85 - test[9d35eded1c95d3be]::run_test::{closure#0}
[INFO] [stdout]   16:     0x60cd589ce444 - std[70759c8f55707aa4]::sys::backtrace::__rust_begin_short_backtrace::<test[9d35eded1c95d3be]::run_test::{closure#1}, ()>
[INFO] [stdout]   17:     0x60cd589d7ce2 - <std[70759c8f55707aa4]::thread::lifecycle::spawn_unchecked<test[9d35eded1c95d3be]::run_test::{closure#1}, ()>::{closure#1} as core[df12db4294e9bfd3]::ops::function::FnOnce<()>>::call_once::{shim:vtable#0}
[INFO] [stdout]   18:     0x60cd58bacd99 - <std[70759c8f55707aa4]::sys::thread::unix::Thread>::new::thread_start
[INFO] [stdout]   19:     0x73b9935cfdfa - <unknown>
[INFO] [stdout]   20:     0x73b9936633d4 - clone
[INFO] [stdout]   21:                0x0 - <unknown>
[INFO] [stdout] 
[INFO] [stdout] ---- database::test_diagnostics_count stdout ----
[INFO] [stdout] 
[INFO] [stdout] thread 'database::test_diagnostics_count' (1897) panicked at src/database.rs:82:46:
[INFO] [stdout] called `Result::unwrap()` on an `Err` value: command ["wget", "https://raw.githubusercontent.com/os-checker/database/refs/heads/main/ui/home/split/All-Targets.json", "-O", "-"] exited with code 4
[INFO] [stdout] 
[INFO] [stdout] Location:
[INFO] [stdout]     src/database.rs:35:20
[INFO] [stdout] stack backtrace:
[INFO] [stdout]    0:     0x60cd58bad861 - <<std[70759c8f55707aa4]::sys::backtrace::BacktraceLock>::print::DisplayBacktrace as core[df12db4294e9bfd3]::fmt::Display>::fmt
[INFO] [stdout]    1:     0x60cd58bc4fba - core[df12db4294e9bfd3]::fmt::write
[INFO] [stdout]    2:     0x60cd58bb213c - <alloc[2182bb758b4b3781]::vec::Vec<u8> as core[df12db4294e9bfd3]::io::write::Write>::write_fmt
[INFO] [stdout]    3:     0x60cd58b87176 - std[70759c8f55707aa4]::panicking::default_hook::{closure#0}
[INFO] [stdout]    4:     0x60cd58ba4e49 - std[70759c8f55707aa4]::panicking::default_hook
[INFO] [stdout]    5:     0x60cd589d4230 - test[9d35eded1c95d3be]::test_main_inner::<test[9d35eded1c95d3be]::test_main_static::{closure#0}>::{closure#0}
[INFO] [stdout]    6:     0x60cd58ba5002 - std[70759c8f55707aa4]::panicking::panic_with_hook
[INFO] [stdout]    7:     0x60cd58b87222 - std[70759c8f55707aa4]::panicking::panic_handler::{closure#0}
[INFO] [stdout]    8:     0x60cd58b7fba9 - std[70759c8f55707aa4]::sys::backtrace::__rust_end_short_backtrace::<std[70759c8f55707aa4]::panicking::panic_handler::{closure#0}, !>
[INFO] [stdout]    9:     0x60cd58b87e9d - __rustc[8fa7c3cbc660c2b3]::rust_begin_unwind
[INFO] [stdout]   10:     0x60cd58bc579c - core[df12db4294e9bfd3]::panicking::panic_fmt
[INFO] [stdout]   11:     0x60cd58bc5572 - core[df12db4294e9bfd3]::result::unwrap_failed
[INFO] [stdout]   12:     0x60cd589b7981 - <os_checker_plugin_cargo[1081b326f1c61baa]::database::DIAGNOSTICS_COUNT::{closure#0} as core[df12db4294e9bfd3]::ops::function::FnOnce<()>>::call_once
[INFO] [stdout]   13:     0x60cd589b65c4 - <std[70759c8f55707aa4]::sync::once::Once>::call_once_force::<<std[70759c8f55707aa4]::sync::lazy_lock::LazyLock<os_checker_plugin_cargo[1081b326f1c61baa]::database::DiagnosticsCount>>::force::{closure#0}>::{closure#0}
[INFO] [stdout]   14:     0x60cd58b8cfb9 - <std[70759c8f55707aa4]::sys::sync::once::futex::Once>::call
[INFO] [stdout]   15:     0x60cd589bab0b - <os_checker_plugin_cargo[1081b326f1c61baa]::database::test_diagnostics_count::{closure#0} as core[df12db4294e9bfd3]::ops::function::FnOnce<()>>::call_once
[INFO] [stdout]   16:     0x60cd589c751b - test[9d35eded1c95d3be]::__rust_begin_short_backtrace::<core[df12db4294e9bfd3]::result::Result<(), alloc[2182bb758b4b3781]::string::String>, fn() -> core[df12db4294e9bfd3]::result::Result<(), alloc[2182bb758b4b3781]::string::String>>
[INFO] [stdout]   17:     0x60cd589d4b85 - test[9d35eded1c95d3be]::run_test::{closure#0}
[INFO] [stdout]   18:     0x60cd589ce444 - std[70759c8f55707aa4]::sys::backtrace::__rust_begin_short_backtrace::<test[9d35eded1c95d3be]::run_test::{closure#1}, ()>
[INFO] [stdout]   19:     0x60cd589d7ce2 - <std[70759c8f55707aa4]::thread::lifecycle::spawn_unchecked<test[9d35eded1c95d3be]::run_test::{closure#1}, ()>::{closure#1} as core[df12db4294e9bfd3]::ops::function::FnOnce<()>>::call_once::{shim:vtable#0}
[INFO] [stdout]   20:     0x60cd58bacd99 - <std[70759c8f55707aa4]::sys::thread::unix::Thread>::new::thread_start
[INFO] [stdout]   21:     0x73b9935cfdfa - <unknown>
[INFO] [stdout]   22:     0x73b9936633d4 - clone
[INFO] [stdout]   23:                0x0 - <unknown>
[INFO] [stdout] 
[INFO] [stdout] 
[INFO] [stdout] failures:
[INFO] [stdout]     crates_io::release_count::test_get_release_count
[INFO] [stdout]     crates_io::release_tarball::test_tarball_info
[INFO] [stdout]     database::test_diagnostics_count
[INFO] [stdout]     nextest::parse_stream
[INFO] [stdout]     repo::git_info::git_info
[INFO] [stdout]     repo::os_checker::test_sel4
[INFO] [stdout]     repo::test_pkg_targets
[INFO] [stdout] 
[INFO] [stdout] test result: FAILED. 4 passed; 7 failed; 2 ignored; 0 measured; 0 filtered out; finished in 0.37s
[INFO] [stdout] 
[INFO] running `Command { std: "docker" "inspect" "1b65b6fe26c1d692c9b6cdab8551aa6d895647c1e1af5b4a9e12d287a9c69071", kill_on_drop: false }`
[INFO] running `Command { std: "docker" "rm" "-f" "1b65b6fe26c1d692c9b6cdab8551aa6d895647c1e1af5b4a9e12d287a9c69071", kill_on_drop: false }`
[INFO] [stdout] 1b65b6fe26c1d692c9b6cdab8551aa6d895647c1e1af5b4a9e12d287a9c69071
