[INFO] fetching crate os-checker-database 0.8.0...
[INFO] testing os-checker-database-0.8.0 against 1.99.0-beta.8+cargoflags=--release for beta-release-1.100-2
[INFO] extracting crate os-checker-database 0.8.0 into /workspace/builds/worker-7-tc1/source
[INFO] started tweaking crates.io crate os-checker-database 0.8.0
[INFO] finished tweaking crates.io crate os-checker-database 0.8.0
[INFO] tweaked toml for crates.io crate os-checker-database 0.8.0 written to /workspace/builds/worker-7-tc1/source/Cargo.toml
[INFO] validating manifest of crates.io crate os-checker-database 0.8.0 on toolchain 1.99.0-beta.8
[INFO] running `Command { std: CARGO_HOME="/workspace/cargo-home" RUSTUP_HOME="/workspace/rustup-home" "/workspace/cargo-home/bin/cargo" "+1.99.0-beta.8" "metadata" "--manifest-path" "Cargo.toml" "--no-deps", kill_on_drop: false }`
[INFO] crate crates.io crate os-checker-database 0.8.0 already has a lockfile, it will not be regenerated
[INFO] running `Command { std: CARGO_HOME="/workspace/cargo-home" RUSTUP_HOME="/workspace/rustup-home" "/workspace/cargo-home/bin/cargo" "+1.99.0-beta.8" "fetch" "--manifest-path" "Cargo.toml", kill_on_drop: false }`
[INFO] [stderr] warning: Cargo.toml: only one of `license` or `license-file` is necessary
[INFO] [stderr] `license` should be used if the package license can be expressed with a standard SPDX expression.
[INFO] [stderr] `license-file` should be used if the package uses a non-standard license.
[INFO] [stderr] See https://doc.rust-lang.org/cargo/reference/manifest.html#the-license-and-license-file-fields for more information.
[INFO] [stderr] warning: `os-checker-database` (manifest) generated 1 warning
[INFO] [stderr]     Blocking waiting for file lock on package cache
[INFO] [stderr]     Updating crates.io index
[INFO] [stderr]  Downloading crates ...
[INFO] [stderr]   Downloaded argh_shared v0.1.13
[INFO] [stderr]   Downloaded os-checker-types v0.8.0
[INFO] [stderr]   Downloaded ordered-float v2.10.1
[INFO] [stderr]   Downloaded color-spantrace v0.3.0
[INFO] [stderr]   Downloaded serde-value v0.7.0
[INFO] [stderr]   Downloaded musli-core v0.0.131
[INFO] [stderr]   Downloaded cargo_metadata v0.20.0
[INFO] [stderr]   Downloaded cargo-platform v0.2.0
[INFO] [stderr]   Downloaded erased-serde v0.4.6
[INFO] [stderr]   Downloaded argh_derive v0.1.13
[INFO] [stderr]   Downloaded musli-macros v0.0.131
[INFO] [stderr]   Downloaded cargo-util-schemas v0.2.0
[INFO] [stderr]   Downloaded serde-untagged v0.1.7
[INFO] [stderr]   Downloaded argh v0.1.13
[INFO] [stderr]   Downloaded camino v1.1.10
[INFO] [stderr]   Downloaded owo-colors v4.2.2
[INFO] [stderr]   Downloaded redb v2.6.0
[INFO] [stderr]   Downloaded musli v0.0.131
[INFO] [stderr]   Downloaded color-eyre v0.6.5
[INFO] [stderr]   Downloaded rust-fuzzy-search v0.1.1
[INFO] running `Command { std: "docker" "create" "-v" "/var/lib/crater-agent-workspace/builds/worker-7-tc1/source:/opt/rustwide/workdir:ro,Z" "-v" "/var/lib/crater-agent-workspace/builds/worker-7-tc1/target:/opt/rustwide/target:rw,Z" "-v" "/var/lib/crater-agent-workspace/cargo-home:/opt/rustwide/cargo-home:ro,Z" "-v" "/var/lib/crater-agent-workspace/rustup-home:/opt/rustwide/rustup-home:ro,Z" "-m" "1610612736" "--network" "none" "ghcr.io/rust-lang/crates-build-env/linux@sha256:77db811e55d90add9212f6832c23229e3de5f1c1f9905e8cb07319ea15df73ac" "sleep" "infinity", kill_on_drop: false }`
[INFO] [stdout] 51013311c829eefdc5957c15407578670e63a19bffc8238d6e9e2a6b9103c95b
[INFO] running `Command { std: "docker" "start" "51013311c829eefdc5957c15407578670e63a19bffc8238d6e9e2a6b9103c95b", kill_on_drop: false }`
[INFO] running `Command { std: "docker" "inspect" "51013311c829eefdc5957c15407578670e63a19bffc8238d6e9e2a6b9103c95b", kill_on_drop: false }`
[INFO] running `Command { std: "docker" "exec" "-e" "SOURCE_DIR=/opt/rustwide/workdir" "-e" "CARGO_HOME=/opt/rustwide/cargo-home" "-e" "RUSTUP_HOME=/opt/rustwide/rustup-home" "-e" "CARGO_TARGET_DIR=/opt/rustwide/target" "-w" "/opt/rustwide/workdir" "--user" "0:0" "51013311c829eefdc5957c15407578670e63a19bffc8238d6e9e2a6b9103c95b" "/opt/rustwide/cargo-home/bin/cargo" "+1.99.0-beta.8" "metadata" "--no-deps" "--format-version=1", kill_on_drop: false }`
[INFO] running `Command { std: "docker" "inspect" "51013311c829eefdc5957c15407578670e63a19bffc8238d6e9e2a6b9103c95b", kill_on_drop: false }`
[INFO] running `Command { std: "docker" "exec" "-e" "SOURCE_DIR=/opt/rustwide/workdir" "-e" "CARGO_HOME=/opt/rustwide/cargo-home" "-e" "RUSTUP_HOME=/opt/rustwide/rustup-home" "-e" "CARGO_TARGET_DIR=/opt/rustwide/target" "-e" "CARGO_INCREMENTAL=0" "-e" "RUST_BACKTRACE=full" "-e" "RUSTFLAGS=--cap-lints=warn" "-e" "RUSTDOCFLAGS=--cap-lints=warn" "-w" "/opt/rustwide/workdir" "--user" "0:0" "51013311c829eefdc5957c15407578670e63a19bffc8238d6e9e2a6b9103c95b" "/opt/rustwide/cargo-home/bin/cargo" "+1.99.0-beta.8" "build" "--frozen" "--message-format=json" "--release", kill_on_drop: false }`
[INFO] [stderr] warning: Cargo.toml: only one of `license` or `license-file` is necessary
[INFO] [stderr] `license` should be used if the package license can be expressed with a standard SPDX expression.
[INFO] [stderr] `license-file` should be used if the package uses a non-standard license.
[INFO] [stderr] See https://doc.rust-lang.org/cargo/reference/manifest.html#the-license-and-license-file-fields for more information.
[INFO] [stderr] warning: `os-checker-database` (manifest) generated 1 warning
[INFO] [stderr]    Compiling tracing-core v0.1.34
[INFO] [stderr]    Compiling hashbrown v0.15.4
[INFO] [stderr]    Compiling typeid v1.0.3
[INFO] [stderr]    Compiling rustversion v1.0.21
[INFO] [stderr]    Compiling winnow v0.7.11
[INFO] [stderr]    Compiling syn v2.0.104
[INFO] [stderr]    Compiling semver v1.0.26
[INFO] [stderr]    Compiling thread_local v1.1.9
[INFO] [stderr]    Compiling ordered-float v2.10.1
[INFO] [stderr]    Compiling serde_json v1.0.140
[INFO] [stderr]    Compiling owo-colors v4.2.2
[INFO] [stderr]    Compiling camino v1.1.10
[INFO] [stderr]    Compiling object v0.36.7
[INFO] [stderr]    Compiling eyre v0.6.12
[INFO] [stderr]    Compiling getrandom v0.3.3
[INFO] [stderr]    Compiling color-spantrace v0.3.0
[INFO] [stderr]    Compiling num-conv v0.1.0
[INFO] [stderr]    Compiling redb v2.6.0
[INFO] [stderr]    Compiling unicode-xid v0.2.6
[INFO] [stderr]    Compiling indenter v0.3.3
[INFO] [stderr]    Compiling time-core v0.1.4
[INFO] [stderr]    Compiling gimli v0.31.1
[INFO] [stderr]    Compiling ahash v0.8.12
[INFO] [stderr]    Compiling deranged v0.4.0
[INFO] [stderr]    Compiling rustc-demangle v0.1.25
[INFO] [stderr]    Compiling tracing-log v0.2.0
[INFO] [stderr]    Compiling time-macros v0.2.22
[INFO] [stderr]    Compiling castaway v0.2.3
[INFO] [stderr]    Compiling time v0.3.41
[INFO] [stderr]    Compiling addr2line v0.24.2
[INFO] [stderr]    Compiling synstructure v0.13.2
[INFO] [stderr]    Compiling serde_derive v1.0.219
[INFO] [stderr]    Compiling zerofrom-derive v0.1.6
[INFO] [stderr]    Compiling yoke-derive v0.8.0
[INFO] [stderr]    Compiling zerovec-derive v0.11.1
[INFO] [stderr]    Compiling displaydoc v0.2.5
[INFO] [stderr]    Compiling tracing-attributes v0.1.30
[INFO] [stderr]    Compiling thiserror-impl v1.0.69
[INFO] [stderr]    Compiling musli-macros v0.0.131
[INFO] [stderr]    Compiling thiserror-impl v2.0.12
[INFO] [stderr]    Compiling backtrace v0.3.75
[INFO] [stderr]    Compiling thiserror v2.0.12
[INFO] [stderr]    Compiling zerofrom v0.1.6
[INFO] [stderr]    Compiling thiserror v1.0.69
[INFO] [stderr]    Compiling yoke v0.8.0
[INFO] [stderr]    Compiling tracing v0.1.41
[INFO] [stderr]    Compiling zerovec v0.11.2
[INFO] [stderr]    Compiling zerotrie v0.2.2
[INFO] [stderr]    Compiling tracing-subscriber v0.3.19
[INFO] [stderr]    Compiling musli-core v0.0.131
[INFO] [stderr]    Compiling tinystr v0.8.1
[INFO] [stderr]    Compiling potential_utf v0.1.2
[INFO] [stderr]    Compiling icu_collections v2.0.0
[INFO] [stderr]    Compiling icu_locale_core v2.0.0
[INFO] [stderr]    Compiling serde v1.0.219
[INFO] [stderr]    Compiling icu_provider v2.0.0
[INFO] [stderr]    Compiling tracing-error v0.2.1
[INFO] [stderr]    Compiling color-eyre v0.6.5
[INFO] [stderr]    Compiling icu_normalizer v2.0.0
[INFO] [stderr]    Compiling icu_properties v2.0.1
[INFO] [stderr]    Compiling idna_adapter v1.2.1
[INFO] [stderr]    Compiling idna v1.0.3
[INFO] [stderr]    Compiling url v2.5.4
[INFO] [stderr]    Compiling indexmap v2.10.0
[INFO] [stderr]    Compiling toml_datetime v0.6.11
[INFO] [stderr]    Compiling serde_spanned v0.6.9
[INFO] [stderr]    Compiling erased-serde v0.4.6
[INFO] [stderr]    Compiling serde-value v0.7.0
[INFO] [stderr]    Compiling cargo-platform v0.2.0
[INFO] [stderr]    Compiling musli v0.0.131
[INFO] [stderr]    Compiling compact_str v0.9.0
[INFO] [stderr]    Compiling toml_edit v0.22.27
[INFO] [stderr]    Compiling serde-untagged v0.1.7
[INFO] [stderr]    Compiling toml v0.8.23
[INFO] [stderr]    Compiling cargo-util-schemas v0.2.0
[INFO] [stderr]    Compiling cargo_metadata v0.20.0
[INFO] [stderr]    Compiling os-checker-types v0.8.0
[INFO] [stderr]    Compiling os-checker-database v0.8.0 (/opt/rustwide/workdir)
[INFO] [stdout] warning: hiding a lifetime that's elided elsewhere is confusing
[INFO] [stdout]   --> src/basic/mod.rs:82:22
[INFO] [stdout]    |
[INFO] [stdout] 82 | pub fn by_repo(json: &JsonOutput) -> Vec<(UserRepo, Basic)> {
[INFO] [stdout]    |                      ^^^^^^^^^^^          ^^^^^^^^ the same lifetime is hidden here
[INFO] [stdout]    |                      |
[INFO] [stdout]    |                      the lifetime is elided here
[INFO] [stdout]    |
[INFO] [stdout]    = help: the same lifetime is referred to in inconsistent ways, making the signature confusing
[INFO] [stdout]    = note: `#[warn(mismatched_lifetime_syntaxes)]` on by default
[INFO] [stdout] help: use `'_` for type paths
[INFO] [stdout]    |
[INFO] [stdout] 82 | pub fn by_repo(json: &JsonOutput) -> Vec<(UserRepo<'_>, Basic)> {
[INFO] [stdout]    |                                                   ++++
[INFO] [stdout] 
[INFO] [stdout] 
[INFO] [stdout] warning: hiding a lifetime that's elided elsewhere is confusing
[INFO] [stdout]   --> src/home/mod.rs:43:26
[INFO] [stdout]    |
[INFO] [stdout] 43 | pub fn all_targets(json: &JsonOutput) -> Vec<NodeRepo> {
[INFO] [stdout]    |                          ^^^^^^^^^^^         ^^^^^^^^ the same lifetime is hidden here
[INFO] [stdout]    |                          |
[INFO] [stdout]    |                          the lifetime is elided here
[INFO] [stdout]    |
[INFO] [stdout]    = help: the same lifetime is referred to in inconsistent ways, making the signature confusing
[INFO] [stdout] help: use `'_` for type paths
[INFO] [stdout]    |
[INFO] [stdout] 43 | pub fn all_targets(json: &JsonOutput) -> Vec<NodeRepo<'_>> {
[INFO] [stdout]    |                                                      ++++
[INFO] [stdout] 
[INFO] [stdout] 
[INFO] [stdout] warning: hiding a lifetime that's elided elsewhere is confusing
[INFO] [stdout]   --> src/home/mod.rs:48:30
[INFO] [stdout]    |
[INFO] [stdout] 48 | pub fn split_by_target(json: &JsonOutput) -> Vec<(&str, Vec<NodeRepo>)> {
[INFO] [stdout]    |                              ^^^^^^^^^^^          ^^^^      ^^^^^^^^ the same lifetime is hidden here
[INFO] [stdout]    |                              |                    |
[INFO] [stdout]    |                              |                    the same lifetime is elided here
[INFO] [stdout]    |                              the lifetime is elided here
[INFO] [stdout]    |
[INFO] [stdout]    = help: the same lifetime is referred to in inconsistent ways, making the signature confusing
[INFO] [stdout] help: use `'_` for type paths
[INFO] [stdout]    |
[INFO] [stdout] 48 | pub fn split_by_target(json: &JsonOutput) -> Vec<(&str, Vec<NodeRepo<'_>>)> {
[INFO] [stdout]    |                                                                     ++++
[INFO] [stdout] 
[INFO] [stdout] 
[INFO] [stdout] warning: hiding a lifetime that's elided elsewhere is confusing
[INFO] [stdout]   --> src/utils.rs:36:26
[INFO] [stdout]    |
[INFO] [stdout] 36 | pub fn repo_pkgidx(json: &JsonOutput, pkg_idx: usize) -> UserRepo {
[INFO] [stdout]    |                          ^^^^^^^^^^^                     ^^^^^^^^ the same lifetime is hidden here
[INFO] [stdout]    |                          |
[INFO] [stdout]    |                          the lifetime is elided here
[INFO] [stdout]    |
[INFO] [stdout]    = help: the same lifetime is referred to in inconsistent ways, making the signature confusing
[INFO] [stdout] help: use `'_` for type paths
[INFO] [stdout]    |
[INFO] [stdout] 36 | pub fn repo_pkgidx(json: &JsonOutput, pkg_idx: usize) -> UserRepo<'_> {
[INFO] [stdout]    |                                                                  ++++
[INFO] [stdout] 
[INFO] [stdout] 
[INFO] [stdout] warning: hiding a lifetime that's elided elsewhere is confusing
[INFO] [stdout]   --> src/utils.rs:44:26
[INFO] [stdout]    |
[INFO] [stdout] 44 | pub fn repo_cmdidx(json: &JsonOutput, cmd_idx: usize) -> UserRepo {
[INFO] [stdout]    |                          ^^^^^^^^^^^                     ^^^^^^^^ the same lifetime is hidden here
[INFO] [stdout]    |                          |
[INFO] [stdout]    |                          the lifetime is elided here
[INFO] [stdout]    |
[INFO] [stdout]    = help: the same lifetime is referred to in inconsistent ways, making the signature confusing
[INFO] [stdout] help: use `'_` for type paths
[INFO] [stdout]    |
[INFO] [stdout] 44 | pub fn repo_cmdidx(json: &JsonOutput, cmd_idx: usize) -> UserRepo<'_> {
[INFO] [stdout]    |                                                                  ++++
[INFO] [stdout] 
[INFO] [stdout] 
[INFO] [stdout] warning: hiding a lifetime that's elided elsewhere is confusing
[INFO] [stdout]   --> src/utils.rs:49:25
[INFO] [stdout]    |
[INFO] [stdout] 49 | pub fn pkg_cmdidx(json: &JsonOutput, cmd_idx: usize) -> UserRepoPkg {
[INFO] [stdout]    |                         ^^^^^^^^^^^                     ^^^^^^^^^^^ the same lifetime is hidden here
[INFO] [stdout]    |                         |
[INFO] [stdout]    |                         the lifetime is elided here
[INFO] [stdout]    |
[INFO] [stdout]    = help: the same lifetime is referred to in inconsistent ways, making the signature confusing
[INFO] [stdout] help: use `'_` for type paths
[INFO] [stdout]    |
[INFO] [stdout] 49 | pub fn pkg_cmdidx(json: &JsonOutput, cmd_idx: usize) -> UserRepoPkg<'_> {
[INFO] [stdout]    |                                                                    ++++
[INFO] [stdout] 
[INFO] [stdout] 
[INFO] [stderr]     Finished `release` profile [optimized] target(s) in 51.29s
[INFO] running `Command { std: "docker" "inspect" "51013311c829eefdc5957c15407578670e63a19bffc8238d6e9e2a6b9103c95b", kill_on_drop: false }`
[INFO] running `Command { std: "docker" "exec" "-e" "SOURCE_DIR=/opt/rustwide/workdir" "-e" "CARGO_HOME=/opt/rustwide/cargo-home" "-e" "RUSTUP_HOME=/opt/rustwide/rustup-home" "-e" "CARGO_TARGET_DIR=/opt/rustwide/target" "-e" "CARGO_INCREMENTAL=0" "-e" "RUST_BACKTRACE=full" "-e" "RUSTFLAGS=--cap-lints=warn" "-e" "RUSTDOCFLAGS=--cap-lints=warn" "-w" "/opt/rustwide/workdir" "--user" "0:0" "51013311c829eefdc5957c15407578670e63a19bffc8238d6e9e2a6b9103c95b" "/opt/rustwide/cargo-home/bin/cargo" "+1.99.0-beta.8" "test" "--frozen" "--no-run" "--message-format=json" "--release", kill_on_drop: false }`
[INFO] [stderr] warning: Cargo.toml: only one of `license` or `license-file` is necessary
[INFO] [stderr] `license` should be used if the package license can be expressed with a standard SPDX expression.
[INFO] [stderr] `license-file` should be used if the package uses a non-standard license.
[INFO] [stderr] See https://doc.rust-lang.org/cargo/reference/manifest.html#the-license-and-license-file-fields for more information.
[INFO] [stderr] warning: `os-checker-database` (manifest) generated 1 warning
[INFO] [stderr]    Compiling regex-automata v0.4.9
[INFO] [stderr]    Compiling argh_shared v0.1.13
[INFO] [stderr]    Compiling rust-fuzzy-search v0.1.1
[INFO] [stderr]    Compiling argh_derive v0.1.13
[INFO] [stderr]    Compiling argh v0.1.13
[INFO] [stderr]    Compiling regex v1.11.1
[INFO] [stderr]    Compiling tracing-subscriber v0.3.19
[INFO] [stderr]    Compiling tracing-error v0.2.1
[INFO] [stderr]    Compiling color-spantrace v0.3.0
[INFO] [stderr]    Compiling color-eyre v0.6.5
[INFO] [stderr]    Compiling os-checker-database v0.8.0 (/opt/rustwide/workdir)
[INFO] [stdout] warning: hiding a lifetime that's elided elsewhere is confusing
[INFO] [stdout]   --> src/basic/mod.rs:82:22
[INFO] [stdout]    |
[INFO] [stdout] 82 | pub fn by_repo(json: &JsonOutput) -> Vec<(UserRepo, Basic)> {
[INFO] [stdout]    |                      ^^^^^^^^^^^          ^^^^^^^^ the same lifetime is hidden here
[INFO] [stdout]    |                      |
[INFO] [stdout]    |                      the lifetime is elided here
[INFO] [stdout]    |
[INFO] [stdout]    = help: the same lifetime is referred to in inconsistent ways, making the signature confusing
[INFO] [stdout]    = note: `#[warn(mismatched_lifetime_syntaxes)]` on by default
[INFO] [stdout] help: use `'_` for type paths
[INFO] [stdout]    |
[INFO] [stdout] 82 | pub fn by_repo(json: &JsonOutput) -> Vec<(UserRepo<'_>, Basic)> {
[INFO] [stdout]    |                                                   ++++
[INFO] [stdout] 
[INFO] [stdout] 
[INFO] [stdout] warning: hiding a lifetime that's elided elsewhere is confusing
[INFO] [stdout]   --> src/home/mod.rs:43:26
[INFO] [stdout]    |
[INFO] [stdout] 43 | pub fn all_targets(json: &JsonOutput) -> Vec<NodeRepo> {
[INFO] [stdout]    |                          ^^^^^^^^^^^         ^^^^^^^^ the same lifetime is hidden here
[INFO] [stdout]    |                          |
[INFO] [stdout]    |                          the lifetime is elided here
[INFO] [stdout]    |
[INFO] [stdout]    = help: the same lifetime is referred to in inconsistent ways, making the signature confusing
[INFO] [stdout] help: use `'_` for type paths
[INFO] [stdout]    |
[INFO] [stdout] 43 | pub fn all_targets(json: &JsonOutput) -> Vec<NodeRepo<'_>> {
[INFO] [stdout]    |                                                      ++++
[INFO] [stdout] 
[INFO] [stdout] 
[INFO] [stdout] warning: hiding a lifetime that's elided elsewhere is confusing
[INFO] [stdout]   --> src/home/mod.rs:48:30
[INFO] [stdout]    |
[INFO] [stdout] 48 | pub fn split_by_target(json: &JsonOutput) -> Vec<(&str, Vec<NodeRepo>)> {
[INFO] [stdout]    |                              ^^^^^^^^^^^          ^^^^      ^^^^^^^^ the same lifetime is hidden here
[INFO] [stdout]    |                              |                    |
[INFO] [stdout]    |                              |                    the same lifetime is elided here
[INFO] [stdout]    |                              the lifetime is elided here
[INFO] [stdout]    |
[INFO] [stdout]    = help: the same lifetime is referred to in inconsistent ways, making the signature confusing
[INFO] [stdout] help: use `'_` for type paths
[INFO] [stdout]    |
[INFO] [stdout] 48 | pub fn split_by_target(json: &JsonOutput) -> Vec<(&str, Vec<NodeRepo<'_>>)> {
[INFO] [stdout]    |                                                                     ++++
[INFO] [stdout] 
[INFO] [stdout] 
[INFO] [stdout] warning: hiding a lifetime that's elided elsewhere is confusing
[INFO] [stdout]   --> src/utils.rs:36:26
[INFO] [stdout]    |
[INFO] [stdout] 36 | pub fn repo_pkgidx(json: &JsonOutput, pkg_idx: usize) -> UserRepo {
[INFO] [stdout]    |                          ^^^^^^^^^^^                     ^^^^^^^^ the same lifetime is hidden here
[INFO] [stdout]    |                          |
[INFO] [stdout]    |                          the lifetime is elided here
[INFO] [stdout]    |
[INFO] [stdout]    = help: the same lifetime is referred to in inconsistent ways, making the signature confusing
[INFO] [stdout] help: use `'_` for type paths
[INFO] [stdout]    |
[INFO] [stdout] 36 | pub fn repo_pkgidx(json: &JsonOutput, pkg_idx: usize) -> UserRepo<'_> {
[INFO] [stdout]    |                                                                  ++++
[INFO] [stdout] 
[INFO] [stdout] 
[INFO] [stdout] warning: hiding a lifetime that's elided elsewhere is confusing
[INFO] [stdout]   --> src/utils.rs:44:26
[INFO] [stdout]    |
[INFO] [stdout] 44 | pub fn repo_cmdidx(json: &JsonOutput, cmd_idx: usize) -> UserRepo {
[INFO] [stdout]    |                          ^^^^^^^^^^^                     ^^^^^^^^ the same lifetime is hidden here
[INFO] [stdout]    |                          |
[INFO] [stdout]    |                          the lifetime is elided here
[INFO] [stdout]    |
[INFO] [stdout]    = help: the same lifetime is referred to in inconsistent ways, making the signature confusing
[INFO] [stdout] help: use `'_` for type paths
[INFO] [stdout]    |
[INFO] [stdout] 44 | pub fn repo_cmdidx(json: &JsonOutput, cmd_idx: usize) -> UserRepo<'_> {
[INFO] [stdout]    |                                                                  ++++
[INFO] [stdout] 
[INFO] [stdout] 
[INFO] [stdout] warning: hiding a lifetime that's elided elsewhere is confusing
[INFO] [stdout]   --> src/utils.rs:49:25
[INFO] [stdout]    |
[INFO] [stdout] 49 | pub fn pkg_cmdidx(json: &JsonOutput, cmd_idx: usize) -> UserRepoPkg {
[INFO] [stdout]    |                         ^^^^^^^^^^^                     ^^^^^^^^^^^ the same lifetime is hidden here
[INFO] [stdout]    |                         |
[INFO] [stdout]    |                         the lifetime is elided here
[INFO] [stdout]    |
[INFO] [stdout]    = help: the same lifetime is referred to in inconsistent ways, making the signature confusing
[INFO] [stdout] help: use `'_` for type paths
[INFO] [stdout]    |
[INFO] [stdout] 49 | pub fn pkg_cmdidx(json: &JsonOutput, cmd_idx: usize) -> UserRepoPkg<'_> {
[INFO] [stdout]    |                                                                    ++++
[INFO] [stdout] 
[INFO] [stdout] 
[INFO] [stderr]     Finished `release` profile [optimized] target(s) in 10.90s
[INFO] running `Command { std: "docker" "inspect" "51013311c829eefdc5957c15407578670e63a19bffc8238d6e9e2a6b9103c95b", kill_on_drop: false }`
[INFO] running `Command { std: "docker" "exec" "-e" "SOURCE_DIR=/opt/rustwide/workdir" "-e" "CARGO_HOME=/opt/rustwide/cargo-home" "-e" "RUSTUP_HOME=/opt/rustwide/rustup-home" "-e" "CARGO_TARGET_DIR=/opt/rustwide/target" "-e" "CARGO_INCREMENTAL=0" "-e" "RUST_BACKTRACE=full" "-e" "RUSTFLAGS=--cap-lints=warn" "-e" "RUSTDOCFLAGS=--cap-lints=warn" "-w" "/opt/rustwide/workdir" "--user" "0:0" "51013311c829eefdc5957c15407578670e63a19bffc8238d6e9e2a6b9103c95b" "/opt/rustwide/cargo-home/bin/cargo" "+1.99.0-beta.8" "test" "--frozen" "--release", kill_on_drop: false }`
[INFO] [stderr] warning: Cargo.toml: only one of `license` or `license-file` is necessary
[INFO] [stderr] `license` should be used if the package license can be expressed with a standard SPDX expression.
[INFO] [stderr] `license-file` should be used if the package uses a non-standard license.
[INFO] [stderr] See https://doc.rust-lang.org/cargo/reference/manifest.html#the-license-and-license-file-fields for more information.
[INFO] [stderr] warning: `os-checker-database` (manifest) generated 1 warning
[INFO] [stderr] warning: hiding a lifetime that's elided elsewhere is confusing
[INFO] [stderr]   --> src/basic/mod.rs:82:22
[INFO] [stderr]    |
[INFO] [stderr] 82 | pub fn by_repo(json: &JsonOutput) -> Vec<(UserRepo, Basic)> {
[INFO] [stderr]    |                      ^^^^^^^^^^^          ^^^^^^^^ the same lifetime is hidden here
[INFO] [stderr]    |                      |
[INFO] [stderr]    |                      the lifetime is elided here
[INFO] [stderr]    |
[INFO] [stderr]    = help: the same lifetime is referred to in inconsistent ways, making the signature confusing
[INFO] [stderr]    = note: `#[warn(mismatched_lifetime_syntaxes)]` on by default
[INFO] [stderr] help: use `'_` for type paths
[INFO] [stderr]    |
[INFO] [stderr] 82 | pub fn by_repo(json: &JsonOutput) -> Vec<(UserRepo<'_>, Basic)> {
[INFO] [stderr]    |                                                   ++++
[INFO] [stderr] 
[INFO] [stderr] warning: hiding a lifetime that's elided elsewhere is confusing
[INFO] [stderr]   --> src/home/mod.rs:43:26
[INFO] [stderr]    |
[INFO] [stderr] 43 | pub fn all_targets(json: &JsonOutput) -> Vec<NodeRepo> {
[INFO] [stderr]    |                          ^^^^^^^^^^^         ^^^^^^^^ the same lifetime is hidden here
[INFO] [stderr]    |                          |
[INFO] [stderr]    |                          the lifetime is elided here
[INFO] [stderr]    |
[INFO] [stderr]    = help: the same lifetime is referred to in inconsistent ways, making the signature confusing
[INFO] [stderr] help: use `'_` for type paths
[INFO] [stderr]    |
[INFO] [stderr] 43 | pub fn all_targets(json: &JsonOutput) -> Vec<NodeRepo<'_>> {
[INFO] [stderr]    |                                                      ++++
[INFO] [stderr] 
[INFO] [stderr] warning: hiding a lifetime that's elided elsewhere is confusing
[INFO] [stderr]   --> src/home/mod.rs:48:30
[INFO] [stderr]    |
[INFO] [stderr] 48 | pub fn split_by_target(json: &JsonOutput) -> Vec<(&str, Vec<NodeRepo>)> {
[INFO] [stderr]    |                              ^^^^^^^^^^^          ^^^^      ^^^^^^^^ the same lifetime is hidden here
[INFO] [stderr]    |                              |                    |
[INFO] [stderr]    |                              |                    the same lifetime is elided here
[INFO] [stderr]    |                              the lifetime is elided here
[INFO] [stderr]    |
[INFO] [stderr]    = help: the same lifetime is referred to in inconsistent ways, making the signature confusing
[INFO] [stderr] help: use `'_` for type paths
[INFO] [stderr]    |
[INFO] [stderr] 48 | pub fn split_by_target(json: &JsonOutput) -> Vec<(&str, Vec<NodeRepo<'_>>)> {
[INFO] [stderr]    |                                                                     ++++
[INFO] [stderr] 
[INFO] [stderr] warning: hiding a lifetime that's elided elsewhere is confusing
[INFO] [stderr]   --> src/utils.rs:36:26
[INFO] [stderr]    |
[INFO] [stderr] 36 | pub fn repo_pkgidx(json: &JsonOutput, pkg_idx: usize) -> UserRepo {
[INFO] [stderr]    |                          ^^^^^^^^^^^                     ^^^^^^^^ the same lifetime is hidden here
[INFO] [stderr]    |                          |
[INFO] [stderr]    |                          the lifetime is elided here
[INFO] [stderr]    |
[INFO] [stderr]    = help: the same lifetime is referred to in inconsistent ways, making the signature confusing
[INFO] [stderr] help: use `'_` for type paths
[INFO] [stderr]    |
[INFO] [stderr] 36 | pub fn repo_pkgidx(json: &JsonOutput, pkg_idx: usize) -> UserRepo<'_> {
[INFO] [stderr]    |                                                                  ++++
[INFO] [stderr] 
[INFO] [stderr] warning: hiding a lifetime that's elided elsewhere is confusing
[INFO] [stderr]   --> src/utils.rs:44:26
[INFO] [stderr]    |
[INFO] [stderr] 44 | pub fn repo_cmdidx(json: &JsonOutput, cmd_idx: usize) -> UserRepo {
[INFO] [stderr]    |                          ^^^^^^^^^^^                     ^^^^^^^^ the same lifetime is hidden here
[INFO] [stderr]    |                          |
[INFO] [stderr]    |                          the lifetime is elided here
[INFO] [stderr]    |
[INFO] [stderr]    = help: the same lifetime is referred to in inconsistent ways, making the signature confusing
[INFO] [stderr] help: use `'_` for type paths
[INFO] [stderr]    |
[INFO] [stderr] 44 | pub fn repo_cmdidx(json: &JsonOutput, cmd_idx: usize) -> UserRepo<'_> {
[INFO] [stderr]    |                                                                  ++++
[INFO] [stderr] 
[INFO] [stderr] warning: hiding a lifetime that's elided elsewhere is confusing
[INFO] [stderr]   --> src/utils.rs:49:25
[INFO] [stderr]    |
[INFO] [stderr] 49 | pub fn pkg_cmdidx(json: &JsonOutput, cmd_idx: usize) -> UserRepoPkg {
[INFO] [stderr]    |                         ^^^^^^^^^^^                     ^^^^^^^^^^^ the same lifetime is hidden here
[INFO] [stderr]    |                         |
[INFO] [stderr]    |                         the lifetime is elided here
[INFO] [stderr]    |
[INFO] [stderr]    = help: the same lifetime is referred to in inconsistent ways, making the signature confusing
[INFO] [stderr] help: use `'_` for type paths
[INFO] [stderr]    |
[INFO] [stderr] 49 | pub fn pkg_cmdidx(json: &JsonOutput, cmd_idx: usize) -> UserRepoPkg<'_> {
[INFO] [stderr]    |                                                                    ++++
[INFO] [stderr] 
[INFO] [stderr] warning: `os-checker-database` (bin "os-checker-database" test) generated 6 warnings (run `cargo fix --bin "os-checker-database" -p os-checker-database --tests` to apply 6 suggestions)
[INFO] [stderr]     Finished `release` profile [optimized] target(s) in 0.08s
[INFO] [stderr]      Running unittests src/main.rs (/opt/rustwide/target/release/deps/os_checker_database-7128e7e25ceab859)
[INFO] [stdout] 
[INFO] [stdout] running 6 tests
[INFO] [stdout] test home::tests::deser ... FAILED
[INFO] [stdout] test basic::tests::print ... FAILED
[INFO] [stdout] test file_tree::tests::all ... FAILED
[INFO] [stdout] test file_tree::tests::by_target ... FAILED
[INFO] [stdout] test home::tests::by_target ... FAILED
[INFO] [stdout] test home::tests::all ... FAILED
[INFO] [stdout] 
[INFO] [stdout] failures:
[INFO] [stdout] 
[INFO] [stdout] ---- home::tests::deser stdout ----
[INFO] [stdout] Error: No such file or directory (os error 2)
[INFO] [stdout] 
[INFO] [stdout] Location:
[INFO] [stdout]     src/home/tests.rs:20:16
[INFO] [stdout] 
[INFO] [stdout] ---- basic::tests::print stdout ----
[INFO] [stdout] 
[INFO] [stdout] thread 'basic::tests::print' (2117) panicked at src/utils.rs:94:47:
[INFO] [stdout] called `Result::unwrap()` on an `Err` value: Os { code: 2, kind: NotFound, message: "No such file or directory" }
[INFO] [stdout] stack backtrace:
[INFO] [stdout]    0:     0x60a3b646a741 - <<std[70759c8f55707aa4]::sys::backtrace::BacktraceLock>::print::DisplayBacktrace as core[df12db4294e9bfd3]::fmt::Display>::fmt
[INFO] [stdout]    1:     0x60a3b647f68a - core[df12db4294e9bfd3]::fmt::write
[INFO] [stdout]    2:     0x60a3b646ec8c - <alloc[2182bb758b4b3781]::vec::Vec<u8> as core[df12db4294e9bfd3]::io::write::Write>::write_fmt
[INFO] [stdout]    3:     0x60a3b6446766 - std[70759c8f55707aa4]::panicking::default_hook::{closure#0}
[INFO] [stdout]    4:     0x60a3b6462989 - std[70759c8f55707aa4]::panicking::default_hook
[INFO] [stdout]    5:     0x60a3b63f2420 - test[9d35eded1c95d3be]::test_main_inner::<test[9d35eded1c95d3be]::test_main_static::{closure#0}>::{closure#0}
[INFO] [stdout]    6:     0x60a3b6462b42 - std[70759c8f55707aa4]::panicking::panic_with_hook
[INFO] [stdout]    7:     0x60a3b6446812 - std[70759c8f55707aa4]::panicking::panic_handler::{closure#0}
[INFO] [stdout]    8:     0x60a3b643f3d9 - std[70759c8f55707aa4]::sys::backtrace::__rust_end_short_backtrace::<std[70759c8f55707aa4]::panicking::panic_handler::{closure#0}, !>
[INFO] [stdout]    9:     0x60a3b644740d - __rustc[8fa7c3cbc660c2b3]::rust_begin_unwind
[INFO] [stdout]   10:     0x60a3b647fdec - core[df12db4294e9bfd3]::panicking::panic_fmt
[INFO] [stdout]   11:     0x60a3b647fbc2 - core[df12db4294e9bfd3]::result::unwrap_failed
[INFO] [stdout]   12:     0x60a3b63c36b0 - os_checker_database[d0dafd2b345085c3]::utils::ui_json
[INFO] [stdout]   13:     0x60a3b63d72e1 - os_checker_database[d0dafd2b345085c3]::basic::tests::print
[INFO] [stdout]   14:     0x60a3b63c408f - <os_checker_database[d0dafd2b345085c3]::basic::tests::print::{closure#0} as core[df12db4294e9bfd3]::ops::function::FnOnce<()>>::call_once
[INFO] [stdout]   15:     0x60a3b63e570b - test[9d35eded1c95d3be]::__rust_begin_short_backtrace::<core[df12db4294e9bfd3]::result::Result<(), alloc[2182bb758b4b3781]::string::String>, fn() -> core[df12db4294e9bfd3]::result::Result<(), alloc[2182bb758b4b3781]::string::String>>
[INFO] [stdout]   16:     0x60a3b63f2d75 - test[9d35eded1c95d3be]::run_test::{closure#0}
[INFO] [stdout]   17:     0x60a3b63ec634 - std[70759c8f55707aa4]::sys::backtrace::__rust_begin_short_backtrace::<test[9d35eded1c95d3be]::run_test::{closure#1}, ()>
[INFO] [stdout]   18:     0x60a3b63f5ed2 - <std[70759c8f55707aa4]::thread::lifecycle::spawn_unchecked<test[9d35eded1c95d3be]::run_test::{closure#1}, ()>::{closure#1} as core[df12db4294e9bfd3]::ops::function::FnOnce<()>>::call_once::{shim:vtable#0}
[INFO] [stdout]   19:     0x60a3b6469cc9 - <std[70759c8f55707aa4]::sys::thread::unix::Thread>::new::thread_start
[INFO] [stdout]   20:     0x73792d780dfa - <unknown>
[INFO] [stdout]   21:     0x73792d8143d4 - clone
[INFO] [stdout]   22:                0x0 - <unknown>
[INFO] [stdout] 
[INFO] [stdout] ---- file_tree::tests::all stdout ----
[INFO] [stdout] 
[INFO] [stdout] thread 'file_tree::tests::all' (2118) panicked at src/utils.rs:94:47:
[INFO] [stdout] called `Result::unwrap()` on an `Err` value: Os { code: 2, kind: NotFound, message: "No such file or directory" }
[INFO] [stdout] stack backtrace:
[INFO] [stdout]    0:     0x60a3b646a741 - <<std[70759c8f55707aa4]::sys::backtrace::BacktraceLock>::print::DisplayBacktrace as core[df12db4294e9bfd3]::fmt::Display>::fmt
[INFO] [stdout]    1:     0x60a3b647f68a - core[df12db4294e9bfd3]::fmt::write
[INFO] [stdout]    2:     0x60a3b646ec8c - <alloc[2182bb758b4b3781]::vec::Vec<u8> as core[df12db4294e9bfd3]::io::write::Write>::write_fmt
[INFO] [stdout]    3:     0x60a3b6446766 - std[70759c8f55707aa4]::panicking::default_hook::{closure#0}
[INFO] [stdout]    4:     0x60a3b6462989 - std[70759c8f55707aa4]::panicking::default_hook
[INFO] [stdout]    5:     0x60a3b63f2420 - test[9d35eded1c95d3be]::test_main_inner::<test[9d35eded1c95d3be]::test_main_static::{closure#0}>::{closure#0}
[INFO] [stdout]    6:     0x60a3b6462b42 - std[70759c8f55707aa4]::panicking::panic_with_hook
[INFO] [stdout]    7:     0x60a3b6446812 - std[70759c8f55707aa4]::panicking::panic_handler::{closure#0}
[INFO] [stdout]    8:     0x60a3b643f3d9 - std[70759c8f55707aa4]::sys::backtrace::__rust_end_short_backtrace::<std[70759c8f55707aa4]::panicking::panic_handler::{closure#0}, !>
[INFO] [stdout]    9:     0x60a3b644740d - __rustc[8fa7c3cbc660c2b3]::rust_begin_unwind
[INFO] [stdout]   10:     0x60a3b647fdec - core[df12db4294e9bfd3]::panicking::panic_fmt
[INFO] [stdout]   11:     0x60a3b647fbc2 - core[df12db4294e9bfd3]::result::unwrap_failed
[INFO] [stdout]   12:     0x60a3b63c36b0 - os_checker_database[d0dafd2b345085c3]::utils::ui_json
[INFO] [stdout]   13:     0x60a3b63d7f65 - os_checker_database[d0dafd2b345085c3]::file_tree::tests::all
[INFO] [stdout]   14:     0x60a3b63c4139 - <os_checker_database[d0dafd2b345085c3]::file_tree::tests::all::{closure#0} as core[df12db4294e9bfd3]::ops::function::FnOnce<()>>::call_once
[INFO] [stdout]   15:     0x60a3b63e570b - test[9d35eded1c95d3be]::__rust_begin_short_backtrace::<core[df12db4294e9bfd3]::result::Result<(), alloc[2182bb758b4b3781]::string::String>, fn() -> core[df12db4294e9bfd3]::result::Result<(), alloc[2182bb758b4b3781]::string::String>>
[INFO] [stderr] error: test failed, to rerun pass `--bin os-checker-database`
[INFO] [stdout]   16:     0x60a3b63f2d75 - test[9d35eded1c95d3be]::run_test::{closure#0}
[INFO] [stdout]   17:     0x60a3b63ec634 - std[70759c8f55707aa4]::sys::backtrace::__rust_begin_short_backtrace::<test[9d35eded1c95d3be]::run_test::{closure#1}, ()>
[INFO] [stdout]   18:     0x60a3b63f5ed2 - <std[70759c8f55707aa4]::thread::lifecycle::spawn_unchecked<test[9d35eded1c95d3be]::run_test::{closure#1}, ()>::{closure#1} as core[df12db4294e9bfd3]::ops::function::FnOnce<()>>::call_once::{shim:vtable#0}
[INFO] [stdout]   19:     0x60a3b6469cc9 - <std[70759c8f55707aa4]::sys::thread::unix::Thread>::new::thread_start
[INFO] [stdout]   20:     0x73792d780dfa - <unknown>
[INFO] [stdout]   21:     0x73792d8143d4 - clone
[INFO] [stdout]   22:                0x0 - <unknown>
[INFO] [stdout] 
[INFO] [stdout] ---- file_tree::tests::by_target stdout ----
[INFO] [stdout] 
[INFO] [stdout] thread 'file_tree::tests::by_target' (2119) panicked at src/utils.rs:94:47:
[INFO] [stdout] called `Result::unwrap()` on an `Err` value: Os { code: 2, kind: NotFound, message: "No such file or directory" }
[INFO] [stdout] stack backtrace:
[INFO] [stdout]    0:     0x60a3b646a741 - <<std[70759c8f55707aa4]::sys::backtrace::BacktraceLock>::print::DisplayBacktrace as core[df12db4294e9bfd3]::fmt::Display>::fmt
[INFO] [stdout]    1:     0x60a3b647f68a - core[df12db4294e9bfd3]::fmt::write
[INFO] [stdout]    2:     0x60a3b646ec8c - <alloc[2182bb758b4b3781]::vec::Vec<u8> as core[df12db4294e9bfd3]::io::write::Write>::write_fmt
[INFO] [stdout]    3:     0x60a3b6446766 - std[70759c8f55707aa4]::panicking::default_hook::{closure#0}
[INFO] [stdout]    4:     0x60a3b6462989 - std[70759c8f55707aa4]::panicking::default_hook
[INFO] [stdout]    5:     0x60a3b63f2420 - test[9d35eded1c95d3be]::test_main_inner::<test[9d35eded1c95d3be]::test_main_static::{closure#0}>::{closure#0}
[INFO] [stdout]    6:     0x60a3b6462b42 - std[70759c8f55707aa4]::panicking::panic_with_hook
[INFO] [stdout]    7:     0x60a3b6446812 - std[70759c8f55707aa4]::panicking::panic_handler::{closure#0}
[INFO] [stdout]    8:     0x60a3b643f3d9 - std[70759c8f55707aa4]::sys::backtrace::__rust_end_short_backtrace::<std[70759c8f55707aa4]::panicking::panic_handler::{closure#0}, !>
[INFO] [stdout]    9:     0x60a3b644740d - __rustc[8fa7c3cbc660c2b3]::rust_begin_unwind
[INFO] [stdout]   10:     0x60a3b647fdec - core[df12db4294e9bfd3]::panicking::panic_fmt
[INFO] [stdout]   11:     0x60a3b647fbc2 - core[df12db4294e9bfd3]::result::unwrap_failed
[INFO] [stdout]   12:     0x60a3b63c36b0 - os_checker_database[d0dafd2b345085c3]::utils::ui_json
[INFO] [stdout]   13:     0x60a3b63d7fd9 - os_checker_database[d0dafd2b345085c3]::file_tree::tests::by_target
[INFO] [stdout]   14:     0x60a3b63c4159 - <os_checker_database[d0dafd2b345085c3]::file_tree::tests::by_target::{closure#0} as core[df12db4294e9bfd3]::ops::function::FnOnce<()>>::call_once
[INFO] [stdout]   15:     0x60a3b63e570b - test[9d35eded1c95d3be]::__rust_begin_short_backtrace::<core[df12db4294e9bfd3]::result::Result<(), alloc[2182bb758b4b3781]::string::String>, fn() -> core[df12db4294e9bfd3]::result::Result<(), alloc[2182bb758b4b3781]::string::String>>
[INFO] [stdout]   16:     0x60a3b63f2d75 - test[9d35eded1c95d3be]::run_test::{closure#0}
[INFO] [stdout]   17:     0x60a3b63ec634 - std[70759c8f55707aa4]::sys::backtrace::__rust_begin_short_backtrace::<test[9d35eded1c95d3be]::run_test::{closure#1}, ()>
[INFO] [stdout]   18:     0x60a3b63f5ed2 - <std[70759c8f55707aa4]::thread::lifecycle::spawn_unchecked<test[9d35eded1c95d3be]::run_test::{closure#1}, ()>::{closure#1} as core[df12db4294e9bfd3]::ops::function::FnOnce<()>>::call_once::{shim:vtable#0}
[INFO] [stdout]   19:     0x60a3b6469cc9 - <std[70759c8f55707aa4]::sys::thread::unix::Thread>::new::thread_start
[INFO] [stdout]   20:     0x73792d780dfa - <unknown>
[INFO] [stdout]   21:     0x73792d8143d4 - clone
[INFO] [stdout]   22:                0x0 - <unknown>
[INFO] [stdout] 
[INFO] [stdout] ---- home::tests::by_target stdout ----
[INFO] [stdout] 
[INFO] [stdout] thread 'home::tests::by_target' (2121) panicked at src/utils.rs:94:47:
[INFO] [stdout] called `Result::unwrap()` on an `Err` value: Os { code: 2, kind: NotFound, message: "No such file or directory" }
[INFO] [stdout] stack backtrace:
[INFO] [stdout]    0:     0x60a3b646a741 - <<std[70759c8f55707aa4]::sys::backtrace::BacktraceLock>::print::DisplayBacktrace as core[df12db4294e9bfd3]::fmt::Display>::fmt
[INFO] [stdout]    1:     0x60a3b647f68a - core[df12db4294e9bfd3]::fmt::write
[INFO] [stdout]    2:     0x60a3b646ec8c - <alloc[2182bb758b4b3781]::vec::Vec<u8> as core[df12db4294e9bfd3]::io::write::Write>::write_fmt
[INFO] [stdout]    3:     0x60a3b6446766 - std[70759c8f55707aa4]::panicking::default_hook::{closure#0}
[INFO] [stdout]    4:     0x60a3b6462989 - std[70759c8f55707aa4]::panicking::default_hook
[INFO] [stdout]    5:     0x60a3b63f2420 - test[9d35eded1c95d3be]::test_main_inner::<test[9d35eded1c95d3be]::test_main_static::{closure#0}>::{closure#0}
[INFO] [stdout]    6:     0x60a3b6462b42 - std[70759c8f55707aa4]::panicking::panic_with_hook
[INFO] [stdout]    7:     0x60a3b6446812 - std[70759c8f55707aa4]::panicking::panic_handler::{closure#0}
[INFO] [stdout]    8:     0x60a3b643f3d9 - std[70759c8f55707aa4]::sys::backtrace::__rust_end_short_backtrace::<std[70759c8f55707aa4]::panicking::panic_handler::{closure#0}, !>
[INFO] [stdout]    9:     0x60a3b644740d - __rustc[8fa7c3cbc660c2b3]::rust_begin_unwind
[INFO] [stdout]   10:     0x60a3b647fdec - core[df12db4294e9bfd3]::panicking::panic_fmt
[INFO] [stdout]   11:     0x60a3b647fbc2 - core[df12db4294e9bfd3]::result::unwrap_failed
[INFO] [stdout]   12:     0x60a3b63c36b0 - os_checker_database[d0dafd2b345085c3]::utils::ui_json
[INFO] [stdout]   13:     0x60a3b63d7215 - os_checker_database[d0dafd2b345085c3]::home::tests::by_target
[INFO] [stdout]   14:     0x60a3b63c4069 - <os_checker_database[d0dafd2b345085c3]::home::tests::by_target::{closure#0} as core[df12db4294e9bfd3]::ops::function::FnOnce<()>>::call_once
[INFO] [stdout]   15:     0x60a3b63e570b - test[9d35eded1c95d3be]::__rust_begin_short_backtrace::<core[df12db4294e9bfd3]::result::Result<(), alloc[2182bb758b4b3781]::string::String>, fn() -> core[df12db4294e9bfd3]::result::Result<(), alloc[2182bb758b4b3781]::string::String>>
[INFO] [stdout]   16:     0x60a3b63f2d75 - test[9d35eded1c95d3be]::run_test::{closure#0}
[INFO] [stdout]   17:     0x60a3b63ec634 - std[70759c8f55707aa4]::sys::backtrace::__rust_begin_short_backtrace::<test[9d35eded1c95d3be]::run_test::{closure#1}, ()>
[INFO] [stdout]   18:     0x60a3b63f5ed2 - <std[70759c8f55707aa4]::thread::lifecycle::spawn_unchecked<test[9d35eded1c95d3be]::run_test::{closure#1}, ()>::{closure#1} as core[df12db4294e9bfd3]::ops::function::FnOnce<()>>::call_once::{shim:vtable#0}
[INFO] [stdout]   19:     0x60a3b6469cc9 - <std[70759c8f55707aa4]::sys::thread::unix::Thread>::new::thread_start
[INFO] [stdout]   20:     0x73792d780dfa - <unknown>
[INFO] [stdout]   21:     0x73792d8143d4 - clone
[INFO] [stdout]   22:                0x0 - <unknown>
[INFO] [stdout] 
[INFO] [stdout] ---- home::tests::all stdout ----
[INFO] [stdout] 
[INFO] [stdout] thread 'home::tests::all' (2120) panicked at src/utils.rs:94:47:
[INFO] [stdout] called `Result::unwrap()` on an `Err` value: Os { code: 2, kind: NotFound, message: "No such file or directory" }
[INFO] [stdout] stack backtrace:
[INFO] [stdout]    0:     0x60a3b646a741 - <<std[70759c8f55707aa4]::sys::backtrace::BacktraceLock>::print::DisplayBacktrace as core[df12db4294e9bfd3]::fmt::Display>::fmt
[INFO] [stdout]    1:     0x60a3b647f68a - core[df12db4294e9bfd3]::fmt::write
[INFO] [stdout]    2:     0x60a3b646ec8c - <alloc[2182bb758b4b3781]::vec::Vec<u8> as core[df12db4294e9bfd3]::io::write::Write>::write_fmt
[INFO] [stdout]    3:     0x60a3b6446766 - std[70759c8f55707aa4]::panicking::default_hook::{closure#0}
[INFO] [stdout]    4:     0x60a3b6462989 - std[70759c8f55707aa4]::panicking::default_hook
[INFO] [stdout]    5:     0x60a3b63f2420 - test[9d35eded1c95d3be]::test_main_inner::<test[9d35eded1c95d3be]::test_main_static::{closure#0}>::{closure#0}
[INFO] [stdout]    6:     0x60a3b6462b42 - std[70759c8f55707aa4]::panicking::panic_with_hook
[INFO] [stdout]    7:     0x60a3b6446812 - std[70759c8f55707aa4]::panicking::panic_handler::{closure#0}
[INFO] [stdout]    8:     0x60a3b643f3d9 - std[70759c8f55707aa4]::sys::backtrace::__rust_end_short_backtrace::<std[70759c8f55707aa4]::panicking::panic_handler::{closure#0}, !>
[INFO] [stdout]    9:     0x60a3b644740d - __rustc[8fa7c3cbc660c2b3]::rust_begin_unwind
[INFO] [stdout]   10:     0x60a3b647fdec - core[df12db4294e9bfd3]::panicking::panic_fmt
[INFO] [stdout]   11:     0x60a3b647fbc2 - core[df12db4294e9bfd3]::result::unwrap_failed
[INFO] [stdout]   12:     0x60a3b63c36b0 - os_checker_database[d0dafd2b345085c3]::utils::ui_json
[INFO] [stdout]   13:     0x60a3b63d6eb9 - os_checker_database[d0dafd2b345085c3]::home::tests::all
[INFO] [stdout]   14:     0x60a3b63c3f99 - <os_checker_database[d0dafd2b345085c3]::home::tests::all::{closure#0} as core[df12db4294e9bfd3]::ops::function::FnOnce<()>>::call_once
[INFO] [stdout]   15:     0x60a3b63e570b - test[9d35eded1c95d3be]::__rust_begin_short_backtrace::<core[df12db4294e9bfd3]::result::Result<(), alloc[2182bb758b4b3781]::string::String>, fn() -> core[df12db4294e9bfd3]::result::Result<(), alloc[2182bb758b4b3781]::string::String>>
[INFO] [stdout]   16:     0x60a3b63f2d75 - test[9d35eded1c95d3be]::run_test::{closure#0}
[INFO] [stdout]   17:     0x60a3b63ec634 - std[70759c8f55707aa4]::sys::backtrace::__rust_begin_short_backtrace::<test[9d35eded1c95d3be]::run_test::{closure#1}, ()>
[INFO] [stdout]   18:     0x60a3b63f5ed2 - <std[70759c8f55707aa4]::thread::lifecycle::spawn_unchecked<test[9d35eded1c95d3be]::run_test::{closure#1}, ()>::{closure#1} as core[df12db4294e9bfd3]::ops::function::FnOnce<()>>::call_once::{shim:vtable#0}
[INFO] [stdout]   19:     0x60a3b6469cc9 - <std[70759c8f55707aa4]::sys::thread::unix::Thread>::new::thread_start
[INFO] [stdout]   20:     0x73792d780dfa - <unknown>
[INFO] [stdout]   21:     0x73792d8143d4 - clone
[INFO] [stdout]   22:                0x0 - <unknown>
[INFO] [stdout] 
[INFO] [stdout] 
[INFO] [stdout] failures:
[INFO] [stdout]     basic::tests::print
[INFO] [stdout]     file_tree::tests::all
[INFO] [stdout]     file_tree::tests::by_target
[INFO] [stdout]     home::tests::all
[INFO] [stdout]     home::tests::by_target
[INFO] [stdout]     home::tests::deser
[INFO] [stdout] 
[INFO] [stdout] test result: FAILED. 0 passed; 6 failed; 0 ignored; 0 measured; 0 filtered out; finished in 0.00s
[INFO] [stdout] 
[INFO] running `Command { std: "docker" "inspect" "51013311c829eefdc5957c15407578670e63a19bffc8238d6e9e2a6b9103c95b", kill_on_drop: false }`
[INFO] running `Command { std: "docker" "rm" "-f" "51013311c829eefdc5957c15407578670e63a19bffc8238d6e9e2a6b9103c95b", kill_on_drop: false }`
[INFO] [stdout] 51013311c829eefdc5957c15407578670e63a19bffc8238d6e9e2a6b9103c95b
