[INFO] fetching crate orx-pinned-vec 4.1.0...
[INFO] testing orx-pinned-vec-4.1.0 against 1.99.0-beta.8+cargoflags=--release for beta-release-1.100-2
[INFO] extracting crate orx-pinned-vec 4.1.0 into /workspace/builds/worker-3-tc1/source
[INFO] started tweaking crates.io crate orx-pinned-vec 4.1.0
[INFO] removed 0 missing tests
[INFO] finished tweaking crates.io crate orx-pinned-vec 4.1.0
[INFO] tweaked toml for crates.io crate orx-pinned-vec 4.1.0 written to /workspace/builds/worker-3-tc1/source/Cargo.toml
[INFO] validating manifest of crates.io crate orx-pinned-vec 4.1.0 on toolchain 1.99.0-beta.8
[INFO] running `Command { std: CARGO_HOME="/workspace/cargo-home" RUSTUP_HOME="/workspace/rustup-home" "/workspace/cargo-home/bin/cargo" "+1.99.0-beta.8" "metadata" "--manifest-path" "Cargo.toml" "--no-deps", kill_on_drop: false }`
[INFO] crate crates.io crate orx-pinned-vec 4.1.0 already has a lockfile, it will not be regenerated
[INFO] running `Command { std: CARGO_HOME="/workspace/cargo-home" RUSTUP_HOME="/workspace/rustup-home" "/workspace/cargo-home/bin/cargo" "+1.99.0-beta.8" "fetch" "--manifest-path" "Cargo.toml", kill_on_drop: false }`
[INFO] running `Command { std: "docker" "create" "-v" "/var/lib/crater-agent-workspace/builds/worker-3-tc1/source:/opt/rustwide/workdir:ro,Z" "-v" "/var/lib/crater-agent-workspace/builds/worker-3-tc1/target:/opt/rustwide/target:rw,Z" "-v" "/var/lib/crater-agent-workspace/cargo-home:/opt/rustwide/cargo-home:ro,Z" "-v" "/var/lib/crater-agent-workspace/rustup-home:/opt/rustwide/rustup-home:ro,Z" "-m" "1610612736" "--network" "none" "ghcr.io/rust-lang/crates-build-env/linux@sha256:77db811e55d90add9212f6832c23229e3de5f1c1f9905e8cb07319ea15df73ac" "sleep" "infinity", kill_on_drop: false }`
[INFO] [stdout] 717af04853b110540c47f2367b09189f0c21c3bee9b9a2f280cbfeb93f87cbc1
[INFO] running `Command { std: "docker" "start" "717af04853b110540c47f2367b09189f0c21c3bee9b9a2f280cbfeb93f87cbc1", kill_on_drop: false }`
[INFO] running `Command { std: "docker" "inspect" "717af04853b110540c47f2367b09189f0c21c3bee9b9a2f280cbfeb93f87cbc1", kill_on_drop: false }`
[INFO] running `Command { std: "docker" "exec" "-e" "SOURCE_DIR=/opt/rustwide/workdir" "-e" "CARGO_HOME=/opt/rustwide/cargo-home" "-e" "RUSTUP_HOME=/opt/rustwide/rustup-home" "-e" "CARGO_TARGET_DIR=/opt/rustwide/target" "-w" "/opt/rustwide/workdir" "--user" "0:0" "717af04853b110540c47f2367b09189f0c21c3bee9b9a2f280cbfeb93f87cbc1" "/opt/rustwide/cargo-home/bin/cargo" "+1.99.0-beta.8" "metadata" "--no-deps" "--format-version=1", kill_on_drop: false }`
[INFO] running `Command { std: "docker" "inspect" "717af04853b110540c47f2367b09189f0c21c3bee9b9a2f280cbfeb93f87cbc1", kill_on_drop: false }`
[INFO] running `Command { std: "docker" "exec" "-e" "SOURCE_DIR=/opt/rustwide/workdir" "-e" "CARGO_HOME=/opt/rustwide/cargo-home" "-e" "RUSTUP_HOME=/opt/rustwide/rustup-home" "-e" "CARGO_TARGET_DIR=/opt/rustwide/target" "-e" "CARGO_INCREMENTAL=0" "-e" "RUST_BACKTRACE=full" "-e" "RUSTFLAGS=--cap-lints=warn" "-e" "RUSTDOCFLAGS=--cap-lints=warn" "-w" "/opt/rustwide/workdir" "--user" "0:0" "717af04853b110540c47f2367b09189f0c21c3bee9b9a2f280cbfeb93f87cbc1" "/opt/rustwide/cargo-home/bin/cargo" "+1.99.0-beta.8" "build" "--frozen" "--message-format=json" "--release", kill_on_drop: false }`
[INFO] [stderr]    Compiling orx-self-or v1.2.0
[INFO] [stderr]    Compiling orx-pseudo-default v2.1.0
[INFO] [stderr]    Compiling orx-iterable v1.3.0
[INFO] [stderr]    Compiling orx-pinned-vec v4.1.0 (/opt/rustwide/workdir)
[INFO] [stderr]     Finished `release` profile [optimized] target(s) in 0.62s
[INFO] running `Command { std: "docker" "inspect" "717af04853b110540c47f2367b09189f0c21c3bee9b9a2f280cbfeb93f87cbc1", kill_on_drop: false }`
[INFO] running `Command { std: "docker" "exec" "-e" "SOURCE_DIR=/opt/rustwide/workdir" "-e" "CARGO_HOME=/opt/rustwide/cargo-home" "-e" "RUSTUP_HOME=/opt/rustwide/rustup-home" "-e" "CARGO_TARGET_DIR=/opt/rustwide/target" "-e" "CARGO_INCREMENTAL=0" "-e" "RUST_BACKTRACE=full" "-e" "RUSTFLAGS=--cap-lints=warn" "-e" "RUSTDOCFLAGS=--cap-lints=warn" "-w" "/opt/rustwide/workdir" "--user" "0:0" "717af04853b110540c47f2367b09189f0c21c3bee9b9a2f280cbfeb93f87cbc1" "/opt/rustwide/cargo-home/bin/cargo" "+1.99.0-beta.8" "test" "--frozen" "--no-run" "--message-format=json" "--release", kill_on_drop: false }`
[INFO] [stderr]    Compiling orx-pinned-vec v4.1.0 (/opt/rustwide/workdir)
[INFO] [stderr]     Finished `release` profile [optimized] target(s) in 1.22s
[INFO] running `Command { std: "docker" "inspect" "717af04853b110540c47f2367b09189f0c21c3bee9b9a2f280cbfeb93f87cbc1", kill_on_drop: false }`
[INFO] running `Command { std: "docker" "exec" "-e" "SOURCE_DIR=/opt/rustwide/workdir" "-e" "CARGO_HOME=/opt/rustwide/cargo-home" "-e" "RUSTUP_HOME=/opt/rustwide/rustup-home" "-e" "CARGO_TARGET_DIR=/opt/rustwide/target" "-e" "CARGO_INCREMENTAL=0" "-e" "RUST_BACKTRACE=full" "-e" "RUSTFLAGS=--cap-lints=warn" "-e" "RUSTDOCFLAGS=--cap-lints=warn" "-w" "/opt/rustwide/workdir" "--user" "0:0" "717af04853b110540c47f2367b09189f0c21c3bee9b9a2f280cbfeb93f87cbc1" "/opt/rustwide/cargo-home/bin/cargo" "+1.99.0-beta.8" "test" "--frozen" "--release", kill_on_drop: false }`
[INFO] [stderr]     Finished `release` profile [optimized] target(s) in 0.01s
[INFO] [stderr]      Running unittests src/lib.rs (/opt/rustwide/target/release/deps/orx_pinned_vec-d972db9429459a66)
[INFO] [stdout] 
[INFO] [stdout] running 44 tests
[INFO] [stdout] test pinned_vec_tests::extend::tests::test_extend_medium ... ok
[INFO] [stdout] test capacity::tests::maximum_concurrent_capacity ... ok
[INFO] [stdout] test pinned_vec_tests::insert::tests::test_insert_small ... ok
[INFO] [stdout] test pinned_vec_tests::extend_from_nonoverlapping::tests::test_extend_from_nonoverlapping_medium ... ok
[INFO] [stdout] test pinned_vec_tests::pop::tests::test_pop_empty ... ok
[INFO] [stdout] test pinned_vec_tests::insert::tests::test_insert_empty ... ok
[INFO] [stdout] test pinned_vec_tests::push::tests::test_push_medium ... ok
[INFO] [stdout] test pinned_vec_tests::extend_from_nonoverlapping::tests::test_extend_from_nonoverlapping_empty ... ok
[INFO] [stdout] test pinned_vec_tests::extend_from_nonoverlapping::tests::test_extend_from_nonoverlapping_small ... ok
[INFO] [stdout] test pinned_vec_tests::refmap::tests::deref_mut ... ok
[INFO] [stdout] test capacity::tests::current_capacity ... ok
[INFO] [stdout] test pinned_vec_tests::refmap::tests::drop_reference ... ok
[INFO] [stdout] test pinned_vec_tests::pop::tests::test_pop_small ... ok
[INFO] [stdout] test pinned_vec_tests::pop::tests::test_pop_medium ... ok
[INFO] [stdout] test pinned_vec_tests::push::tests::test_push_empty ... ok
[INFO] [stdout] test pinned_vec_tests::refmap::tests::new ... ok
[INFO] [stdout] test pinned_vec_tests::extend::tests::test_extend_small ... ok
[INFO] [stdout] test pinned_vec_tests::extend::tests::test_extend_empty ... ok
[INFO] [stdout] test pinned_vec_tests::refmap::tests::deref ... ok
[INFO] [stdout] test pinned_vec_tests::push::tests::test_push_small ... ok
[INFO] [stdout] test tests::imp_vec::into_imp_vec_moves_vector_into_imp_vec ... ok
[INFO] [stdout] test pinned_vec_tests::truncate::tests::test_truncate_empty ... ok
[INFO] [stdout] test tests::pinned_vec::is_empty ... ok
[INFO] [stdout] test pinned_vec_tests::remove::tests::test_remove_small ... ok
[INFO] [stdout] test pinned_vec_tests::test_all::tests::capacity_exceeding_vec_fails - should panic ... ok
[INFO] [stdout] test pinned_vec_tests::test_all::tests::empty_vec_passes ... ok
[INFO] [stdout] test tests::imp_vec::imp_extend_from_slice_adds_elements_without_invalidating_existing_references ... ok
[INFO] [stdout] test pinned_vec_tests::refmap::tests::set_reference ... ok
[INFO] [stdout] test pinned_vec_tests::remove::tests::test_remove_empty ... ok
[INFO] [stdout] test pinned_vec_tests::remove::tests::test_remove_medium ... ok
[INFO] [stdout] test pinned_vec_tests::truncate::tests::test_truncate_medium ... ok
[INFO] [stdout] test pinned_vec_tests::truncate::tests::test_truncate_small ... ok
[INFO] [stdout] test tests::imp_vec::imp_push_with_shared_reference_keeps_existing_pointers_valid ... ok
[INFO] [stdout] test pinned_vec_tests::test_all::tests::within_capacity_vec_passes ... ok
[INFO] [stdout] test tests::imp_vec::imp_push_get_ref_returns_reference_to_new_element ... ok
[INFO] [stdout] test pinned_vec_tests::insert::tests::test_insert_medium ... ok
[INFO] [stdout] test utils::tests::slice::index_of_ptr_different_allocation ... ok
[INFO] [stdout] test utils::slice::tests::contains_reference_wrong ... ok
[INFO] [stdout] test utils::tests::slice::index_of_ptr_empty_slice ... ok
[INFO] [stdout] test utils::slice::tests::index_of_wrong ... ok
[INFO] [stdout] test utils::tests::slice::index_of_ptr_out_of_bounds ... ok
[INFO] [stdout] test utils::slice::tests::index_of_some ... ok
[INFO] [stdout] test utils::slice::tests::contains_reference_correct ... ok
[INFO] [stdout] test utils::tests::slice::index_of_ptr_in_bounds ... ok
[INFO] [stdout] 
[INFO] [stdout] test result: ok. 44 passed; 0 failed; 0 ignored; 0 measured; 0 filtered out; finished in 0.09s
[INFO] [stdout] 
[INFO] [stderr]      Running tests/std_vec_tests.rs (/opt/rustwide/target/release/deps/std_vec_tests-57968dc008f2a582)
[INFO] [stdout] 
[INFO] [stdout] running 14 tests
[INFO] [stdout] test std_vec_extend - should panic ... ok
[INFO] [stdout] test std_vec_truncate - should panic ... ok
[INFO] [stdout] test std_vec_extend_with_capacity ... ok
[INFO] [stdout] test std_vec_truncate_with_capacity ... ok
[INFO] [stdout] test std_vec_push - should panic ... FAILED
[INFO] [stdout] test std_vec_push_with_capacity ... ok
[INFO] [stdout] test std_vec_remove - should panic ... FAILED
[INFO] [stdout] test std_vec_pop_with_capacity ... ok
[INFO] [stdout] test std_vec_pop - should panic ... FAILED
[INFO] [stdout] test std_vec_remove_with_capacity ... ok
[INFO] [stdout] test std_vec_insert - should panic ... FAILED
[INFO] [stdout] test std_vec_insert_with_capacity ... ok
[INFO] [stdout] test std_vec_all - should panic ... FAILED
[INFO] [stdout] test std_vec_all_with_capacity ... ok
[INFO] [stdout] 
[INFO] [stdout] failures:
[INFO] [stdout] 
[INFO] [stdout] ---- std_vec_push stdout ----
[INFO] [stdout] note: test did not panic as expected at tests/std_vec_tests.rs:389:4
[INFO] [stdout] ---- std_vec_remove stdout ----
[INFO] [stdout] note: test did not panic as expected at tests/std_vec_tests.rs:400:4
[INFO] [stdout] ---- std_vec_pop stdout ----
[INFO] [stdout] note: test did not panic as expected at tests/std_vec_tests.rs:378:4
[INFO] [stdout] ---- std_vec_insert stdout ----
[INFO] [stdout] note: test did not panic as expected at tests/std_vec_tests.rs:367:4
[INFO] [stdout] ---- std_vec_all stdout ----
[INFO] [stdout] note: test did not panic as expected at tests/std_vec_tests.rs:422:4
[INFO] [stdout] 
[INFO] [stdout] failures:
[INFO] [stdout]     std_vec_all
[INFO] [stdout]     std_vec_insert
[INFO] [stdout]     std_vec_pop
[INFO] [stdout]     std_vec_push
[INFO] [stdout]     std_vec_remove
[INFO] [stdout] 
[INFO] [stdout] test result: FAILED. 9 passed; 5 failed; 0 ignored; 0 measured; 0 filtered out; finished in 0.89s
[INFO] [stdout] 
[INFO] [stderr] error: test failed, to rerun pass `--test std_vec_tests`
[INFO] running `Command { std: "docker" "inspect" "717af04853b110540c47f2367b09189f0c21c3bee9b9a2f280cbfeb93f87cbc1", kill_on_drop: false }`
[INFO] running `Command { std: "docker" "rm" "-f" "717af04853b110540c47f2367b09189f0c21c3bee9b9a2f280cbfeb93f87cbc1", kill_on_drop: false }`
[INFO] [stdout] 717af04853b110540c47f2367b09189f0c21c3bee9b9a2f280cbfeb93f87cbc1
