[INFO] fetching crate orlando-transducers 0.6.0...
[INFO] testing orlando-transducers-0.6.0 against 1.99.0-beta.8+cargoflags=--release for beta-release-1.100-2
[INFO] extracting crate orlando-transducers 0.6.0 into /workspace/builds/worker-2-tc1/source
[INFO] removed /workspace/builds/worker-2-tc1/source/.cargo/config.toml
[INFO] started tweaking crates.io crate orlando-transducers 0.6.0
[INFO] removed 0 missing examples
[INFO] removed 0 missing tests
[INFO] finished tweaking crates.io crate orlando-transducers 0.6.0
[INFO] tweaked toml for crates.io crate orlando-transducers 0.6.0 written to /workspace/builds/worker-2-tc1/source/Cargo.toml
[INFO] validating manifest of crates.io crate orlando-transducers 0.6.0 on toolchain 1.99.0-beta.8
[INFO] running `Command { std: CARGO_HOME="/workspace/cargo-home" RUSTUP_HOME="/workspace/rustup-home" "/workspace/cargo-home/bin/cargo" "+1.99.0-beta.8" "metadata" "--manifest-path" "Cargo.toml" "--no-deps", kill_on_drop: false }`
[INFO] crate crates.io crate orlando-transducers 0.6.0 already has a lockfile, it will not be regenerated
[INFO] running `Command { std: CARGO_HOME="/workspace/cargo-home" RUSTUP_HOME="/workspace/rustup-home" "/workspace/cargo-home/bin/cargo" "+1.99.0-beta.8" "fetch" "--manifest-path" "Cargo.toml", kill_on_drop: false }`
[INFO] [stderr]     Updating crates.io index
[INFO] [stderr]  Downloading crates ...
[INFO] [stderr]   Downloaded karpal-profunctor v0.2.0
[INFO] [stderr]   Downloaded wasm-bindgen-test-macro v0.3.76
[INFO] [stderr]   Downloaded karpal-core v0.2.0
[INFO] [stderr]   Downloaded wasm-bindgen-test-shared v0.2.126
[INFO] [stderr]   Downloaded wasm-bindgen-test v0.3.76
[INFO] [stderr]   Downloaded karpal-optics v0.2.0
[INFO] running `Command { std: "docker" "create" "-v" "/var/lib/crater-agent-workspace/builds/worker-2-tc1/source:/opt/rustwide/workdir:ro,Z" "-v" "/var/lib/crater-agent-workspace/builds/worker-2-tc1/target:/opt/rustwide/target:rw,Z" "-v" "/var/lib/crater-agent-workspace/cargo-home:/opt/rustwide/cargo-home:ro,Z" "-v" "/var/lib/crater-agent-workspace/rustup-home:/opt/rustwide/rustup-home:ro,Z" "-m" "1610612736" "--network" "none" "ghcr.io/rust-lang/crates-build-env/linux@sha256:77db811e55d90add9212f6832c23229e3de5f1c1f9905e8cb07319ea15df73ac" "sleep" "infinity", kill_on_drop: false }`
[INFO] [stdout] 42c4d49f5bbd7a47c604a29e2dc8becd6423406680b5e79cee135e4e8065591c
[INFO] running `Command { std: "docker" "start" "42c4d49f5bbd7a47c604a29e2dc8becd6423406680b5e79cee135e4e8065591c", kill_on_drop: false }`
[INFO] running `Command { std: "docker" "inspect" "42c4d49f5bbd7a47c604a29e2dc8becd6423406680b5e79cee135e4e8065591c", kill_on_drop: false }`
[INFO] running `Command { std: "docker" "exec" "-e" "SOURCE_DIR=/opt/rustwide/workdir" "-e" "CARGO_HOME=/opt/rustwide/cargo-home" "-e" "RUSTUP_HOME=/opt/rustwide/rustup-home" "-e" "CARGO_TARGET_DIR=/opt/rustwide/target" "-w" "/opt/rustwide/workdir" "--user" "0:0" "42c4d49f5bbd7a47c604a29e2dc8becd6423406680b5e79cee135e4e8065591c" "/opt/rustwide/cargo-home/bin/cargo" "+1.99.0-beta.8" "metadata" "--no-deps" "--format-version=1", kill_on_drop: false }`
[INFO] running `Command { std: "docker" "inspect" "42c4d49f5bbd7a47c604a29e2dc8becd6423406680b5e79cee135e4e8065591c", kill_on_drop: false }`
[INFO] running `Command { std: "docker" "exec" "-e" "SOURCE_DIR=/opt/rustwide/workdir" "-e" "CARGO_HOME=/opt/rustwide/cargo-home" "-e" "RUSTUP_HOME=/opt/rustwide/rustup-home" "-e" "CARGO_TARGET_DIR=/opt/rustwide/target" "-e" "CARGO_INCREMENTAL=0" "-e" "RUST_BACKTRACE=full" "-e" "RUSTFLAGS=--cap-lints=warn" "-e" "RUSTDOCFLAGS=--cap-lints=warn" "-w" "/opt/rustwide/workdir" "--user" "0:0" "42c4d49f5bbd7a47c604a29e2dc8becd6423406680b5e79cee135e4e8065591c" "/opt/rustwide/cargo-home/bin/cargo" "+1.99.0-beta.8" "build" "--frozen" "--message-format=json" "--release", kill_on_drop: false }`
[INFO] [stderr]    Compiling libc v0.2.186
[INFO] [stderr]    Compiling zerocopy v0.8.52
[INFO] [stderr]    Compiling cfg-if v1.0.4
[INFO] [stderr]    Compiling karpal-core v0.2.0
[INFO] [stderr]    Compiling karpal-profunctor v0.2.0
[INFO] [stderr]    Compiling karpal-optics v0.2.0
[INFO] [stderr]    Compiling getrandom v0.2.17
[INFO] [stderr]    Compiling rand_core v0.6.4
[INFO] [stderr]    Compiling ppv-lite86 v0.2.21
[INFO] [stderr]    Compiling rand_chacha v0.3.1
[INFO] [stderr]    Compiling rand v0.8.6
[INFO] [stderr]    Compiling orlando-transducers v0.6.0 (/opt/rustwide/workdir)
[INFO] [stderr]     Finished `release` profile [optimized] target(s) in 6.35s
[INFO] running `Command { std: "docker" "inspect" "42c4d49f5bbd7a47c604a29e2dc8becd6423406680b5e79cee135e4e8065591c", kill_on_drop: false }`
[INFO] running `Command { std: "docker" "exec" "-e" "SOURCE_DIR=/opt/rustwide/workdir" "-e" "CARGO_HOME=/opt/rustwide/cargo-home" "-e" "RUSTUP_HOME=/opt/rustwide/rustup-home" "-e" "CARGO_TARGET_DIR=/opt/rustwide/target" "-e" "CARGO_INCREMENTAL=0" "-e" "RUST_BACKTRACE=full" "-e" "RUSTFLAGS=--cap-lints=warn" "-e" "RUSTDOCFLAGS=--cap-lints=warn" "-w" "/opt/rustwide/workdir" "--user" "0:0" "42c4d49f5bbd7a47c604a29e2dc8becd6423406680b5e79cee135e4e8065591c" "/opt/rustwide/cargo-home/bin/cargo" "+1.99.0-beta.8" "test" "--frozen" "--no-run" "--message-format=json" "--release", kill_on_drop: false }`
[INFO] [stderr]    Compiling libc v0.2.186
[INFO] [stderr]    Compiling proc-macro2 v1.0.106
[INFO] [stderr]    Compiling cfg-if v1.0.4
[INFO] [stderr]    Compiling unicode-ident v1.0.24
[INFO] [stderr]    Compiling quote v1.0.46
[INFO] [stderr]    Compiling zerocopy v0.8.52
[INFO] [stderr]    Compiling memchr v2.8.2
[INFO] [stderr]    Compiling serde_core v1.0.228
[INFO] [stderr]    Compiling regex-syntax v0.8.11
[INFO] [stderr]    Compiling getrandom v0.4.3
[INFO] [stderr]    Compiling getrandom v0.3.4
[INFO] [stderr]    Compiling crossbeam-utils v0.8.21
[INFO] [stderr]    Compiling rand_core v0.10.1
[INFO] [stderr]    Compiling autocfg v1.5.1
[INFO] [stderr]    Compiling serde v1.0.228
[INFO] [stderr]    Compiling zmij v1.0.21
[INFO] [stderr]    Compiling rustix v1.1.4
[INFO] [stderr]    Compiling once_cell v1.21.4
[INFO] [stderr]    Compiling serde_json v1.0.150
[INFO] [stderr]    Compiling either v1.16.0
[INFO] [stderr]    Compiling linux-raw-sys v0.12.1
[INFO] [stderr]    Compiling rayon-core v1.13.0
[INFO] [stderr]    Compiling bitflags v2.13.0
[INFO] [stderr]    Compiling aho-corasick v1.1.4
[INFO] [stderr]    Compiling plotters-backend v0.3.7
[INFO] [stderr]    Compiling itoa v1.0.18
[INFO] [stderr]    Compiling fastrand v2.4.1
[INFO] [stderr]    Compiling clap_lex v1.1.0
[INFO] [stderr]    Compiling anstyle v1.0.14
[INFO] [stderr]    Compiling ciborium-io v0.2.2
[INFO] [stderr]    Compiling log v0.4.33
[INFO] [stderr]    Compiling karpal-core v0.2.0
[INFO] [stderr]    Compiling clap_builder v4.6.0
[INFO] [stderr]    Compiling plotters-svg v0.3.7
[INFO] [stderr]    Compiling itertools v0.10.5
[INFO] [stderr]    Compiling same-file v1.0.6
[INFO] [stderr]    Compiling bit-vec v0.8.0
[INFO] [stderr]    Compiling cast v0.3.0
[INFO] [stderr]    Compiling quick-error v1.2.3
[INFO] [stderr]    Compiling fnv v1.0.7
[INFO] [stderr]    Compiling walkdir v2.5.0
[INFO] [stderr]    Compiling karpal-profunctor v0.2.0
[INFO] [stderr]    Compiling anes v0.1.6
[INFO] [stderr]    Compiling oorandom v11.1.5
[INFO] [stderr]    Compiling unarray v0.1.4
[INFO] [stderr]    Compiling karpal-optics v0.2.0
[INFO] [stderr]    Compiling num-traits v0.2.19
[INFO] [stderr]    Compiling crossbeam-epoch v0.9.18
[INFO] [stderr]    Compiling bit-set v0.8.0
[INFO] [stderr]    Compiling syn v2.0.118
[INFO] [stderr]    Compiling crossbeam-deque v0.8.6
[INFO] [stderr]    Compiling plotters v0.3.7
[INFO] [stderr]    Compiling getrandom v0.2.17
[INFO] [stderr]    Compiling wait-timeout v0.2.1
[INFO] [stderr]    Compiling is-terminal v0.4.17
[INFO] [stderr]    Compiling rand_core v0.6.4
[INFO] [stderr]    Compiling rand_core v0.9.5
[INFO] [stderr]    Compiling rand v0.10.2
[INFO] [stderr]    Compiling rand_xorshift v0.4.0
[INFO] [stderr]    Compiling rand v0.9.4
[INFO] [stderr]    Compiling rayon v1.12.0
[INFO] [stderr]    Compiling tempfile v3.27.0
[INFO] [stderr]    Compiling criterion-plot v0.5.0
[INFO] [stderr]    Compiling regex-automata v0.4.14
[INFO] [stderr]    Compiling rusty-fork v0.3.1
[INFO] [stderr]    Compiling clap v4.6.1
[INFO] [stderr]    Compiling regex v1.12.4
[INFO] [stderr]    Compiling env_filter v2.0.0
[INFO] [stderr]    Compiling env_logger v0.11.11
[INFO] [stderr]    Compiling quickcheck v1.1.0
[INFO] [stderr]    Compiling zerocopy-derive v0.8.52
[INFO] [stderr]    Compiling serde_derive v1.0.228
[INFO] [stderr]    Compiling quickcheck_macros v1.2.0
[INFO] [stderr]    Compiling tinytemplate v1.2.1
[INFO] [stderr]    Compiling ppv-lite86 v0.2.21
[INFO] [stderr]    Compiling half v2.7.1
[INFO] [stderr]    Compiling ciborium-ll v0.2.2
[INFO] [stderr]    Compiling rand_chacha v0.3.1
[INFO] [stderr]    Compiling rand_chacha v0.9.0
[INFO] [stderr]    Compiling ciborium v0.2.2
[INFO] [stderr]    Compiling proptest v1.11.0
[INFO] [stderr]    Compiling rand v0.8.6
[INFO] [stderr]    Compiling criterion v0.5.1
[INFO] [stderr]    Compiling orlando-transducers v0.6.0 (/opt/rustwide/workdir)
[INFO] [stderr]     Finished `release` profile [optimized] target(s) in 1m 38s
[INFO] running `Command { std: "docker" "inspect" "42c4d49f5bbd7a47c604a29e2dc8becd6423406680b5e79cee135e4e8065591c", kill_on_drop: false }`
[INFO] running `Command { std: "docker" "exec" "-e" "SOURCE_DIR=/opt/rustwide/workdir" "-e" "CARGO_HOME=/opt/rustwide/cargo-home" "-e" "RUSTUP_HOME=/opt/rustwide/rustup-home" "-e" "CARGO_TARGET_DIR=/opt/rustwide/target" "-e" "CARGO_INCREMENTAL=0" "-e" "RUST_BACKTRACE=full" "-e" "RUSTFLAGS=--cap-lints=warn" "-e" "RUSTDOCFLAGS=--cap-lints=warn" "-w" "/opt/rustwide/workdir" "--user" "0:0" "42c4d49f5bbd7a47c604a29e2dc8becd6423406680b5e79cee135e4e8065591c" "/opt/rustwide/cargo-home/bin/cargo" "+1.99.0-beta.8" "test" "--frozen" "--release", kill_on_drop: false }`
[INFO] [stderr]     Finished `release` profile [optimized] target(s) in 0.10s
[INFO] [stderr]      Running unittests src/lib.rs (/opt/rustwide/target/release/deps/orlando_transducers-353976ab0c32534e)
[INFO] [stdout] 
[INFO] [stdout] running 414 tests
[INFO] [stdout] test collectors::tests::test_contains_last_element ... ok
[INFO] [stdout] test collectors::tests::test_cycle_basic ... ok
[INFO] [stdout] test collectors::tests::test_contains_first_element ... ok
[INFO] [stdout] test collectors::tests::test_contains ... ok
[INFO] [stdout] test collectors::tests::test_cycle_empty_vec ... ok
[INFO] [stdout] test collectors::tests::test_drop_last_one ... ok
[INFO] [stdout] test collectors::tests::test_drop_last_basic ... ok
[INFO] [stdout] test collectors::tests::test_contains_with_transducer ... ok
[INFO] [stdout] test collectors::tests::test_drop_last_single_element ... ok
[INFO] [stdout] test collectors::tests::test_drop_last_composed_operations ... ok
[INFO] [stdout] test collectors::tests::test_cycle_strings ... ok
[INFO] [stdout] test collectors::tests::test_drop_last_large_data ... ok
[INFO] [stdout] test collectors::tests::test_drop_last_strings ... ok
[INFO] [stdout] test collectors::tests::test_drop_last_with_transducer ... ok
[INFO] [stdout] test collectors::tests::test_drop_last_all ... ok
[INFO] [stdout] test collectors::tests::test_drop_last_more_than_available ... ok
[INFO] [stdout] test collectors::tests::test_drop_last_zero ... ok
[INFO] [stdout] test collectors::tests::test_drop_last_take_last_coverage ... ok
[INFO] [stdout] test collectors::tests::test_drop_last_with_filter ... ok
[INFO] [stdout] test collectors::tests::test_contains_empty ... ok
[INFO] [stdout] test collectors::tests::test_difference_complete_overlap ... ok
[INFO] [stdout] test collectors::tests::test_count ... ok
[INFO] [stdout] test collectors::tests::test_every ... ok
[INFO] [stdout] test collectors::tests::test_drop_last_empty ... ok
[INFO] [stdout] test collectors::tests::test_find_empty ... ok
[INFO] [stdout] test collectors::tests::test_cycle_zero ... ok
[INFO] [stdout] test collectors::tests::test_group_by_empty ... ok
[INFO] [stdout] test collectors::tests::test_difference_removes_all_occurrences ... ok
[INFO] [stdout] test collectors::tests::test_find_with_transform ... ok
[INFO] [stdout] test collectors::tests::test_find_not_found ... ok
[INFO] [stdout] test collectors::tests::test_first ... ok
[INFO] [stdout] test collectors::tests::test_group_by ... ok
[INFO] [stdout] test collectors::tests::test_intersection_complete_overlap ... ok
[INFO] [stdout] test collectors::tests::test_difference_no_overlap ... ok
[INFO] [stdout] test collectors::tests::test_mean_empty ... ok
[INFO] [stdout] test collectors::tests::test_intersection_with_transducers ... ok
[INFO] [stdout] test collectors::tests::test_max_basic ... ok
[INFO] [stdout] test collectors::tests::test_max_by_empty ... ok
[INFO] [stdout] test collectors::tests::test_intersection_no_overlap ... ok
[INFO] [stdout] test collectors::tests::test_intersection_preserves_duplicates ... ok
[INFO] [stdout] test collectors::tests::test_max_by_basic ... ok
[INFO] [stdout] test collectors::tests::test_max_empty ... ok
[INFO] [stdout] test collectors::tests::test_max_with_map ... ok
[INFO] [stdout] test collectors::tests::test_mean_basic ... ok
[INFO] [stdout] test collectors::tests::test_difference_basic ... ok
[INFO] [stdout] test collectors::tests::test_find ... ok
[INFO] [stdout] test collectors::tests::test_group_by_single_group ... ok
[INFO] [stdout] test collectors::tests::test_group_by_with_transform ... ok
[INFO] [stdout] test collectors::tests::test_intersection_basic ... ok
[INFO] [stdout] test collectors::tests::test_mean_integers ... ok
[INFO] [stdout] test collectors::tests::test_mean_with_map ... ok
[INFO] [stdout] test collectors::tests::test_median_empty ... ok
[INFO] [stdout] test collectors::tests::test_merge_single_stream ... ok
[INFO] [stdout] test collectors::tests::test_merge_three_streams ... ok
[INFO] [stdout] test collectors::tests::test_min_empty ... ok
[INFO] [stdout] test collectors::tests::test_median_even_count ... ok
[INFO] [stdout] test collectors::tests::test_median_odd_count ... ok
[INFO] [stdout] test collectors::tests::test_median_single ... ok
[INFO] [stdout] test collectors::tests::test_merge_with_transducers ... ok
[INFO] [stdout] test collectors::tests::test_median_unsorted ... ok
[INFO] [stdout] test collectors::tests::test_merge_two_equal_length ... ok
[INFO] [stdout] test collectors::tests::test_merge_different_lengths ... ok
[INFO] [stdout] test collectors::tests::test_mode_empty ... ok
[INFO] [stdout] test collectors::tests::test_merge_empty_stream ... ok
[INFO] [stdout] test collectors::tests::test_min_with_map ... ok
[INFO] [stdout] test collectors::tests::test_mode_all_unique ... ok
[INFO] [stdout] test collectors::tests::test_min_by_basic ... ok
[INFO] [stdout] test collectors::tests::test_mode_strings ... ok
[INFO] [stdout] test collectors::tests::test_min_basic ... ok
[INFO] [stdout] test collectors::tests::test_min_by_empty ... ok
[INFO] [stdout] test collectors::tests::test_mode_basic ... ok
[INFO] [stdout] test collectors::tests::test_none_empty ... ok
[INFO] [stdout] test collectors::tests::test_partition ... ok
[INFO] [stdout] test collectors::tests::test_mode_with_map ... ok
[INFO] [stdout] test collectors::tests::test_partition_with_transform ... ok
[INFO] [stdout] test collectors::tests::test_phase4_with_filter ... ok
[INFO] [stdout] test collectors::tests::test_product_with_map ... ok
[INFO] [stdout] test collectors::tests::test_phase5_integration ... ok
[INFO] [stdout] test collectors::tests::test_product_with_zero ... ok
[INFO] [stdout] test collectors::tests::test_quantile_empty ... ok
[INFO] [stdout] test collectors::tests::test_quantile_max ... ok
[INFO] [stdout] test collectors::tests::test_quantile_median ... ok
[INFO] [stdout] test collectors::tests::test_quantile_p95 ... ok
[INFO] [stdout] test collectors::tests::test_quantile_min ... ok
[INFO] [stdout] test collectors::tests::test_quantile_single_element ... ok
[INFO] [stdout] test collectors::tests::test_range_basic ... ok
[INFO] [stdout] test collectors::tests::test_range_descending ... ok
[INFO] [stdout] test collectors::tests::test_phase5_cycle_with_transducer ... ok
[INFO] [stdout] test collectors::tests::test_none_with_transducer ... ok
[INFO] [stdout] test collectors::tests::test_product_empty ... ok
[INFO] [stdout] test collectors::tests::test_repeat_strings ... ok
[INFO] [stdout] test collectors::tests::test_repeat_zero ... ok
[INFO] [stdout] test collectors::tests::test_none ... ok
[INFO] [stdout] test collectors::tests::test_reverse_basic ... ok
[INFO] [stdout] test collectors::tests::test_none_all_match ... ok
[INFO] [stdout] test collectors::tests::test_partition_all_fail ... ok
[INFO] [stdout] test collectors::tests::test_range_zero_step - should panic ... ok
[INFO] [stdout] test collectors::tests::test_range_empty ... ok
[INFO] [stdout] test collectors::tests::test_range_negative_step ... ok
[INFO] [stdout] test collectors::tests::test_range_step_2 ... ok
[INFO] [stdout] test collectors::tests::test_repeat_basic ... ok
[INFO] [stdout] test collectors::tests::test_partition_all_pass ... ok
[INFO] [stdout] test collectors::tests::test_product_basic ... ok
[INFO] [stdout] test collectors::tests::test_quantile_invalid_p ... ok
[INFO] [stdout] test collectors::tests::test_reverse_empty ... ok
[INFO] [stdout] test collectors::tests::test_sort_by_with_map ... ok
[INFO] [stdout] test collectors::tests::test_symmetric_difference_basic ... ok
[INFO] [stdout] test collectors::tests::test_symmetric_difference_complete_overlap ... ok
[INFO] [stdout] test collectors::tests::test_sort_with_ascending ... ok
[INFO] [stdout] test collectors::tests::test_statistical_operations_pipeline ... ok
[INFO] [stdout] test collectors::tests::test_std_dev_basic ... ok
[INFO] [stdout] test collectors::tests::test_sum ... ok
[INFO] [stdout] test collectors::tests::test_symmetric_difference_duplicates ... ok
[INFO] [stdout] test collectors::tests::test_symmetric_difference_no_overlap ... ok
[INFO] [stdout] test collectors::tests::test_take_last_large_data ... ok
[INFO] [stdout] test collectors::tests::test_take_last_more_than_available ... ok
[INFO] [stdout] test collectors::tests::test_take_last_single_element ... ok
[INFO] [stdout] test collectors::tests::test_take_last_basic ... ok
[INFO] [stdout] test collectors::tests::test_take_last_empty ... ok
[INFO] [stdout] test collectors::tests::test_reverse_with_map ... ok
[INFO] [stdout] test collectors::tests::test_take_last_strings ... ok
[INFO] [stdout] test collectors::tests::test_reverse_single ... ok
[INFO] [stdout] test collectors::tests::test_std_dev_constant ... ok
[INFO] [stdout] test collectors::tests::test_sort_by_basic ... ok
[INFO] [stdout] test collectors::tests::test_take_last_with_filter ... ok
[INFO] [stdout] test collectors::tests::test_sort_by_empty ... ok
[INFO] [stdout] test collectors::tests::test_take_last_zero ... ok
[INFO] [stdout] test collectors::tests::test_take_last_with_transducer ... ok
[INFO] [stdout] test collectors::tests::test_sort_with_descending ... ok
[INFO] [stdout] test collectors::tests::test_take_last_composed_operations ... ok
[INFO] [stdout] test collectors::tests::test_union_empty ... ok
[INFO] [stdout] test collectors::tests::test_unfold_limit ... ok
[INFO] [stdout] test collectors::tests::test_union_basic ... ok
[INFO] [stdout] test collectors::tests::test_union_complete_overlap ... ok
[INFO] [stdout] test collectors::tests::test_unfold_powers_of_2 ... ok
[INFO] [stdout] test collectors::tests::test_union_removes_duplicates ... ok
[INFO] [stdout] test collectors::tests::test_union_no_overlap ... ok
[INFO] [stdout] test collectors::tests::test_symmetric_difference_preserves_order ... ok
[INFO] [stdout] test collectors::tests::test_take_last_drop_last_equivalence ... ok
[INFO] [stdout] test collectors::tests::test_take_last_one ... ok
[INFO] [stdout] test collectors::tests::test_unfold_fibonacci ... ok
[INFO] [stdout] test collectors::tests::test_unfold_countdown ... ok
[INFO] [stdout] test collectors::tests::test_unfold_early_stop ... ok
[INFO] [stdout] test collectors::tests::test_take_last_all ... ok
[INFO] [stdout] test collectors::tests::test_std_dev_empty ... ok
[INFO] [stdout] test collectors::tests::test_zip_equal_length ... ok
[INFO] [stdout] test collectors::tests::test_to_vec ... ok
[INFO] [stdout] test collectors::tests::test_variance_basic ... ok
[INFO] [stdout] test describe::tests::test_conditional_stages ... ok
[INFO] [stdout] test describe::tests::test_compose_describe_matches_actual_execution ... ok
[INFO] [stdout] test describe::tests::test_reversibility_classification ... ok
[INFO] [stdout] test describe::tests::test_describable_through_trait_object ... ok
[INFO] [stdout] test describe::tests::test_stage_names ... ok
[INFO] [stdout] test describe::tests::test_identity_stage ... ok
[INFO] [stdout] test describe::tests::test_deeply_nested_compose ... ok
[INFO] [stdout] test describe::tests::test_compose_preserves_data_flow_order ... ok
[INFO] [stdout] test geometric_optics::tests::property_tests::prop_grade_involution_involution ... ok
[INFO] [stdout] test geometric_optics::tests::property_tests::prop_grade_extract_length ... ok
[INFO] [stdout] test collectors::tests::test_variance_empty ... ok
[INFO] [stdout] test collectors::tests::test_zip_with_different_types ... ok
[INFO] [stdout] test collectors::tests::test_variance_single_element ... ok
[INFO] [stdout] test describe::tests::test_atomic_stages ... ok
[INFO] [stdout] test collectors::tests::test_variance_two_elements ... ok
[INFO] [stdout] test collectors::tests::test_zip_with ... ok
[INFO] [stdout] test geometric_optics::tests::property_tests::prop_grade_mask_consistent ... ok
[INFO] [stdout] test collectors::tests::test_zip ... ok
[INFO] [stdout] test geometric_optics::tests::property_tests::prop_grade_project_idempotent ... ok
[INFO] [stdout] test geometric_optics::tests::property_tests::prop_norm_non_negative ... ok
[INFO] [stdout] test geometric_optics::tests::test_4d_grade_indices ... ok
[INFO] [stdout] test geometric_optics::tests::test_binomial_sum ... ok
[INFO] [stdout] test geometric_optics::tests::test_blade_grade_vectors ... ok
[INFO] [stdout] test geometric_optics::tests::property_tests::prop_normalize_unit ... ok
[INFO] [stdout] test geometric_optics::tests::test_blade_grade_bivectors ... ok
[INFO] [stdout] test geometric_optics::tests::test_blades_at_grade_count_3d ... ok
[INFO] [stdout] test geometric_optics::tests::test_blade_grade_scalar ... ok
[INFO] [stdout] test geometric_optics::tests::test_blades_at_grade_count_4d ... ok
[INFO] [stdout] test geometric_optics::tests::test_extract_then_norm ... ok
[INFO] [stdout] test geometric_optics::tests::property_tests::prop_reverse_involution ... ok
[INFO] [stdout] test geometric_optics::tests::test_2d_algebra ... ok
[INFO] [stdout] test geometric_optics::tests::test_grade_extract_empty ... ok
[INFO] [stdout] test geometric_optics::tests::test_blade_grade_trivector ... ok
[INFO] [stdout] test geometric_optics::tests::test_component_get ... ok
[INFO] [stdout] test geometric_optics::tests::test_grade_extract_bivectors ... ok
[INFO] [stdout] test geometric_optics::tests::test_grade_extract_scalar ... ok
[INFO] [stdout] test geometric_optics::tests::test_component_set ... ok
[INFO] [stdout] test geometric_optics::tests::test_grade_extract_vectors ... ok
[INFO] [stdout] test geometric_optics::tests::test_grade_mask_zero ... ok
[INFO] [stdout] test geometric_optics::tests::test_grade_project_max_all ... ok
[INFO] [stdout] test geometric_optics::tests::test_grade_project_scalar_only ... ok
[INFO] [stdout] test geometric_optics::tests::test_grade_involution ... ok
[INFO] [stdout] test geometric_optics::tests::test_grade_project_vectors_only ... ok
[INFO] [stdout] test geometric_optics::tests::test_grade_mask_bivector_only ... ok
[INFO] [stdout] test geometric_optics::tests::test_is_pure_grade_zero ... ok
[INFO] [stdout] test geometric_optics::tests::test_grade_extract_trivector ... ok
[INFO] [stdout] test geometric_optics::tests::test_grade_project_idempotent ... ok
[INFO] [stdout] test geometric_optics::tests::test_grade_mask_scalar_only ... ok
[INFO] [stdout] test geometric_optics::tests::test_grade_indices_3d ... ok
[INFO] [stdout] test geometric_optics::tests::test_is_pure_grade_mixed ... ok
[INFO] [stdout] test geometric_optics::tests::test_grade_filter_pattern ... ok
[INFO] [stdout] test geometric_optics::tests::test_grade_project_max ... ok
[INFO] [stdout] test geometric_optics::tests::test_reverse ... ok
[INFO] [stdout] test invert::tests::composed_invert_describes_reversed ... ok
[INFO] [stdout] test geometric_optics::tests::test_reverse_involution ... ok
[INFO] [stdout] test geometric_optics::tests::test_grade_involution_involution ... ok
[INFO] [stdout] test geometric_optics::tests::test_has_grade ... ok
[INFO] [stdout] test geometric_optics::tests::test_grade_mask_all_grades ... ok
[INFO] [stdout] test geometric_optics::tests::test_norm_zero ... ok
[INFO] [stdout] test geometric_optics::tests::test_normalize_zero ... ok
[INFO] [stdout] test geometric_optics::tests::test_normalize ... ok
[INFO] [stdout] test geometric_optics::tests::test_project_preserves_grade_mask ... ok
[INFO] [stdout] test geometric_optics::tests::test_norm_squared ... ok
[INFO] [stdout] test geometric_optics::tests::test_is_pure_grade_vector ... ok
[INFO] [stdout] test invert::tests::composed_invert_reverses_order ... ok
[INFO] [stdout] test invert::tests::free_invert_function ... ok
[INFO] [stdout] test invert::tests::composed_involution ... ok
[INFO] [stdout] test invert::tests::invert_is_involution ... ok
[INFO] [stdout] test invert::tests::iso_map_forward_applies_to ... ok
[INFO] [stdout] test invert::tests::iso_map_invert_describes_as_isomap ... ok
[INFO] [stdout] test geometric_optics::tests::test_norm_345 ... ok
[INFO] [stdout] test invert::tests::iso_map_invert_recovers_input ... ok
[INFO] [stdout] test iter_ext::tests::test_transduce_map ... ok
[INFO] [stdout] test iter_ext::tests::test_pipeline_builder_filter ... ok
[INFO] [stdout] test iter_ext::tests::test_pipeline_builder_map_filter_take ... ok
[INFO] [stdout] test invert::tests::three_stage_pipeline_round_trips ... ok
[INFO] [stdout] test invert::tests::iso_map_invert_actually_uses_from ... ok
[INFO] [stdout] test iter_ext::tests::test_transduce_with_for_loop ... ok
[INFO] [stdout] test iter_ext::tests::test_transduce_filter ... ok
[INFO] [stdout] test logic::tests::test_both ... ok
[INFO] [stdout] test logic::tests::test_all_pass ... ok
[INFO] [stdout] test logic::tests::test_any_pass ... ok
[INFO] [stdout] test iter_ext::tests::test_transduce_take ... ok
[INFO] [stdout] test iter_ext::tests::test_transduce_composed ... ok
[INFO] [stdout] test iter_ext::tests::test_transduce_empty_iterator ... ok
[INFO] [stdout] test logic::tests::test_complement ... ok
[INFO] [stdout] test macros::tests::descriptor_matches_describe_deep ... ok
[INFO] [stdout] test logic::tests::test_when ... ok
[INFO] [stdout] test macros::tests::descriptor_basic ... ok
[INFO] [stdout] test logic::tests::test_unless ... ok
[INFO] [stdout] test macros::tests::pipeline_all_stage_forms_build ... ok
[INFO] [stdout] test macros::tests::descriptor_all_unit_stages ... ok
[INFO] [stdout] test logic::tests::test_either ... ok
[INFO] [stdout] test macros::tests::pipeline_matches_manual_compose ... ok
[INFO] [stdout] test logic::tests::test_if_else ... ok
[INFO] [stdout] test macros::tests::pipeline_no_extra_imports_needed ... ok
[INFO] [stdout] test macros::tests::pipeline_iso_map_is_invertible ... ok
[INFO] [stdout] test macros::tests::descriptor_matches_describe_of_pipeline ... ok
[INFO] [stdout] test invert::tests::identity_in_compose_is_invertible ... ok
[INFO] [stdout] test invert::tests::identity_inverts_to_identity ... ok
[INFO] [stdout] test invert::tests::iso_map_describes_as_isomap ... ok
[INFO] [stdout] test macros::tests::descriptor_empty ... ok
[INFO] [stdout] test iter_ext::tests::test_pipeline_builder_take ... ok
[INFO] [stdout] test macros::tests::pipeline_parametric_stages ... ok
[INFO] [stdout] test macros::tests::pipeline_describes_for_free ... ok
[INFO] [stdout] test macros::tests::descriptor_in_const_context ... ok
[INFO] [stdout] test macros::tests::pipeline_three_stages ... ok
[INFO] [stdout] test iter_ext::tests::test_transduce_chaining_with_std_iterators ... ok
[INFO] [stdout] test optics::tests::iso_laws_properties::prop_iso_over_equivalence ... ok
[INFO] [stdout] test macros::tests::pipeline_single_stage ... ok
[INFO] [stdout] test optics::tests::prism_laws_properties::prop_prism_preview_review ... ok
[INFO] [stdout] test optics::tests::iso_laws_properties::prop_iso_round_trip_backward ... ok
[INFO] [stdout] test optics::tests::prism_laws_properties::prop_prism_over_non_match ... ok
[INFO] [stdout] test optics::tests::iso_laws_properties::prop_iso_round_trip_forward ... ok
[INFO] [stdout] test optics::tests::prism_laws_properties::prop_prism_review_preview ... ok
[INFO] [stdout] test optics::tests::profunctor_tests::test_fold_any_all_find ... ok
[INFO] [stdout] test optics::tests::profunctor_tests::test_iso_to_fold ... ok
[INFO] [stdout] test optics::tests::profunctor_tests::test_iso_to_traversal ... ok
[INFO] [stdout] test optics::tests::profunctor_tests::test_iso_transform_fnp ... ok
[INFO] [stdout] test optics::tests::profunctor_tests::test_iso_transform_matches_over ... ok
[INFO] [stdout] test optics::tests::profunctor_tests::test_fold_then ... ok
[INFO] [stdout] test optics::tests::profunctor_tests::test_lens_to_fold ... ok
[INFO] [stdout] test optics::tests::profunctor_tests::test_lens_then ... ok
[INFO] [stdout] test optics::tests::profunctor_tests::test_lens_transform_fnp_modification ... ok
[INFO] [stdout] test optics::tests::profunctor_tests::test_lens_transform_matches_over ... ok
[INFO] [stdout] test optics::tests::profunctor_tests::test_fold_fold_map ... ok
[INFO] [stdout] test optics::tests::profunctor_tests::test_lens_to_traversal ... ok
[INFO] [stdout] test optics::tests::profunctor_tests::test_lens_transform_fnp ... ok
[INFO] [stdout] test optics::tests::profunctor_tests::test_prism_to_traversal ... ok
[INFO] [stdout] test optics::tests::profunctor_tests::test_optional_to_fold ... ok
[INFO] [stdout] test optics::tests::profunctor_tests::test_prism_transform_fnp_match ... ok
[INFO] [stdout] test optics::tests::profunctor_tests::test_prism_to_fold ... ok
[INFO] [stdout] test optics::tests::profunctor_tests::test_traversal_then ... ok
[INFO] [stdout] test optics::tests::profunctor_tests::test_prism_transform_matches_over ... ok
[INFO] [stdout] test optics::tests::profunctor_tests::test_traversal_transform_matches_over_all ... ok
[INFO] [stdout] test optics::tests::profunctor_tests::test_traversal_to_fold ... ok
[INFO] [stdout] test optics::tests::profunctor_tests::test_traversal_transform_fnp ... ok
[INFO] [stdout] test optics::tests::test_fold_first ... ok
[INFO] [stdout] test optics::tests::test_fold_length ... ok
[INFO] [stdout] test optics::tests::test_fold_basic ... ok
[INFO] [stdout] test optics::tests::test_fold_empty ... ok
[INFO] [stdout] test optics::tests::test_iso_as_lens ... ok
[INFO] [stdout] test optics::tests::test_fold_on_struct ... ok
[INFO] [stdout] test optics::tests::test_iso_law_round_trip_backward ... ok
[INFO] [stdout] test optics::tests::test_iso_as_prism ... ok
[INFO] [stdout] test optics::tests::test_iso_from ... ok
[INFO] [stdout] test optics::tests::test_iso_law_round_trip_forward ... ok
[INFO] [stdout] test optics::tests::test_iso_over ... ok
[INFO] [stdout] test optics::tests::test_iso_string_len ... ok
[INFO] [stdout] test optics::tests::test_iso_to ... ok
[INFO] [stdout] test optics::tests::test_iso_reverse ... ok
[INFO] [stdout] test optics::tests::test_lens_composition ... ok
[INFO] [stdout] test optics::tests::test_lens_law_put_get ... ok
[INFO] [stdout] test optics::tests::optional_laws_properties::prop_optional_get_or_none ... ok
[INFO] [stdout] test optics::tests::test_lens_get ... ok
[INFO] [stdout] test optics::tests::test_lens_over ... ok
[INFO] [stdout] test optics::tests::test_lens_law_get_put ... ok
[INFO] [stdout] test optics::tests::test_lens_law_put_put ... ok
[INFO] [stdout] test optics::tests::test_optional_get_or ... ok
[INFO] [stdout] test optics::tests::test_optional_get_some ... ok
[INFO] [stdout] test optics::tests::test_optional_over_some ... ok
[INFO] [stdout] test optics::tests::test_lens_set ... ok
[INFO] [stdout] test optics::tests::test_optional_get_none ... ok
[INFO] [stdout] test optics::tests::optional_laws_properties::prop_optional_over_none ... ok
[INFO] [stdout] test optics::tests::test_optional_over_none ... ok
[INFO] [stdout] test optics::tests::test_prism_over_match ... ok
[INFO] [stdout] test optics::tests::test_prism_over_no_match ... ok
[INFO] [stdout] test optics::tests::test_prism_preview_match ... ok
[INFO] [stdout] test optics::tests::test_prism_preview_no_match ... ok
[INFO] [stdout] test optics::tests::test_prism_rectangle_variant ... ok
[INFO] [stdout] test optics::tests::test_prism_review ... ok
[INFO] [stdout] test optics::tests::test_traversal_get_all ... ok
[INFO] [stdout] test optics::tests::test_traversal_law_composition ... ok
[INFO] [stdout] test optics::tests::test_traversal_law_identity ... ok
[INFO] [stdout] test optics::tests::test_prism_law_preview_review ... ok
[INFO] [stdout] test optics::tests::test_traversal_on_struct ... ok
[INFO] [stdout] test optics::tests::test_prism_law_review_preview ... ok
[INFO] [stdout] test optics::tests::test_traversal_over_all ... ok
[INFO] [stdout] test optics::tests::traversal_laws_properties::prop_traversal_identity ... ok
[INFO] [stdout] test optics::tests::test_traversal_empty ... ok
[INFO] [stdout] test optics::tests::test_traversal_set_all ... ok
[INFO] [stdout] test optics::tests::traversal_laws_properties::prop_traversal_preserves_length ... ok
[INFO] [stdout] test provenance::tests::trace_chunk_completion_index ... ok
[INFO] [stdout] test provenance::tests::trace_aperture_indices ... ok
[INFO] [stdout] test optics::tests::traversal_laws_properties::prop_traversal_composition ... ok
[INFO] [stdout] test provenance::tests::trace_filter_all_dropped ... ok
[INFO] [stdout] test provenance::tests::trace_filter_kept_mask ... ok
[INFO] [stdout] test provenance::tests::trace_filter_outputs_of_dropped_is_empty ... ok
[INFO] [stdout] test provenance::tests::trace_flatmap_shares_source_index ... ok
[INFO] [stdout] test provenance::tests::trace_map_preserves_indices ... ok
[INFO] [stdout] test provenance::tests::trace_source_of ... ok
[INFO] [stdout] test provenance::tests::trace_composed_lossy_pipeline ... ok
[INFO] [stdout] test provenance::tests::trace_drop_suffix ... ok
[INFO] [stdout] test provenance::tests::trace_empty_source ... ok
[INFO] [stdout] test optics::tests::optional_laws_properties::prop_optional_get_none ... ok
[INFO] [stdout] test optics::tests::test_traversal_as_fold ... ok
[INFO] [stdout] test provenance::tests::trace_take_prefix ... ok
[INFO] [stdout] test provenance::tests::trace_works_on_invertible_pipeline ... ok
[INFO] [stdout] test signal::tests::test_signal_basic ... ok
[INFO] [stdout] test signal::tests::test_signal_combine ... ok
[INFO] [stdout] test signal::tests::test_signal_combine_string ... ok
[INFO] [stdout] test signal::tests::test_signal_map ... ok
[INFO] [stdout] test signal::tests::test_signal_map_chain ... ok
[INFO] [stdout] test signal::tests::test_signal_multiple_subscribers ... ok
[INFO] [stdout] test signal::tests::test_signal_update ... ok
[INFO] [stdout] test step::tests::test_continue ... ok
[INFO] [stdout] test step::tests::test_map ... ok
[INFO] [stdout] test step::tests::test_monad_laws ... ok
[INFO] [stdout] test stream::tests::test_stream_default ... ok
[INFO] [stdout] test signal::tests::test_signal_fold ... ok
[INFO] [stdout] test step::tests::test_stop ... ok
[INFO] [stdout] test stream::tests::test_stream_fold_to_signal ... ok
[INFO] [stdout] test signal::tests::test_signal_subscribe ... ok
[INFO] [stdout] test stream::tests::test_stream_filter ... ok
[INFO] [stdout] test stream::tests::test_stream_merge ... ok
[INFO] [stdout] test stream::tests::test_stream_multiple_subscribers ... ok
[INFO] [stdout] test stream::tests::test_stream_map ... ok
[INFO] [stdout] test tests::test_composition_laws ... ok
[INFO] [stdout] test tests::test_early_termination ... ok
[INFO] [stdout] test stream::tests::test_stream_map_filter_chain ... ok
[INFO] [stdout] test tests::test_basic_pipeline ... ok
[INFO] [stdout] test tests::test_no_intermediate_allocations ... ok
[INFO] [stdout] test transducer::tests::test_identity ... ok
[INFO] [stdout] test transducer::tests::test_identity_laws ... ok
[INFO] [stdout] test transforms::tests::test_aperture_basic ... ok
[INFO] [stdout] test transforms::tests::test_aperture_composition ... ok
[INFO] [stdout] test transforms::tests::test_aperture_early_termination ... ok
[INFO] [stdout] test transforms::tests::test_aperture_exact_fit ... ok
[INFO] [stdout] test optics::tests::lens_laws_properties::prop_lens_over_equivalence ... ok
[INFO] [stdout] test transforms::tests::test_aperture_empty ... ok
[INFO] [stdout] test transforms::tests::test_aperture_insufficient_elements ... ok
[INFO] [stdout] test transforms::tests::test_aperture_large_data ... ok
[INFO] [stdout] test optics::tests::lens_laws_properties::prop_lens_law_get_put ... ok
[INFO] [stdout] test optics::tests::optional_laws_properties::prop_optional_over_some ... ok
[INFO] [stdout] test transforms::tests::test_aperture_size_1 ... ok
[INFO] [stdout] test transforms::tests::test_aperture_size_2 ... ok
[INFO] [stdout] test transforms::tests::test_aperture_with_filter ... ok
[INFO] [stdout] test transforms::tests::test_aperture_zero_size - should panic ... ok
[INFO] [stdout] test transforms::tests::test_chunk_exact ... ok
[INFO] [stdout] test transforms::tests::test_chunk_partial ... ok
[INFO] [stdout] test transforms::tests::test_aperture_large_window ... ok
[INFO] [stdout] test transforms::tests::test_chunk_composition ... ok
[INFO] [stdout] test transforms::tests::test_filter ... ok
[INFO] [stdout] test transforms::tests::test_flatmap ... ok
[INFO] [stdout] test transforms::tests::test_chunk_zero_size - should panic ... ok
[INFO] [stdout] test transforms::tests::test_aperture_single_element ... ok
[INFO] [stdout] test transforms::tests::test_aperture_strings ... ok
[INFO] [stdout] test transforms::tests::test_chunk ... ok
[INFO] [stdout] test transforms::tests::test_flatmap_composition ... ok
[INFO] [stdout] test transforms::tests::test_reject ... ok
[INFO] [stdout] test transforms::tests::test_reject_vs_filter ... ok
[INFO] [stdout] test transforms::tests::test_take ... ok
[INFO] [stdout] test transforms::tests::test_map ... ok
[INFO] [stdout] test transforms::tests::test_flatmap_early_termination ... ok
[INFO] [stdout] test transforms::tests::test_flatmap_empty ... ok
[INFO] [stdout] test optics::tests::lens_laws_properties::prop_lens_composition_set ... ok
[INFO] [stdout] test transforms::tests::test_reject_composition ... ok
[INFO] [stdout] test optics::tests::lens_laws_properties::prop_lens_law_put_get ... ok
[INFO] [stdout] test optics::tests::profunctor_tests::test_prism_transform_fnp_no_match ... ok
[INFO] [stdout] test optics::tests::lens_laws_properties::prop_lens_composition_get ... ok
[INFO] [stdout] test optics::tests::lens_laws_properties::prop_lens_law_put_put ... ok
[INFO] [stdout] test stream::tests::test_stream_emit_subscribe ... ok
[INFO] [stdout] test stream::tests::test_stream_fold_sum ... ok
[INFO] [stdout] test stream::tests::test_stream_take ... ok
[INFO] [stdout] test optics::tests::optional_laws_properties::prop_optional_get_some ... ok
[INFO] [stdout] test optics::tests::optional_laws_properties::prop_optional_get_or_some ... ok
[INFO] [stdout] 
[INFO] [stdout] test result: ok. 414 passed; 0 failed; 0 ignored; 0 measured; 0 filtered out; finished in 0.25s
[INFO] [stdout] 
[INFO] [stderr]      Running tests/integration.rs (/opt/rustwide/target/release/deps/integration-3971e0b921e95eb4)
[INFO] [stdout] 
[INFO] [stdout] running 76 tests
[INFO] [stdout] test test_both_predicate ... ok
[INFO] [stdout] test test_collectors_some ... ok
[INFO] [stdout] test test_cartesian_product ... ok
[INFO] [stdout] test test_cartesian_product_empty ... ok
[INFO] [stdout] test test_collectors_count ... ok
[INFO] [stdout] test test_collectors_first ... ok
[INFO] [stdout] test test_collectors_sum ... ok
[INFO] [stdout] test test_all_pass_predicate ... ok
[INFO] [stdout] test test_collectors_last ... ok
[INFO] [stdout] test test_collectors_every ... ok
[INFO] [stdout] test test_any_pass_predicate ... ok
[INFO] [stdout] test test_drop_while ... ok
[INFO] [stdout] test test_early_termination_efficiency ... ok
[INFO] [stdout] test test_complex_logic_pipeline ... ok
[INFO] [stdout] test test_geometric_optics_grade_project_in_pipeline ... ok
[INFO] [stdout] test test_complex_pipeline ... ok
[INFO] [stdout] test test_composition_associativity ... ok
[INFO] [stdout] test test_either_predicate ... ok
[INFO] [stdout] test test_fold_aggregate ... ok
[INFO] [stdout] test test_geometric_optics_pure_grade_filter ... ok
[INFO] [stdout] test test_cartesian_product_single ... ok
[INFO] [stdout] test test_geometric_optics_with_pipeline ... ok
[INFO] [stdout] test test_if_else_transducer ... ok
[INFO] [stdout] test test_if_else_with_filter ... ok
[INFO] [stdout] test test_interpose_single ... ok
[INFO] [stdout] test test_frequencies ... ok
[INFO] [stdout] test test_identity_laws ... ok
[INFO] [stdout] test test_frequencies_with_transform ... ok
[INFO] [stdout] test test_complement_predicate ... ok
[INFO] [stdout] test test_drop ... ok
[INFO] [stdout] test test_frequencies_empty ... ok
[INFO] [stdout] test test_interpose ... ok
[INFO] [stdout] test test_interpose_empty ... ok
[INFO] [stdout] test test_interpose_composition ... ok
[INFO] [stdout] test test_iso_as_lens_composition ... ok
[INFO] [stdout] test test_large_dataset ... ok
[INFO] [stdout] test test_repeat_each ... ok
[INFO] [stdout] test test_reservoir_sample_empty ... ok
[INFO] [stdout] test test_prism_with_enum_pipeline ... ok
[INFO] [stdout] test test_iso_bidirectional ... ok
[INFO] [stdout] test test_reservoir_sample_k_greater_than_n ... ok
[INFO] [stdout] test test_map_filter_take_pipeline ... ok
[INFO] [stdout] test test_nested_logic_predicates ... ok
[INFO] [stdout] test test_partition_by_single_group ... ok
[INFO] [stdout] test test_scan ... ok
[INFO] [stdout] test test_repeat_each_composition ... ok
[INFO] [stdout] test test_repeat_each_one ... ok
[INFO] [stdout] test test_partition_by ... ok
[INFO] [stdout] test test_repeat_each_with_take ... ok
[INFO] [stdout] test test_interpose_with_strings ... ok
[INFO] [stdout] test test_partition_by_empty ... ok
[INFO] [stdout] test test_repeat_each_zero ... ok
[INFO] [stdout] test test_partition_by_with_transform ... ok
[INFO] [stdout] test test_reservoir_sample ... ok
[INFO] [stdout] test test_take_while ... ok
[INFO] [stdout] test test_reservoir_sample_with_transform ... ok
[INFO] [stdout] test test_signal_with_transducer ... ok
[INFO] [stdout] test test_stream_map_filter_take_pipeline ... ok
[INFO] [stdout] test test_signal_combine_multiple ... ok
[INFO] [stdout] test test_stream_fold_with_pipeline_pattern ... ok
[INFO] [stdout] test test_tap_side_effects ... ok
[INFO] [stdout] test test_top_k ... ok
[INFO] [stdout] test test_top_k_empty ... ok
[INFO] [stdout] test test_unique_by ... ok
[INFO] [stdout] test test_unless_transducer ... ok
[INFO] [stdout] test test_when_composition ... ok
[INFO] [stdout] test test_when_transducer ... ok
[INFO] [stdout] test test_zip_longest_empty ... ok
[INFO] [stdout] test test_zip_longest_equal_length ... ok
[INFO] [stdout] test test_traversal_with_nested_structs ... ok
[INFO] [stdout] test test_zip_longest ... ok
[INFO] [stderr]      Running tests/property_tests.rs (/opt/rustwide/target/release/deps/property_tests-a907b2ab7d5fe33e)
[INFO] [stdout] test test_when_with_take ... ok
[INFO] [stdout] test test_top_k_k_greater_than_n ... ok
[INFO] [stdout] test test_top_k_with_transform ... ok
[INFO] [stdout] test test_unique ... ok
[INFO] [stdout] test test_zip_longest_first_longer ... ok
[INFO] [stdout] 
[INFO] [stdout] test result: ok. 76 passed; 0 failed; 0 ignored; 0 measured; 0 filtered out; finished in 0.02s
[INFO] [stdout] 
[INFO] [stdout] 
[INFO] [stdout] running 127 tests
[INFO] [stdout] test test_any_pass_empty_always_false ... ok
[INFO] [stdout] test test_aperture_size_1_is_identity ... ok
[INFO] [stdout] test test_aperture_with_filter ... ok
[INFO] [stdout] test test_aperture_overlap ... ok
[INFO] [stdout] test test_aperture_preserves_elements ... ok
[INFO] [stdout] test test_all_pass_empty_always_true ... ok
[INFO] [stdout] test test_aperture_take_last_composition ... ok
[INFO] [stdout] test test_complement_double_negation ... ok
[INFO] [stdout] test test_chunk_preserves_order ... ok
[INFO] [stdout] test test_de_morgan_and ... ok
[INFO] [stdout] test test_cartesian_product_length ... ok
[INFO] [stdout] test test_chunk_with_take ... ok
[INFO] [stdout] test test_aperture_window_count ... ok
[INFO] [stdout] test test_de_morgan_or ... ok
[INFO] [stdout] test test_count_equals_length ... ok
[INFO] [stdout] test test_both_commutative ... ok
[INFO] [stdout] test test_difference_exclusion ... ok
[INFO] [stdout] test test_both_idempotent ... ok
[INFO] [stdout] test test_composition_associativity ... ok
[INFO] [stdout] test test_aperture_window_size ... ok
[INFO] [stdout] test test_chunk_flatten_roundtrip ... ok
[INFO] [stdout] test test_associativity ... ok
[INFO] [stdout] test test_cartesian_product_completeness ... ok
[INFO] [stdout] test test_chunk_sizes ... ok
[INFO] [stdout] test test_difference_identity ... ok
[INFO] [stdout] test test_chunk_count ... ok
[INFO] [stdout] test test_drop_last_correctness ... ok
[INFO] [stdout] test test_drop_last_length ... ok
[INFO] [stdout] test test_difference_self_empty ... ok
[INFO] [stdout] test test_drop_last_zero_identity ... ok
[INFO] [stdout] test test_drop_last_preserves_order ... ok
[INFO] [stdout] test test_dropwhile_suffix ... ok
[INFO] [stdout] test test_drop_take_commute ... ok
[INFO] [stdout] test test_either_commutative ... ok
[INFO] [stdout] test test_filter_decreases_length ... ok
[INFO] [stdout] test test_filter_composition_law ... ok
[INFO] [stdout] test test_either_idempotent ... ok
[INFO] [stdout] test test_drop_last_overflow ... ok
[INFO] [stdout] test test_filter_composition ... ok
[INFO] [stdout] test test_flatmap_associativity ... ok
[INFO] [stdout] test test_find_with_transform ... ok
[INFO] [stdout] test test_drop_last_with_map ... ok
[INFO] [stdout] test test_find_early_termination ... ok
[INFO] [stdout] test test_find_returns_first_match ... ok
[INFO] [stdout] test test_every_early_exit ... ok
[INFO] [stdout] test test_find_empty_collection ... ok
[INFO] [stdout] test test_first_correctness ... ok
[INFO] [stdout] test test_flatmap_early_termination ... ok
[INFO] [stdout] test test_first_early_termination ... ok
[INFO] [stdout] test test_if_else_always_transforms ... ok
[INFO] [stdout] test test_flatmap_empty ... ok
[INFO] [stdout] test test_flatmap_identity ... ok
[INFO] [stdout] test test_flatmap_flattens ... ok
[INFO] [stdout] test test_group_by_correctness ... ok
[INFO] [stdout] test test_intersection_idempotent ... ok
[INFO] [stdout] test test_interpose_length ... ok
[INFO] [stdout] test test_identity_is_identity ... ok
[INFO] [stdout] test test_last_correctness ... ok
[INFO] [stdout] test test_group_by_preserves_order ... ok
[INFO] [stdout] test test_intersection_subset ... ok
[INFO] [stdout] test test_intersection_commutative ... ok
[INFO] [stdout] test test_flatmap_preserves_order ... ok
[INFO] [stdout] test test_identity_left ... ok
[INFO] [stdout] test test_frequencies_correctness ... ok
[INFO] [stdout] test test_interpose_preserves_elements ... ok
[INFO] [stdout] test test_map_filter_interchange ... ok
[INFO] [stdout] test test_map_filter_fusion_correctness ... ok
[INFO] [stdout] test test_every_all_match ... ok
[INFO] [stdout] test test_map_composition_law ... ok
[INFO] [stdout] test test_merge_alternation ... ok
[INFO] [stdout] test test_frequencies_total_count ... ok
[INFO] [stdout] test test_map_preserves_length ... ok
[INFO] [stdout] test test_map_fusion ... ok
[INFO] [stdout] test test_partition_fail_elements ... ok
[INFO] [stdout] test test_group_by_total_count ... ok
[INFO] [stdout] test test_partition_by_preserves_elements ... ok
[INFO] [stdout] test test_partition_total_count ... ok
[INFO] [stdout] test test_partition_by_consecutive ... ok
[INFO] [stdout] test test_reject_decreases_length ... ok
[INFO] [stdout] test test_repeat_each_consecutive ... ok
[INFO] [stdout] test test_reject_inverse_of_filter ... ok
[INFO] [stdout] test test_partition_with_transform ... ok
[INFO] [stdout] test test_repeat_each_length ... ok
[INFO] [stdout] test test_reject_complement_elements ... ok
[INFO] [stdout] test test_reject_filter_complement ... ok
[INFO] [stdout] test test_identity_right ... ok
[INFO] [stdout] test test_partition_preserves_order ... ok
[INFO] [stdout] test test_merge_identity ... ok
[INFO] [stdout] test test_partition_pass_elements ... ok
[INFO] [stdout] test test_merge_preserves_all_elements ... ok
[INFO] [stdout] test test_reservoir_sample_size ... ok
[INFO] [stdout] test test_some_exists ... ok
[INFO] [stdout] test test_sum_correctness ... ok
[INFO] [stdout] test test_scan_cumulative ... ok
[INFO] [stdout] test test_symmetric_difference_no_common ... ok
[INFO] [stdout] test test_take_last_preserves_order ... ok
[INFO] [stdout] test test_take_drop_last_partition ... ok
[INFO] [stdout] test test_set_distributive_law ... ok
[INFO] [stdout] test test_take_last_length ... ok
[INFO] [stdout] test test_symmetric_difference_self_empty ... ok
[INFO] [stdout] test test_take_drop_relationship ... ok
[INFO] [stdout] test test_take_last_correctness ... ok
[INFO] [stdout] test test_take_early_termination ... ok
[INFO] [stdout] test test_take_bounds ... ok
[INFO] [stdout] test test_take_last_overflow ... ok
[INFO] [stdout] test test_reservoir_sample_membership ... ok
[INFO] [stdout] test test_when_with_filter_equivalence ... ok
[INFO] [stdout] test test_take_order ... ok
[INFO] [stdout] test test_top_k_correctness ... ok
[INFO] [stdout] test test_takewhile_early_termination ... ok
[INFO] [stdout] test test_unique_no_consecutive_dups ... ok
[INFO] [stdout] test test_symmetric_difference_commutative ... ok
[INFO] [stdout] test test_zip_longest_fills ... ok
[INFO] [stdout] test test_union_identity ... ok
[INFO] [stdout] test test_unless_preserves_matching ... ok
[INFO] [stdout] test test_top_k_size ... ok
[INFO] [stdout] test test_union_contains_all ... ok
[INFO] [stdout] test test_zip_length ... ok
[INFO] [stdout] test test_zip_correctness ... ok
[INFO] [stdout] test test_take_last_with_map ... ok
[INFO] [stdout] test test_take_last_zero ... ok
[INFO] [stdout] test test_zip_longest_length ... ok
[INFO] [stdout] test test_takewhile_prefix ... ok
[INFO] [stdout] test test_when_preserves_non_matching ... ok
[INFO] [stdout] test test_zip_with_correctness ... ok
[INFO] [stdout] test test_zip_with_empty ... ok
[INFO] [stdout] test test_union_commutative ... ok
[INFO] [stdout] 
[INFO] [stdout] test result: ok. 127 passed; 0 failed; 0 ignored; 0 measured; 0 filtered out; finished in 0.09s
[INFO] [stdout] 
[INFO] [stdout] 
[INFO] [stderr]      Running tests/wasm_tests.rs (/opt/rustwide/target/release/deps/wasm_tests-357eeceab6ce1f0c)
[INFO] [stdout] running 0 tests
[INFO] [stderr]    Doc-tests orlando_transducers
[INFO] [stdout] 
[INFO] [stdout] test result: ok. 0 passed; 0 failed; 0 ignored; 0 measured; 0 filtered out; finished in 0.00s
[INFO] [stdout] 
[INFO] [stdout] 
[INFO] [stdout] running 154 tests
[INFO] [stdout] test src/collectors.rs - collectors::drop_last (line 1173) ... FAILED
[INFO] [stdout] test src/collectors.rs - collectors::every (line 186) ... FAILED
[INFO] [stdout] test src/collectors.rs - collectors::difference (line 585) ... FAILED
[INFO] [stdout] test src/collectors.rs - collectors::first (line 141) ... FAILED
[INFO] [stdout] test src/collectors.rs - collectors::count (line 120) ... FAILED
[INFO] [stdout] test src/collectors.rs - collectors::drop_last (line 1181) ... FAILED
[INFO] [stdout] test src/collectors.rs - collectors::difference (line 576) ... FAILED
[INFO] [stdout] test src/collectors.rs - collectors::cartesian_product (line 1087) ... FAILED
[INFO] [stdout] test src/collectors.rs - collectors::cycle (line 1852) ... FAILED
[INFO] [stdout] test src/collectors.rs - collectors::frequencies (line 975) ... FAILED
[INFO] [stdout] test src/collectors.rs - collectors::cartesian_product (line 1075) ... FAILED
[INFO] [stdout] test src/collectors.rs - collectors::contains (line 407) ... FAILED
[INFO] [stdout] test src/collectors.rs - collectors::frequencies (line 988) ... FAILED
[INFO] [stdout] test src/collectors.rs - collectors::drop_last (line 1190) ... ok
[INFO] [stdout] test src/collectors.rs - collectors::cycle (line 1845) ... FAILED
[INFO] [stdout] test src/collectors.rs - collectors::find (line 292) ... ok
[INFO] [stdout] test src/collectors.rs - collectors::intersection (line 548) ... FAILED
[INFO] [stdout] test src/collectors.rs - collectors::group_by (line 331) ... FAILED
[INFO] [stdout] test src/collectors.rs - collectors::mean (line 1265) ... FAILED
[INFO] [stdout] test src/collectors.rs - collectors::max (line 1371) ... FAILED
[INFO] [stdout] test src/collectors.rs - collectors::max (line 1379) ... FAILED
[INFO] [stdout] test src/collectors.rs - collectors::last (line 165) ... FAILED
[INFO] [stdout] test src/collectors.rs - collectors::intersection (line 539) ... FAILED
[INFO] [stdout] test src/collectors.rs - collectors::max_by (line 1442) ... FAILED
[INFO] [stdout] test src/collectors.rs - collectors::median (line 1304) ... FAILED
[INFO] [stdout] test src/collectors.rs - collectors::min (line 1340) ... FAILED
[INFO] [stdout] test src/collectors.rs - collectors::median (line 1296) ... FAILED
[INFO] [stdout] test src/collectors.rs - collectors::mean (line 1257) ... FAILED
[INFO] [stdout] test src/collectors.rs - collectors::min (line 1348) ... FAILED
[INFO] [stdout] test src/collectors.rs - collectors::merge (line 502) ... FAILED
[INFO] [stdout] test src/collectors.rs - collectors::merge (line 493) ... FAILED
[INFO] [stdout] test src/collectors.rs - collectors::mode (line 1618) ... FAILED
[INFO] [stdout] test src/collectors.rs - collectors::min_by (line 1403) ... FAILED
[INFO] [stdout] test src/collectors.rs - collectors::none (line 371) ... FAILED
[INFO] [stdout] test src/collectors.rs - collectors::mode (line 1610) ... FAILED
[INFO] [stdout] test src/collectors.rs - collectors::partition (line 253) ... FAILED
[INFO] [stdout] test src/collectors.rs - collectors::product (line 1234) ... FAILED
[INFO] [stdout] test src/collectors.rs - collectors::range (line 1786) ... FAILED
[INFO] [stdout] test src/collectors.rs - collectors::partition_by (line 798) ... FAILED
[INFO] [stdout] test src/collectors.rs - collectors::repeat (line 1822) ... FAILED
[INFO] [stdout] test src/collectors.rs - collectors::partition_by (line 811) ... FAILED
[INFO] [stdout] test src/collectors.rs - collectors::quantile (line 1559) ... FAILED
[INFO] [stdout] test src/collectors.rs - collectors::range (line 1778) ... FAILED
[INFO] [stdout] test src/collectors.rs - collectors::range (line 1771) ... FAILED
[INFO] [stdout] test src/collectors.rs - collectors::quantile (line 1550) ... FAILED
[INFO] [stdout] test src/collectors.rs - collectors::reduce (line 57) ... FAILED
[INFO] [stdout] test src/collectors.rs - collectors::product (line 1226) ... FAILED
[INFO] [stdout] test src/collectors.rs - collectors::repeat (line 1829) ... FAILED
[INFO] [stdout] test src/collectors.rs - collectors::reservoir_sample (line 733) ... FAILED
[INFO] [stdout] test src/collectors.rs - collectors::some (line 218) ... FAILED
[INFO] [stdout] test src/collectors.rs - collectors::reservoir_sample (line 724) ... FAILED
[INFO] [stdout] test src/collectors.rs - collectors::reverse (line 1737) ... FAILED
[INFO] [stdout] test src/collectors.rs - collectors::reverse (line 1745) ... FAILED
[INFO] [stdout] test src/collectors.rs - collectors::take_last (line 1132) ... FAILED
[INFO] [stdout] test src/collectors.rs - collectors::std_dev (line 1524) ... FAILED
[INFO] [stdout] test src/collectors.rs - collectors::sum (line 99) ... FAILED
[INFO] [stdout] test src/collectors.rs - collectors::symmetric_difference (line 672) ... FAILED
[INFO] [stdout] test src/collectors.rs - collectors::symmetric_difference (line 663) ... FAILED
[INFO] [stdout] test src/collectors.rs - collectors::sort_by (line 1662) ... FAILED
[INFO] [stdout] test src/collectors.rs - collectors::to_vec (line 18) ... FAILED
[INFO] [stdout] test src/collectors.rs - collectors::unfold (line 1873) ... FAILED
[INFO] [stdout] test src/collectors.rs - collectors::sort_with (line 1703) ... FAILED
[INFO] [stdout] test src/collectors.rs - collectors::take_last (line 1141) ... FAILED
[INFO] [stdout] test src/collectors.rs - collectors::take_last (line 1124) ... FAILED
[INFO] [stdout] test src/collectors.rs - collectors::top_k (line 908) ... FAILED
[INFO] [stdout] test src/collectors.rs - collectors::top_k (line 895) ... FAILED
[INFO] [stdout] test src/collectors.rs - collectors::variance (line 1482) ... FAILED
[INFO] [stdout] test src/collectors.rs - collectors::unfold (line 1884) ... FAILED
[INFO] [stdout] test src/collectors.rs - collectors::union (line 622) ... FAILED
[INFO] [stdout] test src/collectors.rs - collectors::zip_longest (line 1031) ... FAILED
[INFO] [stdout] test src/collectors.rs - collectors::zip (line 442) ... FAILED
[INFO] [stdout] test src/collectors.rs - collectors::zip_longest (line 1021) ... FAILED
[INFO] [stdout] test src/collectors.rs - collectors::union (line 613) ... FAILED
[INFO] [stdout] test src/collectors.rs - collectors::zip_with (line 465) ... FAILED
[INFO] [stdout] test src/geometric_optics.rs - geometric_optics::component_get (line 285) ... FAILED
[INFO] [stdout] test src/geometric_optics.rs - geometric_optics::blade_grade (line 55) ... FAILED
[INFO] [stdout] test src/geometric_optics.rs - geometric_optics::grade_indices (line 112) ... FAILED
[INFO] [stdout] test src/geometric_optics.rs - geometric_optics (line 31) ... FAILED
[INFO] [stdout] test src/geometric_optics.rs - geometric_optics::grade_extract (line 134) ... FAILED
[INFO] [stdout] test src/describe.rs - describe (line 26) ... FAILED
[INFO] [stdout] test src/geometric_optics.rs - geometric_optics::grade_mask (line 217) ... FAILED
[INFO] [stdout] test src/geometric_optics.rs - geometric_optics::component_set (line 302) ... FAILED
[INFO] [stdout] test src/geometric_optics.rs - geometric_optics::blades_at_grade_count (line 75) ... FAILED
[INFO] [stdout] test src/geometric_optics.rs - geometric_optics::normalize (line 356) ... FAILED
[INFO] [stdout] test src/geometric_optics.rs - geometric_optics::grade_project (line 162) ... FAILED
[INFO] [stdout] test src/geometric_optics.rs - geometric_optics::grade_involution (line 379) ... FAILED
[INFO] [stdout] test src/geometric_optics.rs - geometric_optics::grade_project_max (line 188) ... FAILED
[INFO] [stdout] test src/geometric_optics.rs - geometric_optics::reverse (line 405) ... FAILED
[INFO] [stdout] test src/geometric_optics.rs - geometric_optics::is_pure_grade (line 266) ... FAILED
[INFO] [stdout] test src/geometric_optics.rs - geometric_optics::norm (line 324) ... FAILED
[INFO] [stdout] test src/geometric_optics.rs - geometric_optics::norm_squared (line 339) ... FAILED
[INFO] [stdout] test src/geometric_optics.rs - geometric_optics::has_grade (line 248) ... FAILED
[INFO] [stdout] test src/invert.rs - invert::IsoMap (line 84) ... FAILED
[INFO] [stdout] test src/invert.rs - invert (line 26) ... FAILED
[INFO] [stdout] test src/iter_ext.rs - iter_ext (line 11) ... FAILED
[INFO] [stdout] test src/logic.rs - logic::Unless (line 225) ... FAILED
[INFO] [stdout] test src/lib.rs - (line 46) ... FAILED
[INFO] [stdout] test src/logic.rs - logic::IfElse (line 285) ... FAILED
[INFO] [stdout] test src/iter_ext.rs - iter_ext::PipelineBuilder (line 132) ... FAILED
[INFO] [stdout] test src/iter_ext.rs - iter_ext::TransduceExt::transduce (line 37) ... FAILED
[INFO] [stdout] test src/logic.rs - logic::When (line 165) ... FAILED
[INFO] [stdout] test src/logic.rs - logic::all_pass (line 109) ... FAILED
[INFO] [stdout] test src/logic.rs - logic::any_pass (line 135) ... FAILED
[INFO] [stdout] test src/logic.rs - logic::both (line 35) ... FAILED
[INFO] [stdout] test src/logic.rs - logic::complement (line 86) ... FAILED
[INFO] [stdout] test src/macros.rs - macros (line 48) ... FAILED
[INFO] [stdout] test src/logic.rs - logic::either (line 60) ... FAILED
[INFO] [stdout] test src/macros.rs - macros (line 24) ... FAILED
[INFO] [stdout] test src/optics.rs - optics (line 27) ... FAILED
[INFO] [stdout] test src/macros.rs - macros::pipeline_descriptor (line 204) ... FAILED
[INFO] [stdout] test src/optics.rs - optics::Iso (line 529) ... FAILED
[INFO] [stdout] test src/macros.rs - macros::pipeline (line 93) ... FAILED
[INFO] [stdout] test src/optics.rs - optics::Fold (line 676) ... FAILED
[INFO] [stdout] test src/optics.rs - optics::Lens<S,A>::get (line 130) ... FAILED
[INFO] [stdout] test src/optics.rs - optics::Prism (line 389) ... FAILED
[INFO] [stdout] test src/optics.rs - optics::Lens<S,A>::new (line 104) ... FAILED
[INFO] [stdout] test src/optics.rs - optics::Lens<S,A>::compose (line 256) ... FAILED
[INFO] [stdout] test src/optics.rs - optics::Lens<S,A>::over (line 173) ... FAILED
[INFO] [stdout] test src/optics.rs - optics::Lens<S,A>::set (line 150) ... FAILED
[INFO] [stdout] test src/provenance.rs - provenance (line 29) ... FAILED
[INFO] [stdout] test src/signal.rs - signal::Signal<T>::combine (line 130) ... FAILED
[INFO] [stdout] test src/provenance.rs - provenance::trace (line 144) ... FAILED
[INFO] [stdout] test src/signal.rs - signal (line 14) ... FAILED
[INFO] [stdout] test src/signal.rs - signal::Signal<T>::fold (line 192) ... FAILED
[INFO] [stdout] test src/signal.rs - signal::Signal<T>::map (line 99) ... FAILED
[INFO] [stdout] test src/step.rs - step::Step (line 27) ... FAILED
[INFO] [stdout] test src/stream.rs - stream::Stream<T>::filter (line 121) ... FAILED
[INFO] [stdout] test src/optics.rs - optics::Traversal (line 777) ... FAILED
[INFO] [stdout] test src/stream.rs - stream (line 14) ... FAILED
[INFO] [stdout] test src/stream.rs - stream::Stream<T>::map (line 85) ... FAILED
[INFO] [stdout] test src/stream.rs - stream::Stream<T>::fold (line 166) ... FAILED
[INFO] [stdout] test src/transducer.rs - transducer::Transducer (line 43) ... FAILED
[INFO] [stdout] test src/stream.rs - stream::Stream<T>::merge (line 199) ... FAILED
[INFO] [stdout] test src/stream.rs - stream::Stream<T>::take (line 248) ... FAILED
[INFO] [stdout] test src/transforms.rs - transforms::Aperture (line 865) ... FAILED
[INFO] [stdout] test src/transforms.rs - transforms::Aperture (line 889) ... FAILED
[INFO] [stdout] test src/transforms.rs - transforms::Aperture (line 879) ... FAILED
[INFO] [stdout] test src/transforms.rs - transforms::DropWhile (line 392) ... FAILED
[INFO] [stdout] test src/transforms.rs - transforms::Chunk (line 176) ... FAILED
[INFO] [stdout] test src/transforms.rs - transforms::Drop (line 345) ... FAILED
[INFO] [stdout] test src/transforms.rs - transforms::Filter (line 71) ... FAILED
[INFO] [stdout] test src/transforms.rs - transforms::Interpose (line 740) ... FAILED
[INFO] [stdout] test src/transforms.rs - transforms::FlatMap (line 622) ... FAILED
[INFO] [stdout] test src/transforms.rs - transforms::Map (line 26) ... ok
[INFO] [stdout] test src/transforms.rs - transforms::Interpose (line 731) ... ok
[INFO] [stdout] test src/transforms.rs - transforms::RepeatEach (line 810) ... ok
[INFO] [stdout] test src/transforms.rs - transforms::Reject (line 121) ... ok
[INFO] [stdout] test src/transforms.rs - transforms::Take (line 242) ... ok
[INFO] [stdout] test src/transforms.rs - transforms::Scan (line 555) ... ok
[INFO] [stdout] test src/transforms.rs - transforms::RepeatEach (line 801) ... ok
[INFO] [stdout] test src/transforms.rs - transforms::Tap (line 683) ... ok
[INFO] [stdout] test src/transforms.rs - transforms::TakeWhile (line 297) ... ok
[INFO] [stdout] test src/transforms.rs - transforms::UniqueBy (line 499) ... ok
[INFO] [stdout] test src/transforms.rs - transforms::Unique (line 446) ... ok
[INFO] [stdout] 
[INFO] [stdout] failures:
[INFO] [stdout] 
[INFO] [stdout] ---- src/collectors.rs - collectors::drop_last (line 1173) stdout ----
[INFO] [stdout] Couldn't compile the test.
[INFO] [stdout] ---- src/collectors.rs - collectors::every (line 186) stdout ----
[INFO] [stdout] Couldn't compile the test.
[INFO] [stdout] ---- src/collectors.rs - collectors::difference (line 585) stdout ----
[INFO] [stdout] Couldn't compile the test.
[INFO] [stdout] ---- src/collectors.rs - collectors::first (line 141) stdout ----
[INFO] [stdout] Couldn't compile the test.
[INFO] [stdout] ---- src/collectors.rs - collectors::count (line 120) stdout ----
[INFO] [stdout] Couldn't compile the test.
[INFO] [stdout] ---- src/collectors.rs - collectors::drop_last (line 1181) stdout ----
[INFO] [stdout] Couldn't compile the test.
[INFO] [stdout] ---- src/collectors.rs - collectors::difference (line 576) stdout ----
[INFO] [stdout] Couldn't compile the test.
[INFO] [stdout] ---- src/collectors.rs - collectors::cartesian_product (line 1087) stdout ----
[INFO] [stdout] Couldn't compile the test.
[INFO] [stdout] ---- src/collectors.rs - collectors::cycle (line 1852) stdout ----
[INFO] [stdout] Couldn't compile the test.
[INFO] [stdout] ---- src/collectors.rs - collectors::frequencies (line 975) stdout ----
[INFO] [stdout] Couldn't compile the test.
[INFO] [stdout] ---- src/collectors.rs - collectors::cartesian_product (line 1075) stdout ----
[INFO] [stdout] Couldn't compile the test.
[INFO] [stdout] ---- src/collectors.rs - collectors::contains (line 407) stdout ----
[INFO] [stdout] Couldn't compile the test.
[INFO] [stdout] ---- src/collectors.rs - collectors::frequencies (line 988) stdout ----
[INFO] [stdout] Couldn't compile the test.
[INFO] [stdout] ---- src/collectors.rs - collectors::cycle (line 1845) stdout ----
[INFO] [stdout] Couldn't compile the test.
[INFO] [stdout] ---- src/collectors.rs - collectors::intersection (line 548) stdout ----
[INFO] [stdout] Couldn't compile the test.
[INFO] [stdout] ---- src/collectors.rs - collectors::group_by (line 331) stdout ----
[INFO] [stdout] Couldn't compile the test.
[INFO] [stdout] ---- src/collectors.rs - collectors::mean (line 1265) stdout ----
[INFO] [stdout] Couldn't compile the test.
[INFO] [stdout] ---- src/collectors.rs - collectors::max (line 1371) stdout ----
[INFO] [stdout] Couldn't compile the test.
[INFO] [stdout] ---- src/collectors.rs - collectors::max (line 1379) stdout ----
[INFO] [stdout] Couldn't compile the test.
[INFO] [stdout] ---- src/collectors.rs - collectors::last (line 165) stdout ----
[INFO] [stdout] Couldn't compile the test.
[INFO] [stdout] ---- src/collectors.rs - collectors::intersection (line 539) stdout ----
[INFO] [stdout] Couldn't compile the test.
[INFO] [stdout] ---- src/collectors.rs - collectors::max_by (line 1442) stdout ----
[INFO] [stdout] Couldn't compile the test.
[INFO] [stdout] ---- src/collectors.rs - collectors::median (line 1304) stdout ----
[INFO] [stdout] Couldn't compile the test.
[INFO] [stdout] ---- src/collectors.rs - collectors::min (line 1340) stdout ----
[INFO] [stdout] Couldn't compile the test.
[INFO] [stdout] ---- src/collectors.rs - collectors::median (line 1296) stdout ----
[INFO] [stdout] Couldn't compile the test.
[INFO] [stdout] ---- src/collectors.rs - collectors::mean (line 1257) stdout ----
[INFO] [stdout] Couldn't compile the test.
[INFO] [stdout] ---- src/collectors.rs - collectors::min (line 1348) stdout ----
[INFO] [stdout] Couldn't compile the test.
[INFO] [stdout] ---- src/collectors.rs - collectors::merge (line 502) stdout ----
[INFO] [stdout] Couldn't compile the test.
[INFO] [stdout] ---- src/collectors.rs - collectors::merge (line 493) stdout ----
[INFO] [stdout] Couldn't compile the test.
[INFO] [stdout] ---- src/collectors.rs - collectors::mode (line 1618) stdout ----
[INFO] [stdout] Couldn't compile the test.
[INFO] [stdout] ---- src/collectors.rs - collectors::min_by (line 1403) stdout ----
[INFO] [stdout] Couldn't compile the test.
[INFO] [stdout] ---- src/collectors.rs - collectors::none (line 371) stdout ----
[INFO] [stdout] Couldn't compile the test.
[INFO] [stdout] ---- src/collectors.rs - collectors::mode (line 1610) stdout ----
[INFO] [stdout] Couldn't compile the test.
[INFO] [stdout] ---- src/collectors.rs - collectors::partition (line 253) stdout ----
[INFO] [stdout] Couldn't compile the test.
[INFO] [stdout] ---- src/collectors.rs - collectors::product (line 1234) stdout ----
[INFO] [stdout] Couldn't compile the test.
[INFO] [stdout] ---- src/collectors.rs - collectors::range (line 1786) stdout ----
[INFO] [stdout] Couldn't compile the test.
[INFO] [stdout] ---- src/collectors.rs - collectors::partition_by (line 798) stdout ----
[INFO] [stdout] Couldn't compile the test.
[INFO] [stdout] ---- src/collectors.rs - collectors::repeat (line 1822) stdout ----
[INFO] [stdout] Couldn't compile the test.
[INFO] [stdout] ---- src/collectors.rs - collectors::partition_by (line 811) stdout ----
[INFO] [stdout] Couldn't compile the test.
[INFO] [stdout] ---- src/collectors.rs - collectors::quantile (line 1559) stdout ----
[INFO] [stdout] Couldn't compile the test.
[INFO] [stdout] ---- src/collectors.rs - collectors::range (line 1778) stdout ----
[INFO] [stdout] Couldn't compile the test.
[INFO] [stdout] ---- src/collectors.rs - collectors::range (line 1771) stdout ----
[INFO] [stdout] Couldn't compile the test.
[INFO] [stdout] ---- src/collectors.rs - collectors::quantile (line 1550) stdout ----
[INFO] [stdout] Couldn't compile the test.
[INFO] [stdout] ---- src/collectors.rs - collectors::reduce (line 57) stdout ----
[INFO] [stdout] Couldn't compile the test.
[INFO] [stdout] ---- src/collectors.rs - collectors::product (line 1226) stdout ----
[INFO] [stdout] Couldn't compile the test.
[INFO] [stdout] ---- src/collectors.rs - collectors::repeat (line 1829) stdout ----
[INFO] [stdout] Couldn't compile the test.
[INFO] [stdout] ---- src/collectors.rs - collectors::reservoir_sample (line 733) stdout ----
[INFO] [stdout] Couldn't compile the test.
[INFO] [stdout] ---- src/collectors.rs - collectors::some (line 218) stdout ----
[INFO] [stdout] Couldn't compile the test.
[INFO] [stdout] ---- src/collectors.rs - collectors::reservoir_sample (line 724) stdout ----
[INFO] [stdout] Couldn't compile the test.
[INFO] [stdout] ---- src/collectors.rs - collectors::reverse (line 1737) stdout ----
[INFO] [stdout] Couldn't compile the test.
[INFO] [stdout] ---- src/collectors.rs - collectors::reverse (line 1745) stdout ----
[INFO] [stdout] Couldn't compile the test.
[INFO] [stdout] ---- src/collectors.rs - collectors::take_last (line 1132) stdout ----
[INFO] [stdout] Couldn't compile the test.
[INFO] [stdout] ---- src/collectors.rs - collectors::std_dev (line 1524) stdout ----
[INFO] [stdout] Couldn't compile the test.
[INFO] [stdout] ---- src/collectors.rs - collectors::sum (line 99) stdout ----
[INFO] [stdout] Couldn't compile the test.
[INFO] [stdout] ---- src/collectors.rs - collectors::symmetric_difference (line 672) stdout ----
[INFO] [stdout] Couldn't compile the test.
[INFO] [stdout] ---- src/collectors.rs - collectors::symmetric_difference (line 663) stdout ----
[INFO] [stdout] Couldn't compile the test.
[INFO] [stdout] ---- src/collectors.rs - collectors::sort_by (line 1662) stdout ----
[INFO] [stdout] Couldn't compile the test.
[INFO] [stdout] ---- src/collectors.rs - collectors::to_vec (line 18) stdout ----
[INFO] [stdout] Couldn't compile the test.
[INFO] [stdout] ---- src/collectors.rs - collectors::unfold (line 1873) stdout ----
[INFO] [stdout] Couldn't compile the test.
[INFO] [stdout] ---- src/collectors.rs - collectors::sort_with (line 1703) stdout ----
[INFO] [stdout] Couldn't compile the test.
[INFO] [stdout] ---- src/collectors.rs - collectors::take_last (line 1141) stdout ----
[INFO] [stdout] Couldn't compile the test.
[INFO] [stdout] ---- src/collectors.rs - collectors::take_last (line 1124) stdout ----
[INFO] [stdout] Couldn't compile the test.
[INFO] [stdout] ---- src/collectors.rs - collectors::top_k (line 908) stdout ----
[INFO] [stdout] Couldn't compile the test.
[INFO] [stdout] ---- src/collectors.rs - collectors::top_k (line 895) stdout ----
[INFO] [stdout] Couldn't compile the test.
[INFO] [stdout] ---- src/collectors.rs - collectors::variance (line 1482) stdout ----
[INFO] [stdout] Couldn't compile the test.
[INFO] [stdout] ---- src/collectors.rs - collectors::unfold (line 1884) stdout ----
[INFO] [stdout] Couldn't compile the test.
[INFO] [stdout] ---- src/collectors.rs - collectors::union (line 622) stdout ----
[INFO] [stdout] Couldn't compile the test.
[INFO] [stdout] ---- src/collectors.rs - collectors::zip_longest (line 1031) stdout ----
[INFO] [stdout] Couldn't compile the test.
[INFO] [stdout] ---- src/collectors.rs - collectors::zip (line 442) stdout ----
[INFO] [stdout] Couldn't compile the test.
[INFO] [stdout] ---- src/collectors.rs - collectors::zip_longest (line 1021) stdout ----
[INFO] [stdout] Couldn't compile the test.
[INFO] [stdout] ---- src/collectors.rs - collectors::union (line 613) stdout ----
[INFO] [stdout] Couldn't compile the test.
[INFO] [stdout] ---- src/collectors.rs - collectors::zip_with (line 465) stdout ----
[INFO] [stdout] Couldn't compile the test.
[INFO] [stdout] ---- src/geometric_optics.rs - geometric_optics::component_get (line 285) stdout ----
[INFO] [stdout] Couldn't compile the test.
[INFO] [stdout] ---- src/geometric_optics.rs - geometric_optics::blade_grade (line 55) stdout ----
[INFO] [stdout] Couldn't compile the test.
[INFO] [stdout] ---- src/geometric_optics.rs - geometric_optics::grade_indices (line 112) stdout ----
[INFO] [stdout] Couldn't compile the test.
[INFO] [stdout] ---- src/geometric_optics.rs - geometric_optics (line 31) stdout ----
[INFO] [stdout] Couldn't compile the test.
[INFO] [stdout] ---- src/geometric_optics.rs - geometric_optics::grade_extract (line 134) stdout ----
[INFO] [stdout] Couldn't compile the test.
[INFO] [stdout] ---- src/describe.rs - describe (line 26) stdout ----
[INFO] [stdout] Couldn't compile the test.
[INFO] [stdout] ---- src/geometric_optics.rs - geometric_optics::grade_mask (line 217) stdout ----
[INFO] [stdout] Couldn't compile the test.
[INFO] [stdout] ---- src/geometric_optics.rs - geometric_optics::component_set (line 302) stdout ----
[INFO] [stdout] Couldn't compile the test.
[INFO] [stdout] ---- src/geometric_optics.rs - geometric_optics::blades_at_grade_count (line 75) stdout ----
[INFO] [stdout] Couldn't compile the test.
[INFO] [stdout] ---- src/geometric_optics.rs - geometric_optics::normalize (line 356) stdout ----
[INFO] [stdout] Couldn't compile the test.
[INFO] [stdout] ---- src/geometric_optics.rs - geometric_optics::grade_project (line 162) stdout ----
[INFO] [stdout] Couldn't compile the test.
[INFO] [stdout] ---- src/geometric_optics.rs - geometric_optics::grade_involution (line 379) stdout ----
[INFO] [stdout] Couldn't compile the test.
[INFO] [stdout] ---- src/geometric_optics.rs - geometric_optics::grade_project_max (line 188) stdout ----
[INFO] [stdout] Couldn't compile the test.
[INFO] [stdout] ---- src/geometric_optics.rs - geometric_optics::reverse (line 405) stdout ----
[INFO] [stdout] Couldn't compile the test.
[INFO] [stdout] ---- src/geometric_optics.rs - geometric_optics::is_pure_grade (line 266) stdout ----
[INFO] [stdout] Couldn't compile the test.
[INFO] [stdout] ---- src/geometric_optics.rs - geometric_optics::norm (line 324) stdout ----
[INFO] [stdout] Couldn't compile the test.
[INFO] [stdout] ---- src/geometric_optics.rs - geometric_optics::norm_squared (line 339) stdout ----
[INFO] [stdout] Couldn't compile the test.
[INFO] [stdout] ---- src/geometric_optics.rs - geometric_optics::has_grade (line 248) stdout ----
[INFO] [stdout] Couldn't compile the test.
[INFO] [stdout] ---- src/invert.rs - invert::IsoMap (line 84) stdout ----
[INFO] [stdout] Couldn't compile the test.
[INFO] [stdout] ---- src/invert.rs - invert (line 26) stdout ----
[INFO] [stdout] Couldn't compile the test.
[INFO] [stdout] ---- src/iter_ext.rs - iter_ext (line 11) stdout ----
[INFO] [stdout] Couldn't compile the test.
[INFO] [stdout] ---- src/logic.rs - logic::Unless (line 225) stdout ----
[INFO] [stdout] Couldn't compile the test.
[INFO] [stdout] ---- src/lib.rs - (line 46) stdout ----
[INFO] [stdout] Couldn't compile the test.
[INFO] [stdout] ---- src/logic.rs - logic::IfElse (line 285) stdout ----
[INFO] [stdout] Couldn't compile the test.
[INFO] [stdout] ---- src/iter_ext.rs - iter_ext::PipelineBuilder (line 132) stdout ----
[INFO] [stdout] Couldn't compile the test.
[INFO] [stdout] ---- src/iter_ext.rs - iter_ext::TransduceExt::transduce (line 37) stdout ----
[INFO] [stdout] Couldn't compile the test.
[INFO] [stdout] ---- src/logic.rs - logic::When (line 165) stdout ----
[INFO] [stdout] Couldn't compile the test.
[INFO] [stdout] ---- src/logic.rs - logic::all_pass (line 109) stdout ----
[INFO] [stdout] Couldn't compile the test.
[INFO] [stdout] ---- src/logic.rs - logic::any_pass (line 135) stdout ----
[INFO] [stdout] Couldn't compile the test.
[INFO] [stdout] ---- src/logic.rs - logic::both (line 35) stdout ----
[INFO] [stdout] Couldn't compile the test.
[INFO] [stdout] ---- src/logic.rs - logic::complement (line 86) stdout ----
[INFO] [stdout] Couldn't compile the test.
[INFO] [stdout] ---- src/macros.rs - macros (line 48) stdout ----
[INFO] [stdout] Couldn't compile the test.
[INFO] [stdout] ---- src/logic.rs - logic::either (line 60) stdout ----
[INFO] [stdout] Couldn't compile the test.
[INFO] [stdout] ---- src/macros.rs - macros (line 24) stdout ----
[INFO] [stdout] Couldn't compile the test.
[INFO] [stdout] ---- src/optics.rs - optics (line 27) stdout ----
[INFO] [stdout] Couldn't compile the test.
[INFO] [stdout] ---- src/macros.rs - macros::pipeline_descriptor (line 204) stdout ----
[INFO] [stdout] Couldn't compile the test.
[INFO] [stdout] ---- src/optics.rs - optics::Iso (line 529) stdout ----
[INFO] [stdout] Couldn't compile the test.
[INFO] [stdout] ---- src/macros.rs - macros::pipeline (line 93) stdout ----
[INFO] [stdout] Couldn't compile the test.
[INFO] [stdout] ---- src/optics.rs - optics::Fold (line 676) stdout ----
[INFO] [stdout] Couldn't compile the test.
[INFO] [stdout] ---- src/optics.rs - optics::Lens<S,A>::get (line 130) stdout ----
[INFO] [stdout] Couldn't compile the test.
[INFO] [stdout] ---- src/optics.rs - optics::Prism (line 389) stdout ----
[INFO] [stdout] Couldn't compile the test.
[INFO] [stdout] ---- src/optics.rs - optics::Lens<S,A>::new (line 104) stdout ----
[INFO] [stdout] Couldn't compile the test.
[INFO] [stdout] ---- src/optics.rs - optics::Lens<S,A>::compose (line 256) stdout ----
[INFO] [stdout] Couldn't compile the test.
[INFO] [stdout] ---- src/optics.rs - optics::Lens<S,A>::over (line 173) stdout ----
[INFO] [stdout] Couldn't compile the test.
[INFO] [stdout] ---- src/optics.rs - optics::Lens<S,A>::set (line 150) stdout ----
[INFO] [stdout] Couldn't compile the test.
[INFO] [stdout] ---- src/provenance.rs - provenance (line 29) stdout ----
[INFO] [stdout] Couldn't compile the test.
[INFO] [stdout] ---- src/signal.rs - signal::Signal<T>::combine (line 130) stdout ----
[INFO] [stdout] Couldn't compile the test.
[INFO] [stdout] ---- src/provenance.rs - provenance::trace (line 144) stdout ----
[INFO] [stdout] Couldn't compile the test.
[INFO] [stdout] ---- src/signal.rs - signal (line 14) stdout ----
[INFO] [stdout] Couldn't compile the test.
[INFO] [stdout] ---- src/signal.rs - signal::Signal<T>::fold (line 192) stdout ----
[INFO] [stdout] Couldn't compile the test.
[INFO] [stdout] ---- src/signal.rs - signal::Signal<T>::map (line 99) stdout ----
[INFO] [stdout] Couldn't compile the test.
[INFO] [stdout] ---- src/step.rs - step::Step (line 27) stdout ----
[INFO] [stdout] Couldn't compile the test.
[INFO] [stdout] ---- src/stream.rs - stream::Stream<T>::filter (line 121) stdout ----
[INFO] [stdout] Couldn't compile the test.
[INFO] [stdout] ---- src/optics.rs - optics::Traversal (line 777) stdout ----
[INFO] [stdout] Couldn't compile the test.
[INFO] [stdout] ---- src/stream.rs - stream (line 14) stdout ----
[INFO] [stdout] Couldn't compile the test.
[INFO] [stdout] ---- src/stream.rs - stream::Stream<T>::map (line 85) stdout ----
[INFO] [stdout] Couldn't compile the test.
[INFO] [stdout] ---- src/stream.rs - stream::Stream<T>::fold (line 166) stdout ----
[INFO] [stdout] Couldn't compile the test.
[INFO] [stdout] ---- src/transducer.rs - transducer::Transducer (line 43) stdout ----
[INFO] [stdout] Couldn't compile the test.
[INFO] [stdout] ---- src/stream.rs - stream::Stream<T>::merge (line 199) stdout ----
[INFO] [stdout] Couldn't compile the test.
[INFO] [stdout] ---- src/stream.rs - stream::Stream<T>::take (line 248) stdout ----
[INFO] [stdout] Couldn't compile the test.
[INFO] [stdout] ---- src/transforms.rs - transforms::Aperture (line 865) stdout ----
[INFO] [stdout] Couldn't compile the test.
[INFO] [stdout] ---- src/transforms.rs - transforms::Aperture (line 889) stdout ----
[INFO] [stdout] Couldn't compile the test.
[INFO] [stdout] ---- src/transforms.rs - transforms::Aperture (line 879) stdout ----
[INFO] [stdout] Couldn't compile the test.
[INFO] [stdout] ---- src/transforms.rs - transforms::DropWhile (line 392) stdout ----
[INFO] [stdout] Couldn't compile the test.
[INFO] [stdout] ---- src/transforms.rs - transforms::Chunk (line 176) stdout ----
[INFO] [stdout] Couldn't compile the test.
[INFO] [stdout] ---- src/transforms.rs - transforms::Drop (line 345) stdout ----
[INFO] [stdout] Couldn't compile the test.
[INFO] [stdout] ---- src/transforms.rs - transforms::Filter (line 71) stdout ----
[INFO] [stdout] Couldn't compile the test.
[INFO] [stdout] ---- src/transforms.rs - transforms::Interpose (line 740) stdout ----
[INFO] [stdout] Couldn't compile the test.
[INFO] [stdout] ---- src/transforms.rs - transforms::FlatMap (line 622) stdout ----
[INFO] [stdout] Couldn't compile the test.
[INFO] [stdout] 
[INFO] [stdout] failures:
[INFO] [stdout]     src/collectors.rs - collectors::cartesian_product (line 1075)
[INFO] [stdout]     src/collectors.rs - collectors::cartesian_product (line 1087)
[INFO] [stdout]     src/collectors.rs - collectors::contains (line 407)
[INFO] [stdout]     src/collectors.rs - collectors::count (line 120)
[INFO] [stdout]     src/collectors.rs - collectors::cycle (line 1845)
[INFO] [stdout]     src/collectors.rs - collectors::cycle (line 1852)
[INFO] [stdout]     src/collectors.rs - collectors::difference (line 576)
[INFO] [stdout]     src/collectors.rs - collectors::difference (line 585)
[INFO] [stdout]     src/collectors.rs - collectors::drop_last (line 1173)
[INFO] [stdout]     src/collectors.rs - collectors::drop_last (line 1181)
[INFO] [stdout]     src/collectors.rs - collectors::every (line 186)
[INFO] [stdout]     src/collectors.rs - collectors::first (line 141)
[INFO] [stdout]     src/collectors.rs - collectors::frequencies (line 975)
[INFO] [stdout]     src/collectors.rs - collectors::frequencies (line 988)
[INFO] [stdout]     src/collectors.rs - collectors::group_by (line 331)
[INFO] [stdout]     src/collectors.rs - collectors::intersection (line 539)
[INFO] [stdout]     src/collectors.rs - collectors::intersection (line 548)
[INFO] [stdout]     src/collectors.rs - collectors::last (line 165)
[INFO] [stdout]     src/collectors.rs - collectors::max (line 1371)
[INFO] [stdout]     src/collectors.rs - collectors::max (line 1379)
[INFO] [stdout]     src/collectors.rs - collectors::max_by (line 1442)
[INFO] [stdout]     src/collectors.rs - collectors::mean (line 1257)
[INFO] [stdout]     src/collectors.rs - collectors::mean (line 1265)
[INFO] [stdout]     src/collectors.rs - collectors::median (line 1296)
[INFO] [stdout]     src/collectors.rs - collectors::median (line 1304)
[INFO] [stdout]     src/collectors.rs - collectors::merge (line 493)
[INFO] [stdout]     src/collectors.rs - collectors::merge (line 502)
[INFO] [stdout]     src/collectors.rs - collectors::min (line 1340)
[INFO] [stdout]     src/collectors.rs - collectors::min (line 1348)
[INFO] [stdout]     src/collectors.rs - collectors::min_by (line 1403)
[INFO] [stdout]     src/collectors.rs - collectors::mode (line 1610)
[INFO] [stdout]     src/collectors.rs - collectors::mode (line 1618)
[INFO] [stdout]     src/collectors.rs - collectors::none (line 371)
[INFO] [stdout]     src/collectors.rs - collectors::partition (line 253)
[INFO] [stdout]     src/collectors.rs - collectors::partition_by (line 798)
[INFO] [stdout]     src/collectors.rs - collectors::partition_by (line 811)
[INFO] [stdout]     src/collectors.rs - collectors::product (line 1226)
[INFO] [stdout]     src/collectors.rs - collectors::product (line 1234)
[INFO] [stdout]     src/collectors.rs - collectors::quantile (line 1550)
[INFO] [stdout]     src/collectors.rs - collectors::quantile (line 1559)
[INFO] [stdout]     src/collectors.rs - collectors::range (line 1771)
[INFO] [stdout]     src/collectors.rs - collectors::range (line 1778)
[INFO] [stdout]     src/collectors.rs - collectors::range (line 1786)
[INFO] [stdout]     src/collectors.rs - collectors::reduce (line 57)
[INFO] [stdout]     src/collectors.rs - collectors::repeat (line 1822)
[INFO] [stdout]     src/collectors.rs - collectors::repeat (line 1829)
[INFO] [stdout]     src/collectors.rs - collectors::reservoir_sample (line 724)
[INFO] [stdout]     src/collectors.rs - collectors::reservoir_sample (line 733)
[INFO] [stdout]     src/collectors.rs - collectors::reverse (line 1737)
[INFO] [stdout]     src/collectors.rs - collectors::reverse (line 1745)
[INFO] [stdout]     src/collectors.rs - collectors::some (line 218)
[INFO] [stdout]     src/collectors.rs - collectors::sort_by (line 1662)
[INFO] [stdout]     src/collectors.rs - collectors::sort_with (line 1703)
[INFO] [stdout]     src/collectors.rs - collectors::std_dev (line 1524)
[INFO] [stdout]     src/collectors.rs - collectors::sum (line 99)
[INFO] [stdout]     src/collectors.rs - collectors::symmetric_difference (line 663)
[INFO] [stdout]     src/collectors.rs - collectors::symmetric_difference (line 672)
[INFO] [stdout]     src/collectors.rs - collectors::take_last (line 1124)
[INFO] [stdout]     src/collectors.rs - collectors::take_last (line 1132)
[INFO] [stdout]     src/collectors.rs - collectors::take_last (line 1141)
[INFO] [stdout]     src/collectors.rs - collectors::to_vec (line 18)
[INFO] [stdout]     src/collectors.rs - collectors::top_k (line 895)
[INFO] [stdout]     src/collectors.rs - collectors::top_k (line 908)
[INFO] [stdout]     src/collectors.rs - collectors::unfold (line 1873)
[INFO] [stdout]     src/collectors.rs - collectors::unfold (line 1884)
[INFO] [stdout]     src/collectors.rs - collectors::union (line 613)
[INFO] [stdout]     src/collectors.rs - collectors::union (line 622)
[INFO] [stdout]     src/collectors.rs - collectors::variance (line 1482)
[INFO] [stdout]     src/collectors.rs - collectors::zip (line 442)
[INFO] [stdout]     src/collectors.rs - collectors::zip_longest (line 1021)
[INFO] [stdout]     src/collectors.rs - collectors::zip_longest (line 1031)
[INFO] [stdout]     src/collectors.rs - collectors::zip_with (line 465)
[INFO] [stdout]     src/describe.rs - describe (line 26)
[INFO] [stdout]     src/geometric_optics.rs - geometric_optics (line 31)
[INFO] [stdout]     src/geometric_optics.rs - geometric_optics::blade_grade (line 55)
[INFO] [stdout]     src/geometric_optics.rs - geometric_optics::blades_at_grade_count (line 75)
[INFO] [stdout]     src/geometric_optics.rs - geometric_optics::component_get (line 285)
[INFO] [stdout]     src/geometric_optics.rs - geometric_optics::component_set (line 302)
[INFO] [stdout]     src/geometric_optics.rs - geometric_optics::grade_extract (line 134)
[INFO] [stdout]     src/geometric_optics.rs - geometric_optics::grade_indices (line 112)
[INFO] [stdout]     src/geometric_optics.rs - geometric_optics::grade_involution (line 379)
[INFO] [stdout]     src/geometric_optics.rs - geometric_optics::grade_mask (line 217)
[INFO] [stdout]     src/geometric_optics.rs - geometric_optics::grade_project (line 162)
[INFO] [stdout]     src/geometric_optics.rs - geometric_optics::grade_project_max (line 188)
[INFO] [stdout]     src/geometric_optics.rs - geometric_optics::has_grade (line 248)
[INFO] [stdout]     src/geometric_optics.rs - geometric_optics::is_pure_grade (line 266)
[INFO] [stdout]     src/geometric_optics.rs - geometric_optics::norm (line 324)
[INFO] [stdout]     src/geometric_optics.rs - geometric_optics::norm_squared (line 339)
[INFO] [stdout]     src/geometric_optics.rs - geometric_optics::normalize (line 356)
[INFO] [stdout]     src/geometric_optics.rs - geometric_optics::reverse (line 405)
[INFO] [stdout]     src/invert.rs - invert (line 26)
[INFO] [stdout]     src/invert.rs - invert::IsoMap (line 84)
[INFO] [stdout]     src/iter_ext.rs - iter_ext (line 11)
[INFO] [stdout]     src/iter_ext.rs - iter_ext::PipelineBuilder (line 132)
[INFO] [stdout]     src/iter_ext.rs - iter_ext::TransduceExt::transduce (line 37)
[INFO] [stdout]     src/lib.rs - (line 46)
[INFO] [stdout]     src/logic.rs - logic::IfElse (line 285)
[INFO] [stdout]     src/logic.rs - logic::Unless (line 225)
[INFO] [stdout]     src/logic.rs - logic::When (line 165)
[INFO] [stdout]     src/logic.rs - logic::all_pass (line 109)
[INFO] [stdout]     src/logic.rs - logic::any_pass (line 135)
[INFO] [stdout]     src/logic.rs - logic::both (line 35)
[INFO] [stdout]     src/logic.rs - logic::complement (line 86)
[INFO] [stdout]     src/logic.rs - logic::either (line 60)
[INFO] [stdout]     src/macros.rs - macros (line 24)
[INFO] [stdout]     src/macros.rs - macros (line 48)
[INFO] [stdout]     src/macros.rs - macros::pipeline (line 93)
[INFO] [stdout]     src/macros.rs - macros::pipeline_descriptor (line 204)
[INFO] [stdout]     src/optics.rs - optics (line 27)
[INFO] [stdout]     src/optics.rs - optics::Fold (line 676)
[INFO] [stdout]     src/optics.rs - optics::Iso (line 529)
[INFO] [stdout]     src/optics.rs - optics::Lens<S,A>::compose (line 256)
[INFO] [stdout]     src/optics.rs - optics::Lens<S,A>::get (line 130)
[INFO] [stdout]     src/optics.rs - optics::Lens<S,A>::new (line 104)
[INFO] [stdout]     src/optics.rs - optics::Lens<S,A>::over (line 173)
[INFO] [stdout]     src/optics.rs - optics::Lens<S,A>::set (line 150)
[INFO] [stdout]     src/optics.rs - optics::Prism (line 389)
[INFO] [stdout]     src/optics.rs - optics::Traversal (line 777)
[INFO] [stdout]     src/provenance.rs - provenance (line 29)
[INFO] [stdout]     src/provenance.rs - provenance::trace (line 144)
[INFO] [stdout]     src/signal.rs - signal (line 14)
[INFO] [stdout]     src/signal.rs - signal::Signal<T>::combine (line 130)
[INFO] [stdout]     src/signal.rs - signal::Signal<T>::fold (line 192)
[INFO] [stdout]     src/signal.rs - signal::Signal<T>::map (line 99)
[INFO] [stdout]     src/step.rs - step::Step (line 27)
[INFO] [stdout]     src/stream.rs - stream (line 14)
[INFO] [stdout]     src/stream.rs - stream::Stream<T>::filter (line 121)
[INFO] [stdout]     src/stream.rs - stream::Stream<T>::fold (line 166)
[INFO] [stdout]     src/stream.rs - stream::Stream<T>::map (line 85)
[INFO] [stdout]     src/stream.rs - stream::Stream<T>::merge (line 199)
[INFO] [stdout]     src/stream.rs - stream::Stream<T>::take (line 248)
[INFO] [stdout]     src/transducer.rs - transducer::Transducer (line 43)
[INFO] [stdout]     src/transforms.rs - transforms::Aperture (line 865)
[INFO] [stdout]     src/transforms.rs - transforms::Aperture (line 879)
[INFO] [stdout]     src/transforms.rs - transforms::Aperture (line 889)
[INFO] [stdout]     src/transforms.rs - transforms::Chunk (line 176)
[INFO] [stdout]     src/transforms.rs - transforms::Drop (line 345)
[INFO] [stdout]     src/transforms.rs - transforms::DropWhile (line 392)
[INFO] [stdout]     src/transforms.rs - transforms::Filter (line 71)
[INFO] [stdout]     src/transforms.rs - transforms::FlatMap (line 622)
[INFO] [stdout]     src/transforms.rs - transforms::Interpose (line 740)
[INFO] [stdout] 
[INFO] [stdout] test result: FAILED. 13 passed; 141 failed; 0 ignored; 0 measured; 0 filtered out; finished in 50.77s
[INFO] [stdout] 
[INFO] [stderr] error: doctest failed, to rerun pass `--doc`
[INFO] running `Command { std: "docker" "inspect" "42c4d49f5bbd7a47c604a29e2dc8becd6423406680b5e79cee135e4e8065591c", kill_on_drop: false }`
[INFO] running `Command { std: "docker" "rm" "-f" "42c4d49f5bbd7a47c604a29e2dc8becd6423406680b5e79cee135e4e8065591c", kill_on_drop: false }`
[INFO] [stdout] 42c4d49f5bbd7a47c604a29e2dc8becd6423406680b5e79cee135e4e8065591c
