[INFO] fetching crate orgora 0.1.1...
[INFO] testing orgora-0.1.1 against 1.100.0-beta.1+cargoflags=--release for beta-release-1.100-2
[INFO] extracting crate orgora 0.1.1 into /workspace/builds/worker-6-tc2/source
[INFO] started tweaking crates.io crate orgora 0.1.1
[INFO] finished tweaking crates.io crate orgora 0.1.1
[INFO] tweaked toml for crates.io crate orgora 0.1.1 written to /workspace/builds/worker-6-tc2/source/Cargo.toml
[INFO] validating manifest of crates.io crate orgora 0.1.1 on toolchain 1.100.0-beta.1
[INFO] running `Command { std: CARGO_HOME="/workspace/cargo-home" RUSTUP_HOME="/workspace/rustup-home" "/workspace/cargo-home/bin/cargo" "+1.100.0-beta.1" "metadata" "--manifest-path" "Cargo.toml" "--no-deps", kill_on_drop: false }`
[INFO] crate crates.io crate orgora 0.1.1 already has a lockfile, it will not be regenerated
[INFO] running `Command { std: CARGO_HOME="/workspace/cargo-home" RUSTUP_HOME="/workspace/rustup-home" "/workspace/cargo-home/bin/cargo" "+1.100.0-beta.1" "fetch" "--manifest-path" "Cargo.toml", kill_on_drop: false }`
[INFO] running `Command { std: "docker" "create" "-v" "/var/lib/crater-agent-workspace/builds/worker-6-tc2/source:/opt/rustwide/workdir:ro,Z" "-v" "/var/lib/crater-agent-workspace/builds/worker-6-tc2/target:/opt/rustwide/target:rw,Z" "-v" "/var/lib/crater-agent-workspace/cargo-home:/opt/rustwide/cargo-home:ro,Z" "-v" "/var/lib/crater-agent-workspace/rustup-home:/opt/rustwide/rustup-home:ro,Z" "-m" "1610612736" "--network" "none" "ghcr.io/rust-lang/crates-build-env/linux@sha256:77db811e55d90add9212f6832c23229e3de5f1c1f9905e8cb07319ea15df73ac" "sleep" "infinity", kill_on_drop: false }`
[INFO] [stdout] 20fb614751ef63aa58e6381b8481f38b416afe6c45faaaebedf373d481e47e5e
[INFO] running `Command { std: "docker" "start" "20fb614751ef63aa58e6381b8481f38b416afe6c45faaaebedf373d481e47e5e", kill_on_drop: false }`
[INFO] running `Command { std: "docker" "inspect" "20fb614751ef63aa58e6381b8481f38b416afe6c45faaaebedf373d481e47e5e", kill_on_drop: false }`
[INFO] running `Command { std: "docker" "exec" "-e" "SOURCE_DIR=/opt/rustwide/workdir" "-e" "CARGO_HOME=/opt/rustwide/cargo-home" "-e" "RUSTUP_HOME=/opt/rustwide/rustup-home" "-e" "CARGO_TARGET_DIR=/opt/rustwide/target" "-w" "/opt/rustwide/workdir" "--user" "0:0" "20fb614751ef63aa58e6381b8481f38b416afe6c45faaaebedf373d481e47e5e" "/opt/rustwide/cargo-home/bin/cargo" "+1.100.0-beta.1" "metadata" "--no-deps" "--format-version=1", kill_on_drop: false }`
[INFO] running `Command { std: "docker" "inspect" "20fb614751ef63aa58e6381b8481f38b416afe6c45faaaebedf373d481e47e5e", kill_on_drop: false }`
[INFO] running `Command { std: "docker" "exec" "-e" "SOURCE_DIR=/opt/rustwide/workdir" "-e" "CARGO_HOME=/opt/rustwide/cargo-home" "-e" "RUSTUP_HOME=/opt/rustwide/rustup-home" "-e" "CARGO_TARGET_DIR=/opt/rustwide/target" "-e" "CARGO_INCREMENTAL=0" "-e" "RUST_BACKTRACE=full" "-e" "RUSTFLAGS=--cap-lints=warn" "-e" "RUSTDOCFLAGS=--cap-lints=warn" "-w" "/opt/rustwide/workdir" "--user" "0:0" "20fb614751ef63aa58e6381b8481f38b416afe6c45faaaebedf373d481e47e5e" "/opt/rustwide/cargo-home/bin/cargo" "+1.100.0-beta.1" "build" "--frozen" "--message-format=json" "--release", kill_on_drop: false }`
[INFO] [stderr]    Compiling proc-macro2 v1.0.51
[INFO] [stderr]    Compiling unicode-ident v1.0.8
[INFO] [stderr]    Compiling syn v1.0.109
[INFO] [stderr]    Compiling thiserror v1.0.39
[INFO] [stderr]    Compiling ucd-trie v0.1.5
[INFO] [stderr]    Compiling once_cell v1.17.1
[INFO] [stderr]    Compiling yansi v0.5.1
[INFO] [stderr]    Compiling pretty_assertions v1.3.0
[INFO] [stderr]    Compiling urlencoding v2.1.2
[INFO] [stderr]    Compiling quote v1.0.23
[INFO] [stderr]    Compiling thiserror-impl v1.0.39
[INFO] [stderr]    Compiling pest v2.5.6
[INFO] [stderr]    Compiling pest_meta v2.5.6
[INFO] [stderr]    Compiling pest_generator v2.5.6
[INFO] [stderr]    Compiling pest_derive v2.5.6
[INFO] [stderr]    Compiling orgora v0.1.1 (/opt/rustwide/workdir)
[INFO] [stdout] warning: hiding a lifetime that's elided elsewhere is confusing
[INFO] [stdout]  --> src/lib.rs:9:19
[INFO] [stdout]   |
[INFO] [stdout] 9 | pub fn parse(str: &str) -> Result<pest::iterators::Pair<Rule>, Error<Rule>> {
[INFO] [stdout]   |                   ^^^^            ^^^^^^^^^^^^^^^^^^^^^^^^^^^ the same lifetime is hidden here
[INFO] [stdout]   |                   |
[INFO] [stdout]   |                   the lifetime is elided here
[INFO] [stdout]   |
[INFO] [stdout]   = help: the same lifetime is referred to in inconsistent ways, making the signature confusing
[INFO] [stdout]   = note: `#[warn(mismatched_lifetime_syntaxes)]` on by default
[INFO] [stdout] help: use `'_` for type paths
[INFO] [stdout]   |
[INFO] [stdout] 9 | pub fn parse(str: &str) -> Result<pest::iterators::Pair<'_, Rule>, Error<Rule>> {
[INFO] [stdout]   |                                                         +++
[INFO] [stdout] 
[INFO] [stdout] 
[INFO] [stdout] warning: unused `Result` that must be used
[INFO] [stdout]  --> src/bin/single.rs:6:5
[INFO] [stdout]   |
[INFO] [stdout] 6 |     parse(line);
[INFO] [stdout]   |     ^^^^^^^^^^^
[INFO] [stdout]   |
[INFO] [stdout]   = note: this `Result` may be an `Err` variant, which should be handled
[INFO] [stdout]   = note: `#[warn(unused_must_use)]` (part of `#[warn(unused)]`) on by default
[INFO] [stdout] help: use `let _ = ...` to ignore the resulting value
[INFO] [stdout]   |
[INFO] [stdout] 6 |     let _ = parse(line);
[INFO] [stdout]   |     +++++++
[INFO] [stdout] 
[INFO] [stdout] 
[INFO] [stdout] warning: unused imports: `Rule` and `parse`
[INFO] [stdout]  --> src/bin/parse.rs:3:14
[INFO] [stdout]   |
[INFO] [stdout] 3 | use orgora::{parse, parse_file, Rule};
[INFO] [stdout]   |              ^^^^^              ^^^^
[INFO] [stdout]   |
[INFO] [stdout]   = note: `#[warn(unused_imports)]` (part of `#[warn(unused)]`) on by default
[INFO] [stdout] 
[INFO] [stdout] 
[INFO] [stdout] warning: unused import: `pest::iterators::Pair`
[INFO] [stdout]  --> src/bin/parse.rs:4:5
[INFO] [stdout]   |
[INFO] [stdout] 4 | use pest::iterators::Pair;
[INFO] [stdout]   |     ^^^^^^^^^^^^^^^^^^^^^
[INFO] [stdout] 
[INFO] [stdout] 
[INFO] [stdout] warning: unused import: `urlencoding::encode`
[INFO] [stdout]  --> src/bin/parse.rs:5:5
[INFO] [stdout]   |
[INFO] [stdout] 5 | use urlencoding::encode;
[INFO] [stdout]   |     ^^^^^^^^^^^^^^^^^^^
[INFO] [stdout] 
[INFO] [stdout] 
[INFO] [stderr] warning: unused dependency `pretty_assertions`
[INFO] [stderr]  --> Cargo.toml:7:15
[INFO] [stderr]   |
[INFO] [stderr] 7 | [dependencies.pretty_assertions]
[INFO] [stderr]   |               ^^^^^^^^^^^^^^^^^^
[INFO] [stderr]   |
[INFO] [stderr]   = note: `cargo::unused_dependencies` is set to `warn` by default
[INFO] [stderr] help: consider removing the dependency on `pretty_assertions`
[INFO] [stderr] warning: `orgora` (manifest) generated 1 warning
[INFO] [stderr]     Finished `release` profile [optimized] target(s) in 12.01s
[INFO] running `Command { std: "docker" "inspect" "20fb614751ef63aa58e6381b8481f38b416afe6c45faaaebedf373d481e47e5e", kill_on_drop: false }`
[INFO] running `Command { std: "docker" "exec" "-e" "SOURCE_DIR=/opt/rustwide/workdir" "-e" "CARGO_HOME=/opt/rustwide/cargo-home" "-e" "RUSTUP_HOME=/opt/rustwide/rustup-home" "-e" "CARGO_TARGET_DIR=/opt/rustwide/target" "-e" "CARGO_INCREMENTAL=0" "-e" "RUST_BACKTRACE=full" "-e" "RUSTFLAGS=--cap-lints=warn" "-e" "RUSTDOCFLAGS=--cap-lints=warn" "-w" "/opt/rustwide/workdir" "--user" "0:0" "20fb614751ef63aa58e6381b8481f38b416afe6c45faaaebedf373d481e47e5e" "/opt/rustwide/cargo-home/bin/cargo" "+1.100.0-beta.1" "test" "--frozen" "--no-run" "--message-format=json" "--release", kill_on_drop: false }`
[INFO] [stderr]    Compiling orgora v0.1.1 (/opt/rustwide/workdir)
[INFO] [stdout] warning: hiding a lifetime that's elided elsewhere is confusing
[INFO] [stdout]  --> src/lib.rs:9:19
[INFO] [stdout]   |
[INFO] [stdout] 9 | pub fn parse(str: &str) -> Result<pest::iterators::Pair<Rule>, Error<Rule>> {
[INFO] [stdout]   |                   ^^^^            ^^^^^^^^^^^^^^^^^^^^^^^^^^^ the same lifetime is hidden here
[INFO] [stdout]   |                   |
[INFO] [stdout]   |                   the lifetime is elided here
[INFO] [stdout]   |
[INFO] [stdout]   = help: the same lifetime is referred to in inconsistent ways, making the signature confusing
[INFO] [stdout]   = note: `#[warn(mismatched_lifetime_syntaxes)]` on by default
[INFO] [stdout] help: use `'_` for type paths
[INFO] [stdout]   |
[INFO] [stdout] 9 | pub fn parse(str: &str) -> Result<pest::iterators::Pair<'_, Rule>, Error<Rule>> {
[INFO] [stdout]   |                                                         +++
[INFO] [stdout] 
[INFO] [stdout] 
[INFO] [stdout] warning: unused imports: `Rule` and `parse`
[INFO] [stdout]  --> src/bin/parse.rs:3:14
[INFO] [stdout]   |
[INFO] [stdout] 3 | use orgora::{parse, parse_file, Rule};
[INFO] [stdout]   |              ^^^^^              ^^^^
[INFO] [stdout]   |
[INFO] [stdout]   = note: `#[warn(unused_imports)]` (part of `#[warn(unused)]`) on by default
[INFO] [stdout] 
[INFO] [stdout] 
[INFO] [stdout] warning: unused import: `pest::iterators::Pair`
[INFO] [stdout]  --> src/bin/parse.rs:4:5
[INFO] [stdout]   |
[INFO] [stdout] 4 | use pest::iterators::Pair;
[INFO] [stdout]   |     ^^^^^^^^^^^^^^^^^^^^^
[INFO] [stdout] 
[INFO] [stdout] 
[INFO] [stdout] warning: unused import: `urlencoding::encode`
[INFO] [stdout]  --> src/bin/parse.rs:5:5
[INFO] [stdout]   |
[INFO] [stdout] 5 | use urlencoding::encode;
[INFO] [stdout]   |     ^^^^^^^^^^^^^^^^^^^
[INFO] [stdout] 
[INFO] [stdout] 
[INFO] [stdout] warning: unused `Result` that must be used
[INFO] [stdout]  --> src/bin/single.rs:6:5
[INFO] [stdout]   |
[INFO] [stdout] 6 |     parse(line);
[INFO] [stdout]   |     ^^^^^^^^^^^
[INFO] [stdout]   |
[INFO] [stdout]   = note: this `Result` may be an `Err` variant, which should be handled
[INFO] [stdout]   = note: `#[warn(unused_must_use)]` (part of `#[warn(unused)]`) on by default
[INFO] [stdout] help: use `let _ = ...` to ignore the resulting value
[INFO] [stdout]   |
[INFO] [stdout] 6 |     let _ = parse(line);
[INFO] [stdout]   |     +++++++
[INFO] [stdout] 
[INFO] [stdout] 
[INFO] [stdout] warning: hiding a lifetime that's elided elsewhere is confusing
[INFO] [stdout]  --> src/lib.rs:9:19
[INFO] [stdout]   |
[INFO] [stdout] 9 | pub fn parse(str: &str) -> Result<pest::iterators::Pair<Rule>, Error<Rule>> {
[INFO] [stdout]   |                   ^^^^            ^^^^^^^^^^^^^^^^^^^^^^^^^^^ the same lifetime is hidden here
[INFO] [stdout]   |                   |
[INFO] [stdout]   |                   the lifetime is elided here
[INFO] [stdout]   |
[INFO] [stdout]   = help: the same lifetime is referred to in inconsistent ways, making the signature confusing
[INFO] [stdout]   = note: `#[warn(mismatched_lifetime_syntaxes)]` on by default
[INFO] [stdout] help: use `'_` for type paths
[INFO] [stdout]   |
[INFO] [stdout] 9 | pub fn parse(str: &str) -> Result<pest::iterators::Pair<'_, Rule>, Error<Rule>> {
[INFO] [stdout]   |                                                         +++
[INFO] [stdout] 
[INFO] [stdout] 
[INFO] [stderr] warning: unused dependency `pretty_assertions`
[INFO] [stderr]  --> Cargo.toml:7:15
[INFO] [stderr]   |
[INFO] [stderr] 7 | [dependencies.pretty_assertions]
[INFO] [stderr]   |               ^^^^^^^^^^^^^^^^^^
[INFO] [stderr]   |
[INFO] [stderr]   = note: `cargo::unused_dependencies` is set to `warn` by default
[INFO] [stderr] help: consider removing the dependency on `pretty_assertions`
[INFO] [stderr] help: to still use for development builds, move to `dev-dependencies`
[INFO] [stderr] warning: `orgora` (manifest) generated 1 warning
[INFO] [stderr]     Finished `release` profile [optimized] target(s) in 2.33s
[INFO] running `Command { std: "docker" "inspect" "20fb614751ef63aa58e6381b8481f38b416afe6c45faaaebedf373d481e47e5e", kill_on_drop: false }`
[INFO] running `Command { std: "docker" "exec" "-e" "SOURCE_DIR=/opt/rustwide/workdir" "-e" "CARGO_HOME=/opt/rustwide/cargo-home" "-e" "RUSTUP_HOME=/opt/rustwide/rustup-home" "-e" "CARGO_TARGET_DIR=/opt/rustwide/target" "-e" "CARGO_INCREMENTAL=0" "-e" "RUST_BACKTRACE=full" "-e" "RUSTFLAGS=--cap-lints=warn" "-e" "RUSTDOCFLAGS=--cap-lints=warn" "-w" "/opt/rustwide/workdir" "--user" "0:0" "20fb614751ef63aa58e6381b8481f38b416afe6c45faaaebedf373d481e47e5e" "/opt/rustwide/cargo-home/bin/cargo" "+1.100.0-beta.1" "test" "--frozen" "--release", kill_on_drop: false }`
[INFO] [stderr] warning: hiding a lifetime that's elided elsewhere is confusing
[INFO] [stderr]  --> src/lib.rs:9:19
[INFO] [stderr]   |
[INFO] [stderr] 9 | pub fn parse(str: &str) -> Result<pest::iterators::Pair<Rule>, Error<Rule>> {
[INFO] [stderr]   |                   ^^^^            ^^^^^^^^^^^^^^^^^^^^^^^^^^^ the same lifetime is hidden here
[INFO] [stderr]   |                   |
[INFO] [stderr]   |                   the lifetime is elided here
[INFO] [stderr]   |
[INFO] [stderr]   = help: the same lifetime is referred to in inconsistent ways, making the signature confusing
[INFO] [stderr]   = note: `#[warn(mismatched_lifetime_syntaxes)]` on by default
[INFO] [stderr] help: use `'_` for type paths
[INFO] [stderr]   |
[INFO] [stderr] 9 | pub fn parse(str: &str) -> Result<pest::iterators::Pair<'_, Rule>, Error<Rule>> {
[INFO] [stderr]   |                                                         +++
[INFO] [stderr] 
[INFO] [stderr] warning: `orgora` (lib) generated 1 warning (run `cargo fix --lib -p orgora` to apply 1 suggestion)
[INFO] [stderr] warning: unused imports: `Rule` and `parse`
[INFO] [stderr]  --> src/bin/parse.rs:3:14
[INFO] [stderr]   |
[INFO] [stderr] 3 | use orgora::{parse, parse_file, Rule};
[INFO] [stderr]   |              ^^^^^              ^^^^
[INFO] [stderr]   |
[INFO] [stderr]   = note: `#[warn(unused_imports)]` (part of `#[warn(unused)]`) on by default
[INFO] [stderr] 
[INFO] [stderr] warning: unused import: `pest::iterators::Pair`
[INFO] [stderr]  --> src/bin/parse.rs:4:5
[INFO] [stderr]   |
[INFO] [stderr] 4 | use pest::iterators::Pair;
[INFO] [stderr]   |     ^^^^^^^^^^^^^^^^^^^^^
[INFO] [stderr] 
[INFO] [stderr] warning: unused import: `urlencoding::encode`
[INFO] [stderr]  --> src/bin/parse.rs:5:5
[INFO] [stderr]   |
[INFO] [stderr] 5 | use urlencoding::encode;
[INFO] [stderr]   |     ^^^^^^^^^^^^^^^^^^^
[INFO] [stderr] 
[INFO] [stderr] warning: unused `Result` that must be used
[INFO] [stderr]  --> src/bin/single.rs:6:5
[INFO] [stderr]   |
[INFO] [stderr] 6 |     parse(line);
[INFO] [stderr]   |     ^^^^^^^^^^^
[INFO] [stderr]   |
[INFO] [stderr]   = note: this `Result` may be an `Err` variant, which should be handled
[INFO] [stderr]   = note: `#[warn(unused_must_use)]` (part of `#[warn(unused)]`) on by default
[INFO] [stderr] help: use `let _ = ...` to ignore the resulting value
[INFO] [stderr]   |
[INFO] [stderr] 6 |     let _ = parse(line);
[INFO] [stderr]   |     +++++++
[INFO] [stderr] 
[INFO] [stderr] warning: `orgora` (bin "parse" test) generated 3 warnings (run `cargo fix --bin "parse" -p orgora --tests` to apply 3 suggestions)
[INFO] [stderr] warning: `orgora` (bin "single" test) generated 1 warning
[INFO] [stderr] warning: `orgora` (lib test) generated 1 warning (1 duplicate)
[INFO] [stderr] warning: unused dependency `pretty_assertions`
[INFO] [stderr]  --> Cargo.toml:7:15
[INFO] [stderr]   |
[INFO] [stderr] 7 | [dependencies.pretty_assertions]
[INFO] [stderr]   |               ^^^^^^^^^^^^^^^^^^
[INFO] [stderr]   |
[INFO] [stderr]   = note: `cargo::unused_dependencies` is set to `warn` by default
[INFO] [stderr] help: consider removing the dependency on `pretty_assertions`
[INFO] [stderr] help: to still use for development builds, move to `dev-dependencies`
[INFO] [stderr] warning: `orgora` (manifest) generated 1 warning
[INFO] [stderr]     Finished `release` profile [optimized] target(s) in 0.07s
[INFO] [stderr]      Running unittests src/lib.rs (/opt/rustwide/target/release/build/orgora/caa615f6a9df822e/out/orgora-caa615f6a9df822e)
[INFO] [stderr] error: test failed, to rerun pass `--lib`
[INFO] [stdout] 
[INFO] [stdout] running 1 test
[INFO] [stdout] test tests::test_parse_file ... FAILED
[INFO] [stdout] 
[INFO] [stdout] failures:
[INFO] [stdout] 
[INFO] [stdout] ---- tests::test_parse_file stdout ----
[INFO] [stdout] 
[INFO] [stdout] thread 'tests::test_parse_file' (511) panicked at src/lib.rs:128:68:
[INFO] [stdout] called `Result::unwrap()` on an `Err` value: Os { code: 2, kind: NotFound, message: "No such file or directory" }
[INFO] [stdout] stack backtrace:
[INFO] [stdout]    0:     0x64cf46b60931 - <<std[617be2ca0a6fd877]::sys::backtrace::BacktraceLock>::print::DisplayBacktrace as core[a373ad73a504971]::fmt::Display>::fmt
[INFO] [stdout]    1:     0x64cf46b748ba - core[a373ad73a504971]::fmt::write
[INFO] [stdout]    2:     0x64cf46b64b4c - <alloc[2e1b2a31b91974c5]::vec::Vec<u8> as core[a373ad73a504971]::io::write::Write>::write_fmt
[INFO] [stdout]    3:     0x64cf46b3ca36 - std[617be2ca0a6fd877]::panicking::default_hook::{closure#0}
[INFO] [stdout]    4:     0x64cf46b58c69 - std[617be2ca0a6fd877]::panicking::default_hook
[INFO] [stdout]    5:     0x64cf46af0400 - test[aada8e7e76ba119b]::test_main_inner::{closure#0}
[INFO] [stdout]    6:     0x64cf46b58e22 - std[617be2ca0a6fd877]::panicking::panic_with_hook
[INFO] [stdout]    7:     0x64cf46b3cae2 - std[617be2ca0a6fd877]::panicking::panic_handler::{closure#0}
[INFO] [stdout]    8:     0x64cf46b35669 - std[617be2ca0a6fd877]::sys::backtrace::__rust_end_short_backtrace::<std[617be2ca0a6fd877]::panicking::panic_handler::{closure#0}, !>
[INFO] [stdout]    9:     0x64cf46b3d6ed - __rustc[ea4f61d10b84890b]::rust_begin_unwind
[INFO] [stdout]   10:     0x64cf46b74fec - core[a373ad73a504971]::panicking::panic_fmt
[INFO] [stdout]   11:     0x64cf46b74dc2 - core[a373ad73a504971]::result::unwrap_failed
[INFO] [stdout]   12:     0x64cf46ae2174 - <orgora[6b928140a3edaebc]::tests::test_parse_file::{closure#0} as core[a373ad73a504971]::ops::function::FnOnce<()>>::call_once
[INFO] [stdout]   13:     0x64cf46ae384b - test[aada8e7e76ba119b]::__rust_begin_short_backtrace::<core[a373ad73a504971]::result::Result<(), alloc[2e1b2a31b91974c5]::string::String>, fn() -> core[a373ad73a504971]::result::Result<(), alloc[2e1b2a31b91974c5]::string::String>>
[INFO] [stdout]   14:     0x64cf46af0a25 - test[aada8e7e76ba119b]::run_test::{closure#0}
[INFO] [stdout]   15:     0x64cf46aea314 - std[617be2ca0a6fd877]::sys::backtrace::__rust_begin_short_backtrace::<test[aada8e7e76ba119b]::run_test::{closure#1}, ()>
[INFO] [stdout]   16:     0x64cf46af3ab2 - <std[617be2ca0a6fd877]::thread::lifecycle::spawn_unchecked<test[aada8e7e76ba119b]::run_test::{closure#1}, ()>::{closure#1} as core[a373ad73a504971]::ops::function::FnOnce<()>>::call_once::{shim:vtable#0}
[INFO] [stdout]   17:     0x64cf46b5fe2f - <std[617be2ca0a6fd877]::sys::thread::unix::Thread>::new::thread_start
[INFO] [stdout]   18:     0x744595c08dfa - <unknown>
[INFO] [stdout]   19:     0x744595c9c3d4 - clone
[INFO] [stdout]   20:                0x0 - <unknown>
[INFO] [stdout] 
[INFO] [stdout] 
[INFO] [stdout] failures:
[INFO] [stdout]     tests::test_parse_file
[INFO] [stdout] 
[INFO] [stdout] test result: FAILED. 0 passed; 1 failed; 0 ignored; 0 measured; 0 filtered out; finished in 0.00s
[INFO] [stdout] 
[INFO] running `Command { std: "docker" "inspect" "20fb614751ef63aa58e6381b8481f38b416afe6c45faaaebedf373d481e47e5e", kill_on_drop: false }`
[INFO] running `Command { std: "docker" "rm" "-f" "20fb614751ef63aa58e6381b8481f38b416afe6c45faaaebedf373d481e47e5e", kill_on_drop: false }`
[INFO] [stdout] 20fb614751ef63aa58e6381b8481f38b416afe6c45faaaebedf373d481e47e5e
