[INFO] fetching crate organiza 0.3.0...
[INFO] testing organiza-0.3.0 against 1.100.0-beta.1+cargoflags=--release for beta-release-1.100-2
[INFO] extracting crate organiza 0.3.0 into /workspace/builds/worker-7-tc2/source
[INFO] removed /workspace/builds/worker-7-tc2/source/rust-toolchain.toml
[INFO] started tweaking crates.io crate organiza 0.3.0
[INFO] removed 0 missing tests
[INFO] finished tweaking crates.io crate organiza 0.3.0
[INFO] tweaked toml for crates.io crate organiza 0.3.0 written to /workspace/builds/worker-7-tc2/source/Cargo.toml
[INFO] validating manifest of crates.io crate organiza 0.3.0 on toolchain 1.100.0-beta.1
[INFO] running `Command { std: CARGO_HOME="/workspace/cargo-home" RUSTUP_HOME="/workspace/rustup-home" "/workspace/cargo-home/bin/cargo" "+1.100.0-beta.1" "metadata" "--manifest-path" "Cargo.toml" "--no-deps", kill_on_drop: false }`
[INFO] crate crates.io crate organiza 0.3.0 already has a lockfile, it will not be regenerated
[INFO] running `Command { std: CARGO_HOME="/workspace/cargo-home" RUSTUP_HOME="/workspace/rustup-home" "/workspace/cargo-home/bin/cargo" "+1.100.0-beta.1" "fetch" "--manifest-path" "Cargo.toml", kill_on_drop: false }`
[INFO] running `Command { std: "docker" "create" "-v" "/var/lib/crater-agent-workspace/builds/worker-7-tc2/source:/opt/rustwide/workdir:ro,Z" "-v" "/var/lib/crater-agent-workspace/builds/worker-7-tc2/target:/opt/rustwide/target:rw,Z" "-v" "/var/lib/crater-agent-workspace/cargo-home:/opt/rustwide/cargo-home:ro,Z" "-v" "/var/lib/crater-agent-workspace/rustup-home:/opt/rustwide/rustup-home:ro,Z" "-m" "1610612736" "--network" "none" "ghcr.io/rust-lang/crates-build-env/linux@sha256:77db811e55d90add9212f6832c23229e3de5f1c1f9905e8cb07319ea15df73ac" "sleep" "infinity", kill_on_drop: false }`
[INFO] [stdout] 2446cea070fba12b340bb7ddb2c98c9d82dfaf20c285baaa8f0766e6f64604d4
[INFO] running `Command { std: "docker" "start" "2446cea070fba12b340bb7ddb2c98c9d82dfaf20c285baaa8f0766e6f64604d4", kill_on_drop: false }`
[INFO] running `Command { std: "docker" "inspect" "2446cea070fba12b340bb7ddb2c98c9d82dfaf20c285baaa8f0766e6f64604d4", kill_on_drop: false }`
[INFO] running `Command { std: "docker" "exec" "-e" "SOURCE_DIR=/opt/rustwide/workdir" "-e" "CARGO_HOME=/opt/rustwide/cargo-home" "-e" "RUSTUP_HOME=/opt/rustwide/rustup-home" "-e" "CARGO_TARGET_DIR=/opt/rustwide/target" "-w" "/opt/rustwide/workdir" "--user" "0:0" "2446cea070fba12b340bb7ddb2c98c9d82dfaf20c285baaa8f0766e6f64604d4" "/opt/rustwide/cargo-home/bin/cargo" "+1.100.0-beta.1" "metadata" "--no-deps" "--format-version=1", kill_on_drop: false }`
[INFO] running `Command { std: "docker" "inspect" "2446cea070fba12b340bb7ddb2c98c9d82dfaf20c285baaa8f0766e6f64604d4", kill_on_drop: false }`
[INFO] running `Command { std: "docker" "exec" "-e" "SOURCE_DIR=/opt/rustwide/workdir" "-e" "CARGO_HOME=/opt/rustwide/cargo-home" "-e" "RUSTUP_HOME=/opt/rustwide/rustup-home" "-e" "CARGO_TARGET_DIR=/opt/rustwide/target" "-e" "CARGO_INCREMENTAL=0" "-e" "RUST_BACKTRACE=full" "-e" "RUSTFLAGS=--cap-lints=warn" "-e" "RUSTDOCFLAGS=--cap-lints=warn" "-w" "/opt/rustwide/workdir" "--user" "0:0" "2446cea070fba12b340bb7ddb2c98c9d82dfaf20c285baaa8f0766e6f64604d4" "/opt/rustwide/cargo-home/bin/cargo" "+1.100.0-beta.1" "build" "--frozen" "--message-format=json" "--release", kill_on_drop: false }`
[INFO] [stderr]    Compiling proc-macro2 v1.0.107
[INFO] [stderr]    Compiling serde_core v1.0.229
[INFO] [stderr]    Compiling crossbeam-utils v0.8.22
[INFO] [stderr]    Compiling regex-syntax v0.8.11
[INFO] [stderr]    Compiling crossbeam-epoch v0.9.20
[INFO] [stderr]    Compiling rustversion v1.0.23
[INFO] [stderr]    Compiling aho-corasick v1.1.5
[INFO] [stderr]    Compiling serde v1.0.229
[INFO] [stderr]    Compiling crossbeam-deque v0.8.7
[INFO] [stderr]    Compiling bstr v1.13.0
[INFO] [stderr]    Compiling cfg-if v1.0.4
[INFO] [stderr]    Compiling libc v0.2.189
[INFO] [stderr]    Compiling log v0.4.33
[INFO] [stderr]    Compiling same-file v1.0.6
[INFO] [stderr]    Compiling zmij v1.0.23
[INFO] [stderr]    Compiling zerocopy v0.8.56
[INFO] [stderr]    Compiling num-traits v0.2.19
[INFO] [stderr]    Compiling walkdir v2.5.0
[INFO] [stderr]    Compiling ahash v0.8.12
[INFO] [stderr]    Compiling getrandom v0.3.4
[INFO] [stderr]    Compiling bitflags v1.3.2
[INFO] [stderr]    Compiling hashbrown v0.17.1
[INFO] [stderr]    Compiling equivalent v1.0.2
[INFO] [stderr]    Compiling encoding_rs v0.8.35
[INFO] [stderr]    Compiling unicode-width v0.2.2
[INFO] [stderr]    Compiling anstyle v1.0.14
[INFO] [stderr]    Compiling winnow v0.7.15
[INFO] [stderr]    Compiling smallvec v1.15.2
[INFO] [stderr]    Compiling arraydeque v0.5.1
[INFO] [stderr]    Compiling toml_write v0.1.2
[INFO] [stderr]    Compiling once_cell v1.21.4
[INFO] [stderr]    Compiling serde_json v1.0.151
[INFO] [stderr]    Compiling annotate-snippets v0.12.16
[INFO] [stderr]    Compiling granit-parser v0.0.7
[INFO] [stderr]    Compiling arc-swap v1.9.2
[INFO] [stderr]    Compiling indexmap v2.14.0
[INFO] [stderr]    Compiling quote v1.0.47
[INFO] [stderr]    Compiling base64 v0.22.1
[INFO] [stderr]    Compiling syn v3.0.3
[INFO] [stderr]    Compiling stable_deref_trait v1.2.1
[INFO] [stderr]    Compiling either v1.17.0
[INFO] [stderr]    Compiling nohash-hasher v0.2.0
[INFO] [stderr]    Compiling itoa v1.0.18
[INFO] [stderr]    Compiling utf8parse v0.2.2
[INFO] [stderr]    Compiling encoding_rs_io v0.1.8
[INFO] [stderr]    Compiling itertools v0.11.0
[INFO] [stderr]    Compiling anstyle-parse v1.0.0
[INFO] [stderr]    Compiling base62 v2.2.4
[INFO] [stderr]    Compiling colorchoice v1.0.5
[INFO] [stderr]    Compiling anstyle-query v1.1.5
[INFO] [stderr]    Compiling normpath v1.5.1
[INFO] [stderr]    Compiling siphasher v1.0.3
[INFO] [stderr]    Compiling is_terminal_polyfill v1.70.2
[INFO] [stderr]    Compiling syn v2.0.119
[INFO] [stderr]    Compiling strsim v0.11.1
[INFO] [stderr]    Compiling anstream v1.0.0
[INFO] [stderr]    Compiling glob v0.3.4
[INFO] [stderr]    Compiling heck v0.5.0
[INFO] [stderr]    Compiling anyhow v1.0.104
[INFO] [stderr]    Compiling regex-automata v0.4.18
[INFO] [stderr]    Compiling clap_lex v1.1.0
[INFO] [stderr]    Compiling clap_builder v4.6.5
[INFO] [stderr]    Compiling serde_derive v1.0.229
[INFO] [stderr]    Compiling clap_derive v4.6.4
[INFO] [stderr]    Compiling globset v0.4.20
[INFO] [stderr]    Compiling regex v1.13.1
[INFO] [stderr]    Compiling serde-saphyr v0.0.29
[INFO] [stderr]    Compiling ignore v0.4.33
[INFO] [stderr]    Compiling clap v4.6.5
[INFO] [stderr]    Compiling globwalk v0.8.1
[INFO] [stderr]    Compiling rust-i18n v4.2.1
[INFO] [stderr]    Compiling toml_datetime v0.6.11
[INFO] [stderr]    Compiling serde_spanned v0.6.9
[INFO] [stderr]    Compiling triomphe v0.1.16
[INFO] [stderr]    Compiling toml_edit v0.22.27
[INFO] [stderr]    Compiling rust-i18n-support v4.2.1
[INFO] [stderr]    Compiling toml v0.8.23
[INFO] [stderr]    Compiling rust-i18n-macro v4.2.1
[INFO] [stderr]    Compiling organiza v0.3.0 (/opt/rustwide/workdir)
[INFO] [stderr]     Finished `release` profile [optimized] target(s) in 26.42s
[INFO] running `Command { std: "docker" "inspect" "2446cea070fba12b340bb7ddb2c98c9d82dfaf20c285baaa8f0766e6f64604d4", kill_on_drop: false }`
[INFO] running `Command { std: "docker" "exec" "-e" "SOURCE_DIR=/opt/rustwide/workdir" "-e" "CARGO_HOME=/opt/rustwide/cargo-home" "-e" "RUSTUP_HOME=/opt/rustwide/rustup-home" "-e" "CARGO_TARGET_DIR=/opt/rustwide/target" "-e" "CARGO_INCREMENTAL=0" "-e" "RUST_BACKTRACE=full" "-e" "RUSTFLAGS=--cap-lints=warn" "-e" "RUSTDOCFLAGS=--cap-lints=warn" "-w" "/opt/rustwide/workdir" "--user" "0:0" "2446cea070fba12b340bb7ddb2c98c9d82dfaf20c285baaa8f0766e6f64604d4" "/opt/rustwide/cargo-home/bin/cargo" "+1.100.0-beta.1" "test" "--frozen" "--no-run" "--message-format=json" "--release", kill_on_drop: false }`
[INFO] [stderr]    Compiling libc v0.2.189
[INFO] [stderr]    Compiling rustix v1.1.4
[INFO] [stderr]    Compiling linux-raw-sys v0.12.1
[INFO] [stderr]    Compiling bitflags v2.13.1
[INFO] [stderr]    Compiling getrandom v0.4.3
[INFO] [stderr]    Compiling cfg-if v1.0.4
[INFO] [stderr]    Compiling fastrand v2.5.0
[INFO] [stderr]    Compiling once_cell v1.21.4
[INFO] [stderr]    Compiling tempfile v3.27.0
[INFO] [stderr]    Compiling organiza v0.3.0 (/opt/rustwide/workdir)
[INFO] [stderr]     Finished `release` profile [optimized] target(s) in 16.70s
[INFO] running `Command { std: "docker" "inspect" "2446cea070fba12b340bb7ddb2c98c9d82dfaf20c285baaa8f0766e6f64604d4", kill_on_drop: false }`
[INFO] running `Command { std: "docker" "exec" "-e" "SOURCE_DIR=/opt/rustwide/workdir" "-e" "CARGO_HOME=/opt/rustwide/cargo-home" "-e" "RUSTUP_HOME=/opt/rustwide/rustup-home" "-e" "CARGO_TARGET_DIR=/opt/rustwide/target" "-e" "CARGO_INCREMENTAL=0" "-e" "RUST_BACKTRACE=full" "-e" "RUSTFLAGS=--cap-lints=warn" "-e" "RUSTDOCFLAGS=--cap-lints=warn" "-w" "/opt/rustwide/workdir" "--user" "0:0" "2446cea070fba12b340bb7ddb2c98c9d82dfaf20c285baaa8f0766e6f64604d4" "/opt/rustwide/cargo-home/bin/cargo" "+1.100.0-beta.1" "test" "--frozen" "--release", kill_on_drop: false }`
[INFO] [stderr]     Finished `release` profile [optimized] target(s) in 0.07s
[INFO] [stderr]      Running unittests src/lib.rs (/opt/rustwide/target/release/build/organiza/71b73cb392ed0f64/out/organiza-71b73cb392ed0f64)
[INFO] [stdout] 
[INFO] [stdout] running 59 tests
[INFO] [stdout] test categories::tests::apply_categories_extension_override_wins_after_rules ... ok
[INFO] [stdout] test categories::tests::apply_categories_non_colliding_adds_untouched ... ok
[INFO] [stdout] test categories::tests::apply_categories_replace_substitutes_builtin_list ... ok
[INFO] [stdout] test categories::tests::apply_categories_supplement_adds_without_removing ... ok
[INFO] [stdout] test categories::tests::classify_with_precomposed_map_matches_category_for ... ok
[INFO] [stdout] test categories::tests::category_validation_messages_are_translated_to_spanish ... ok
[INFO] [stdout] test categories::tests::category_validation_messages_are_translated_to_english ... ok
[INFO] [stdout] test categories::tests::generated_set_has_seven_flat_english_names ... ok
[INFO] [stdout] test categories::tests::validate_categories_rejects_duplicate_names ... ok
[INFO] [stdout] test categories::tests::validate_categories_rejects_empty_extensions ... ok
[INFO] [stdout] test categories::tests::validate_categories_rejects_absolute_or_parent_traversal ... ok
[INFO] [stdout] test categories::tests::is_generated_category_recognizes_flat_names ... ok
[INFO] [stdout] test i18n::tests::detects_from_language_as_fallback ... ok
[INFO] [stdout] test i18n::tests::detects_english_from_hyphenated_lang_env ... ok
[INFO] [stdout] test i18n::tests::detects_english_from_lang_env ... ok
[INFO] [stdout] test i18n::tests::detects_from_lc_all_when_lang_missing ... ok
[INFO] [stdout] test i18n::tests::detects_spanish_from_hyphenated_lang_env ... ok
[INFO] [stdout] test i18n::tests::detects_spanish_from_lang_env ... ok
[INFO] [stdout] test i18n::tests::init_locale_accepts_supported_languages ... ok
[INFO] [stdout] test i18n::tests::init_locale_ignores_unsupported_cli_language ... ok
[INFO] [stdout] test i18n::tests::init_locale_ignores_unsupported_config_language ... ok
[INFO] [stdout] test i18n::tests::returns_none_for_unsupported_locale ... ok
[INFO] [stdout] test tests::category_for_unknown_extension_returns_other ... ok
[INFO] [stdout] test i18n::tests::preflight_extracts_language_even_when_other_fields_are_invalid ... ok
[INFO] [stdout] test tests::default_config_path_uses_organiza_directory ... ok
[INFO] [stdout] test i18n::tests::preflight_extracts_language_from_valid_config ... ok
[INFO] [stdout] test i18n::tests::preflight_returns_none_for_missing_or_invalid_config ... ok
[INFO] [stdout] test tests::category_with_empty_extensions_rejected ... ok
[INFO] [stdout] test tests::custom_extension_overrides_defaults ... ok
[INFO] [stdout] test tests::default_downloads_path_honors_env_var ... ok
[INFO] [stdout] test tests::every_builtin_extension_maps_to_nonempty_category ... ok
[INFO] [stdout] test tests::extension_override_wins_after_rules ... ok
[INFO] [stdout] test tests::empty_top_level_directory_skipped ... ok
[INFO] [stdout] test tests::classifies_extensions_case_insensitively ... ok
[INFO] [stdout] test tests::generated_top_level_directory_not_moved ... ok
[INFO] [stdout] test tests::package_is_named_organiza ... ok
[INFO] [stdout] test tests::duplicate_category_name_rejected ... ok
[INFO] [stdout] test tests::replace_true_substitutes_builtin_list ... ok
[INFO] [stdout] test tests::non_colliding_category_adds_untouched ... ok
[INFO] [stdout] test tests::hidden_top_level_directory_skipped_with_ignore_hidden ... ok
[INFO] [stdout] test tests::explicit_missing_config_path_still_errors ... ok
[INFO] [stdout] test tests::supplemental_category_rule_adds_extensions ... ok
[INFO] [stdout] test tests::error_messages_are_translated_to_spanish ... ok
[INFO] [stdout] test tests::log_file_in_downloads_is_excluded_from_classification ... ok
[INFO] [stdout] test tests::category_name_absolute_or_parent_traversal_rejected ... ok
[INFO] [stdout] test tests::supported_config_language_is_accepted ... ok
[INFO] [stdout] test tests::unique_destination_preserves_extension ... ok
[INFO] [stdout] test tests::generated_other_not_reentered ... ok
[INFO] [stdout] test tests::run_moves_files_and_leaves_generated_categories_out_of_scan ... ok
[INFO] [stdout] test tests::error_messages_are_translated_to_english ... ok
[INFO] [stdout] test tests::run_moves_top_level_directory_to_other ... ok
[INFO] [stdout] test tests::symlinked_top_level_directory_skipped ... ok
[INFO] [stdout] test tests::default_downloads_path_reads_xdg_user_dirs ... ok
[INFO] [stdout] test tests::positional_directories_override_config_and_detection ... ok
[INFO] [stdout] test tests::missing_default_config_uses_config_default_and_autodetect ... ok
[INFO] [stdout] test tests::configured_sources_win_over_env_and_detection ... ok
[INFO] [stdout] test tests::runtime_messages_are_translated_to_spanish ... ok
[INFO] [stdout] test tests::runtime_messages_are_translated_to_english ... ok
[INFO] [stdout] test tests::unsupported_config_language_fails_with_localized_error ... ok
[INFO] [stdout] 
[INFO] [stdout] test result: ok. 59 passed; 0 failed; 0 ignored; 0 measured; 0 filtered out; finished in 0.01s
[INFO] [stdout] 
[INFO] [stderr]      Running unittests src/main.rs (/opt/rustwide/target/release/build/organiza/4827bb6269a9db30/out/organiza-4827bb6269a9db30)
[INFO] [stdout] 
[INFO] [stdout] running 7 tests
[INFO] [stdout] test tests::pre_scan_args_stops_at_double_dash ... ok
[INFO] [stdout] test tests::pre_scan_args_handles_non_utf8_values ... ok
[INFO] [stdout] test tests::cli_help_follows_locale ... ok
[INFO] [stdout] test tests::pre_scan_args_preserves_non_utf8_config_path_bytes ... ok
[INFO] [stdout] test tests::cli_name_is_organiza ... ok
[INFO] [stdout] test tests::parse_lang_rejects_unsupported_languages ... ok
[INFO] [stdout] test tests::pre_scan_args_strips_config_prefix_only_once ... ok
[INFO] [stdout] 
[INFO] [stdout] test result: ok. 7 passed; 0 failed; 0 ignored; 0 measured; 0 filtered out; finished in 0.00s
[INFO] [stdout] 
[INFO] [stderr]      Running tests/readme.rs (/opt/rustwide/target/release/build/organiza/2cf95c7075acb17f/out/readme-2cf95c7075acb17f)
[INFO] [stdout] 
[INFO] [stdout] running 12 tests
[INFO] [stdout] test readme_code_samples_are_unchanged ... ok
[INFO] [stdout] test readme_contains_new_english_headings ... ok
[INFO] [stdout] test readme_configure_windows_instructions_are_translated ... ok
[INFO] [stdout] test readme_does_not_contain_old_spanish_headings ... ok
[INFO] [stdout] test readme_intro_paragraph_is_translated ... ok
[INFO] [stdout] test readme_current_scope_paragraph_is_translated ... ok
[INFO] [stdout] test readme_does_not_contain_leftover_spanish_phrases ... ok
[INFO] [stdout] test readme_links_are_unchanged ... ok
[INFO] [stdout] test readme_headings_contain_no_spanish_diacritics ... ok
[INFO] [stdout] test readme_uses_your_username_placeholder ... ok
[INFO] [stdout] test readme_top_level_headings_preserve_original_order ... ok
[INFO] [stdout] test readme_launchd_sed_placeholder_matches_plist_template ... FAILED
[INFO] [stdout] 
[INFO] [stdout] failures:
[INFO] [stdout] 
[INFO] [stdout] ---- readme_launchd_sed_placeholder_matches_plist_template stdout ----
[INFO] [stdout] 
[INFO] [stdout] thread 'readme_launchd_sed_placeholder_matches_plist_template' (1824) panicked at tests/readme.rs:189:29:
[INFO] [stdout] failed to read /opt/rustwide/workdir/platform/macos/com.organiza.plist.example: No such file or directory (os error 2)
[INFO] [stdout] stack backtrace:
[INFO] [stdout]    0:     0x5e885138d707 - <unknown>
[INFO] [stdout]    1:     0x5e8851375b1a - <unknown>
[INFO] [stdout]    2:     0x5e885138ccbb - <unknown>
[INFO] [stdout]    3:     0x5e885138c79f - <unknown>
[INFO] [stdout]    4:     0x5e885138c3ca - <unknown>
[INFO] [stdout]    5:     0x5e885138bf05 - <unknown>
[INFO] [stdout]    6:     0x5e88513b2cb1 - <unknown>
[INFO] [stdout]    7:     0x5e88513b2c69 - <unknown>
[INFO] [stdout]    8:     0x5e88513b316c - <unknown>
[INFO] [stdout]    9:     0x5e88513759ab - <unknown>
[INFO] [stdout]   10:     0x5e8851370438 - <unknown>
[INFO] [stdout]   11:     0x5e88513743f1 - <unknown>
[INFO] [stdout]   12:     0x5e88513cbb6b - <unknown>
[INFO] [stdout]   13:     0x5e88513c6fcf - <unknown>
[INFO] [stdout]   14:     0x5e88513c6a4c - <unknown>
[INFO] [stdout]   15:     0x5e88513e6fbc - <unknown>
[INFO] [stdout]   16:     0x5e88513b4944 - <unknown>
[INFO] [stdout]   17:     0x7aacfe188dfa - <unknown>
[INFO] [stdout]   18:     0x7aacfe21c3d4 - clone
[INFO] [stdout]   19:                0x0 - <unknown>
[INFO] [stdout] 
[INFO] [stdout] 
[INFO] [stdout] failures:
[INFO] [stdout]     readme_launchd_sed_placeholder_matches_plist_template
[INFO] [stdout] 
[INFO] [stdout] test result: FAILED. 11 passed; 1 failed; 0 ignored; 0 measured; 0 filtered out; finished in 0.00s
[INFO] [stdout] 
[INFO] [stderr] error: test failed, to rerun pass `--test readme`
[INFO] running `Command { std: "docker" "inspect" "2446cea070fba12b340bb7ddb2c98c9d82dfaf20c285baaa8f0766e6f64604d4", kill_on_drop: false }`
[INFO] running `Command { std: "docker" "rm" "-f" "2446cea070fba12b340bb7ddb2c98c9d82dfaf20c285baaa8f0766e6f64604d4", kill_on_drop: false }`
[INFO] [stdout] 2446cea070fba12b340bb7ddb2c98c9d82dfaf20c285baaa8f0766e6f64604d4
