[INFO] fetching crate orbitflare-sdk 0.3.2...
[INFO] testing orbitflare-sdk-0.3.2 against 1.100.0-beta.1+cargoflags=--release for beta-release-1.100-2
[INFO] extracting crate orbitflare-sdk 0.3.2 into /workspace/builds/worker-3-tc2/source
[INFO] removed /workspace/builds/worker-3-tc2/source/rust-toolchain.toml
[INFO] started tweaking crates.io crate orbitflare-sdk 0.3.2
[INFO] removed 0 missing examples
[INFO] removed 0 missing tests
[INFO] finished tweaking crates.io crate orbitflare-sdk 0.3.2
[INFO] tweaked toml for crates.io crate orbitflare-sdk 0.3.2 written to /workspace/builds/worker-3-tc2/source/Cargo.toml
[INFO] validating manifest of crates.io crate orbitflare-sdk 0.3.2 on toolchain 1.100.0-beta.1
[INFO] running `Command { std: CARGO_HOME="/workspace/cargo-home" RUSTUP_HOME="/workspace/rustup-home" "/workspace/cargo-home/bin/cargo" "+1.100.0-beta.1" "metadata" "--manifest-path" "Cargo.toml" "--no-deps", kill_on_drop: false }`
[INFO] crate crates.io crate orbitflare-sdk 0.3.2 already has a lockfile, it will not be regenerated
[INFO] running `Command { std: CARGO_HOME="/workspace/cargo-home" RUSTUP_HOME="/workspace/rustup-home" "/workspace/cargo-home/bin/cargo" "+1.100.0-beta.1" "fetch" "--manifest-path" "Cargo.toml", kill_on_drop: false }`
[INFO] running `Command { std: "docker" "create" "-v" "/var/lib/crater-agent-workspace/builds/worker-3-tc2/source:/opt/rustwide/workdir:ro,Z" "-v" "/var/lib/crater-agent-workspace/builds/worker-3-tc2/target:/opt/rustwide/target:rw,Z" "-v" "/var/lib/crater-agent-workspace/cargo-home:/opt/rustwide/cargo-home:ro,Z" "-v" "/var/lib/crater-agent-workspace/rustup-home:/opt/rustwide/rustup-home:ro,Z" "-m" "1610612736" "--network" "none" "ghcr.io/rust-lang/crates-build-env/linux@sha256:77db811e55d90add9212f6832c23229e3de5f1c1f9905e8cb07319ea15df73ac" "sleep" "infinity", kill_on_drop: false }`
[INFO] [stdout] 36132d6ba8d801da1ba794c98067e250bba76689f65dacbc7eb67ab835f18e72
[INFO] running `Command { std: "docker" "start" "36132d6ba8d801da1ba794c98067e250bba76689f65dacbc7eb67ab835f18e72", kill_on_drop: false }`
[INFO] running `Command { std: "docker" "inspect" "36132d6ba8d801da1ba794c98067e250bba76689f65dacbc7eb67ab835f18e72", kill_on_drop: false }`
[INFO] running `Command { std: "docker" "exec" "-e" "SOURCE_DIR=/opt/rustwide/workdir" "-e" "CARGO_HOME=/opt/rustwide/cargo-home" "-e" "RUSTUP_HOME=/opt/rustwide/rustup-home" "-e" "CARGO_TARGET_DIR=/opt/rustwide/target" "-w" "/opt/rustwide/workdir" "--user" "0:0" "36132d6ba8d801da1ba794c98067e250bba76689f65dacbc7eb67ab835f18e72" "/opt/rustwide/cargo-home/bin/cargo" "+1.100.0-beta.1" "metadata" "--no-deps" "--format-version=1", kill_on_drop: false }`
[INFO] running `Command { std: "docker" "inspect" "36132d6ba8d801da1ba794c98067e250bba76689f65dacbc7eb67ab835f18e72", kill_on_drop: false }`
[INFO] running `Command { std: "docker" "exec" "-e" "SOURCE_DIR=/opt/rustwide/workdir" "-e" "CARGO_HOME=/opt/rustwide/cargo-home" "-e" "RUSTUP_HOME=/opt/rustwide/rustup-home" "-e" "CARGO_TARGET_DIR=/opt/rustwide/target" "-e" "CARGO_INCREMENTAL=0" "-e" "RUST_BACKTRACE=full" "-e" "RUSTFLAGS=--cap-lints=warn" "-e" "RUSTDOCFLAGS=--cap-lints=warn" "-w" "/opt/rustwide/workdir" "--user" "0:0" "36132d6ba8d801da1ba794c98067e250bba76689f65dacbc7eb67ab835f18e72" "/opt/rustwide/cargo-home/bin/cargo" "+1.100.0-beta.1" "build" "--frozen" "--message-format=json" "--release", kill_on_drop: false }`
[INFO] [stderr]    Compiling hashbrown v0.17.0
[INFO] [stderr]    Compiling futures-task v0.3.32
[INFO] [stderr]    Compiling rustls v0.23.38
[INFO] [stderr]    Compiling jobserver v0.1.34
[INFO] [stderr]    Compiling socket2 v0.6.3
[INFO] [stderr]    Compiling mio v1.2.0
[INFO] [stderr]    Compiling tokio-macros v2.7.0
[INFO] [stderr]    Compiling futures-channel v0.3.32
[INFO] [stderr]    Compiling yoke v0.8.2
[INFO] [stderr]    Compiling futures-util v0.3.32
[INFO] [stderr]    Compiling cc v1.2.60
[INFO] [stderr]    Compiling zerovec v0.11.6
[INFO] [stderr]    Compiling zerotrie v0.2.4
[INFO] [stderr]    Compiling tokio v1.51.1
[INFO] [stderr]    Compiling indexmap v2.14.0
[INFO] [stderr]    Compiling tinystr v0.8.3
[INFO] [stderr]    Compiling potential_utf v0.1.5
[INFO] [stderr]    Compiling icu_collections v2.2.0
[INFO] [stderr]    Compiling icu_locale_core v2.2.0
[INFO] [stderr]    Compiling cmake v0.1.58
[INFO] [stderr]    Compiling aws-lc-sys v0.39.1
[INFO] [stderr]    Compiling icu_provider v2.2.0
[INFO] [stderr]    Compiling icu_properties v2.2.0
[INFO] [stderr]    Compiling icu_normalizer v2.2.0
[INFO] [stderr]    Compiling idna_adapter v1.2.1
[INFO] [stderr]    Compiling idna v1.1.0
[INFO] [stderr]    Compiling url v2.5.8
[INFO] [stderr]    Compiling tokio-util v0.7.18
[INFO] [stderr]    Compiling tower v0.5.3
[INFO] [stderr]    Compiling h2 v0.4.13
[INFO] [stderr]    Compiling tower-http v0.6.8
[INFO] [stderr]    Compiling hyper v1.9.0
[INFO] [stderr]    Compiling hyper-util v0.1.20
[INFO] [stderr]    Compiling aws-lc-rs v1.16.2
[INFO] [stderr]    Compiling rustls-webpki v0.103.11
[INFO] [stderr]    Compiling tokio-rustls v0.26.4
[INFO] [stderr]    Compiling rustls-platform-verifier v0.6.2
[INFO] [stderr]    Compiling hyper-rustls v0.27.8
[INFO] [stderr]    Compiling reqwest v0.13.2
[INFO] [stderr]    Compiling orbitflare-sdk v0.3.2 (/opt/rustwide/workdir)
[INFO] [stderr]     Finished `release` profile [optimized] target(s) in 47.47s
[INFO] running `Command { std: "docker" "inspect" "36132d6ba8d801da1ba794c98067e250bba76689f65dacbc7eb67ab835f18e72", kill_on_drop: false }`
[INFO] running `Command { std: "docker" "exec" "-e" "SOURCE_DIR=/opt/rustwide/workdir" "-e" "CARGO_HOME=/opt/rustwide/cargo-home" "-e" "RUSTUP_HOME=/opt/rustwide/rustup-home" "-e" "CARGO_TARGET_DIR=/opt/rustwide/target" "-e" "CARGO_INCREMENTAL=0" "-e" "RUST_BACKTRACE=full" "-e" "RUSTFLAGS=--cap-lints=warn" "-e" "RUSTDOCFLAGS=--cap-lints=warn" "-w" "/opt/rustwide/workdir" "--user" "0:0" "36132d6ba8d801da1ba794c98067e250bba76689f65dacbc7eb67ab835f18e72" "/opt/rustwide/cargo-home/bin/cargo" "+1.100.0-beta.1" "test" "--frozen" "--no-run" "--message-format=json" "--release", kill_on_drop: false }`
[INFO] [stderr]    Compiling parking_lot_core v0.9.12
[INFO] [stderr]    Compiling errno v0.3.14
[INFO] [stderr]    Compiling num_cpus v1.17.0
[INFO] [stderr]    Compiling assert-json-diff v2.0.2
[INFO] [stderr]    Compiling bs58 v0.5.1
[INFO] [stderr]    Compiling regex v1.12.3
[INFO] [stderr]    Compiling tracing-subscriber v0.3.23
[INFO] [stderr]    Compiling rustls-platform-verifier v0.6.2
[INFO] [stderr]    Compiling signal-hook-registry v1.4.8
[INFO] [stderr]    Compiling parking_lot v0.12.5
[INFO] [stderr]    Compiling tokio v1.51.1
[INFO] [stderr]    Compiling tokio-util v0.7.18
[INFO] [stderr]    Compiling tokio-rustls v0.26.4
[INFO] [stderr]    Compiling tower v0.5.3
[INFO] [stderr]    Compiling deadpool v0.12.3
[INFO] [stderr]    Compiling tower-http v0.6.8
[INFO] [stderr]    Compiling h2 v0.4.13
[INFO] [stderr]    Compiling hyper v1.9.0
[INFO] [stderr]    Compiling hyper-util v0.1.20
[INFO] [stderr]    Compiling hyper-rustls v0.27.8
[INFO] [stderr]    Compiling wiremock v0.6.5
[INFO] [stderr]    Compiling reqwest v0.13.2
[INFO] [stderr]    Compiling orbitflare-sdk v0.3.2 (/opt/rustwide/workdir)
[INFO] [stderr]     Finished `release` profile [optimized] target(s) in 36.73s
[INFO] running `Command { std: "docker" "inspect" "36132d6ba8d801da1ba794c98067e250bba76689f65dacbc7eb67ab835f18e72", kill_on_drop: false }`
[INFO] running `Command { std: "docker" "exec" "-e" "SOURCE_DIR=/opt/rustwide/workdir" "-e" "CARGO_HOME=/opt/rustwide/cargo-home" "-e" "RUSTUP_HOME=/opt/rustwide/rustup-home" "-e" "CARGO_TARGET_DIR=/opt/rustwide/target" "-e" "CARGO_INCREMENTAL=0" "-e" "RUST_BACKTRACE=full" "-e" "RUSTFLAGS=--cap-lints=warn" "-e" "RUSTDOCFLAGS=--cap-lints=warn" "-w" "/opt/rustwide/workdir" "--user" "0:0" "36132d6ba8d801da1ba794c98067e250bba76689f65dacbc7eb67ab835f18e72" "/opt/rustwide/cargo-home/bin/cargo" "+1.100.0-beta.1" "test" "--frozen" "--release", kill_on_drop: false }`
[INFO] [stderr]     Finished `release` profile [optimized] target(s) in 0.34s
[INFO] [stderr]      Running unittests src/lib.rs (/opt/rustwide/target/release/build/orbitflare-sdk/3a871a1d80051096/out/orbitflare_sdk-3a871a1d80051096)
[INFO] [stdout] 
[INFO] [stdout] running 5 tests
[INFO] [stdout] test credentials::tests::skips_if_already_present ... ok
[INFO] [stdout] test credentials::tests::skips_if_empty_key ... ok
[INFO] [stdout] test credentials::tests::appends_with_existing_query ... ok
[INFO] [stdout] test credentials::tests::appends_key ... ok
[INFO] [stdout] test credentials::tests::keeps_existing_path ... ok
[INFO] [stdout] 
[INFO] [stdout] test result: ok. 5 passed; 0 failed; 0 ignored; 0 measured; 0 filtered out; finished in 0.03s
[INFO] [stdout] 
[INFO] [stderr]      Running tests/filters.rs (/opt/rustwide/target/release/build/orbitflare-sdk/0b9bfbe0ece7d6d2/out/filters-0b9bfbe0ece7d6d2)
[INFO] [stdout] 
[INFO] [stdout] running 0 tests
[INFO] [stdout] 
[INFO] [stdout] test result: ok. 0 passed; 0 failed; 0 ignored; 0 measured; 0 filtered out; finished in 0.00s
[INFO] [stdout] 
[INFO] [stderr]      Running tests/grpc.rs (/opt/rustwide/target/release/build/orbitflare-sdk/65d4e04e8049886f/out/grpc-65d4e04e8049886f)
[INFO] [stdout] 
[INFO] [stdout] running 0 tests
[INFO] [stdout] 
[INFO] [stdout] test result: ok. 0 passed; 0 failed; 0 ignored; 0 measured; 0 filtered out; finished in 0.00s
[INFO] [stdout] 
[INFO] [stderr]      Running tests/helpers.rs (/opt/rustwide/target/release/build/orbitflare-sdk/b52f8f1f78870c5e/out/helpers-b52f8f1f78870c5e)
[INFO] [stdout] 
[INFO] [stdout] running 8 tests
[INFO] [stdout] test with_endpoint_prepends_host_on_wrapping_variants ... ok
[INFO] [stdout] test retry_after_only_set_on_rate_limited ... ok
[INFO] [stdout] test retry_attempts_left ... ok
[INFO] [stdout] test retry_policy_defaults ... ok
[INFO] [stdout] test with_endpoint_passes_through_rate_limited ... ok
[INFO] [stdout] test retryable_classification ... ok
[INFO] [stdout] test retry_delay_grows_and_caps ... ok
[INFO] [stdout] test with_endpoint_strips_api_key_from_host ... ok
[INFO] [stdout] 
[INFO] [stdout] test result: ok. 8 passed; 0 failed; 0 ignored; 0 measured; 0 filtered out; finished in 0.01s
[INFO] [stdout] 
[INFO] [stderr]      Running tests/jetstream.rs (/opt/rustwide/target/release/build/orbitflare-sdk/29926cf9cc173f0b/out/jetstream-29926cf9cc173f0b)
[INFO] [stdout] 
[INFO] [stdout] running 0 tests
[INFO] [stdout] 
[INFO] [stdout] test result: ok. 0 passed; 0 failed; 0 ignored; 0 measured; 0 filtered out; finished in 0.00s
[INFO] [stdout] 
[INFO] [stderr]      Running tests/jetstream_v2.rs (/opt/rustwide/target/release/build/orbitflare-sdk/1770f6686833ec87/out/jetstream_v2-1770f6686833ec87)
[INFO] [stdout] 
[INFO] [stdout] running 0 tests
[INFO] [stdout] 
[INFO] [stdout] test result: ok. 0 passed; 0 failed; 0 ignored; 0 measured; 0 filtered out; finished in 0.00s
[INFO] [stdout] 
[INFO] [stderr]      Running tests/rpc.rs (/opt/rustwide/target/release/build/orbitflare-sdk/6e167dc7831b4ea3/out/rpc-6e167dc7831b4ea3)
[INFO] [stdout] 
[INFO] [stdout] running 33 tests
[INFO] [stdout] test get_signatures_for_address_returns_array ... ok
[INFO] [stdout] test failover_to_second_endpoint ... ok
[INFO] [stdout] test get_slot_returns_u64 ... ok
[INFO] [stdout] test get_account_info_returns_none_for_missing ... ok
[INFO] [stdout] test api_key_injected_into_url ... ok
[INFO] [stdout] test get_token_accounts_by_owner_returns_array ... ok
[INFO] [stdout] test failover_on_non_retryable_error ... ok
[INFO] [stdout] test get_multiple_accounts_returns_vec ... ok
[INFO] [stdout] test get_recent_prioritization_fees_returns_array ... FAILED
[INFO] [stdout] test get_program_accounts_returns_array ... ok
[INFO] [stdout] test get_latest_blockhash_returns_tuple ... ok
[INFO] [stdout] test get_balance_returns_lamports ... ok
[INFO] [stdout] test get_account_info_returns_some ... ok
[INFO] [stdout] test error_includes_endpoint_context ... ok
[INFO] [stdout] test fallback_url_method ... ok
[INFO] [stdout] test get_transaction_returns_value ... ok
[INFO] [stdout] test get_transactions_for_address_sends_all_options ... ok
[INFO] [stdout] test commitment_defaults_and_override ... ok
[INFO] [stdout] test get_transactions_for_address_omits_unset_options ... ok
[INFO] [stdout] test server_error_is_retryable ... ok
[INFO] [stdout] test request_raw_body ... ok
[INFO] [stdout] test get_transactions_for_address_basic ... ok
[INFO] [stdout] test get_transactions_for_address_slot_filter ... ok
[INFO] [stdout] test quarantined_endpoint_skipped_on_second_request ... ok
[INFO] [stdout] test request_custom_method ... ok
[INFO] [stdout] test simulate_transaction_returns_value ... ok
[INFO] [stdout] test get_transactions_for_address_with_pagination_token ... ok
[INFO] [stdout] test rpc_error_from_non_200_json_body ... ok
[INFO] [stdout] test rpc_error_extracted ... ok
[INFO] [stdout] test retries_before_failing ... ok
[INFO] [stdout] test send_transaction_returns_signature ... ok
[INFO] [stdout] test rate_limit_429 ... ok
[INFO] [stdout] test timeout_triggers_error ... ok
[INFO] [stdout] 
[INFO] [stdout] failures:
[INFO] [stdout] 
[INFO] [stdout] ---- get_recent_prioritization_fees_returns_array stdout ----
[INFO] [stdout] 
[INFO] [stdout] thread 'get_recent_prioritization_fees_returns_array' (2670) panicked at tests/rpc.rs:146:10:
[INFO] [stdout] called `Result::unwrap()` on an `Err` value: Transport("[http://127.0.0.1:43551] HTTP 500: down")
[INFO] [stdout] stack backtrace:
[INFO] [stdout]    0:     0x62d63e53d5d1 - <<std[617be2ca0a6fd877]::sys::backtrace::BacktraceLock>::print::DisplayBacktrace as core[a373ad73a504971]::fmt::Display>::fmt
[INFO] [stdout]    1:     0x62d63e5541ca - core[a373ad73a504971]::fmt::write
[INFO] [stdout]    2:     0x62d63e5426bc - <alloc[2e1b2a31b91974c5]::vec::Vec<u8> as core[a373ad73a504971]::io::write::Write>::write_fmt
[INFO] [stdout]    3:     0x62d63e5179e6 - std[617be2ca0a6fd877]::panicking::default_hook::{closure#0}
[INFO] [stdout]    4:     0x62d63e535069 - std[617be2ca0a6fd877]::panicking::default_hook
[INFO] [stdout]    5:     0x62d63e0ae490 - test[aada8e7e76ba119b]::test_main_inner::{closure#0}
[INFO] [stdout]    6:     0x62d63e535392 - std[617be2ca0a6fd877]::panicking::panic_with_hook
[INFO] [stdout]    7:     0x62d63e517a92 - std[617be2ca0a6fd877]::panicking::panic_handler::{closure#0}
[INFO] [stdout]    8:     0x62d63e510629 - std[617be2ca0a6fd877]::sys::backtrace::__rust_end_short_backtrace::<std[617be2ca0a6fd877]::panicking::panic_handler::{closure#0}, !>
[INFO] [stdout]    9:     0x62d63e51888d - __rustc[ea4f61d10b84890b]::rust_begin_unwind
[INFO] [stdout]   10:     0x62d63e55492c - core[a373ad73a504971]::panicking::panic_fmt
[INFO] [stdout]   11:     0x62d63e554702 - core[a373ad73a504971]::result::unwrap_failed
[INFO] [stdout]   12:     0x62d63e0273f7 - rpc[fdb8fd7305c0f62c]::get_recent_prioritization_fees_returns_array::{closure#0}
[INFO] [stdout]   13:     0x62d63e044a13 - <tokio[a49a2a9a31de6c87]::runtime::scheduler::current_thread::Context>::enter::<core[a373ad73a504971]::task::poll::Poll<()>, <tokio[a49a2a9a31de6c87]::runtime::scheduler::current_thread::CoreGuard>::block_on<core[a373ad73a504971]::pin::Pin<&mut core[a373ad73a504971]::pin::Pin<&mut dyn core[a373ad73a504971]::future::future::Future<Output = ()>>>>::{closure#0}::{closure#0}>
[INFO] [stdout]   14:     0x62d63e099cac - <tokio[a49a2a9a31de6c87]::runtime::context::scoped::Scoped<tokio[a49a2a9a31de6c87]::runtime::scheduler::Context>>::set::<<tokio[a49a2a9a31de6c87]::runtime::scheduler::current_thread::CoreGuard>::enter<<tokio[a49a2a9a31de6c87]::runtime::scheduler::current_thread::CoreGuard>::block_on<core[a373ad73a504971]::pin::Pin<&mut core[a373ad73a504971]::pin::Pin<&mut dyn core[a373ad73a504971]::future::future::Future<Output = ()>>>>::{closure#0}, core[a373ad73a504971]::option::Option<()>>::{closure#0}, (alloc[2e1b2a31b91974c5]::boxed::Box<tokio[a49a2a9a31de6c87]::runtime::scheduler::current_thread::Core>, core[a373ad73a504971]::option::Option<()>)>
[INFO] [stdout]   15:     0x62d63e04463c - <tokio[a49a2a9a31de6c87]::runtime::runtime::Runtime>::block_on::<core[a373ad73a504971]::pin::Pin<&mut dyn core[a373ad73a504971]::future::future::Future<Output = ()>>>
[INFO] [stdout]   16:     0x62d63e034a7e - <rpc[fdb8fd7305c0f62c]::get_recent_prioritization_fees_returns_array::{closure#0} as core[a373ad73a504971]::ops::function::FnOnce<()>>::call_once
[INFO] [stdout]   17:     0x62d63e0a18db - test[aada8e7e76ba119b]::__rust_begin_short_backtrace::<core[a373ad73a504971]::result::Result<(), alloc[2e1b2a31b91974c5]::string::String>, fn() -> core[a373ad73a504971]::result::Result<(), alloc[2e1b2a31b91974c5]::string::String>>
[INFO] [stdout]   18:     0x62d63e0aeab5 - test[aada8e7e76ba119b]::run_test::{closure#0}
[INFO] [stdout]   19:     0x62d63e0a83a4 - std[617be2ca0a6fd877]::sys::backtrace::__rust_begin_short_backtrace::<test[aada8e7e76ba119b]::run_test::{closure#1}, ()>
[INFO] [stdout]   20:     0x62d63e0b1b42 - <std[617be2ca0a6fd877]::thread::lifecycle::spawn_unchecked<test[aada8e7e76ba119b]::run_test::{closure#1}, ()>::{closure#1} as core[a373ad73a504971]::ops::function::FnOnce<()>>::call_once::{shim:vtable#0}
[INFO] [stdout]   21:     0x62d63e53c82f - <std[617be2ca0a6fd877]::sys::thread::unix::Thread>::new::thread_start
[INFO] [stdout]   22:     0x7f15c2ba2dfa - <unknown>
[INFO] [stdout]   23:     0x7f15c2c363d4 - clone
[INFO] [stdout]   24:                0x0 - <unknown>
[INFO] [stdout] 
[INFO] [stdout] 
[INFO] [stdout] failures:
[INFO] [stdout]     get_recent_prioritization_fees_returns_array
[INFO] [stdout] 
[INFO] [stdout] test result: FAILED. 32 passed; 1 failed; 0 ignored; 0 measured; 0 filtered out; finished in 0.36s
[INFO] [stdout] 
[INFO] [stderr] error: test failed, to rerun pass `--test rpc`
[INFO] running `Command { std: "docker" "inspect" "36132d6ba8d801da1ba794c98067e250bba76689f65dacbc7eb67ab835f18e72", kill_on_drop: false }`
[INFO] running `Command { std: "docker" "rm" "-f" "36132d6ba8d801da1ba794c98067e250bba76689f65dacbc7eb67ab835f18e72", kill_on_drop: false }`
[INFO] [stdout] 36132d6ba8d801da1ba794c98067e250bba76689f65dacbc7eb67ab835f18e72
