[INFO] fetching crate orbital-report 0.1.0...
[INFO] testing orbital-report-0.1.0 against 1.100.0-beta.1+cargoflags=--release for beta-release-1.100-2
[INFO] extracting crate orbital-report 0.1.0 into /workspace/builds/worker-5-tc2/source
[INFO] started tweaking crates.io crate orbital-report 0.1.0
[INFO] finished tweaking crates.io crate orbital-report 0.1.0
[INFO] tweaked toml for crates.io crate orbital-report 0.1.0 written to /workspace/builds/worker-5-tc2/source/Cargo.toml
[INFO] validating manifest of crates.io crate orbital-report 0.1.0 on toolchain 1.100.0-beta.1
[INFO] running `Command { std: CARGO_HOME="/workspace/cargo-home" RUSTUP_HOME="/workspace/rustup-home" "/workspace/cargo-home/bin/cargo" "+1.100.0-beta.1" "metadata" "--manifest-path" "Cargo.toml" "--no-deps", kill_on_drop: false }`
[INFO] crate crates.io crate orbital-report 0.1.0 already has a lockfile, it will not be regenerated
[INFO] running `Command { std: CARGO_HOME="/workspace/cargo-home" RUSTUP_HOME="/workspace/rustup-home" "/workspace/cargo-home/bin/cargo" "+1.100.0-beta.1" "fetch" "--manifest-path" "Cargo.toml", kill_on_drop: false }`
[INFO] [stderr] warning: `package.homepage` is redundant with `package.repository`
[INFO] [stderr]   --> Cargo.toml:24:12
[INFO] [stderr]    |
[INFO] [stderr] 24 | homepage = "https://github.com/setoKai13/orbital-cluster"
[INFO] [stderr]    |            ^^^^^^^^^^^^^^^^^^^^^^^^^^^^^^^^^^^^^^^^^^^^^^
[INFO] [stderr] ...
[INFO] [stderr] 28 | repository = "https://github.com/setoKai13/orbital-cluster"
[INFO] [stderr]    |              ----------------------------------------------
[INFO] [stderr]    |
[INFO] [stderr]    = note: `cargo::redundant_homepage` is set to `warn` by default
[INFO] [stderr] help: consider removing `package.homepage`
[INFO] [stderr] warning: `orbital-report` (manifest) generated 1 warning
[INFO] running `Command { std: "docker" "create" "-v" "/var/lib/crater-agent-workspace/builds/worker-5-tc2/source:/opt/rustwide/workdir:ro,Z" "-v" "/var/lib/crater-agent-workspace/builds/worker-5-tc2/target:/opt/rustwide/target:rw,Z" "-v" "/var/lib/crater-agent-workspace/cargo-home:/opt/rustwide/cargo-home:ro,Z" "-v" "/var/lib/crater-agent-workspace/rustup-home:/opt/rustwide/rustup-home:ro,Z" "-m" "1610612736" "--network" "none" "ghcr.io/rust-lang/crates-build-env/linux@sha256:77db811e55d90add9212f6832c23229e3de5f1c1f9905e8cb07319ea15df73ac" "sleep" "infinity", kill_on_drop: false }`
[INFO] [stdout] f3c1fd9c5b79de4501fab64de1d24ea5e998e2a717106a18b6667b5e8e862aad
[INFO] running `Command { std: "docker" "start" "f3c1fd9c5b79de4501fab64de1d24ea5e998e2a717106a18b6667b5e8e862aad", kill_on_drop: false }`
[INFO] running `Command { std: "docker" "inspect" "f3c1fd9c5b79de4501fab64de1d24ea5e998e2a717106a18b6667b5e8e862aad", kill_on_drop: false }`
[INFO] running `Command { std: "docker" "exec" "-e" "SOURCE_DIR=/opt/rustwide/workdir" "-e" "CARGO_HOME=/opt/rustwide/cargo-home" "-e" "RUSTUP_HOME=/opt/rustwide/rustup-home" "-e" "CARGO_TARGET_DIR=/opt/rustwide/target" "-w" "/opt/rustwide/workdir" "--user" "0:0" "f3c1fd9c5b79de4501fab64de1d24ea5e998e2a717106a18b6667b5e8e862aad" "/opt/rustwide/cargo-home/bin/cargo" "+1.100.0-beta.1" "metadata" "--no-deps" "--format-version=1", kill_on_drop: false }`
[INFO] running `Command { std: "docker" "inspect" "f3c1fd9c5b79de4501fab64de1d24ea5e998e2a717106a18b6667b5e8e862aad", kill_on_drop: false }`
[INFO] running `Command { std: "docker" "exec" "-e" "SOURCE_DIR=/opt/rustwide/workdir" "-e" "CARGO_HOME=/opt/rustwide/cargo-home" "-e" "RUSTUP_HOME=/opt/rustwide/rustup-home" "-e" "CARGO_TARGET_DIR=/opt/rustwide/target" "-e" "CARGO_INCREMENTAL=0" "-e" "RUST_BACKTRACE=full" "-e" "RUSTFLAGS=--cap-lints=warn" "-e" "RUSTDOCFLAGS=--cap-lints=warn" "-w" "/opt/rustwide/workdir" "--user" "0:0" "f3c1fd9c5b79de4501fab64de1d24ea5e998e2a717106a18b6667b5e8e862aad" "/opt/rustwide/cargo-home/bin/cargo" "+1.100.0-beta.1" "build" "--frozen" "--message-format=json" "--release", kill_on_drop: false }`
[INFO] [stderr] warning: `package.homepage` is redundant with `package.repository`
[INFO] [stderr]   --> Cargo.toml:24:12
[INFO] [stderr]    |
[INFO] [stderr] 24 | homepage = "https://github.com/setoKai13/orbital-cluster"
[INFO] [stderr]    |            ^^^^^^^^^^^^^^^^^^^^^^^^^^^^^^^^^^^^^^^^^^^^^^
[INFO] [stderr] ...
[INFO] [stderr] 28 | repository = "https://github.com/setoKai13/orbital-cluster"
[INFO] [stderr]    |              ----------------------------------------------
[INFO] [stderr]    |
[INFO] [stderr]    = note: `cargo::redundant_homepage` is set to `warn` by default
[INFO] [stderr] help: consider removing `package.homepage`
[INFO] [stderr] warning: `orbital-report` (manifest) generated 1 warning
[INFO] [stderr]    Compiling tree-sitter-language v0.1.7
[INFO] [stderr]    Compiling regex-syntax v0.8.11
[INFO] [stderr]    Compiling aho-corasick v1.1.4
[INFO] [stderr]    Compiling cc v1.2.66
[INFO] [stderr]    Compiling serde_core v1.0.228
[INFO] [stderr]    Compiling serde_json v1.0.150
[INFO] [stderr]    Compiling syn v2.0.118
[INFO] [stderr]    Compiling float-cmp v0.10.0
[INFO] [stderr]    Compiling halfbrown v0.4.0
[INFO] [stderr]    Compiling bstr v1.12.3
[INFO] [stderr]    Compiling winnow v1.0.3
[INFO] [stderr]    Compiling parking_lot_core v0.9.12
[INFO] [stderr]    Compiling simdutf8 v0.1.5
[INFO] [stderr]    Compiling fast-glob v1.0.1
[INFO] [stderr]    Compiling rustix v1.1.4
[INFO] [stderr]    Compiling compact_str v0.9.1
[INFO] [stderr]    Compiling json-strip-comments v3.1.1
[INFO] [stderr]    Compiling self_cell v1.2.2
[INFO] [stderr]    Compiling dashmap v6.2.1
[INFO] [stderr]    Compiling nodejs-built-in-modules v1.0.0
[INFO] [stderr]    Compiling value-trait v0.12.1
[INFO] [stderr]    Compiling toml_parser v1.1.2+spec-1.1.0
[INFO] [stderr]    Compiling toml v1.1.2+spec-1.1.0
[INFO] [stderr]    Compiling tree-sitter-javascript v0.25.0
[INFO] [stderr]    Compiling regex-automata v0.4.14
[INFO] [stderr]    Compiling serde_derive v1.0.228
[INFO] [stderr]    Compiling ref-cast-impl v1.0.25
[INFO] [stderr]    Compiling thiserror-impl v2.0.18
[INFO] [stderr]    Compiling tracing-attributes v0.1.31
[INFO] [stderr]    Compiling tree-sitter v0.26.10
[INFO] [stderr]    Compiling ref-cast v1.0.25
[INFO] [stderr]    Compiling simd-json v0.17.0
[INFO] [stderr]    Compiling tracing v0.1.44
[INFO] [stderr]    Compiling thiserror v2.0.18
[INFO] [stderr]    Compiling globset v0.4.18
[INFO] [stderr]    Compiling regex v1.12.4
[INFO] [stderr]    Compiling ignore v0.4.27
[INFO] [stderr]    Compiling serde v1.0.228
[INFO] [stderr]    Compiling oxc_resolver v11.23.0
[INFO] [stderr]    Compiling orbital-contract v0.1.0
[INFO] [stderr]    Compiling orbital-engine v0.1.0
[INFO] [stderr]    Compiling orbital-report v0.1.0 (/opt/rustwide/workdir)
[INFO] [stderr]     Finished `release` profile [optimized] target(s) in 12.79s
[INFO] running `Command { std: "docker" "inspect" "f3c1fd9c5b79de4501fab64de1d24ea5e998e2a717106a18b6667b5e8e862aad", kill_on_drop: false }`
[INFO] running `Command { std: "docker" "exec" "-e" "SOURCE_DIR=/opt/rustwide/workdir" "-e" "CARGO_HOME=/opt/rustwide/cargo-home" "-e" "RUSTUP_HOME=/opt/rustwide/rustup-home" "-e" "CARGO_TARGET_DIR=/opt/rustwide/target" "-e" "CARGO_INCREMENTAL=0" "-e" "RUST_BACKTRACE=full" "-e" "RUSTFLAGS=--cap-lints=warn" "-e" "RUSTDOCFLAGS=--cap-lints=warn" "-w" "/opt/rustwide/workdir" "--user" "0:0" "f3c1fd9c5b79de4501fab64de1d24ea5e998e2a717106a18b6667b5e8e862aad" "/opt/rustwide/cargo-home/bin/cargo" "+1.100.0-beta.1" "test" "--frozen" "--no-run" "--message-format=json" "--release", kill_on_drop: false }`
[INFO] [stderr] warning: `package.homepage` is redundant with `package.repository`
[INFO] [stderr]   --> Cargo.toml:24:12
[INFO] [stderr]    |
[INFO] [stderr] 24 | homepage = "https://github.com/setoKai13/orbital-cluster"
[INFO] [stderr]    |            ^^^^^^^^^^^^^^^^^^^^^^^^^^^^^^^^^^^^^^^^^^^^^^
[INFO] [stderr] ...
[INFO] [stderr] 28 | repository = "https://github.com/setoKai13/orbital-cluster"
[INFO] [stderr]    |              ----------------------------------------------
[INFO] [stderr]    |
[INFO] [stderr]    = note: `cargo::redundant_homepage` is set to `warn` by default
[INFO] [stderr] help: consider removing `package.homepage`
[INFO] [stderr] warning: `orbital-report` (manifest) generated 1 warning
[INFO] [stderr]    Compiling serde_json v1.0.150
[INFO] [stderr]    Compiling pest v2.8.7
[INFO] [stderr]    Compiling console v0.16.4
[INFO] [stderr]    Compiling similar v2.7.0
[INFO] [stderr]    Compiling tempfile v3.27.0
[INFO] [stderr]    Compiling pest_meta v2.8.7
[INFO] [stderr]    Compiling tree-sitter v0.26.10
[INFO] [stderr]    Compiling pest_generator v2.8.7
[INFO] [stderr]    Compiling pest_derive v2.8.7
[INFO] [stderr]    Compiling insta v1.48.0
[INFO] [stderr]    Compiling orbital-engine v0.1.0
[INFO] [stderr]    Compiling orbital-report v0.1.0 (/opt/rustwide/workdir)
[INFO] [stderr]     Finished `release` profile [optimized] target(s) in 11.02s
[INFO] running `Command { std: "docker" "inspect" "f3c1fd9c5b79de4501fab64de1d24ea5e998e2a717106a18b6667b5e8e862aad", kill_on_drop: false }`
[INFO] running `Command { std: "docker" "exec" "-e" "SOURCE_DIR=/opt/rustwide/workdir" "-e" "CARGO_HOME=/opt/rustwide/cargo-home" "-e" "RUSTUP_HOME=/opt/rustwide/rustup-home" "-e" "CARGO_TARGET_DIR=/opt/rustwide/target" "-e" "CARGO_INCREMENTAL=0" "-e" "RUST_BACKTRACE=full" "-e" "RUSTFLAGS=--cap-lints=warn" "-e" "RUSTDOCFLAGS=--cap-lints=warn" "-w" "/opt/rustwide/workdir" "--user" "0:0" "f3c1fd9c5b79de4501fab64de1d24ea5e998e2a717106a18b6667b5e8e862aad" "/opt/rustwide/cargo-home/bin/cargo" "+1.100.0-beta.1" "test" "--frozen" "--release", kill_on_drop: false }`
[INFO] [stderr] warning: `package.homepage` is redundant with `package.repository`
[INFO] [stderr]   --> Cargo.toml:24:12
[INFO] [stderr]    |
[INFO] [stderr] 24 | homepage = "https://github.com/setoKai13/orbital-cluster"
[INFO] [stderr]    |            ^^^^^^^^^^^^^^^^^^^^^^^^^^^^^^^^^^^^^^^^^^^^^^
[INFO] [stderr] ...
[INFO] [stderr] 28 | repository = "https://github.com/setoKai13/orbital-cluster"
[INFO] [stderr]    |              ----------------------------------------------
[INFO] [stderr]    |
[INFO] [stderr]    = note: `cargo::redundant_homepage` is set to `warn` by default
[INFO] [stderr] help: consider removing `package.homepage`
[INFO] [stderr] warning: `orbital-report` (manifest) generated 1 warning
[INFO] [stderr]     Finished `release` profile [optimized] target(s) in 0.06s
[INFO] [stderr]      Running unittests src/lib.rs (/opt/rustwide/target/release/build/orbital-report/dde39d3c1cd2f755/out/orbital_report-dde39d3c1cd2f755)
[INFO] [stdout] 
[INFO] [stdout] running 8 tests
[INFO] [stdout] test tests::json_matches_expected_fixture_modulo_duration ... FAILED
[INFO] [stdout] test tests::json_envelope_snapshot ... FAILED
[INFO] [stdout] test tests::naming_envelope_snapshot ... FAILED
[INFO] [stdout] test tests::placement_envelope_snapshot ... FAILED
[INFO] [stdout] test tests::placement_json_matches_expected_fixture_modulo_duration ... FAILED
[INFO] [stdout] test tests::unresolved_envelope_snapshot ... FAILED
[INFO] [stdout] test tests::naming_json_matches_expected_fixture_modulo_duration ... FAILED
[INFO] [stdout] test tests::unresolved_json_matches_expected_fixture_modulo_duration ... FAILED
[INFO] [stdout] 
[INFO] [stdout] failures:
[INFO] [stdout] 
[INFO] [stdout] ---- tests::json_matches_expected_fixture_modulo_duration stdout ----
[INFO] [stdout] 
[INFO] [stdout] thread 'tests::json_matches_expected_fixture_modulo_duration' (1357) panicked at src/lib.rs:140:67:
[INFO] [stdout] fixture loads: Read { path: "/opt/rustwide/workdir/../../fixtures/violations-basic/orbital.toml", source: Os { code: 2, kind: NotFound, message: "No such file or directory" } }
[INFO] [stdout] stack backtrace:
[INFO] [stdout]    0:     0x644de92a4ad1 - <<std[617be2ca0a6fd877]::sys::backtrace::BacktraceLock>::print::DisplayBacktrace as core[a373ad73a504971]::fmt::Display>::fmt
[INFO] [stdout]    1:     0x644de92bcdea - core[a373ad73a504971]::fmt::write
[INFO] [stdout]    2:     0x644de92a931c - <alloc[2e1b2a31b91974c5]::vec::Vec<u8> as core[a373ad73a504971]::io::write::Write>::write_fmt
[INFO] [stdout]    3:     0x644de927d566 - std[617be2ca0a6fd877]::panicking::default_hook::{closure#0}
[INFO] [stdout]    4:     0x644de929b9e9 - std[617be2ca0a6fd877]::panicking::default_hook
[INFO] [stdout]    5:     0x644de907deb0 - test[aada8e7e76ba119b]::test_main_inner::{closure#0}
[INFO] [stdout]    6:     0x644de929bba2 - std[617be2ca0a6fd877]::panicking::panic_with_hook
[INFO] [stdout]    7:     0x644de927d612 - std[617be2ca0a6fd877]::panicking::panic_handler::{closure#0}
[INFO] [stdout]    8:     0x644de9275e49 - std[617be2ca0a6fd877]::sys::backtrace::__rust_end_short_backtrace::<std[617be2ca0a6fd877]::panicking::panic_handler::{closure#0}, !>
[INFO] [stdout]    9:     0x644de927e2bd - __rustc[ea4f61d10b84890b]::rust_begin_unwind
[INFO] [stdout]   10:     0x644de92bd60c - core[a373ad73a504971]::panicking::panic_fmt
[INFO] [stdout]   11:     0x644de92bd3e2 - core[a373ad73a504971]::result::unwrap_failed
[INFO] [stdout]   12:     0x644de8fe5ed2 - orbital_report[3899c265322dc21c]::tests::fixture_summary
[INFO] [stdout]   13:     0x644de8fe5f79 - orbital_report[3899c265322dc21c]::tests::assert_matches_expected
[INFO] [stdout]   14:     0x644de8fe7d65 - <orbital_report[3899c265322dc21c]::tests::json_matches_expected_fixture_modulo_duration::{closure#0} as core[a373ad73a504971]::ops::function::FnOnce<()>>::call_once
[INFO] [stdout]   15:     0x644de90712fb - test[aada8e7e76ba119b]::__rust_begin_short_backtrace::<core[a373ad73a504971]::result::Result<(), alloc[2e1b2a31b91974c5]::string::String>, fn() -> core[a373ad73a504971]::result::Result<(), alloc[2e1b2a31b91974c5]::string::String>>
[INFO] [stdout]   16:     0x644de907e4d5 - test[aada8e7e76ba119b]::run_test::{closure#0}
[INFO] [stdout]   17:     0x644de9077dc4 - std[617be2ca0a6fd877]::sys::backtrace::__rust_begin_short_backtrace::<test[aada8e7e76ba119b]::run_test::{closure#1}, ()>
[INFO] [stdout]   18:     0x644de9081562 - <std[617be2ca0a6fd877]::thread::lifecycle::spawn_unchecked<test[aada8e7e76ba119b]::run_test::{closure#1}, ()>::{closure#1} as core[a373ad73a504971]::ops::function::FnOnce<()>>::call_once::{shim:vtable#0}
[INFO] [stdout]   19:     0x644de92a3aaf - <std[617be2ca0a6fd877]::sys::thread::unix::Thread>::new::thread_start
[INFO] [stdout]   20:     0x75a37dbf7dfa - <unknown>
[INFO] [stdout]   21:     0x75a37dc8b3d4 - clone
[INFO] [stdout]   22:                0x0 - <unknown>
[INFO] [stdout] 
[INFO] [stdout] ---- tests::json_envelope_snapshot stdout ----
[INFO] [stdout] 
[INFO] [stdout] thread 'tests::json_envelope_snapshot' (1356) panicked at src/lib.rs:140:67:
[INFO] [stdout] fixture loads: Read { path: "/opt/rustwide/workdir/../../fixtures/violations-basic/orbital.toml", source: Os { code: 2, kind: NotFound, message: "No such file or directory" } }
[INFO] [stdout] stack backtrace:
[INFO] [stdout]    0:     0x644de92a4ad1 - <<std[617be2ca0a6fd877]::sys::backtrace::BacktraceLock>::print::DisplayBacktrace as core[a373ad73a504971]::fmt::Display>::fmt
[INFO] [stdout]    1:     0x644de92bcdea - core[a373ad73a504971]::fmt::write
[INFO] [stdout]    2:     0x644de92a931c - <alloc[2e1b2a31b91974c5]::vec::Vec<u8> as core[a373ad73a504971]::io::write::Write>::write_fmt
[INFO] [stdout]    3:     0x644de927d566 - std[617be2ca0a6fd877]::panicking::default_hook::{closure#0}
[INFO] [stderr] error: test failed, to rerun pass `--lib`
[INFO] [stdout]    4:     0x644de929b9e9 - std[617be2ca0a6fd877]::panicking::default_hook
[INFO] [stdout]    5:     0x644de907deb0 - test[aada8e7e76ba119b]::test_main_inner::{closure#0}
[INFO] [stdout]    6:     0x644de929bba2 - std[617be2ca0a6fd877]::panicking::panic_with_hook
[INFO] [stdout]    7:     0x644de927d612 - std[617be2ca0a6fd877]::panicking::panic_handler::{closure#0}
[INFO] [stdout]    8:     0x644de9275e49 - std[617be2ca0a6fd877]::sys::backtrace::__rust_end_short_backtrace::<std[617be2ca0a6fd877]::panicking::panic_handler::{closure#0}, !>
[INFO] [stdout]    9:     0x644de927e2bd - __rustc[ea4f61d10b84890b]::rust_begin_unwind
[INFO] [stdout]   10:     0x644de92bd60c - core[a373ad73a504971]::panicking::panic_fmt
[INFO] [stdout]   11:     0x644de92bd3e2 - core[a373ad73a504971]::result::unwrap_failed
[INFO] [stdout]   12:     0x644de8fe5ed2 - orbital_report[3899c265322dc21c]::tests::fixture_summary
[INFO] [stdout]   13:     0x644de8fe69f8 - <orbital_report[3899c265322dc21c]::tests::json_envelope_snapshot::{closure#0} as core[a373ad73a504971]::ops::function::FnOnce<()>>::call_once
[INFO] [stdout]   14:     0x644de90712fb - test[aada8e7e76ba119b]::__rust_begin_short_backtrace::<core[a373ad73a504971]::result::Result<(), alloc[2e1b2a31b91974c5]::string::String>, fn() -> core[a373ad73a504971]::result::Result<(), alloc[2e1b2a31b91974c5]::string::String>>
[INFO] [stdout]   15:     0x644de907e4d5 - test[aada8e7e76ba119b]::run_test::{closure#0}
[INFO] [stdout]   16:     0x644de9077dc4 - std[617be2ca0a6fd877]::sys::backtrace::__rust_begin_short_backtrace::<test[aada8e7e76ba119b]::run_test::{closure#1}, ()>
[INFO] [stdout]   17:     0x644de9081562 - <std[617be2ca0a6fd877]::thread::lifecycle::spawn_unchecked<test[aada8e7e76ba119b]::run_test::{closure#1}, ()>::{closure#1} as core[a373ad73a504971]::ops::function::FnOnce<()>>::call_once::{shim:vtable#0}
[INFO] [stdout]   18:     0x644de92a3aaf - <std[617be2ca0a6fd877]::sys::thread::unix::Thread>::new::thread_start
[INFO] [stdout]   19:     0x75a37dbf7dfa - <unknown>
[INFO] [stdout]   20:     0x75a37dc8b3d4 - clone
[INFO] [stdout]   21:                0x0 - <unknown>
[INFO] [stdout] 
[INFO] [stdout] ---- tests::naming_envelope_snapshot stdout ----
[INFO] [stdout] 
[INFO] [stdout] thread 'tests::naming_envelope_snapshot' (1358) panicked at src/lib.rs:140:67:
[INFO] [stdout] fixture loads: Read { path: "/opt/rustwide/workdir/../../fixtures/naming-basic/orbital.toml", source: Os { code: 2, kind: NotFound, message: "No such file or directory" } }
[INFO] [stdout] stack backtrace:
[INFO] [stdout]    0:     0x644de92a4ad1 - <<std[617be2ca0a6fd877]::sys::backtrace::BacktraceLock>::print::DisplayBacktrace as core[a373ad73a504971]::fmt::Display>::fmt
[INFO] [stdout]    1:     0x644de92bcdea - core[a373ad73a504971]::fmt::write
[INFO] [stdout]    2:     0x644de92a931c - <alloc[2e1b2a31b91974c5]::vec::Vec<u8> as core[a373ad73a504971]::io::write::Write>::write_fmt
[INFO] [stdout]    3:     0x644de927d566 - std[617be2ca0a6fd877]::panicking::default_hook::{closure#0}
[INFO] [stdout]    4:     0x644de929b9e9 - std[617be2ca0a6fd877]::panicking::default_hook
[INFO] [stdout]    5:     0x644de907deb0 - test[aada8e7e76ba119b]::test_main_inner::{closure#0}
[INFO] [stdout]    6:     0x644de929bba2 - std[617be2ca0a6fd877]::panicking::panic_with_hook
[INFO] [stdout]    7:     0x644de927d612 - std[617be2ca0a6fd877]::panicking::panic_handler::{closure#0}
[INFO] [stdout]    8:     0x644de9275e49 - std[617be2ca0a6fd877]::sys::backtrace::__rust_end_short_backtrace::<std[617be2ca0a6fd877]::panicking::panic_handler::{closure#0}, !>
[INFO] [stdout]    9:     0x644de927e2bd - __rustc[ea4f61d10b84890b]::rust_begin_unwind
[INFO] [stdout]   10:     0x644de92bd60c - core[a373ad73a504971]::panicking::panic_fmt
[INFO] [stdout]   11:     0x644de92bd3e2 - core[a373ad73a504971]::result::unwrap_failed
[INFO] [stdout]   12:     0x644de8fe5ed2 - orbital_report[3899c265322dc21c]::tests::fixture_summary
[INFO] [stdout]   13:     0x644de8fe6ed8 - <orbital_report[3899c265322dc21c]::tests::naming_envelope_snapshot::{closure#0} as core[a373ad73a504971]::ops::function::FnOnce<()>>::call_once
[INFO] [stdout]   14:     0x644de90712fb - test[aada8e7e76ba119b]::__rust_begin_short_backtrace::<core[a373ad73a504971]::result::Result<(), alloc[2e1b2a31b91974c5]::string::String>, fn() -> core[a373ad73a504971]::result::Result<(), alloc[2e1b2a31b91974c5]::string::String>>
[INFO] [stdout]   15:     0x644de907e4d5 - test[aada8e7e76ba119b]::run_test::{closure#0}
[INFO] [stdout]   16:     0x644de9077dc4 - std[617be2ca0a6fd877]::sys::backtrace::__rust_begin_short_backtrace::<test[aada8e7e76ba119b]::run_test::{closure#1}, ()>
[INFO] [stdout]   17:     0x644de9081562 - <std[617be2ca0a6fd877]::thread::lifecycle::spawn_unchecked<test[aada8e7e76ba119b]::run_test::{closure#1}, ()>::{closure#1} as core[a373ad73a504971]::ops::function::FnOnce<()>>::call_once::{shim:vtable#0}
[INFO] [stdout]   18:     0x644de92a3aaf - <std[617be2ca0a6fd877]::sys::thread::unix::Thread>::new::thread_start
[INFO] [stdout]   19:     0x75a37dbf7dfa - <unknown>
[INFO] [stdout]   20:     0x75a37dc8b3d4 - clone
[INFO] [stdout]   21:                0x0 - <unknown>
[INFO] [stdout] 
[INFO] [stdout] ---- tests::placement_envelope_snapshot stdout ----
[INFO] [stdout] 
[INFO] [stdout] thread 'tests::placement_envelope_snapshot' (1360) panicked at src/lib.rs:140:67:
[INFO] [stdout] fixture loads: Read { path: "/opt/rustwide/workdir/../../fixtures/placement-basic/orbital.toml", source: Os { code: 2, kind: NotFound, message: "No such file or directory" } }
[INFO] [stdout] stack backtrace:
[INFO] [stdout]    0:     0x644de92a4ad1 - <<std[617be2ca0a6fd877]::sys::backtrace::BacktraceLock>::print::DisplayBacktrace as core[a373ad73a504971]::fmt::Display>::fmt
[INFO] [stdout]    1:     0x644de92bcdea - core[a373ad73a504971]::fmt::write
[INFO] [stdout]    2:     0x644de92a931c - <alloc[2e1b2a31b91974c5]::vec::Vec<u8> as core[a373ad73a504971]::io::write::Write>::write_fmt
[INFO] [stdout]    3:     0x644de927d566 - std[617be2ca0a6fd877]::panicking::default_hook::{closure#0}
[INFO] [stdout]    4:     0x644de929b9e9 - std[617be2ca0a6fd877]::panicking::default_hook
[INFO] [stdout]    5:     0x644de907deb0 - test[aada8e7e76ba119b]::test_main_inner::{closure#0}
[INFO] [stdout]    6:     0x644de929bba2 - std[617be2ca0a6fd877]::panicking::panic_with_hook
[INFO] [stdout]    7:     0x644de927d612 - std[617be2ca0a6fd877]::panicking::panic_handler::{closure#0}
[INFO] [stdout]    8:     0x644de9275e49 - std[617be2ca0a6fd877]::sys::backtrace::__rust_end_short_backtrace::<std[617be2ca0a6fd877]::panicking::panic_handler::{closure#0}, !>
[INFO] [stdout]    9:     0x644de927e2bd - __rustc[ea4f61d10b84890b]::rust_begin_unwind
[INFO] [stdout]   10:     0x644de92bd60c - core[a373ad73a504971]::panicking::panic_fmt
[INFO] [stdout]   11:     0x644de92bd3e2 - core[a373ad73a504971]::result::unwrap_failed
[INFO] [stdout]   12:     0x644de8fe5ed2 - orbital_report[3899c265322dc21c]::tests::fixture_summary
[INFO] [stdout]   13:     0x644de8fe73b8 - <orbital_report[3899c265322dc21c]::tests::placement_envelope_snapshot::{closure#0} as core[a373ad73a504971]::ops::function::FnOnce<()>>::call_once
[INFO] [stdout]   14:     0x644de90712fb - test[aada8e7e76ba119b]::__rust_begin_short_backtrace::<core[a373ad73a504971]::result::Result<(), alloc[2e1b2a31b91974c5]::string::String>, fn() -> core[a373ad73a504971]::result::Result<(), alloc[2e1b2a31b91974c5]::string::String>>
[INFO] [stdout]   15:     0x644de907e4d5 - test[aada8e7e76ba119b]::run_test::{closure#0}
[INFO] [stdout]   16:     0x644de9077dc4 - std[617be2ca0a6fd877]::sys::backtrace::__rust_begin_short_backtrace::<test[aada8e7e76ba119b]::run_test::{closure#1}, ()>
[INFO] [stdout]   17:     0x644de9081562 - <std[617be2ca0a6fd877]::thread::lifecycle::spawn_unchecked<test[aada8e7e76ba119b]::run_test::{closure#1}, ()>::{closure#1} as core[a373ad73a504971]::ops::function::FnOnce<()>>::call_once::{shim:vtable#0}
[INFO] [stdout]   18:     0x644de92a3aaf - <std[617be2ca0a6fd877]::sys::thread::unix::Thread>::new::thread_start
[INFO] [stdout]   19:     0x75a37dbf7dfa - <unknown>
[INFO] [stdout]   20:     0x75a37dc8b3d4 - clone
[INFO] [stdout]   21:                0x0 - <unknown>
[INFO] [stdout] 
[INFO] [stdout] ---- tests::placement_json_matches_expected_fixture_modulo_duration stdout ----
[INFO] [stdout] 
[INFO] [stdout] thread 'tests::placement_json_matches_expected_fixture_modulo_duration' (1361) panicked at src/lib.rs:140:67:
[INFO] [stdout] fixture loads: Read { path: "/opt/rustwide/workdir/../../fixtures/placement-basic/orbital.toml", source: Os { code: 2, kind: NotFound, message: "No such file or directory" } }
[INFO] [stdout] stack backtrace:
[INFO] [stdout]    0:     0x644de92a4ad1 - <<std[617be2ca0a6fd877]::sys::backtrace::BacktraceLock>::print::DisplayBacktrace as core[a373ad73a504971]::fmt::Display>::fmt
[INFO] [stdout]    1:     0x644de92bcdea - core[a373ad73a504971]::fmt::write
[INFO] [stdout]    2:     0x644de92a931c - <alloc[2e1b2a31b91974c5]::vec::Vec<u8> as core[a373ad73a504971]::io::write::Write>::write_fmt
[INFO] [stdout]    3:     0x644de927d566 - std[617be2ca0a6fd877]::panicking::default_hook::{closure#0}
[INFO] [stdout]    4:     0x644de929b9e9 - std[617be2ca0a6fd877]::panicking::default_hook
[INFO] [stdout]    5:     0x644de907deb0 - test[aada8e7e76ba119b]::test_main_inner::{closure#0}
[INFO] [stdout]    6:     0x644de929bba2 - std[617be2ca0a6fd877]::panicking::panic_with_hook
[INFO] [stdout]    7:     0x644de927d612 - std[617be2ca0a6fd877]::panicking::panic_handler::{closure#0}
[INFO] [stdout]    8:     0x644de9275e49 - std[617be2ca0a6fd877]::sys::backtrace::__rust_end_short_backtrace::<std[617be2ca0a6fd877]::panicking::panic_handler::{closure#0}, !>
[INFO] [stdout]    9:     0x644de927e2bd - __rustc[ea4f61d10b84890b]::rust_begin_unwind
[INFO] [stdout]   10:     0x644de92bd60c - core[a373ad73a504971]::panicking::panic_fmt
[INFO] [stdout]   11:     0x644de92bd3e2 - core[a373ad73a504971]::result::unwrap_failed
[INFO] [stdout]   12:     0x644de8fe5ed2 - orbital_report[3899c265322dc21c]::tests::fixture_summary
[INFO] [stdout]   13:     0x644de8fe5f79 - orbital_report[3899c265322dc21c]::tests::assert_matches_expected
[INFO] [stdout]   14:     0x644de8fe7dc5 - <orbital_report[3899c265322dc21c]::tests::placement_json_matches_expected_fixture_modulo_duration::{closure#0} as core[a373ad73a504971]::ops::function::FnOnce<()>>::call_once
[INFO] [stdout]   15:     0x644de90712fb - test[aada8e7e76ba119b]::__rust_begin_short_backtrace::<core[a373ad73a504971]::result::Result<(), alloc[2e1b2a31b91974c5]::string::String>, fn() -> core[a373ad73a504971]::result::Result<(), alloc[2e1b2a31b91974c5]::string::String>>
[INFO] [stdout]   16:     0x644de907e4d5 - test[aada8e7e76ba119b]::run_test::{closure#0}
[INFO] [stdout]   17:     0x644de9077dc4 - std[617be2ca0a6fd877]::sys::backtrace::__rust_begin_short_backtrace::<test[aada8e7e76ba119b]::run_test::{closure#1}, ()>
[INFO] [stdout]   18:     0x644de9081562 - <std[617be2ca0a6fd877]::thread::lifecycle::spawn_unchecked<test[aada8e7e76ba119b]::run_test::{closure#1}, ()>::{closure#1} as core[a373ad73a504971]::ops::function::FnOnce<()>>::call_once::{shim:vtable#0}
[INFO] [stdout]   19:     0x644de92a3aaf - <std[617be2ca0a6fd877]::sys::thread::unix::Thread>::new::thread_start
[INFO] [stdout]   20:     0x75a37dbf7dfa - <unknown>
[INFO] [stdout]   21:     0x75a37dc8b3d4 - clone
[INFO] [stdout]   22:                0x0 - <unknown>
[INFO] [stdout] 
[INFO] [stdout] ---- tests::unresolved_envelope_snapshot stdout ----
[INFO] [stdout] 
[INFO] [stdout] thread 'tests::unresolved_envelope_snapshot' (1362) panicked at src/lib.rs:140:67:
[INFO] [stdout] fixture loads: Read { path: "/opt/rustwide/workdir/../../fixtures/unresolved-basic/orbital.toml", source: Os { code: 2, kind: NotFound, message: "No such file or directory" } }
[INFO] [stdout] stack backtrace:
[INFO] [stdout]    0:     0x644de92a4ad1 - <<std[617be2ca0a6fd877]::sys::backtrace::BacktraceLock>::print::DisplayBacktrace as core[a373ad73a504971]::fmt::Display>::fmt
[INFO] [stdout]    1:     0x644de92bcdea - core[a373ad73a504971]::fmt::write
[INFO] [stdout]    2:     0x644de92a931c - <alloc[2e1b2a31b91974c5]::vec::Vec<u8> as core[a373ad73a504971]::io::write::Write>::write_fmt
[INFO] [stdout]    3:     0x644de927d566 - std[617be2ca0a6fd877]::panicking::default_hook::{closure#0}
[INFO] [stdout]    4:     0x644de929b9e9 - std[617be2ca0a6fd877]::panicking::default_hook
[INFO] [stdout]    5:     0x644de907deb0 - test[aada8e7e76ba119b]::test_main_inner::{closure#0}
[INFO] [stdout]    6:     0x644de929bba2 - std[617be2ca0a6fd877]::panicking::panic_with_hook
[INFO] [stdout]    7:     0x644de927d612 - std[617be2ca0a6fd877]::panicking::panic_handler::{closure#0}
[INFO] [stdout]    8:     0x644de9275e49 - std[617be2ca0a6fd877]::sys::backtrace::__rust_end_short_backtrace::<std[617be2ca0a6fd877]::panicking::panic_handler::{closure#0}, !>
[INFO] [stdout]    9:     0x644de927e2bd - __rustc[ea4f61d10b84890b]::rust_begin_unwind
[INFO] [stdout]   10:     0x644de92bd60c - core[a373ad73a504971]::panicking::panic_fmt
[INFO] [stdout]   11:     0x644de92bd3e2 - core[a373ad73a504971]::result::unwrap_failed
[INFO] [stdout]   12:     0x644de8fe5ed2 - orbital_report[3899c265322dc21c]::tests::fixture_summary
[INFO] [stdout]   13:     0x644de8fe7898 - <orbital_report[3899c265322dc21c]::tests::unresolved_envelope_snapshot::{closure#0} as core[a373ad73a504971]::ops::function::FnOnce<()>>::call_once
[INFO] [stdout]   14:     0x644de90712fb - test[aada8e7e76ba119b]::__rust_begin_short_backtrace::<core[a373ad73a504971]::result::Result<(), alloc[2e1b2a31b91974c5]::string::String>, fn() -> core[a373ad73a504971]::result::Result<(), alloc[2e1b2a31b91974c5]::string::String>>
[INFO] [stdout]   15:     0x644de907e4d5 - test[aada8e7e76ba119b]::run_test::{closure#0}
[INFO] [stdout]   16:     0x644de9077dc4 - std[617be2ca0a6fd877]::sys::backtrace::__rust_begin_short_backtrace::<test[aada8e7e76ba119b]::run_test::{closure#1}, ()>
[INFO] [stdout]   17:     0x644de9081562 - <std[617be2ca0a6fd877]::thread::lifecycle::spawn_unchecked<test[aada8e7e76ba119b]::run_test::{closure#1}, ()>::{closure#1} as core[a373ad73a504971]::ops::function::FnOnce<()>>::call_once::{shim:vtable#0}
[INFO] [stdout]   18:     0x644de92a3aaf - <std[617be2ca0a6fd877]::sys::thread::unix::Thread>::new::thread_start
[INFO] [stdout]   19:     0x75a37dbf7dfa - <unknown>
[INFO] [stdout]   20:     0x75a37dc8b3d4 - clone
[INFO] [stdout]   21:                0x0 - <unknown>
[INFO] [stdout] 
[INFO] [stdout] ---- tests::naming_json_matches_expected_fixture_modulo_duration stdout ----
[INFO] [stdout] 
[INFO] [stdout] thread 'tests::naming_json_matches_expected_fixture_modulo_duration' (1359) panicked at src/lib.rs:140:67:
[INFO] [stdout] fixture loads: Read { path: "/opt/rustwide/workdir/../../fixtures/naming-basic/orbital.toml", source: Os { code: 2, kind: NotFound, message: "No such file or directory" } }
[INFO] [stdout] stack backtrace:
[INFO] [stdout]    0:     0x644de92a4ad1 - <<std[617be2ca0a6fd877]::sys::backtrace::BacktraceLock>::print::DisplayBacktrace as core[a373ad73a504971]::fmt::Display>::fmt
[INFO] [stdout]    1:     0x644de92bcdea - core[a373ad73a504971]::fmt::write
[INFO] [stdout]    2:     0x644de92a931c - <alloc[2e1b2a31b91974c5]::vec::Vec<u8> as core[a373ad73a504971]::io::write::Write>::write_fmt
[INFO] [stdout]    3:     0x644de927d566 - std[617be2ca0a6fd877]::panicking::default_hook::{closure#0}
[INFO] [stdout]    4:     0x644de929b9e9 - std[617be2ca0a6fd877]::panicking::default_hook
[INFO] [stdout]    5:     0x644de907deb0 - test[aada8e7e76ba119b]::test_main_inner::{closure#0}
[INFO] [stdout]    6:     0x644de929bba2 - std[617be2ca0a6fd877]::panicking::panic_with_hook
[INFO] [stdout]    7:     0x644de927d612 - std[617be2ca0a6fd877]::panicking::panic_handler::{closure#0}
[INFO] [stdout]    8:     0x644de9275e49 - std[617be2ca0a6fd877]::sys::backtrace::__rust_end_short_backtrace::<std[617be2ca0a6fd877]::panicking::panic_handler::{closure#0}, !>
[INFO] [stdout]    9:     0x644de927e2bd - __rustc[ea4f61d10b84890b]::rust_begin_unwind
[INFO] [stdout]   10:     0x644de92bd60c - core[a373ad73a504971]::panicking::panic_fmt
[INFO] [stdout]   11:     0x644de92bd3e2 - core[a373ad73a504971]::result::unwrap_failed
[INFO] [stdout]   12:     0x644de8fe5ed2 - orbital_report[3899c265322dc21c]::tests::fixture_summary
[INFO] [stdout]   13:     0x644de8fe5f79 - orbital_report[3899c265322dc21c]::tests::assert_matches_expected
[INFO] [stdout]   14:     0x644de8fe7d95 - <orbital_report[3899c265322dc21c]::tests::naming_json_matches_expected_fixture_modulo_duration::{closure#0} as core[a373ad73a504971]::ops::function::FnOnce<()>>::call_once
[INFO] [stdout]   15:     0x644de90712fb - test[aada8e7e76ba119b]::__rust_begin_short_backtrace::<core[a373ad73a504971]::result::Result<(), alloc[2e1b2a31b91974c5]::string::String>, fn() -> core[a373ad73a504971]::result::Result<(), alloc[2e1b2a31b91974c5]::string::String>>
[INFO] [stdout]   16:     0x644de907e4d5 - test[aada8e7e76ba119b]::run_test::{closure#0}
[INFO] [stdout]   17:     0x644de9077dc4 - std[617be2ca0a6fd877]::sys::backtrace::__rust_begin_short_backtrace::<test[aada8e7e76ba119b]::run_test::{closure#1}, ()>
[INFO] [stdout]   18:     0x644de9081562 - <std[617be2ca0a6fd877]::thread::lifecycle::spawn_unchecked<test[aada8e7e76ba119b]::run_test::{closure#1}, ()>::{closure#1} as core[a373ad73a504971]::ops::function::FnOnce<()>>::call_once::{shim:vtable#0}
[INFO] [stdout]   19:     0x644de92a3aaf - <std[617be2ca0a6fd877]::sys::thread::unix::Thread>::new::thread_start
[INFO] [stdout]   20:     0x75a37dbf7dfa - <unknown>
[INFO] [stdout]   21:     0x75a37dc8b3d4 - clone
[INFO] [stdout]   22:                0x0 - <unknown>
[INFO] [stdout] 
[INFO] [stdout] ---- tests::unresolved_json_matches_expected_fixture_modulo_duration stdout ----
[INFO] [stdout] 
[INFO] [stdout] thread 'tests::unresolved_json_matches_expected_fixture_modulo_duration' (1363) panicked at src/lib.rs:140:67:
[INFO] [stdout] fixture loads: Read { path: "/opt/rustwide/workdir/../../fixtures/unresolved-basic/orbital.toml", source: Os { code: 2, kind: NotFound, message: "No such file or directory" } }
[INFO] [stdout] stack backtrace:
[INFO] [stdout]    0:     0x644de92a4ad1 - <<std[617be2ca0a6fd877]::sys::backtrace::BacktraceLock>::print::DisplayBacktrace as core[a373ad73a504971]::fmt::Display>::fmt
[INFO] [stdout]    1:     0x644de92bcdea - core[a373ad73a504971]::fmt::write
[INFO] [stdout]    2:     0x644de92a931c - <alloc[2e1b2a31b91974c5]::vec::Vec<u8> as core[a373ad73a504971]::io::write::Write>::write_fmt
[INFO] [stdout]    3:     0x644de927d566 - std[617be2ca0a6fd877]::panicking::default_hook::{closure#0}
[INFO] [stdout]    4:     0x644de929b9e9 - std[617be2ca0a6fd877]::panicking::default_hook
[INFO] [stdout]    5:     0x644de907deb0 - test[aada8e7e76ba119b]::test_main_inner::{closure#0}
[INFO] [stdout]    6:     0x644de929bba2 - std[617be2ca0a6fd877]::panicking::panic_with_hook
[INFO] [stdout]    7:     0x644de927d612 - std[617be2ca0a6fd877]::panicking::panic_handler::{closure#0}
[INFO] [stdout]    8:     0x644de9275e49 - std[617be2ca0a6fd877]::sys::backtrace::__rust_end_short_backtrace::<std[617be2ca0a6fd877]::panicking::panic_handler::{closure#0}, !>
[INFO] [stdout]    9:     0x644de927e2bd - __rustc[ea4f61d10b84890b]::rust_begin_unwind
[INFO] [stdout]   10:     0x644de92bd60c - core[a373ad73a504971]::panicking::panic_fmt
[INFO] [stdout]   11:     0x644de92bd3e2 - core[a373ad73a504971]::result::unwrap_failed
[INFO] [stdout]   12:     0x644de8fe5ed2 - orbital_report[3899c265322dc21c]::tests::fixture_summary
[INFO] [stdout]   13:     0x644de8fe5f79 - orbital_report[3899c265322dc21c]::tests::assert_matches_expected
[INFO] [stdout]   14:     0x644de8fe7df5 - <orbital_report[3899c265322dc21c]::tests::unresolved_json_matches_expected_fixture_modulo_duration::{closure#0} as core[a373ad73a504971]::ops::function::FnOnce<()>>::call_once
[INFO] [stdout]   15:     0x644de90712fb - test[aada8e7e76ba119b]::__rust_begin_short_backtrace::<core[a373ad73a504971]::result::Result<(), alloc[2e1b2a31b91974c5]::string::String>, fn() -> core[a373ad73a504971]::result::Result<(), alloc[2e1b2a31b91974c5]::string::String>>
[INFO] [stdout]   16:     0x644de907e4d5 - test[aada8e7e76ba119b]::run_test::{closure#0}
[INFO] [stdout]   17:     0x644de9077dc4 - std[617be2ca0a6fd877]::sys::backtrace::__rust_begin_short_backtrace::<test[aada8e7e76ba119b]::run_test::{closure#1}, ()>
[INFO] [stdout]   18:     0x644de9081562 - <std[617be2ca0a6fd877]::thread::lifecycle::spawn_unchecked<test[aada8e7e76ba119b]::run_test::{closure#1}, ()>::{closure#1} as core[a373ad73a504971]::ops::function::FnOnce<()>>::call_once::{shim:vtable#0}
[INFO] [stdout]   19:     0x644de92a3aaf - <std[617be2ca0a6fd877]::sys::thread::unix::Thread>::new::thread_start
[INFO] [stdout]   20:     0x75a37dbf7dfa - <unknown>
[INFO] [stdout]   21:     0x75a37dc8b3d4 - clone
[INFO] [stdout]   22:                0x0 - <unknown>
[INFO] [stdout] 
[INFO] [stdout] 
[INFO] [stdout] failures:
[INFO] [stdout]     tests::json_envelope_snapshot
[INFO] [stdout]     tests::json_matches_expected_fixture_modulo_duration
[INFO] [stdout]     tests::naming_envelope_snapshot
[INFO] [stdout]     tests::naming_json_matches_expected_fixture_modulo_duration
[INFO] [stdout]     tests::placement_envelope_snapshot
[INFO] [stdout]     tests::placement_json_matches_expected_fixture_modulo_duration
[INFO] [stdout]     tests::unresolved_envelope_snapshot
[INFO] [stdout]     tests::unresolved_json_matches_expected_fixture_modulo_duration
[INFO] [stdout] 
[INFO] [stdout] test result: FAILED. 0 passed; 8 failed; 0 ignored; 0 measured; 0 filtered out; finished in 0.00s
[INFO] [stdout] 
[INFO] running `Command { std: "docker" "inspect" "f3c1fd9c5b79de4501fab64de1d24ea5e998e2a717106a18b6667b5e8e862aad", kill_on_drop: false }`
[INFO] running `Command { std: "docker" "rm" "-f" "f3c1fd9c5b79de4501fab64de1d24ea5e998e2a717106a18b6667b5e8e862aad", kill_on_drop: false }`
[INFO] [stdout] f3c1fd9c5b79de4501fab64de1d24ea5e998e2a717106a18b6667b5e8e862aad
