[INFO] fetching crate orbital-engine 0.1.0...
[INFO] testing orbital-engine-0.1.0 against 1.99.0-beta.8+cargoflags=--release for beta-release-1.100-2
[INFO] extracting crate orbital-engine 0.1.0 into /workspace/builds/worker-5-tc1/source
[INFO] started tweaking crates.io crate orbital-engine 0.1.0
[INFO] finished tweaking crates.io crate orbital-engine 0.1.0
[INFO] tweaked toml for crates.io crate orbital-engine 0.1.0 written to /workspace/builds/worker-5-tc1/source/Cargo.toml
[INFO] validating manifest of crates.io crate orbital-engine 0.1.0 on toolchain 1.99.0-beta.8
[INFO] running `Command { std: CARGO_HOME="/workspace/cargo-home" RUSTUP_HOME="/workspace/rustup-home" "/workspace/cargo-home/bin/cargo" "+1.99.0-beta.8" "metadata" "--manifest-path" "Cargo.toml" "--no-deps", kill_on_drop: false }`
[INFO] crate crates.io crate orbital-engine 0.1.0 already has a lockfile, it will not be regenerated
[INFO] running `Command { std: CARGO_HOME="/workspace/cargo-home" RUSTUP_HOME="/workspace/rustup-home" "/workspace/cargo-home/bin/cargo" "+1.99.0-beta.8" "fetch" "--manifest-path" "Cargo.toml", kill_on_drop: false }`
[INFO] [stderr]     Updating crates.io index
[INFO] [stderr]  Downloading crates ...
[INFO] [stderr]   Downloaded tree-sitter-language v0.1.7
[INFO] [stderr]   Downloaded orbital-contract v0.1.0
[INFO] [stderr]   Downloaded cc v1.2.66
[INFO] [stderr]   Downloaded fast-glob v1.0.1
[INFO] [stderr]   Downloaded nodejs-built-in-modules v1.0.0
[INFO] [stderr]   Downloaded value-trait v0.12.1
[INFO] [stderr]   Downloaded json-strip-comments v3.1.1
[INFO] [stderr]   Downloaded ignore v0.4.27
[INFO] [stderr]   Downloaded tree-sitter-javascript v0.25.0
[INFO] [stderr]   Downloaded oxc_resolver v11.23.0
[INFO] [stderr]   Downloaded simd-json v0.17.0
[INFO] [stderr]   Downloaded tree-sitter v0.26.10
[INFO] [stderr]   Downloaded bstr v1.12.3
[INFO] running `Command { std: "docker" "create" "-v" "/var/lib/crater-agent-workspace/builds/worker-5-tc1/source:/opt/rustwide/workdir:ro,Z" "-v" "/var/lib/crater-agent-workspace/builds/worker-5-tc1/target:/opt/rustwide/target:rw,Z" "-v" "/var/lib/crater-agent-workspace/cargo-home:/opt/rustwide/cargo-home:ro,Z" "-v" "/var/lib/crater-agent-workspace/rustup-home:/opt/rustwide/rustup-home:ro,Z" "-m" "1610612736" "--network" "none" "ghcr.io/rust-lang/crates-build-env/linux@sha256:77db811e55d90add9212f6832c23229e3de5f1c1f9905e8cb07319ea15df73ac" "sleep" "infinity", kill_on_drop: false }`
[INFO] [stdout] e24fb01d4c6ccab73d0be0d3f99fa097ba48e0fb9258911dd0b42f05e092394f
[INFO] running `Command { std: "docker" "start" "e24fb01d4c6ccab73d0be0d3f99fa097ba48e0fb9258911dd0b42f05e092394f", kill_on_drop: false }`
[INFO] running `Command { std: "docker" "inspect" "e24fb01d4c6ccab73d0be0d3f99fa097ba48e0fb9258911dd0b42f05e092394f", kill_on_drop: false }`
[INFO] running `Command { std: "docker" "exec" "-e" "SOURCE_DIR=/opt/rustwide/workdir" "-e" "CARGO_HOME=/opt/rustwide/cargo-home" "-e" "RUSTUP_HOME=/opt/rustwide/rustup-home" "-e" "CARGO_TARGET_DIR=/opt/rustwide/target" "-w" "/opt/rustwide/workdir" "--user" "0:0" "e24fb01d4c6ccab73d0be0d3f99fa097ba48e0fb9258911dd0b42f05e092394f" "/opt/rustwide/cargo-home/bin/cargo" "+1.99.0-beta.8" "metadata" "--no-deps" "--format-version=1", kill_on_drop: false }`
[INFO] running `Command { std: "docker" "inspect" "e24fb01d4c6ccab73d0be0d3f99fa097ba48e0fb9258911dd0b42f05e092394f", kill_on_drop: false }`
[INFO] running `Command { std: "docker" "exec" "-e" "SOURCE_DIR=/opt/rustwide/workdir" "-e" "CARGO_HOME=/opt/rustwide/cargo-home" "-e" "RUSTUP_HOME=/opt/rustwide/rustup-home" "-e" "CARGO_TARGET_DIR=/opt/rustwide/target" "-e" "CARGO_INCREMENTAL=0" "-e" "RUST_BACKTRACE=full" "-e" "RUSTFLAGS=--cap-lints=warn" "-e" "RUSTDOCFLAGS=--cap-lints=warn" "-w" "/opt/rustwide/workdir" "--user" "0:0" "e24fb01d4c6ccab73d0be0d3f99fa097ba48e0fb9258911dd0b42f05e092394f" "/opt/rustwide/cargo-home/bin/cargo" "+1.99.0-beta.8" "build" "--frozen" "--message-format=json" "--release", kill_on_drop: false }`
[INFO] [stderr]    Compiling memchr v2.8.2
[INFO] [stderr]    Compiling serde_json v1.0.150
[INFO] [stderr]    Compiling cc v1.2.66
[INFO] [stderr]    Compiling syn v2.0.118
[INFO] [stderr]    Compiling regex-syntax v0.8.11
[INFO] [stderr]    Compiling tree-sitter-language v0.1.7
[INFO] [stderr]    Compiling serde_core v1.0.228
[INFO] [stderr]    Compiling zmij v1.0.21
[INFO] [stderr]    Compiling foldhash v0.2.0
[INFO] [stderr]    Compiling libc v0.2.186
[INFO] [stderr]    Compiling rustversion v1.0.22
[INFO] [stderr]    Compiling hashbrown v0.16.1
[INFO] [stderr]    Compiling aho-corasick v1.1.4
[INFO] [stderr]    Compiling itoa v1.0.18
[INFO] [stderr]    Compiling ref-cast v1.0.25
[INFO] [stderr]    Compiling halfbrown v0.4.0
[INFO] [stderr]    Compiling bstr v1.12.3
[INFO] [stderr]    Compiling float-cmp v0.10.0
[INFO] [stderr]    Compiling smallvec v1.15.2
[INFO] [stderr]    Compiling winnow v1.0.3
[INFO] [stderr]    Compiling rustix v1.1.4
[INFO] [stderr]    Compiling indexmap v2.14.0
[INFO] [stderr]    Compiling castaway v0.2.4
[INFO] [stderr]    Compiling regex-automata v0.4.14
[INFO] [stderr]    Compiling toml_parser v1.1.2+spec-1.1.0
[INFO] [stderr]    Compiling parking_lot_core v0.9.12
[INFO] [stderr]    Compiling tree-sitter-javascript v0.25.0
[INFO] [stderr]    Compiling value-trait v0.12.1
[INFO] [stderr]    Compiling serde_spanned v1.1.1
[INFO] [stderr]    Compiling toml_datetime v1.1.1+spec-1.1.0
[INFO] [stderr]    Compiling hashbrown v0.14.5
[INFO] [stderr]    Compiling linux-raw-sys v0.12.1
[INFO] [stderr]    Compiling toml_writer v1.1.1+spec-1.1.0
[INFO] [stderr]    Compiling bitflags v2.13.0
[INFO] [stderr]    Compiling simdutf8 v0.1.5
[INFO] [stderr]    Compiling arrayvec v0.7.8
[INFO] [stderr]    Compiling tree-sitter v0.26.10
[INFO] [stderr]    Compiling dashmap v6.2.1
[INFO] [stderr]    Compiling compact_str v0.9.1
[INFO] [stderr]    Compiling fast-glob v1.0.1
[INFO] [stderr]    Compiling toml v1.1.2+spec-1.1.0
[INFO] [stderr]    Compiling ref-cast-impl v1.0.25
[INFO] [stderr]    Compiling serde_derive v1.0.228
[INFO] [stderr]    Compiling globset v0.4.18
[INFO] [stderr]    Compiling thiserror-impl v2.0.18
[INFO] [stderr]    Compiling tracing-attributes v0.1.31
[INFO] [stderr]    Compiling simd-json v0.17.0
[INFO] [stderr]    Compiling thiserror v2.0.18
[INFO] [stderr]    Compiling regex v1.12.4
[INFO] [stderr]    Compiling serde v1.0.228
[INFO] [stderr]    Compiling tracing v0.1.44
[INFO] [stderr]    Compiling json-strip-comments v3.1.1
[INFO] [stderr]    Compiling streaming-iterator v0.1.9
[INFO] [stderr]    Compiling self_cell v1.2.2
[INFO] [stderr]    Compiling nodejs-built-in-modules v1.0.0
[INFO] [stderr]    Compiling orbital-contract v0.1.0
[INFO] [stderr]    Compiling ignore v0.4.27
[INFO] [stderr]    Compiling oxc_resolver v11.23.0
[INFO] [stderr]    Compiling orbital-engine v0.1.0 (/opt/rustwide/workdir)
[INFO] [stderr]     Finished `release` profile [optimized] target(s) in 1m 55s
[INFO] running `Command { std: "docker" "inspect" "e24fb01d4c6ccab73d0be0d3f99fa097ba48e0fb9258911dd0b42f05e092394f", kill_on_drop: false }`
[INFO] running `Command { std: "docker" "exec" "-e" "SOURCE_DIR=/opt/rustwide/workdir" "-e" "CARGO_HOME=/opt/rustwide/cargo-home" "-e" "RUSTUP_HOME=/opt/rustwide/rustup-home" "-e" "CARGO_TARGET_DIR=/opt/rustwide/target" "-e" "CARGO_INCREMENTAL=0" "-e" "RUST_BACKTRACE=full" "-e" "RUSTFLAGS=--cap-lints=warn" "-e" "RUSTDOCFLAGS=--cap-lints=warn" "-w" "/opt/rustwide/workdir" "--user" "0:0" "e24fb01d4c6ccab73d0be0d3f99fa097ba48e0fb9258911dd0b42f05e092394f" "/opt/rustwide/cargo-home/bin/cargo" "+1.99.0-beta.8" "test" "--frozen" "--no-run" "--message-format=json" "--release", kill_on_drop: false }`
[INFO] [stderr]    Compiling orbital-engine v0.1.0 (/opt/rustwide/workdir)
[INFO] [stderr]     Finished `release` profile [optimized] target(s) in 3.66s
[INFO] running `Command { std: "docker" "inspect" "e24fb01d4c6ccab73d0be0d3f99fa097ba48e0fb9258911dd0b42f05e092394f", kill_on_drop: false }`
[INFO] running `Command { std: "docker" "exec" "-e" "SOURCE_DIR=/opt/rustwide/workdir" "-e" "CARGO_HOME=/opt/rustwide/cargo-home" "-e" "RUSTUP_HOME=/opt/rustwide/rustup-home" "-e" "CARGO_TARGET_DIR=/opt/rustwide/target" "-e" "CARGO_INCREMENTAL=0" "-e" "RUST_BACKTRACE=full" "-e" "RUSTFLAGS=--cap-lints=warn" "-e" "RUSTDOCFLAGS=--cap-lints=warn" "-w" "/opt/rustwide/workdir" "--user" "0:0" "e24fb01d4c6ccab73d0be0d3f99fa097ba48e0fb9258911dd0b42f05e092394f" "/opt/rustwide/cargo-home/bin/cargo" "+1.99.0-beta.8" "test" "--frozen" "--release", kill_on_drop: false }`
[INFO] [stderr]     Finished `release` profile [optimized] target(s) in 0.21s
[INFO] [stderr]      Running unittests src/lib.rs (/opt/rustwide/target/release/deps/orbital_engine-31f61e412435a98e)
[INFO] [stdout] 
[INFO] [stdout] running 17 tests
[INFO] [stdout] test frontend::tests::extracts_require_with_line_number ... ok
[INFO] [stdout] test frontend::tests::ignores_non_require_calls_and_dynamic_specifiers ... ok
[INFO] [stdout] test frontend::tests::handles_js_extensions_only ... ok
[INFO] [stdout] test frontend::tests::resolves_relative_specifier_to_repo_relative_path ... FAILED
[INFO] [stdout] test frontend::tests::unresolvable_specifier_is_none ... ok
[INFO] [stdout] test tests::placement_violation_has_line_zero_and_move_hint ... ok
[INFO] [stdout] test tests::allowed_edge_and_same_layer_edge_pass ... FAILED
[INFO] [stdout] test tests::naming_stem_is_before_first_dot_and_line_is_zero ... ok
[INFO] [stdout] test tests::fixture_yields_the_expected_boundary_violation ... FAILED
[INFO] [stdout] test tests::self_repo_check_is_green ... FAILED
[INFO] [stdout] test tests::fixture_counts_layer_files_only ... FAILED
[INFO] [stdout] test frontend::tests::fixture_handler_has_exactly_one_reference ... FAILED
[INFO] [stdout] test tests::missing_layer_path_yields_no_files_and_no_panic ... FAILED
[INFO] [stdout] test tests::walk_is_sorted_and_deterministic ... FAILED
[INFO] [stdout] test tests::style_predicates_and_conversions ... ok
[INFO] [stdout] test tests::skips_node_modules_target_and_gitignored_files ... ok
[INFO] [stdout] test tests::unresolved_and_unlayered_are_counted_honestly ... ok
[INFO] [stdout] 
[INFO] [stdout] failures:
[INFO] [stdout] 
[INFO] [stdout] ---- frontend::tests::resolves_relative_specifier_to_repo_relative_path stdout ----
[INFO] [stdout] 
[INFO] [stdout] thread 'frontend::tests::resolves_relative_specifier_to_repo_relative_path' (1326) panicked at src/frontend.rs:195:9:
[INFO] [stdout] assertion `left == right` failed
[INFO] [stdout]   left: None
[INFO] [stdout]  right: Some("src/db/queries.js")
[INFO] [stdout] stack backtrace:
[INFO] [stdout]    0:     0x5ca0c77389d1 - <<std[70759c8f55707aa4]::sys::backtrace::BacktraceLock>::print::DisplayBacktrace as core[df12db4294e9bfd3]::fmt::Display>::fmt
[INFO] [stdout]    1:     0x5ca0c774f41a - core[df12db4294e9bfd3]::fmt::write
[INFO] [stdout]    2:     0x5ca0c773d21c - <alloc[2182bb758b4b3781]::vec::Vec<u8> as core[df12db4294e9bfd3]::io::write::Write>::write_fmt
[INFO] [stdout]    3:     0x5ca0c7711eb6 - std[70759c8f55707aa4]::panicking::default_hook::{closure#0}
[INFO] [stdout]    4:     0x5ca0c772fad9 - std[70759c8f55707aa4]::panicking::default_hook
[INFO] [stdout]    5:     0x5ca0c75942e0 - test[9d35eded1c95d3be]::test_main_inner::<test[9d35eded1c95d3be]::test_main_static::{closure#0}>::{closure#0}
[INFO] [stdout]    6:     0x5ca0c772fc92 - std[70759c8f55707aa4]::panicking::panic_with_hook
[INFO] [stdout]    7:     0x5ca0c7711f62 - std[70759c8f55707aa4]::panicking::panic_handler::{closure#0}
[INFO] [stdout]    8:     0x5ca0c770a999 - std[70759c8f55707aa4]::sys::backtrace::__rust_end_short_backtrace::<std[70759c8f55707aa4]::panicking::panic_handler::{closure#0}, !>
[INFO] [stdout]    9:     0x5ca0c7712b5d - __rustc[8fa7c3cbc660c2b3]::rust_begin_unwind
[INFO] [stdout]   10:     0x5ca0c774fc3c - core[df12db4294e9bfd3]::panicking::panic_fmt
[INFO] [stdout]   11:     0x5ca0c774fb53 - core[df12db4294e9bfd3]::panicking::assert_failed_inner
[INFO] [stdout]   12:     0x5ca0c7516378 - core[df12db4294e9bfd3]::panicking::assert_failed::<core[df12db4294e9bfd3]::option::Option<std[70759c8f55707aa4]::path::PathBuf>, core[df12db4294e9bfd3]::option::Option<std[70759c8f55707aa4]::path::PathBuf>>
[INFO] [stdout]   13:     0x5ca0c751a476 - orbital_engine[17ce11b1ae3af2c1]::frontend::tests::resolves_relative_specifier_to_repo_relative_path
[INFO] [stdout]   14:     0x5ca0c75081c9 - <orbital_engine[17ce11b1ae3af2c1]::frontend::tests::resolves_relative_specifier_to_repo_relative_path::{closure#0} as core[df12db4294e9bfd3]::ops::function::FnOnce<()>>::call_once
[INFO] [stdout]   15:     0x5ca0c75875cb - test[9d35eded1c95d3be]::__rust_begin_short_backtrace::<core[df12db4294e9bfd3]::result::Result<(), alloc[2182bb758b4b3781]::string::String>, fn() -> core[df12db4294e9bfd3]::result::Result<(), alloc[2182bb758b4b3781]::string::String>>
[INFO] [stdout]   16:     0x5ca0c7594c35 - test[9d35eded1c95d3be]::run_test::{closure#0}
[INFO] [stdout]   17:     0x5ca0c758e4f4 - std[70759c8f55707aa4]::sys::backtrace::__rust_begin_short_backtrace::<test[9d35eded1c95d3be]::run_test::{closure#1}, ()>
[INFO] [stdout]   18:     0x5ca0c7597d92 - <std[70759c8f55707aa4]::thread::lifecycle::spawn_unchecked<test[9d35eded1c95d3be]::run_test::{closure#1}, ()>::{closure#1} as core[df12db4294e9bfd3]::ops::function::FnOnce<()>>::call_once::{shim:vtable#0}
[INFO] [stdout]   19:     0x5ca0c77379f9 - <std[70759c8f55707aa4]::sys::thread::unix::Thread>::new::thread_start
[INFO] [stdout]   20:     0x79465e8c9dfa - <unknown>
[INFO] [stdout]   21:     0x79465e95d3d4 - clone
[INFO] [stdout]   22:                0x0 - <unknown>
[INFO] [stdout] 
[INFO] [stdout] ---- tests::allowed_edge_and_same_layer_edge_pass stdout ----
[INFO] [stdout] 
[INFO] [stdout] thread 'tests::allowed_edge_and_same_layer_edge_pass' (1328) panicked at src/lib.rs:368:62:
[INFO] [stdout] fixture contract loads: Read { path: "/opt/rustwide/workdir/../../fixtures/violations-basic/orbital.toml", source: Os { code: 2, kind: NotFound, message: "No such file or directory" } }
[INFO] [stdout] stack backtrace:
[INFO] [stdout]    0:     0x5ca0c77389d1 - <<std[70759c8f55707aa4]::sys::backtrace::BacktraceLock>::print::DisplayBacktrace as core[df12db4294e9bfd3]::fmt::Display>::fmt
[INFO] [stdout]    1:     0x5ca0c774f41a - core[df12db4294e9bfd3]::fmt::write
[INFO] [stdout]    2:     0x5ca0c773d21c - <alloc[2182bb758b4b3781]::vec::Vec<u8> as core[df12db4294e9bfd3]::io::write::Write>::write_fmt
[INFO] [stdout]    3:     0x5ca0c7711eb6 - std[70759c8f55707aa4]::panicking::default_hook::{closure#0}
[INFO] [stdout]    4:     0x5ca0c772fad9 - std[70759c8f55707aa4]::panicking::default_hook
[INFO] [stdout]    5:     0x5ca0c75942e0 - test[9d35eded1c95d3be]::test_main_inner::<test[9d35eded1c95d3be]::test_main_static::{closure#0}>::{closure#0}
[INFO] [stdout]    6:     0x5ca0c772fc92 - std[70759c8f55707aa4]::panicking::panic_with_hook
[INFO] [stdout]    7:     0x5ca0c7711f62 - std[70759c8f55707aa4]::panicking::panic_handler::{closure#0}
[INFO] [stdout]    8:     0x5ca0c770a999 - std[70759c8f55707aa4]::sys::backtrace::__rust_end_short_backtrace::<std[70759c8f55707aa4]::panicking::panic_handler::{closure#0}, !>
[INFO] [stdout]    9:     0x5ca0c7712b5d - __rustc[8fa7c3cbc660c2b3]::rust_begin_unwind
[INFO] [stdout]   10:     0x5ca0c774fc3c - core[df12db4294e9bfd3]::panicking::panic_fmt
[INFO] [stdout]   11:     0x5ca0c774fa12 - core[df12db4294e9bfd3]::result::unwrap_failed
[INFO] [stdout]   12:     0x5ca0c750f0a9 - orbital_engine[17ce11b1ae3af2c1]::tests::fixture_contract
[INFO] [stdout]   13:     0x5ca0c750fc4b - orbital_engine[17ce11b1ae3af2c1]::tests::allowed_edge_and_same_layer_edge_pass
[INFO] [stdout]   14:     0x5ca0c7508049 - <orbital_engine[17ce11b1ae3af2c1]::tests::allowed_edge_and_same_layer_edge_pass::{closure#0} as core[df12db4294e9bfd3]::ops::function::FnOnce<()>>::call_once
[INFO] [stdout]   15:     0x5ca0c75875cb - test[9d35eded1c95d3be]::__rust_begin_short_backtrace::<core[df12db4294e9bfd3]::result::Result<(), alloc[2182bb758b4b3781]::string::String>, fn() -> core[df12db4294e9bfd3]::result::Result<(), alloc[2182bb758b4b3781]::string::String>>
[INFO] [stdout]   16:     0x5ca0c7594c35 - test[9d35eded1c95d3be]::run_test::{closure#0}
[INFO] [stdout]   17:     0x5ca0c758e4f4 - std[70759c8f55707aa4]::sys::backtrace::__rust_begin_short_backtrace::<test[9d35eded1c95d3be]::run_test::{closure#1}, ()>
[INFO] [stdout]   18:     0x5ca0c7597d92 - <std[70759c8f55707aa4]::thread::lifecycle::spawn_unchecked<test[9d35eded1c95d3be]::run_test::{closure#1}, ()>::{closure#1} as core[df12db4294e9bfd3]::ops::function::FnOnce<()>>::call_once::{shim:vtable#0}
[INFO] [stdout]   19:     0x5ca0c77379f9 - <std[70759c8f55707aa4]::sys::thread::unix::Thread>::new::thread_start
[INFO] [stdout]   20:     0x79465e8c9dfa - <unknown>
[INFO] [stdout]   21:     0x79465e95d3d4 - clone
[INFO] [stdout]   22:                0x0 - <unknown>
[INFO] [stdout] 
[INFO] [stdout] ---- tests::fixture_yields_the_expected_boundary_violation stdout ----
[INFO] [stdout] 
[INFO] [stdout] thread 'tests::fixture_yields_the_expected_boundary_violation' (1330) panicked at src/lib.rs:368:62:
[INFO] [stdout] fixture contract loads: Read { path: "/opt/rustwide/workdir/../../fixtures/violations-basic/orbital.toml", source: Os { code: 2, kind: NotFound, message: "No such file or directory" } }
[INFO] [stdout] stack backtrace:
[INFO] [stdout]    0:     0x5ca0c77389d1 - <<std[70759c8f55707aa4]::sys::backtrace::BacktraceLock>::print::DisplayBacktrace as core[df12db4294e9bfd3]::fmt::Display>::fmt
[INFO] [stdout]    1:     0x5ca0c774f41a - core[df12db4294e9bfd3]::fmt::write
[INFO] [stdout]    2:     0x5ca0c773d21c - <alloc[2182bb758b4b3781]::vec::Vec<u8> as core[df12db4294e9bfd3]::io::write::Write>::write_fmt
[INFO] [stdout]    3:     0x5ca0c7711eb6 - std[70759c8f55707aa4]::panicking::default_hook::{closure#0}
[INFO] [stdout]    4:     0x5ca0c772fad9 - std[70759c8f55707aa4]::panicking::default_hook
[INFO] [stdout]    5:     0x5ca0c75942e0 - test[9d35eded1c95d3be]::test_main_inner::<test[9d35eded1c95d3be]::test_main_static::{closure#0}>::{closure#0}
[INFO] [stdout]    6:     0x5ca0c772fc92 - std[70759c8f55707aa4]::panicking::panic_with_hook
[INFO] [stdout]    7:     0x5ca0c7711f62 - std[70759c8f55707aa4]::panicking::panic_handler::{closure#0}
[INFO] [stdout]    8:     0x5ca0c770a999 - std[70759c8f55707aa4]::sys::backtrace::__rust_end_short_backtrace::<std[70759c8f55707aa4]::panicking::panic_handler::{closure#0}, !>
[INFO] [stdout]    9:     0x5ca0c7712b5d - __rustc[8fa7c3cbc660c2b3]::rust_begin_unwind
[INFO] [stdout]   10:     0x5ca0c774fc3c - core[df12db4294e9bfd3]::panicking::panic_fmt
[INFO] [stdout]   11:     0x5ca0c774fa12 - core[df12db4294e9bfd3]::result::unwrap_failed
[INFO] [stdout]   12:     0x5ca0c750f0a9 - orbital_engine[17ce11b1ae3af2c1]::tests::fixture_contract
[INFO] [stdout]   13:     0x5ca0c75106f8 - orbital_engine[17ce11b1ae3af2c1]::tests::fixture_yields_the_expected_boundary_violation
[INFO] [stdout]   14:     0x5ca0c7508089 - <orbital_engine[17ce11b1ae3af2c1]::tests::fixture_yields_the_expected_boundary_violation::{closure#0} as core[df12db4294e9bfd3]::ops::function::FnOnce<()>>::call_once
[INFO] [stdout]   15:     0x5ca0c75875cb - test[9d35eded1c95d3be]::__rust_begin_short_backtrace::<core[df12db4294e9bfd3]::result::Result<(), alloc[2182bb758b4b3781]::string::String>, fn() -> core[df12db4294e9bfd3]::result::Result<(), alloc[2182bb758b4b3781]::string::String>>
[INFO] [stdout]   16:     0x5ca0c7594c35 - test[9d35eded1c95d3be]::run_test::{closure#0}
[INFO] [stdout]   17:     0x5ca0c758e4f4 - std[70759c8f55707aa4]::sys::backtrace::__rust_begin_short_backtrace::<test[9d35eded1c95d3be]::run_test::{closure#1}, ()>
[INFO] [stdout]   18:     0x5ca0c7597d92 - <std[70759c8f55707aa4]::thread::lifecycle::spawn_unchecked<test[9d35eded1c95d3be]::run_test::{closure#1}, ()>::{closure#1} as core[df12db4294e9bfd3]::ops::function::FnOnce<()>>::call_once::{shim:vtable#0}
[INFO] [stdout]   19:     0x5ca0c77379f9 - <std[70759c8f55707aa4]::sys::thread::unix::Thread>::new::thread_start
[INFO] [stdout]   20:     0x79465e8c9dfa - <unknown>
[INFO] [stdout]   21:     0x79465e95d3d4 - clone
[INFO] [stdout]   22:                0x0 - <unknown>
[INFO] [stdout] 
[INFO] [stdout] ---- tests::self_repo_check_is_green stdout ----
[INFO] [stdout] 
[INFO] [stdout] thread 'tests::self_repo_check_is_green' (1334) panicked at src/lib.rs:406:67:
[INFO] [stdout] self-contract loads: Read { path: "/opt/rustwide/workdir/../../orbital.toml", source: Os { code: 2, kind: NotFound, message: "No such file or directory" } }
[INFO] [stdout] stack backtrace:
[INFO] [stdout]    0:     0x5ca0c77389d1 - <<std[70759c8f55707aa4]::sys::backtrace::BacktraceLock>::print::DisplayBacktrace as core[df12db4294e9bfd3]::fmt::Display>::fmt
[INFO] [stdout]    1:     0x5ca0c774f41a - core[df12db4294e9bfd3]::fmt::write
[INFO] [stdout]    2:     0x5ca0c773d21c - <alloc[2182bb758b4b3781]::vec::Vec<u8> as core[df12db4294e9bfd3]::io::write::Write>::write_fmt
[INFO] [stdout]    3:     0x5ca0c7711eb6 - std[70759c8f55707aa4]::panicking::default_hook::{closure#0}
[INFO] [stdout]    4:     0x5ca0c772fad9 - std[70759c8f55707aa4]::panicking::default_hook
[INFO] [stdout]    5:     0x5ca0c75942e0 - test[9d35eded1c95d3be]::test_main_inner::<test[9d35eded1c95d3be]::test_main_static::{closure#0}>::{closure#0}
[INFO] [stdout]    6:     0x5ca0c772fc92 - std[70759c8f55707aa4]::panicking::panic_with_hook
[INFO] [stdout]    7:     0x5ca0c7711f62 - std[70759c8f55707aa4]::panicking::panic_handler::{closure#0}
[INFO] [stdout]    8:     0x5ca0c770a999 - std[70759c8f55707aa4]::sys::backtrace::__rust_end_short_backtrace::<std[70759c8f55707aa4]::panicking::panic_handler::{closure#0}, !>
[INFO] [stdout]    9:     0x5ca0c7712b5d - __rustc[8fa7c3cbc660c2b3]::rust_begin_unwind
[INFO] [stdout]   10:     0x5ca0c774fc3c - core[df12db4294e9bfd3]::panicking::panic_fmt
[INFO] [stdout]   11:     0x5ca0c774fa12 - core[df12db4294e9bfd3]::result::unwrap_failed
[INFO] [stdout]   12:     0x5ca0c750f302 - orbital_engine[17ce11b1ae3af2c1]::tests::self_repo_check_is_green
[INFO] [stdout]   13:     0x5ca0c7507fc9 - <orbital_engine[17ce11b1ae3af2c1]::tests::self_repo_check_is_green::{closure#0} as core[df12db4294e9bfd3]::ops::function::FnOnce<()>>::call_once
[INFO] [stdout]   14:     0x5ca0c75875cb - test[9d35eded1c95d3be]::__rust_begin_short_backtrace::<core[df12db4294e9bfd3]::result::Result<(), alloc[2182bb758b4b3781]::string::String>, fn() -> core[df12db4294e9bfd3]::result::Result<(), alloc[2182bb758b4b3781]::string::String>>
[INFO] [stdout]   15:     0x5ca0c7594c35 - test[9d35eded1c95d3be]::run_test::{closure#0}
[INFO] [stdout]   16:     0x5ca0c758e4f4 - std[70759c8f55707aa4]::sys::backtrace::__rust_begin_short_backtrace::<test[9d35eded1c95d3be]::run_test::{closure#1}, ()>
[INFO] [stdout]   17:     0x5ca0c7597d92 - <std[70759c8f55707aa4]::thread::lifecycle::spawn_unchecked<test[9d35eded1c95d3be]::run_test::{closure#1}, ()>::{closure#1} as core[df12db4294e9bfd3]::ops::function::FnOnce<()>>::call_once::{shim:vtable#0}
[INFO] [stdout]   18:     0x5ca0c77379f9 - <std[70759c8f55707aa4]::sys::thread::unix::Thread>::new::thread_start
[INFO] [stdout]   19:     0x79465e8c9dfa - <unknown>
[INFO] [stdout]   20:     0x79465e95d3d4 - clone
[INFO] [stdout]   21:                0x0 - <unknown>
[INFO] [stdout] 
[INFO] [stdout] ---- tests::fixture_counts_layer_files_only stdout ----
[INFO] [stdout] 
[INFO] [stdout] thread 'tests::fixture_counts_layer_files_only' (1329) panicked at src/lib.rs:368:62:
[INFO] [stdout] fixture contract loads: Read { path: "/opt/rustwide/workdir/../../fixtures/violations-basic/orbital.toml", source: Os { code: 2, kind: NotFound, message: "No such file or directory" } }
[INFO] [stdout] stack backtrace:
[INFO] [stdout]    0:     0x5ca0c77389d1 - <<std[70759c8f55707aa4]::sys::backtrace::BacktraceLock>::print::DisplayBacktrace as core[df12db4294e9bfd3]::fmt::Display>::fmt
[INFO] [stdout]    1:     0x5ca0c774f41a - core[df12db4294e9bfd3]::fmt::write
[INFO] [stdout]    2:     0x5ca0c773d21c - <alloc[2182bb758b4b3781]::vec::Vec<u8> as core[df12db4294e9bfd3]::io::write::Write>::write_fmt
[INFO] [stdout]    3:     0x5ca0c7711eb6 - std[70759c8f55707aa4]::panicking::default_hook::{closure#0}
[INFO] [stdout]    4:     0x5ca0c772fad9 - std[70759c8f55707aa4]::panicking::default_hook
[INFO] [stdout]    5:     0x5ca0c75942e0 - test[9d35eded1c95d3be]::test_main_inner::<test[9d35eded1c95d3be]::test_main_static::{closure#0}>::{closure#0}
[INFO] [stdout]    6:     0x5ca0c772fc92 - std[70759c8f55707aa4]::panicking::panic_with_hook
[INFO] [stdout]    7:     0x5ca0c7711f62 - std[70759c8f55707aa4]::panicking::panic_handler::{closure#0}
[INFO] [stdout]    8:     0x5ca0c770a999 - std[70759c8f55707aa4]::sys::backtrace::__rust_end_short_backtrace::<std[70759c8f55707aa4]::panicking::panic_handler::{closure#0}, !>
[INFO] [stdout]    9:     0x5ca0c7712b5d - __rustc[8fa7c3cbc660c2b3]::rust_begin_unwind
[INFO] [stdout]   10:     0x5ca0c774fc3c - core[df12db4294e9bfd3]::panicking::panic_fmt
[INFO] [stdout]   11:     0x5ca0c774fa12 - core[df12db4294e9bfd3]::result::unwrap_failed
[INFO] [stdout]   12:     0x5ca0c750f0a9 - orbital_engine[17ce11b1ae3af2c1]::tests::fixture_contract
[INFO] [stdout]   13:     0x5ca0c750f3d7 - orbital_engine[17ce11b1ae3af2c1]::tests::fixture_counts_layer_files_only
[INFO] [stdout]   14:     0x5ca0c7507fe9 - <orbital_engine[17ce11b1ae3af2c1]::tests::fixture_counts_layer_files_only::{closure#0} as core[df12db4294e9bfd3]::ops::function::FnOnce<()>>::call_once
[INFO] [stdout]   15:     0x5ca0c75875cb - test[9d35eded1c95d3be]::__rust_begin_short_backtrace::<core[df12db4294e9bfd3]::result::Result<(), alloc[2182bb758b4b3781]::string::String>, fn() -> core[df12db4294e9bfd3]::result::Result<(), alloc[2182bb758b4b3781]::string::String>>
[INFO] [stdout]   16:     0x5ca0c7594c35 - test[9d35eded1c95d3be]::run_test::{closure#0}
[INFO] [stdout]   17:     0x5ca0c758e4f4 - std[70759c8f55707aa4]::sys::backtrace::__rust_begin_short_backtrace::<test[9d35eded1c95d3be]::run_test::{closure#1}, ()>
[INFO] [stdout]   18:     0x5ca0c7597d92 - <std[70759c8f55707aa4]::thread::lifecycle::spawn_unchecked<test[9d35eded1c95d3be]::run_test::{closure#1}, ()>::{closure#1} as core[df12db4294e9bfd3]::ops::function::FnOnce<()>>::call_once::{shim:vtable#0}
[INFO] [stdout]   19:     0x5ca0c77379f9 - <std[70759c8f55707aa4]::sys::thread::unix::Thread>::new::thread_start
[INFO] [stdout]   20:     0x79465e8c9dfa - <unknown>
[INFO] [stdout]   21:     0x79465e95d3d4 - clone
[INFO] [stdout]   22:                0x0 - <unknown>
[INFO] [stdout] 
[INFO] [stdout] ---- frontend::tests::fixture_handler_has_exactly_one_reference stdout ----
[INFO] [stdout] 
[INFO] [stdout] thread 'frontend::tests::fixture_handler_has_exactly_one_reference' (1323) panicked at src/frontend.rs:162:53:
[INFO] [stdout] fixture handler.js reads: Os { code: 2, kind: NotFound, message: "No such file or directory" }
[INFO] [stdout] stack backtrace:
[INFO] [stdout]    0:     0x5ca0c77389d1 - <<std[70759c8f55707aa4]::sys::backtrace::BacktraceLock>::print::DisplayBacktrace as core[df12db4294e9bfd3]::fmt::Display>::fmt
[INFO] [stdout]    1:     0x5ca0c774f41a - core[df12db4294e9bfd3]::fmt::write
[INFO] [stdout]    2:     0x5ca0c773d21c - <alloc[2182bb758b4b3781]::vec::Vec<u8> as core[df12db4294e9bfd3]::io::write::Write>::write_fmt
[INFO] [stdout]    3:     0x5ca0c7711eb6 - std[70759c8f55707aa4]::panicking::default_hook::{closure#0}
[INFO] [stdout]    4:     0x5ca0c772fad9 - std[70759c8f55707aa4]::panicking::default_hook
[INFO] [stdout]    5:     0x5ca0c75942e0 - test[9d35eded1c95d3be]::test_main_inner::<test[9d35eded1c95d3be]::test_main_static::{closure#0}>::{closure#0}
[INFO] [stdout]    6:     0x5ca0c772fc92 - std[70759c8f55707aa4]::panicking::panic_with_hook
[INFO] [stdout]    7:     0x5ca0c7711f62 - std[70759c8f55707aa4]::panicking::panic_handler::{closure#0}
[INFO] [stdout]    8:     0x5ca0c770a999 - std[70759c8f55707aa4]::sys::backtrace::__rust_end_short_backtrace::<std[70759c8f55707aa4]::panicking::panic_handler::{closure#0}, !>
[INFO] [stdout]    9:     0x5ca0c7712b5d - __rustc[8fa7c3cbc660c2b3]::rust_begin_unwind
[INFO] [stdout]   10:     0x5ca0c774fc3c - core[df12db4294e9bfd3]::panicking::panic_fmt
[INFO] [stdout]   11:     0x5ca0c774fa12 - core[df12db4294e9bfd3]::result::unwrap_failed
[INFO] [stdout]   12:     0x5ca0c751a0f8 - orbital_engine[17ce11b1ae3af2c1]::frontend::tests::fixture_handler_has_exactly_one_reference
[INFO] [stdout]   13:     0x5ca0c7508189 - <orbital_engine[17ce11b1ae3af2c1]::frontend::tests::fixture_handler_has_exactly_one_reference::{closure#0} as core[df12db4294e9bfd3]::ops::function::FnOnce<()>>::call_once
[INFO] [stdout]   14:     0x5ca0c75875cb - test[9d35eded1c95d3be]::__rust_begin_short_backtrace::<core[df12db4294e9bfd3]::result::Result<(), alloc[2182bb758b4b3781]::string::String>, fn() -> core[df12db4294e9bfd3]::result::Result<(), alloc[2182bb758b4b3781]::string::String>>
[INFO] [stdout]   15:     0x5ca0c7594c35 - test[9d35eded1c95d3be]::run_test::{closure#0}
[INFO] [stdout]   16:     0x5ca0c758e4f4 - std[70759c8f55707aa4]::sys::backtrace::__rust_begin_short_backtrace::<test[9d35eded1c95d3be]::run_test::{closure#1}, ()>
[INFO] [stdout]   17:     0x5ca0c7597d92 - <std[70759c8f55707aa4]::thread::lifecycle::spawn_unchecked<test[9d35eded1c95d3be]::run_test::{closure#1}, ()>::{closure#1} as core[df12db4294e9bfd3]::ops::function::FnOnce<()>>::call_once::{shim:vtable#0}
[INFO] [stdout]   18:     0x5ca0c77379f9 - <std[70759c8f55707aa4]::sys::thread::unix::Thread>::new::thread_start
[INFO] [stdout]   19:     0x79465e8c9dfa - <unknown>
[INFO] [stdout]   20:     0x79465e95d3d4 - clone
[INFO] [stdout]   21:                0x0 - <unknown>
[INFO] [stdout] 
[INFO] [stdout] ---- tests::missing_layer_path_yields_no_files_and_no_panic stdout ----
[INFO] [stdout] 
[INFO] [stdout] thread 'tests::missing_layer_path_yields_no_files_and_no_panic' (1331) panicked at src/lib.rs:368:62:
[INFO] [stdout] fixture contract loads: Read { path: "/opt/rustwide/workdir/../../fixtures/violations-basic/orbital.toml", source: Os { code: 2, kind: NotFound, message: "No such file or directory" } }
[INFO] [stdout] stack backtrace:
[INFO] [stdout]    0:     0x5ca0c77389d1 - <<std[70759c8f55707aa4]::sys::backtrace::BacktraceLock>::print::DisplayBacktrace as core[df12db4294e9bfd3]::fmt::Display>::fmt
[INFO] [stdout]    1:     0x5ca0c774f41a - core[df12db4294e9bfd3]::fmt::write
[INFO] [stdout]    2:     0x5ca0c773d21c - <alloc[2182bb758b4b3781]::vec::Vec<u8> as core[df12db4294e9bfd3]::io::write::Write>::write_fmt
[INFO] [stdout]    3:     0x5ca0c7711eb6 - std[70759c8f55707aa4]::panicking::default_hook::{closure#0}
[INFO] [stdout]    4:     0x5ca0c772fad9 - std[70759c8f55707aa4]::panicking::default_hook
[INFO] [stdout]    5:     0x5ca0c75942e0 - test[9d35eded1c95d3be]::test_main_inner::<test[9d35eded1c95d3be]::test_main_static::{closure#0}>::{closure#0}
[INFO] [stdout]    6:     0x5ca0c772fc92 - std[70759c8f55707aa4]::panicking::panic_with_hook
[INFO] [stdout]    7:     0x5ca0c7711f62 - std[70759c8f55707aa4]::panicking::panic_handler::{closure#0}
[INFO] [stdout]    8:     0x5ca0c770a999 - std[70759c8f55707aa4]::sys::backtrace::__rust_end_short_backtrace::<std[70759c8f55707aa4]::panicking::panic_handler::{closure#0}, !>
[INFO] [stdout]    9:     0x5ca0c7712b5d - __rustc[8fa7c3cbc660c2b3]::rust_begin_unwind
[INFO] [stdout]   10:     0x5ca0c774fc3c - core[df12db4294e9bfd3]::panicking::panic_fmt
[INFO] [stdout]   11:     0x5ca0c774fa12 - core[df12db4294e9bfd3]::result::unwrap_failed
[INFO] [stdout]   12:     0x5ca0c750f0a9 - orbital_engine[17ce11b1ae3af2c1]::tests::fixture_contract
[INFO] [stdout]   13:     0x5ca0c7511437 - orbital_engine[17ce11b1ae3af2c1]::tests::missing_layer_path_yields_no_files_and_no_panic
[INFO] [stdout]   14:     0x5ca0c75080c9 - <orbital_engine[17ce11b1ae3af2c1]::tests::missing_layer_path_yields_no_files_and_no_panic::{closure#0} as core[df12db4294e9bfd3]::ops::function::FnOnce<()>>::call_once
[INFO] [stdout]   15:     0x5ca0c75875cb - test[9d35eded1c95d3be]::__rust_begin_short_backtrace::<core[df12db4294e9bfd3]::result::Result<(), alloc[2182bb758b4b3781]::string::String>, fn() -> core[df12db4294e9bfd3]::result::Result<(), alloc[2182bb758b4b3781]::string::String>>
[INFO] [stdout]   16:     0x5ca0c7594c35 - test[9d35eded1c95d3be]::run_test::{closure#0}
[INFO] [stdout]   17:     0x5ca0c758e4f4 - std[70759c8f55707aa4]::sys::backtrace::__rust_begin_short_backtrace::<test[9d35eded1c95d3be]::run_test::{closure#1}, ()>
[INFO] [stdout]   18:     0x5ca0c7597d92 - <std[70759c8f55707aa4]::thread::lifecycle::spawn_unchecked<test[9d35eded1c95d3be]::run_test::{closure#1}, ()>::{closure#1} as core[df12db4294e9bfd3]::ops::function::FnOnce<()>>::call_once::{shim:vtable#0}
[INFO] [stdout]   19:     0x5ca0c77379f9 - <std[70759c8f55707aa4]::sys::thread::unix::Thread>::new::thread_start
[INFO] [stdout]   20:     0x79465e8c9dfa - <unknown>
[INFO] [stdout]   21:     0x79465e95d3d4 - clone
[INFO] [stdout]   22:                0x0 - <unknown>
[INFO] [stdout] 
[INFO] [stdout] ---- tests::walk_is_sorted_and_deterministic stdout ----
[INFO] [stdout] 
[INFO] [stdout] thread 'tests::walk_is_sorted_and_deterministic' (1338) panicked at src/lib.rs:368:62:
[INFO] [stdout] fixture contract loads: Read { path: "/opt/rustwide/workdir/../../fixtures/violations-basic/orbital.toml", source: Os { code: 2, kind: NotFound, message: "No such file or directory" } }
[INFO] [stdout] stack backtrace:
[INFO] [stdout]    0:     0x5ca0c77389d1 - <<std[70759c8f55707aa4]::sys::backtrace::BacktraceLock>::print::DisplayBacktrace as core[df12db4294e9bfd3]::fmt::Display>::fmt
[INFO] [stdout]    1:     0x5ca0c774f41a - core[df12db4294e9bfd3]::fmt::write
[INFO] [stdout]    2:     0x5ca0c773d21c - <alloc[2182bb758b4b3781]::vec::Vec<u8> as core[df12db4294e9bfd3]::io::write::Write>::write_fmt
[INFO] [stdout]    3:     0x5ca0c7711eb6 - std[70759c8f55707aa4]::panicking::default_hook::{closure#0}
[INFO] [stdout]    4:     0x5ca0c772fad9 - std[70759c8f55707aa4]::panicking::default_hook
[INFO] [stdout]    5:     0x5ca0c75942e0 - test[9d35eded1c95d3be]::test_main_inner::<test[9d35eded1c95d3be]::test_main_static::{closure#0}>::{closure#0}
[INFO] [stdout]    6:     0x5ca0c772fc92 - std[70759c8f55707aa4]::panicking::panic_with_hook
[INFO] [stdout]    7:     0x5ca0c7711f62 - std[70759c8f55707aa4]::panicking::panic_handler::{closure#0}
[INFO] [stdout]    8:     0x5ca0c770a999 - std[70759c8f55707aa4]::sys::backtrace::__rust_end_short_backtrace::<std[70759c8f55707aa4]::panicking::panic_handler::{closure#0}, !>
[INFO] [stdout]    9:     0x5ca0c7712b5d - __rustc[8fa7c3cbc660c2b3]::rust_begin_unwind
[INFO] [stdout]   10:     0x5ca0c774fc3c - core[df12db4294e9bfd3]::panicking::panic_fmt
[INFO] [stdout]   11:     0x5ca0c774fa12 - core[df12db4294e9bfd3]::result::unwrap_failed
[INFO] [stdout]   12:     0x5ca0c750f0a9 - orbital_engine[17ce11b1ae3af2c1]::tests::fixture_contract
[INFO] [stdout]   13:     0x5ca0c750f81b - orbital_engine[17ce11b1ae3af2c1]::tests::walk_is_sorted_and_deterministic
[INFO] [stdout]   14:     0x5ca0c7508029 - <orbital_engine[17ce11b1ae3af2c1]::tests::walk_is_sorted_and_deterministic::{closure#0} as core[df12db4294e9bfd3]::ops::function::FnOnce<()>>::call_once
[INFO] [stdout]   15:     0x5ca0c75875cb - test[9d35eded1c95d3be]::__rust_begin_short_backtrace::<core[df12db4294e9bfd3]::result::Result<(), alloc[2182bb758b4b3781]::string::String>, fn() -> core[df12db4294e9bfd3]::result::Result<(), alloc[2182bb758b4b3781]::string::String>>
[INFO] [stdout]   16:     0x5ca0c7594c35 - test[9d35eded1c95d3be]::run_test::{closure#0}
[INFO] [stdout]   17:     0x5ca0c758e4f4 - std[70759c8f55707aa4]::sys::backtrace::__rust_begin_short_backtrace::<test[9d35eded1c95d3be]::run_test::{closure#1}, ()>
[INFO] [stdout]   18:     0x5ca0c7597d92 - <std[70759c8f55707aa4]::thread::lifecycle::spawn_unchecked<test[9d35eded1c95d3be]::run_test::{closure#1}, ()>::{closure#1} as core[df12db4294e9bfd3]::ops::function::FnOnce<()>>::call_once::{shim:vtable#0}
[INFO] [stdout]   19:     0x5ca0c77379f9 - <std[70759c8f55707aa4]::sys::thread::unix::Thread>::new::thread_start
[INFO] [stdout]   20:     0x79465e8c9dfa - <unknown>
[INFO] [stdout]   21:     0x79465e95d3d4 - clone
[INFO] [stdout]   22:                0x0 - <unknown>
[INFO] [stdout] 
[INFO] [stdout] 
[INFO] [stdout] failures:
[INFO] [stdout]     frontend::tests::fixture_handler_has_exactly_one_reference
[INFO] [stdout]     frontend::tests::resolves_relative_specifier_to_repo_relative_path
[INFO] [stdout]     tests::allowed_edge_and_same_layer_edge_pass
[INFO] [stdout]     tests::fixture_counts_layer_files_only
[INFO] [stdout]     tests::fixture_yields_the_expected_boundary_violation
[INFO] [stdout]     tests::missing_layer_path_yields_no_files_and_no_panic
[INFO] [stdout]     tests::self_repo_check_is_green
[INFO] [stdout]     tests::walk_is_sorted_and_deterministic
[INFO] [stdout] 
[INFO] [stdout] test result: FAILED. 9 passed; 8 failed; 0 ignored; 0 measured; 0 filtered out; finished in 0.03s
[INFO] [stdout] 
[INFO] [stderr] error: test failed, to rerun pass `--lib`
[INFO] running `Command { std: "docker" "inspect" "e24fb01d4c6ccab73d0be0d3f99fa097ba48e0fb9258911dd0b42f05e092394f", kill_on_drop: false }`
[INFO] running `Command { std: "docker" "rm" "-f" "e24fb01d4c6ccab73d0be0d3f99fa097ba48e0fb9258911dd0b42f05e092394f", kill_on_drop: false }`
[INFO] [stdout] e24fb01d4c6ccab73d0be0d3f99fa097ba48e0fb9258911dd0b42f05e092394f
