[INFO] fetching crate orbital-contract 0.1.0...
[INFO] testing orbital-contract-0.1.0 against 1.99.0-beta.8+cargoflags=--release for beta-release-1.100-2
[INFO] extracting crate orbital-contract 0.1.0 into /workspace/builds/worker-0-tc1/source
[INFO] started tweaking crates.io crate orbital-contract 0.1.0
[INFO] finished tweaking crates.io crate orbital-contract 0.1.0
[INFO] tweaked toml for crates.io crate orbital-contract 0.1.0 written to /workspace/builds/worker-0-tc1/source/Cargo.toml
[INFO] validating manifest of crates.io crate orbital-contract 0.1.0 on toolchain 1.99.0-beta.8
[INFO] running `Command { std: CARGO_HOME="/workspace/cargo-home" RUSTUP_HOME="/workspace/rustup-home" "/workspace/cargo-home/bin/cargo" "+1.99.0-beta.8" "metadata" "--manifest-path" "Cargo.toml" "--no-deps", kill_on_drop: false }`
[INFO] crate crates.io crate orbital-contract 0.1.0 already has a lockfile, it will not be regenerated
[INFO] running `Command { std: CARGO_HOME="/workspace/cargo-home" RUSTUP_HOME="/workspace/rustup-home" "/workspace/cargo-home/bin/cargo" "+1.99.0-beta.8" "fetch" "--manifest-path" "Cargo.toml", kill_on_drop: false }`
[INFO] running `Command { std: "docker" "create" "-v" "/var/lib/crater-agent-workspace/builds/worker-0-tc1/source:/opt/rustwide/workdir:ro,Z" "-v" "/var/lib/crater-agent-workspace/builds/worker-0-tc1/target:/opt/rustwide/target:rw,Z" "-v" "/var/lib/crater-agent-workspace/cargo-home:/opt/rustwide/cargo-home:ro,Z" "-v" "/var/lib/crater-agent-workspace/rustup-home:/opt/rustwide/rustup-home:ro,Z" "-m" "1610612736" "--network" "none" "ghcr.io/rust-lang/crates-build-env/linux@sha256:77db811e55d90add9212f6832c23229e3de5f1c1f9905e8cb07319ea15df73ac" "sleep" "infinity", kill_on_drop: false }`
[INFO] [stdout] ba250ebf2d634c8b10d56f0f4f4fd7bca69d701347c1006902ece3cbf3db1c4e
[INFO] running `Command { std: "docker" "start" "ba250ebf2d634c8b10d56f0f4f4fd7bca69d701347c1006902ece3cbf3db1c4e", kill_on_drop: false }`
[INFO] running `Command { std: "docker" "inspect" "ba250ebf2d634c8b10d56f0f4f4fd7bca69d701347c1006902ece3cbf3db1c4e", kill_on_drop: false }`
[INFO] running `Command { std: "docker" "exec" "-e" "SOURCE_DIR=/opt/rustwide/workdir" "-e" "CARGO_HOME=/opt/rustwide/cargo-home" "-e" "RUSTUP_HOME=/opt/rustwide/rustup-home" "-e" "CARGO_TARGET_DIR=/opt/rustwide/target" "-w" "/opt/rustwide/workdir" "--user" "0:0" "ba250ebf2d634c8b10d56f0f4f4fd7bca69d701347c1006902ece3cbf3db1c4e" "/opt/rustwide/cargo-home/bin/cargo" "+1.99.0-beta.8" "metadata" "--no-deps" "--format-version=1", kill_on_drop: false }`
[INFO] running `Command { std: "docker" "inspect" "ba250ebf2d634c8b10d56f0f4f4fd7bca69d701347c1006902ece3cbf3db1c4e", kill_on_drop: false }`
[INFO] running `Command { std: "docker" "exec" "-e" "SOURCE_DIR=/opt/rustwide/workdir" "-e" "CARGO_HOME=/opt/rustwide/cargo-home" "-e" "RUSTUP_HOME=/opt/rustwide/rustup-home" "-e" "CARGO_TARGET_DIR=/opt/rustwide/target" "-e" "CARGO_INCREMENTAL=0" "-e" "RUST_BACKTRACE=full" "-e" "RUSTFLAGS=--cap-lints=warn" "-e" "RUSTDOCFLAGS=--cap-lints=warn" "-w" "/opt/rustwide/workdir" "--user" "0:0" "ba250ebf2d634c8b10d56f0f4f4fd7bca69d701347c1006902ece3cbf3db1c4e" "/opt/rustwide/cargo-home/bin/cargo" "+1.99.0-beta.8" "build" "--frozen" "--message-format=json" "--release", kill_on_drop: false }`
[INFO] [stderr]    Compiling proc-macro2 v1.0.106
[INFO] [stderr]    Compiling quote v1.0.46
[INFO] [stderr]    Compiling memchr v2.8.2
[INFO] [stderr]    Compiling toml_writer v1.1.1+spec-1.1.0
[INFO] [stderr]    Compiling toml_parser v1.1.2+spec-1.1.0
[INFO] [stderr]    Compiling toml_datetime v1.1.1+spec-1.1.0
[INFO] [stderr]    Compiling serde_spanned v1.1.1
[INFO] [stderr]    Compiling toml v1.1.2+spec-1.1.0
[INFO] [stderr]    Compiling aho-corasick v1.1.4
[INFO] [stderr]    Compiling bstr v1.12.3
[INFO] [stderr]    Compiling syn v2.0.118
[INFO] [stderr]    Compiling regex-automata v0.4.14
[INFO] [stderr]    Compiling serde_derive v1.0.228
[INFO] [stderr]    Compiling globset v0.4.18
[INFO] [stderr]    Compiling serde v1.0.228
[INFO] [stderr]    Compiling orbital-contract v0.1.0 (/opt/rustwide/workdir)
[INFO] [stderr]     Finished `release` profile [optimized] target(s) in 9.60s
[INFO] running `Command { std: "docker" "inspect" "ba250ebf2d634c8b10d56f0f4f4fd7bca69d701347c1006902ece3cbf3db1c4e", kill_on_drop: false }`
[INFO] running `Command { std: "docker" "exec" "-e" "SOURCE_DIR=/opt/rustwide/workdir" "-e" "CARGO_HOME=/opt/rustwide/cargo-home" "-e" "RUSTUP_HOME=/opt/rustwide/rustup-home" "-e" "CARGO_TARGET_DIR=/opt/rustwide/target" "-e" "CARGO_INCREMENTAL=0" "-e" "RUST_BACKTRACE=full" "-e" "RUSTFLAGS=--cap-lints=warn" "-e" "RUSTDOCFLAGS=--cap-lints=warn" "-w" "/opt/rustwide/workdir" "--user" "0:0" "ba250ebf2d634c8b10d56f0f4f4fd7bca69d701347c1006902ece3cbf3db1c4e" "/opt/rustwide/cargo-home/bin/cargo" "+1.99.0-beta.8" "test" "--frozen" "--no-run" "--message-format=json" "--release", kill_on_drop: false }`
[INFO] [stderr]    Compiling orbital-contract v0.1.0 (/opt/rustwide/workdir)
[INFO] [stderr]     Finished `release` profile [optimized] target(s) in 1.70s
[INFO] running `Command { std: "docker" "inspect" "ba250ebf2d634c8b10d56f0f4f4fd7bca69d701347c1006902ece3cbf3db1c4e", kill_on_drop: false }`
[INFO] running `Command { std: "docker" "exec" "-e" "SOURCE_DIR=/opt/rustwide/workdir" "-e" "CARGO_HOME=/opt/rustwide/cargo-home" "-e" "RUSTUP_HOME=/opt/rustwide/rustup-home" "-e" "CARGO_TARGET_DIR=/opt/rustwide/target" "-e" "CARGO_INCREMENTAL=0" "-e" "RUST_BACKTRACE=full" "-e" "RUSTFLAGS=--cap-lints=warn" "-e" "RUSTDOCFLAGS=--cap-lints=warn" "-w" "/opt/rustwide/workdir" "--user" "0:0" "ba250ebf2d634c8b10d56f0f4f4fd7bca69d701347c1006902ece3cbf3db1c4e" "/opt/rustwide/cargo-home/bin/cargo" "+1.99.0-beta.8" "test" "--frozen" "--release", kill_on_drop: false }`
[INFO] [stderr]     Finished `release` profile [optimized] target(s) in 0.04s
[INFO] [stdout] 
[INFO] [stderr]      Running unittests src/lib.rs (/opt/rustwide/target/release/deps/orbital_contract-a56ebd6bf1a8d937)
[INFO] [stdout] running 17 tests
[INFO] [stdout] test tests::init_without_src_still_drafts_a_loadable_contract ... ok
[INFO] [stdout] test tests::init_drafts_a_loadable_contract_from_src_dirs ... ok
[INFO] [stdout] test tests::rejects_duplicate_layer_names ... ok
[INFO] [stdout] test tests::rejects_deny_all_others_false ... ok
[INFO] [stdout] test tests::parses_valid_contract ... ok
[INFO] [stdout] test tests::loads_own_contract_and_fixture ... FAILED
[INFO] [stdout] test tests::rejects_invalid_naming_glob ... ok
[INFO] [stdout] test tests::rejects_unsupported_schema ... ok
[INFO] [stdout] test tests::rejects_malformed_allow_entry ... ok
[INFO] [stdout] test tests::init_refuses_to_overwrite ... ok
[INFO] [stdout] test tests::naming_rules_are_retained_and_typed ... ok
[INFO] [stdout] test tests::unknown_fields_are_rejected ... ok
[INFO] [stdout] test tests::rejects_unknown_layer_in_allow ... ok
[INFO] [stdout] test tests::malformed_toml_is_a_readable_error ... ok
[INFO] [stdout] test tests::placement_rules_are_retained_and_validated ... ok
[INFO] [stdout] test tests::missing_file_is_a_readable_error ... ok
[INFO] [stdout] test tests::rejects_bad_naming_case_and_bad_placement ... ok
[INFO] [stdout] 
[INFO] [stdout] failures:
[INFO] [stdout] 
[INFO] [stdout] ---- tests::loads_own_contract_and_fixture stdout ----
[INFO] [stdout] 
[INFO] [stdout] thread 'tests::loads_own_contract_and_fixture' (541) panicked at src/lib.rs:457:62:
[INFO] [stdout] self-contract must load: Read { path: "/opt/rustwide/workdir/../../orbital.toml", source: Os { code: 2, kind: NotFound, message: "No such file or directory" } }
[INFO] [stdout] stack backtrace:
[INFO] [stdout]    0:     0x586a43e50291 - <<std[70759c8f55707aa4]::sys::backtrace::BacktraceLock>::print::DisplayBacktrace as core[df12db4294e9bfd3]::fmt::Display>::fmt
[INFO] [stdout]    1:     0x586a43e657ca - core[df12db4294e9bfd3]::fmt::write
[INFO] [stdout]    2:     0x586a43e54a1c - <alloc[2182bb758b4b3781]::vec::Vec<u8> as core[df12db4294e9bfd3]::io::write::Write>::write_fmt
[INFO] [stdout]    3:     0x586a43e2aa86 - std[70759c8f55707aa4]::panicking::default_hook::{closure#0}
[INFO] [stdout]    4:     0x586a43e47b19 - std[70759c8f55707aa4]::panicking::default_hook
[INFO] [stdout]    5:     0x586a43de21a0 - test[9d35eded1c95d3be]::test_main_inner::<test[9d35eded1c95d3be]::test_main_static::{closure#0}>::{closure#0}
[INFO] [stdout]    6:     0x586a43e47cd2 - std[70759c8f55707aa4]::panicking::panic_with_hook
[INFO] [stdout]    7:     0x586a43e2ab32 - std[70759c8f55707aa4]::panicking::panic_handler::{closure#0}
[INFO] [stdout]    8:     0x586a43e23569 - std[70759c8f55707aa4]::sys::backtrace::__rust_end_short_backtrace::<std[70759c8f55707aa4]::panicking::panic_handler::{closure#0}, !>
[INFO] [stdout]    9:     0x586a43e2b72d - __rustc[8fa7c3cbc660c2b3]::rust_begin_unwind
[INFO] [stdout]   10:     0x586a43e65f3c - core[df12db4294e9bfd3]::panicking::panic_fmt
[INFO] [stdout]   11:     0x586a43e65d12 - core[df12db4294e9bfd3]::result::unwrap_failed
[INFO] [stdout]   12:     0x586a43da5edb - orbital_contract[bc127405dcde2b37]::tests::loads_own_contract_and_fixture
[INFO] [stdout]   13:     0x586a43d95259 - <orbital_contract[bc127405dcde2b37]::tests::loads_own_contract_and_fixture::{closure#0} as core[df12db4294e9bfd3]::ops::function::FnOnce<()>>::call_once
[INFO] [stdout]   14:     0x586a43dd548b - test[9d35eded1c95d3be]::__rust_begin_short_backtrace::<core[df12db4294e9bfd3]::result::Result<(), alloc[2182bb758b4b3781]::string::String>, fn() -> core[df12db4294e9bfd3]::result::Result<(), alloc[2182bb758b4b3781]::string::String>>
[INFO] [stdout]   15:     0x586a43de2af5 - test[9d35eded1c95d3be]::run_test::{closure#0}
[INFO] [stdout]   16:     0x586a43ddc3b4 - std[70759c8f55707aa4]::sys::backtrace::__rust_begin_short_backtrace::<test[9d35eded1c95d3be]::run_test::{closure#1}, ()>
[INFO] [stdout]   17:     0x586a43de5c52 - <std[70759c8f55707aa4]::thread::lifecycle::spawn_unchecked<test[9d35eded1c95d3be]::run_test::{closure#1}, ()>::{closure#1} as core[df12db4294e9bfd3]::ops::function::FnOnce<()>>::call_once::{shim:vtable#0}
[INFO] [stdout]   18:     0x586a43e4f609 - <std[70759c8f55707aa4]::sys::thread::unix::Thread>::new::thread_start
[INFO] [stdout]   19:     0x7d5bb9ca3dfa - <unknown>
[INFO] [stdout]   20:     0x7d5bb9d373d4 - clone
[INFO] [stdout]   21:                0x0 - <unknown>
[INFO] [stderr] error: test failed, to rerun pass `--lib`
[INFO] [stdout] 
[INFO] [stdout] 
[INFO] [stdout] failures:
[INFO] [stdout]     tests::loads_own_contract_and_fixture
[INFO] [stdout] 
[INFO] [stdout] test result: FAILED. 16 passed; 1 failed; 0 ignored; 0 measured; 0 filtered out; finished in 0.01s
[INFO] [stdout] 
[INFO] running `Command { std: "docker" "inspect" "ba250ebf2d634c8b10d56f0f4f4fd7bca69d701347c1006902ece3cbf3db1c4e", kill_on_drop: false }`
[INFO] running `Command { std: "docker" "rm" "-f" "ba250ebf2d634c8b10d56f0f4f4fd7bca69d701347c1006902ece3cbf3db1c4e", kill_on_drop: false }`
[INFO] [stdout] ba250ebf2d634c8b10d56f0f4f4fd7bca69d701347c1006902ece3cbf3db1c4e
