[INFO] fetching crate orb-billing 0.11.0...
[INFO] testing orb-billing-0.11.0 against 1.100.0-beta.1+cargoflags=--release for beta-release-1.100-2
[INFO] extracting crate orb-billing 0.11.0 into /workspace/builds/worker-7-tc2/source
[INFO] started tweaking crates.io crate orb-billing 0.11.0
[INFO] finished tweaking crates.io crate orb-billing 0.11.0
[INFO] tweaked toml for crates.io crate orb-billing 0.11.0 written to /workspace/builds/worker-7-tc2/source/Cargo.toml
[INFO] validating manifest of crates.io crate orb-billing 0.11.0 on toolchain 1.100.0-beta.1
[INFO] running `Command { std: CARGO_HOME="/workspace/cargo-home" RUSTUP_HOME="/workspace/rustup-home" "/workspace/cargo-home/bin/cargo" "+1.100.0-beta.1" "metadata" "--manifest-path" "Cargo.toml" "--no-deps", kill_on_drop: false }`
[INFO] running `Command { std: CARGO_HOME="/workspace/cargo-home" RUSTUP_HOME="/workspace/rustup-home" "/workspace/cargo-home/bin/cargo" "+1.100.0-beta.1" "generate-lockfile" "--manifest-path" "Cargo.toml", kill_on_drop: false }`
[INFO] [stderr]     Updating crates.io index
[INFO] [stderr]      Locking 296 packages to highest compatible versions
[INFO] [stderr]       Adding ordered-float v3.9.2 (available: v5.5.0)
[INFO] [stderr]       Adding psm v0.1.24 (available: v0.1.32)
[INFO] [stderr]       Adding rand v0.8.8 (available: v0.10.3)
[INFO] [stderr]       Adding reqwest v0.11.27 (available: v0.13.5)
[INFO] [stderr]       Adding serde-enum-str v0.3.2 (available: v0.5.0)
[INFO] running `Command { std: CARGO_HOME="/workspace/cargo-home" RUSTUP_HOME="/workspace/rustup-home" "/workspace/cargo-home/bin/cargo" "+1.100.0-beta.1" "fetch" "--manifest-path" "Cargo.toml", kill_on_drop: false }`
[INFO] running `Command { std: "docker" "create" "-v" "/var/lib/crater-agent-workspace/builds/worker-7-tc2/source:/opt/rustwide/workdir:ro,Z" "-v" "/var/lib/crater-agent-workspace/builds/worker-7-tc2/target:/opt/rustwide/target:rw,Z" "-v" "/var/lib/crater-agent-workspace/cargo-home:/opt/rustwide/cargo-home:ro,Z" "-v" "/var/lib/crater-agent-workspace/rustup-home:/opt/rustwide/rustup-home:ro,Z" "-m" "1610612736" "--network" "none" "ghcr.io/rust-lang/crates-build-env/linux@sha256:77db811e55d90add9212f6832c23229e3de5f1c1f9905e8cb07319ea15df73ac" "sleep" "infinity", kill_on_drop: false }`
[INFO] [stdout] 982626df1c75ef873461e3f2370d5a5c113f35ce459c43e25d5d7f8549feba98
[INFO] running `Command { std: "docker" "start" "982626df1c75ef873461e3f2370d5a5c113f35ce459c43e25d5d7f8549feba98", kill_on_drop: false }`
[INFO] running `Command { std: "docker" "inspect" "982626df1c75ef873461e3f2370d5a5c113f35ce459c43e25d5d7f8549feba98", kill_on_drop: false }`
[INFO] running `Command { std: "docker" "exec" "-e" "SOURCE_DIR=/opt/rustwide/workdir" "-e" "CARGO_HOME=/opt/rustwide/cargo-home" "-e" "RUSTUP_HOME=/opt/rustwide/rustup-home" "-e" "CARGO_TARGET_DIR=/opt/rustwide/target" "-w" "/opt/rustwide/workdir" "--user" "0:0" "982626df1c75ef873461e3f2370d5a5c113f35ce459c43e25d5d7f8549feba98" "/opt/rustwide/cargo-home/bin/cargo" "+1.100.0-beta.1" "metadata" "--no-deps" "--format-version=1", kill_on_drop: false }`
[INFO] running `Command { std: "docker" "inspect" "982626df1c75ef873461e3f2370d5a5c113f35ce459c43e25d5d7f8549feba98", kill_on_drop: false }`
[INFO] running `Command { std: "docker" "exec" "-e" "SOURCE_DIR=/opt/rustwide/workdir" "-e" "CARGO_HOME=/opt/rustwide/cargo-home" "-e" "RUSTUP_HOME=/opt/rustwide/rustup-home" "-e" "CARGO_TARGET_DIR=/opt/rustwide/target" "-e" "CARGO_INCREMENTAL=0" "-e" "RUST_BACKTRACE=full" "-e" "RUSTFLAGS=--cap-lints=warn" "-e" "RUSTDOCFLAGS=--cap-lints=warn" "-w" "/opt/rustwide/workdir" "--user" "0:0" "982626df1c75ef873461e3f2370d5a5c113f35ce459c43e25d5d7f8549feba98" "/opt/rustwide/cargo-home/bin/cargo" "+1.100.0-beta.1" "build" "--frozen" "--message-format=json" "--release", kill_on_drop: false }`
[INFO] [stderr]    Compiling cfg-if v1.0.5
[INFO] [stderr]    Compiling find-msvc-tools v0.1.14
[INFO] [stderr]    Compiling memchr v2.8.3
[INFO] [stderr]    Compiling libc v0.2.191
[INFO] [stderr]    Compiling zerocopy v0.8.63
[INFO] [stderr]    Compiling siphasher v1.0.4
[INFO] [stderr]    Compiling siphasher v0.3.11
[INFO] [stderr]    Compiling syn v3.0.9
[INFO] [stderr]    Compiling syn v2.0.119
[INFO] [stderr]    Compiling cc v1.8.0
[INFO] [stderr]    Compiling phf_shared v0.11.3
[INFO] [stderr]    Compiling syn v1.0.109
[INFO] [stderr]    Compiling getrandom v0.1.16
[INFO] [stderr]    Compiling regex-syntax v0.8.11
[INFO] [stderr]    Compiling aho-corasick v1.1.5
[INFO] [stderr]    Compiling getrandom v0.2.17
[INFO] [stderr]    Compiling rand_core v0.6.4
[INFO] [stderr]    Compiling serde_core v1.0.229
[INFO] [stderr]    Compiling rand_core v0.5.1
[INFO] [stderr]    Compiling psm v0.1.24
[INFO] [stderr]    Compiling regex-automata v0.4.18
[INFO] [stderr]    Compiling log v0.4.34
[INFO] [stderr]    Compiling stacker v0.1.25
[INFO] [stderr]    Compiling crossbeam-utils v0.8.23
[INFO] [stderr]    Compiling serde v1.0.229
[INFO] [stderr]    Compiling synstructure v0.14.0
[INFO] [stderr]    Compiling rand_pcg v0.2.1
[INFO] [stderr]    Compiling crossbeam-epoch v0.9.21
[INFO] [stderr]    Compiling num-traits v0.2.19
[INFO] [stderr]    Compiling phf v0.11.3
[INFO] [stderr]    Compiling phf_shared v0.8.0
[INFO] [stderr]    Compiling crossbeam-deque v0.8.8
[INFO] [stderr]    Compiling ucd-trie v0.1.7
[INFO] [stderr]    Compiling pest v2.9.4
[INFO] [stderr]    Compiling bstr v1.13.1
[INFO] [stderr]    Compiling zerofrom-derive v0.1.8
[INFO] [stderr]    Compiling yoke-derive v0.8.4
[INFO] [stderr]    Compiling zerovec-derive v0.11.6
[INFO] [stderr]    Compiling displaydoc v0.2.7
[INFO] [stderr]    Compiling ppv-lite86 v0.2.21
[INFO] [stderr]    Compiling regex v1.13.1
[INFO] [stderr]    Compiling phf_shared v0.10.0
[INFO] [stderr]    Compiling smallvec v1.16.3
[INFO] [stderr]    Compiling libm v0.2.16
[INFO] [stderr]    Compiling globset v0.4.20
[INFO] [stderr]    Compiling pest_meta v2.9.4
[INFO] [stderr]    Compiling rand_chacha v0.3.1
[INFO] [stderr]    Compiling zerofrom v0.1.8
[INFO] [stderr]    Compiling rand_chacha v0.2.2
[INFO] [stderr]    Compiling yoke v0.8.3
[INFO] [stderr]    Compiling rand v0.7.3
[INFO] [stderr]    Compiling parse-zoneinfo v0.3.1
[INFO] [stderr]    Compiling rand v0.8.8
[INFO] [stderr]    Compiling zerovec v0.11.8
[INFO] [stderr]    Compiling zmij v1.0.23
[INFO] [stderr]    Compiling itoa v1.0.18
[INFO] [stderr]    Compiling iana-time-zone v0.1.65
[INFO] [stderr]    Compiling phf_generator v0.8.0
[INFO] [stderr]    Compiling proc-macro-hack v0.5.20+deprecated
[INFO] [stderr]    Compiling pkg-config v0.3.34
[INFO] [stderr]    Compiling chrono v0.4.45
[INFO] [stderr]    Compiling parking_lot_core v0.9.12
[INFO] [stderr]    Compiling ignore v0.4.33
[INFO] [stderr]    Compiling phf_generator v0.11.3
[INFO] [stderr]    Compiling phf_codegen v0.11.3
[INFO] [stderr]    Compiling phf_generator v0.10.0
[INFO] [stderr]    Compiling pest_generator v2.9.4
[INFO] [stderr]    Compiling chrono-tz-build v0.3.0
[INFO] [stderr]    Compiling serde_json v1.0.154
[INFO] [stderr]    Compiling bitflags v2.13.2
[INFO] [stderr]    Compiling openssl-sys v0.9.117
[INFO] [stderr]    Compiling new_debug_unreachable v1.0.6
[INFO] [stderr]    Compiling deunicode v1.6.2
[INFO] [stderr]    Compiling scopeguard v1.2.0
[INFO] [stderr]    Compiling chrono-tz v0.9.0
[INFO] [stderr]    Compiling once_cell v1.21.4
[INFO] [stderr]    Compiling tracing-core v0.1.36
[INFO] [stderr]    Compiling globwalk v0.9.1
[INFO] [stderr]    Compiling lock_api v0.4.14
[INFO] [stderr]    Compiling pest_derive v2.9.4
[INFO] [stderr]    Compiling slug v0.1.6
[INFO] [stderr]    Compiling humansize v2.1.3
[INFO] [stderr]    Compiling phf_codegen v0.10.0
[INFO] [stderr]    Compiling string_cache_codegen v0.5.4
[INFO] [stderr]    Compiling tinystr v0.8.4
[INFO] [stderr]    Compiling tracing-attributes v0.1.31
[INFO] [stderr]    Compiling csv-core v0.1.13
[INFO] [stderr]    Compiling ryu v1.0.23
[INFO] [stderr]    Compiling mac v0.1.1
[INFO] [stderr]    Compiling litemap v0.8.3
[INFO] [stderr]    Compiling writeable v0.6.4
[INFO] [stderr]    Compiling lazy_static v1.5.1
[INFO] [stderr]    Compiling unicode-segmentation v1.13.3
[INFO] [stderr]    Compiling precomputed-hash v0.1.1
[INFO] [stderr]    Compiling percent-encoding v2.3.2
[INFO] [stderr]    Compiling pin-project-lite v0.2.17
[INFO] [stderr]    Compiling icu_locale_core v2.3.0
[INFO] [stderr]    Compiling csv v1.4.0
[INFO] [stderr]    Compiling futf v0.1.5
[INFO] [stderr]    Compiling phf_macros v0.8.0
[INFO] [stderr]    Compiling markup5ever v0.11.0
[INFO] [stderr]    Compiling parking_lot v0.12.5
[INFO] [stderr]    Compiling potential_utf v0.1.6
[INFO] [stderr]    Compiling phf_codegen v0.8.0
[INFO] [stderr]    Compiling zerotrie v0.2.5
[INFO] [stderr]    Compiling cssparser v0.27.2
[INFO] [stderr]    Compiling serde_derive v1.0.229
[INFO] [stderr]    Compiling mio v1.2.4
[INFO] [stderr]    Compiling tracing v0.1.44
[INFO] [stderr]    Compiling socket2 v0.6.5
[INFO] [stderr]    Compiling dtoa v1.0.11
[INFO] [stderr]    Compiling icu_properties_data v2.3.0
[INFO] [stderr]    Compiling icu_normalizer_data v2.3.0
[INFO] [stderr]    Compiling utf-8 v0.7.6
[INFO] [stderr]    Compiling icu_collections v2.3.0
[INFO] [stderr]    Compiling tendril v0.4.3
[INFO] [stderr]    Compiling tokio v1.53.3
[INFO] [stderr]    Compiling icu_provider v2.3.1
[INFO] [stderr]    Compiling dtoa-short v0.3.5
[INFO] [stderr]    Compiling selectors v0.22.0
[INFO] [stderr]    Compiling phf v0.8.0
[INFO] [stderr]    Compiling string_cache v0.8.9
[INFO] [stderr]    Compiling phf v0.10.1
[INFO] [stderr]    Compiling html5ever v0.26.0
[INFO] [stderr]    Compiling cssparser-macros v0.6.1
[INFO] [stderr]    Compiling itoa v0.4.8
[INFO] [stderr]    Compiling convert_case v0.4.0
[INFO] [stderr]    Compiling nodrop v0.1.14
[INFO] [stderr]    Compiling matches v0.1.10
[INFO] [stderr]    Compiling byteorder v1.5.0
[INFO] [stderr]    Compiling openssl v0.10.81
[INFO] [stderr]    Compiling stable_deref_trait v1.2.1
[INFO] [stderr]    Compiling servo_arc v0.1.1
[INFO] [stderr]    Compiling fxhash v0.2.1
[INFO] [stderr]    Compiling derive_more v0.99.20
[INFO] [stderr]    Compiling http v0.2.12
[INFO] [stderr]    Compiling tera v1.20.1
[INFO] [stderr]    Compiling openssl-macros v0.1.1
[INFO] [stderr]    Compiling futures-macro v0.3.34
[INFO] [stderr]    Compiling unicode-width v0.2.2
[INFO] [stderr]    Compiling thin-slice v0.1.1
[INFO] [stderr]    Compiling equivalent v1.0.3
[INFO] [stderr]    Compiling native-tls v0.2.18
[INFO] [stderr]    Compiling darling_core v0.14.4
[INFO] [stderr]    Compiling indexmap v2.14.2
[INFO] [stderr]    Compiling futures-util v0.3.34
[INFO] [stderr]    Compiling icu_normalizer v2.3.0
[INFO] [stderr]    Compiling getopts v0.2.24
[INFO] [stderr]    Compiling icu_properties v2.3.0
[INFO] [stderr]    Compiling codes-common v0.1.9
[INFO] [stderr]    Compiling ego-tree v0.6.3
[INFO] [stderr]    Compiling want v0.3.2
[INFO] [stderr]    Compiling scraper v0.14.0
[INFO] [stderr]    Compiling encoding_rs v0.8.42
[INFO] [stderr]    Compiling http-body v0.4.6
[INFO] [stderr]    Compiling futures-channel v0.3.34
[INFO] [stderr]    Compiling idna_adapter v1.2.2
[INFO] [stderr]    Compiling quick-xml v0.26.0
[INFO] [stderr]    Compiling tokio-util v0.7.20
[INFO] [stderr]    Compiling socket2 v0.5.10
[INFO] [stderr]    Compiling getrandom v0.4.3
[INFO] [stderr]    Compiling h2 v0.3.27
[INFO] [stderr]    Compiling codes-agency v0.1.9
[INFO] [stderr]    Compiling codes-iso-4217 v0.1.7
[INFO] [stderr]    Compiling codes-iso-3166 v0.1.5
[INFO] [stderr]    Compiling idna v1.1.0
[INFO] [stderr]    Compiling darling_macro v0.14.4
[INFO] [stderr]    Compiling simdutf8 v0.1.5
[INFO] [stderr]    Compiling serde-rename-rule v0.2.3
[INFO] [stderr]    Compiling core_detect v1.0.0
[INFO] [stderr]    Compiling multiversion_no_op v1.0.0
[INFO] [stderr]    Compiling serde-attributes v0.2.1
[INFO] [stderr]    Compiling url v2.5.8
[INFO] [stderr]    Compiling serde_urlencoded v0.7.1
[INFO] [stderr]    Compiling darling v0.14.4
[INFO] [stderr]    Compiling tokio-native-tls v0.3.1
[INFO] [stderr]    Compiling async-stream-impl v0.3.6
[INFO] [stderr]    Compiling deranged v0.5.9
[INFO] [stderr]    Compiling powerfmt v0.2.1
[INFO] [stderr]    Compiling ipnet v2.12.2
[INFO] [stderr]    Compiling async-stream v0.3.6
[INFO] [stderr]    Compiling uuid v1.28.0
[INFO] [stderr]    Compiling hyper v0.14.32
[INFO] [stderr]    Compiling ordered-float v3.9.2
[INFO] [stderr]    Compiling time v0.3.55
[INFO] [stderr]    Compiling serde-enum-str v0.3.2
[INFO] [stderr]    Compiling hyper-tls v0.5.0
[INFO] [stderr]    Compiling reqwest v0.11.27
[INFO] [stderr]    Compiling orb-billing v0.11.0 (/opt/rustwide/workdir)
[INFO] [stderr]     Finished `release` profile [optimized] target(s) in 2m 11s
[INFO] running `Command { std: "docker" "inspect" "982626df1c75ef873461e3f2370d5a5c113f35ce459c43e25d5d7f8549feba98", kill_on_drop: false }`
[INFO] running `Command { std: "docker" "exec" "-e" "SOURCE_DIR=/opt/rustwide/workdir" "-e" "CARGO_HOME=/opt/rustwide/cargo-home" "-e" "RUSTUP_HOME=/opt/rustwide/rustup-home" "-e" "CARGO_TARGET_DIR=/opt/rustwide/target" "-e" "CARGO_INCREMENTAL=0" "-e" "RUST_BACKTRACE=full" "-e" "RUSTFLAGS=--cap-lints=warn" "-e" "RUSTDOCFLAGS=--cap-lints=warn" "-w" "/opt/rustwide/workdir" "--user" "0:0" "982626df1c75ef873461e3f2370d5a5c113f35ce459c43e25d5d7f8549feba98" "/opt/rustwide/cargo-home/bin/cargo" "+1.100.0-beta.1" "test" "--frozen" "--no-run" "--message-format=json" "--release", kill_on_drop: false }`
[INFO] [stderr]    Compiling tokio-macros v2.7.2
[INFO] [stderr]    Compiling memchr v2.8.3
[INFO] [stderr]    Compiling tracing v0.1.44
[INFO] [stderr]    Compiling native-tls v0.2.18
[INFO] [stderr]    Compiling regex-automata v0.4.18
[INFO] [stderr]    Compiling lazy_static v1.5.1
[INFO] [stderr]    Compiling tracing-log v0.2.0
[INFO] [stderr]    Compiling thread_local v1.1.10
[INFO] [stderr]    Compiling sharded-slab v0.1.7
[INFO] [stderr]    Compiling test-log-core v0.2.21
[INFO] [stderr]    Compiling test-log-macros v0.2.21
[INFO] [stderr]    Compiling tokio v1.53.3
[INFO] [stderr]    Compiling futures-util v0.3.34
[INFO] [stderr]    Compiling serde_json v1.0.154
[INFO] [stderr]    Compiling matchers v0.2.0
[INFO] [stderr]    Compiling tracing-subscriber v0.3.23
[INFO] [stderr]    Compiling futures-executor v0.3.34
[INFO] [stderr]    Compiling futures v0.3.34
[INFO] [stderr]    Compiling test-log v0.2.21
[INFO] [stderr]    Compiling tokio-util v0.7.20
[INFO] [stderr]    Compiling tokio-native-tls v0.3.1
[INFO] [stderr]    Compiling tokio-stream v0.1.19
[INFO] [stderr]    Compiling h2 v0.3.27
[INFO] [stderr]    Compiling hyper v0.14.32
[INFO] [stderr]    Compiling hyper-tls v0.5.0
[INFO] [stderr]    Compiling reqwest v0.11.27
[INFO] [stderr]    Compiling orb-billing v0.11.0 (/opt/rustwide/workdir)
[INFO] [stderr]     Finished `release` profile [optimized] target(s) in 1m 16s
[INFO] running `Command { std: "docker" "inspect" "982626df1c75ef873461e3f2370d5a5c113f35ce459c43e25d5d7f8549feba98", kill_on_drop: false }`
[INFO] running `Command { std: "docker" "exec" "-e" "SOURCE_DIR=/opt/rustwide/workdir" "-e" "CARGO_HOME=/opt/rustwide/cargo-home" "-e" "RUSTUP_HOME=/opt/rustwide/rustup-home" "-e" "CARGO_TARGET_DIR=/opt/rustwide/target" "-e" "CARGO_INCREMENTAL=0" "-e" "RUST_BACKTRACE=full" "-e" "RUSTFLAGS=--cap-lints=warn" "-e" "RUSTDOCFLAGS=--cap-lints=warn" "-w" "/opt/rustwide/workdir" "--user" "0:0" "982626df1c75ef873461e3f2370d5a5c113f35ce459c43e25d5d7f8549feba98" "/opt/rustwide/cargo-home/bin/cargo" "+1.100.0-beta.1" "test" "--frozen" "--release", kill_on_drop: false }`
[INFO] [stderr]     Finished `release` profile [optimized] target(s) in 0.27s
[INFO] [stdout] 
[INFO] [stdout] running 0 tests
[INFO] [stdout] 
[INFO] [stdout] test result: ok. 0 passed; 0 failed; 0 ignored; 0 measured; 0 filtered out; finished in 0.00s
[INFO] [stdout] 
[INFO] [stderr]      Running unittests src/lib.rs (/opt/rustwide/target/release/build/orb-billing/86230ea62f2dc777/out/orb_billing-86230ea62f2dc777)
[INFO] [stderr]      Running tests/api.rs (/opt/rustwide/target/release/build/orb-billing/97d91b2570261a54/out/api-97d91b2570261a54)
[INFO] [stdout] 
[INFO] [stdout] running 7 tests
[INFO] [stdout] test test_plans ... FAILED
[INFO] [stdout] test test_subscriptions ... FAILED
[INFO] [stdout] test test_events ... FAILED
[INFO] [stdout] test test_invoices ... FAILED
[INFO] [stdout] test test_customer_costs ... FAILED
[INFO] [stdout] test test_errors ... FAILED
[INFO] [stdout] test test_customers ... FAILED
[INFO] [stdout] 
[INFO] [stdout] failures:
[INFO] [stdout] 
[INFO] [stdout] ---- test_plans stdout ----
[INFO] [stdout] 
[INFO] [stdout] thread 'test_plans' (3582) panicked at tests/api.rs:54:69:
[INFO] [stdout] missing ORB_API_KEY: NotPresent
[INFO] [stdout] stack backtrace:
[INFO] [stdout]    0:     0x55713dffc2a1 - <<std[617be2ca0a6fd877]::sys::backtrace::BacktraceLock>::print::DisplayBacktrace as core[a373ad73a504971]::fmt::Display>::fmt
[INFO] [stdout]    1:     0x55713e0133ea - core[a373ad73a504971]::fmt::write
[INFO] [stdout]    2:     0x55713e000acc - <alloc[2e1b2a31b91974c5]::vec::Vec<u8> as core[a373ad73a504971]::io::write::Write>::write_fmt
[INFO] [stdout]    3:     0x55713dfd75a6 - std[617be2ca0a6fd877]::panicking::default_hook::{closure#0}
[INFO] [stdout]    4:     0x55713dff4299 - std[617be2ca0a6fd877]::panicking::default_hook
[INFO] [stdout]    5:     0x55713ddcb3e0 - test[aada8e7e76ba119b]::test_main_inner::{closure#0}
[INFO] [stdout]    6:     0x55713dff45c2 - std[617be2ca0a6fd877]::panicking::panic_with_hook
[INFO] [stdout]    7:     0x55713dfd7652 - std[617be2ca0a6fd877]::panicking::panic_handler::{closure#0}
[INFO] [stdout]    8:     0x55713dfd0289 - std[617be2ca0a6fd877]::sys::backtrace::__rust_end_short_backtrace::<std[617be2ca0a6fd877]::panicking::panic_handler::{closure#0}, !>
[INFO] [stdout]    9:     0x55713dfd844d - __rustc[ea4f61d10b84890b]::rust_begin_unwind
[INFO] [stdout]   10:     0x55713e013bcc - core[a373ad73a504971]::panicking::panic_fmt
[INFO] [stdout]   11:     0x55713e0139a2 - core[a373ad73a504971]::result::unwrap_failed
[INFO] [stdout]   12:     0x55713dd5dd76 - <api[63a77104e9715a25]::API_KEY::{closure#0} as core[a373ad73a504971]::ops::function::FnOnce<()>>::call_once
[INFO] [stdout]   13:     0x55713ddba9ad - <once_cell[27dfcff84a4435be]::imp::OnceCell<alloc[2e1b2a31b91974c5]::string::String>>::initialize::<<once_cell[27dfcff84a4435be]::sync::OnceCell<alloc[2e1b2a31b91974c5]::string::String>>::get_or_init<<once_cell[27dfcff84a4435be]::sync::Lazy<alloc[2e1b2a31b91974c5]::string::String>>::force::{closure#0}>::{closure#0}, <once_cell[27dfcff84a4435be]::sync::OnceCell<_>>::get_or_init::Void>::{closure#0}
[INFO] [stdout]   14:     0x55713dfbf37f - once_cell[27dfcff84a4435be]::imp::initialize_or_wait
[INFO] [stdout]   15:     0x55713ddb7302 - <once_cell[27dfcff84a4435be]::imp::OnceCell<alloc[2e1b2a31b91974c5]::string::String>>::initialize::<<once_cell[27dfcff84a4435be]::sync::OnceCell<alloc[2e1b2a31b91974c5]::string::String>>::get_or_init<<once_cell[27dfcff84a4435be]::sync::Lazy<alloc[2e1b2a31b91974c5]::string::String>>::force::{closure#0}>::{closure#0}, <once_cell[27dfcff84a4435be]::sync::OnceCell<_>>::get_or_init::Void>
[INFO] [stdout]   16:     0x55713dd4753a - api[63a77104e9715a25]::test_plans::{closure#0}
[INFO] [stdout]   17:     0x55713dd8da03 - <tokio[1b57d2dd3b45f6f4]::runtime::scheduler::current_thread::Context>::enter::<core[a373ad73a504971]::task::poll::Poll<()>, <tokio[1b57d2dd3b45f6f4]::runtime::scheduler::current_thread::CoreGuard>::block_on<core[a373ad73a504971]::pin::Pin<&mut core[a373ad73a504971]::pin::Pin<&mut dyn core[a373ad73a504971]::future::future::Future<Output = ()>>>>::{closure#0}::{closure#0}>
[INFO] [stdout]   18:     0x55713dd83c8c - <tokio[1b57d2dd3b45f6f4]::runtime::context::scoped::Scoped<tokio[1b57d2dd3b45f6f4]::runtime::scheduler::Context>>::set::<<tokio[1b57d2dd3b45f6f4]::runtime::scheduler::current_thread::CoreGuard>::enter<<tokio[1b57d2dd3b45f6f4]::runtime::scheduler::current_thread::CoreGuard>::block_on<core[a373ad73a504971]::pin::Pin<&mut core[a373ad73a504971]::pin::Pin<&mut dyn core[a373ad73a504971]::future::future::Future<Output = ()>>>>::{closure#0}, core[a373ad73a504971]::option::Option<()>>::{closure#0}, (alloc[2e1b2a31b91974c5]::boxed::Box<tokio[1b57d2dd3b45f6f4]::runtime::scheduler::current_thread::Core>, core[a373ad73a504971]::option::Option<()>)>
[INFO] [stdout]   19:     0x55713dd8fe25 - <tokio[1b57d2dd3b45f6f4]::runtime::scheduler::current_thread::CoreGuard>::block_on::<core[a373ad73a504971]::pin::Pin<&mut core[a373ad73a504971]::pin::Pin<&mut dyn core[a373ad73a504971]::future::future::Future<Output = ()>>>>
[INFO] [stdout]   20:     0x55713dd85073 - tokio[1b57d2dd3b45f6f4]::runtime::context::runtime::enter_runtime::<<tokio[1b57d2dd3b45f6f4]::runtime::scheduler::current_thread::CurrentThread>::block_on<core[a373ad73a504971]::pin::Pin<&mut dyn core[a373ad73a504971]::future::future::Future<Output = ()>>>::{closure#0}, ()>
[INFO] [stdout]   21:     0x55713dd7487b - <tokio[1b57d2dd3b45f6f4]::runtime::runtime::Runtime>::block_on::<core[a373ad73a504971]::pin::Pin<&mut dyn core[a373ad73a504971]::future::future::Future<Output = ()>>>
[INFO] [stdout]   22:     0x55713dd5d39f - <api[63a77104e9715a25]::test_plans::{closure#0} as core[a373ad73a504971]::ops::function::FnOnce<()>>::call_once
[INFO] [stdout]   23:     0x55713ddbe82b - test[aada8e7e76ba119b]::__rust_begin_short_backtrace::<core[a373ad73a504971]::result::Result<(), alloc[2e1b2a31b91974c5]::string::String>, fn() -> core[a373ad73a504971]::result::Result<(), alloc[2e1b2a31b91974c5]::string::String>>
[INFO] [stdout]   24:     0x55713ddcba05 - test[aada8e7e76ba119b]::run_test::{closure#0}
[INFO] [stdout]   25:     0x55713ddc52f4 - std[617be2ca0a6fd877]::sys::backtrace::__rust_begin_short_backtrace::<test[aada8e7e76ba119b]::run_test::{closure#1}, ()>
[INFO] [stdout]   26:     0x55713ddcea92 - <std[617be2ca0a6fd877]::thread::lifecycle::spawn_unchecked<test[aada8e7e76ba119b]::run_test::{closure#1}, ()>::{closure#1} as core[a373ad73a504971]::ops::function::FnOnce<()>>::call_once::{shim:vtable#0}
[INFO] [stdout]   27:     0x55713dffb74f - <std[617be2ca0a6fd877]::sys::thread::unix::Thread>::new::thread_start
[INFO] [stdout]   28:     0x7620b3429dfa - <unknown>
[INFO] [stdout]   29:     0x7620b34bd3d4 - clone
[INFO] [stdout]   30:                0x0 - <unknown>
[INFO] [stdout] 
[INFO] [stdout] ---- test_subscriptions stdout ----
[INFO] [stdout] 
[INFO] [stdout] thread 'test_subscriptions' (3583) panicked at /opt/rustwide/cargo-home/registry/src/index.crates.io-1949cf8c6b5b557f/once_cell-1.21.4/src/lib.rs:1321:25:
[INFO] [stdout] Lazy instance has previously been poisoned
[INFO] [stdout] stack backtrace:
[INFO] [stdout]    0:     0x55713dffc2a1 - <<std[617be2ca0a6fd877]::sys::backtrace::BacktraceLock>::print::DisplayBacktrace as core[a373ad73a504971]::fmt::Display>::fmt
[INFO] [stdout]    1:     0x55713e0133ea - core[a373ad73a504971]::fmt::write
[INFO] [stdout]    2:     0x55713e000acc - <alloc[2e1b2a31b91974c5]::vec::Vec<u8> as core[a373ad73a504971]::io::write::Write>::write_fmt
[INFO] [stdout]    3:     0x55713dfd75a6 - std[617be2ca0a6fd877]::panicking::default_hook::{closure#0}
[INFO] [stdout]    4:     0x55713dff4299 - std[617be2ca0a6fd877]::panicking::default_hook
[INFO] [stdout]    5:     0x55713ddcb3e0 - test[aada8e7e76ba119b]::test_main_inner::{closure#0}
[INFO] [stdout]    6:     0x55713dff45c2 - std[617be2ca0a6fd877]::panicking::panic_with_hook
[INFO] [stdout]    7:     0x55713dfd7684 - std[617be2ca0a6fd877]::panicking::panic_handler::{closure#0}
[INFO] [stdout]    8:     0x55713dfd0289 - std[617be2ca0a6fd877]::sys::backtrace::__rust_end_short_backtrace::<std[617be2ca0a6fd877]::panicking::panic_handler::{closure#0}, !>
[INFO] [stdout]    9:     0x55713dfd844d - __rustc[ea4f61d10b84890b]::rust_begin_unwind
[INFO] [stdout]   10:     0x55713e013bcc - core[a373ad73a504971]::panicking::panic_fmt
[INFO] [stdout]   11:     0x55713ddbaa06 - <once_cell[27dfcff84a4435be]::imp::OnceCell<alloc[2e1b2a31b91974c5]::string::String>>::initialize::<<once_cell[27dfcff84a4435be]::sync::OnceCell<alloc[2e1b2a31b91974c5]::string::String>>::get_or_init<<once_cell[27dfcff84a4435be]::sync::Lazy<alloc[2e1b2a31b91974c5]::string::String>>::force::{closure#0}>::{closure#0}, <once_cell[27dfcff84a4435be]::sync::OnceCell<_>>::get_or_init::Void>::{closure#0}
[INFO] [stdout]   12:     0x55713dfbf37f - once_cell[27dfcff84a4435be]::imp::initialize_or_wait
[INFO] [stdout]   13:     0x55713ddb7302 - <once_cell[27dfcff84a4435be]::imp::OnceCell<alloc[2e1b2a31b91974c5]::string::String>>::initialize::<<once_cell[27dfcff84a4435be]::sync::OnceCell<alloc[2e1b2a31b91974c5]::string::String>>::get_or_init<<once_cell[27dfcff84a4435be]::sync::Lazy<alloc[2e1b2a31b91974c5]::string::String>>::force::{closure#0}>::{closure#0}, <once_cell[27dfcff84a4435be]::sync::OnceCell<_>>::get_or_init::Void>
[INFO] [stdout]   14:     0x55713dd52c95 - api[63a77104e9715a25]::test_subscriptions::{closure#0}
[INFO] [stdout]   15:     0x55713dd8da03 - <tokio[1b57d2dd3b45f6f4]::runtime::scheduler::current_thread::Context>::enter::<core[a373ad73a504971]::task::poll::Poll<()>, <tokio[1b57d2dd3b45f6f4]::runtime::scheduler::current_thread::CoreGuard>::block_on<core[a373ad73a504971]::pin::Pin<&mut core[a373ad73a504971]::pin::Pin<&mut dyn core[a373ad73a504971]::future::future::Future<Output = ()>>>>::{closure#0}::{closure#0}>
[INFO] [stdout]   16:     0x55713dd83c8c - <tokio[1b57d2dd3b45f6f4]::runtime::context::scoped::Scoped<tokio[1b57d2dd3b45f6f4]::runtime::scheduler::Context>>::set::<<tokio[1b57d2dd3b45f6f4]::runtime::scheduler::current_thread::CoreGuard>::enter<<tokio[1b57d2dd3b45f6f4]::runtime::scheduler::current_thread::CoreGuard>::block_on<core[a373ad73a504971]::pin::Pin<&mut core[a373ad73a504971]::pin::Pin<&mut dyn core[a373ad73a504971]::future::future::Future<Output = ()>>>>::{closure#0}, core[a373ad73a504971]::option::Option<()>>::{closure#0}, (alloc[2e1b2a31b91974c5]::boxed::Box<tokio[1b57d2dd3b45f6f4]::runtime::scheduler::current_thread::Core>, core[a373ad73a504971]::option::Option<()>)>
[INFO] [stdout]   17:     0x55713dd8fe25 - <tokio[1b57d2dd3b45f6f4]::runtime::scheduler::current_thread::CoreGuard>::block_on::<core[a373ad73a504971]::pin::Pin<&mut core[a373ad73a504971]::pin::Pin<&mut dyn core[a373ad73a504971]::future::future::Future<Output = ()>>>>
[INFO] [stdout]   18:     0x55713dd85073 - tokio[1b57d2dd3b45f6f4]::runtime::context::runtime::enter_runtime::<<tokio[1b57d2dd3b45f6f4]::runtime::scheduler::current_thread::CurrentThread>::block_on<core[a373ad73a504971]::pin::Pin<&mut dyn core[a373ad73a504971]::future::future::Future<Output = ()>>>::{closure#0}, ()>
[INFO] [stdout]   19:     0x55713dd7487b - <tokio[1b57d2dd3b45f6f4]::runtime::runtime::Runtime>::block_on::<core[a373ad73a504971]::pin::Pin<&mut dyn core[a373ad73a504971]::future::future::Future<Output = ()>>>
[INFO] [stdout]   20:     0x55713dd5dafa - <api[63a77104e9715a25]::test_subscriptions::{closure#0} as core[a373ad73a504971]::ops::function::FnOnce<()>>::call_once
[INFO] [stdout]   21:     0x55713ddbe82b - test[aada8e7e76ba119b]::__rust_begin_short_backtrace::<core[a373ad73a504971]::result::Result<(), alloc[2e1b2a31b91974c5]::string::String>, fn() -> core[a373ad73a504971]::result::Result<(), alloc[2e1b2a31b91974c5]::string::String>>
[INFO] [stdout]   22:     0x55713ddcba05 - test[aada8e7e76ba119b]::run_test::{closure#0}
[INFO] [stdout]   23:     0x55713ddc52f4 - std[617be2ca0a6fd877]::sys::backtrace::__rust_begin_short_backtrace::<test[aada8e7e76ba119b]::run_test::{closure#1}, ()>
[INFO] [stdout]   24:     0x55713ddcea92 - <std[617be2ca0a6fd877]::thread::lifecycle::spawn_unchecked<test[aada8e7e76ba119b]::run_test::{closure#1}, ()>::{closure#1} as core[a373ad73a504971]::ops::function::FnOnce<()>>::call_once::{shim:vtable#0}
[INFO] [stdout]   25:     0x55713dffb74f - <std[617be2ca0a6fd877]::sys::thread::unix::Thread>::new::thread_start
[INFO] [stdout]   26:     0x7620b3429dfa - <unknown>
[INFO] [stdout]   27:     0x7620b34bd3d4 - clone
[INFO] [stdout]   28:                0x0 - <unknown>
[INFO] [stdout] 
[INFO] [stdout] ---- test_events stdout ----
[INFO] [stdout] 
[INFO] [stdout] thread 'test_events' (3580) panicked at /opt/rustwide/cargo-home/registry/src/index.crates.io-1949cf8c6b5b557f/once_cell-1.21.4/src/lib.rs:1321:25:
[INFO] [stdout] Lazy instance has previously been poisoned
[INFO] [stdout] stack backtrace:
[INFO] [stdout]    0:     0x55713dffc2a1 - <<std[617be2ca0a6fd877]::sys::backtrace::BacktraceLock>::print::DisplayBacktrace as core[a373ad73a504971]::fmt::Display>::fmt
[INFO] [stdout]    1:     0x55713e0133ea - core[a373ad73a504971]::fmt::write
[INFO] [stdout]    2:     0x55713e000acc - <alloc[2e1b2a31b91974c5]::vec::Vec<u8> as core[a373ad73a504971]::io::write::Write>::write_fmt
[INFO] [stdout]    3:     0x55713dfd75a6 - std[617be2ca0a6fd877]::panicking::default_hook::{closure#0}
[INFO] [stdout]    4:     0x55713dff4299 - std[617be2ca0a6fd877]::panicking::default_hook
[INFO] [stdout]    5:     0x55713ddcb3e0 - test[aada8e7e76ba119b]::test_main_inner::{closure#0}
[INFO] [stdout]    6:     0x55713dff45c2 - std[617be2ca0a6fd877]::panicking::panic_with_hook
[INFO] [stdout]    7:     0x55713dfd7684 - std[617be2ca0a6fd877]::panicking::panic_handler::{closure#0}
[INFO] [stdout]    8:     0x55713dfd0289 - std[617be2ca0a6fd877]::sys::backtrace::__rust_end_short_backtrace::<std[617be2ca0a6fd877]::panicking::panic_handler::{closure#0}, !>
[INFO] [stdout]    9:     0x55713dfd844d - __rustc[ea4f61d10b84890b]::rust_begin_unwind
[INFO] [stdout]   10:     0x55713e013bcc - core[a373ad73a504971]::panicking::panic_fmt
[INFO] [stdout]   11:     0x55713ddbaa06 - <once_cell[27dfcff84a4435be]::imp::OnceCell<alloc[2e1b2a31b91974c5]::string::String>>::initialize::<<once_cell[27dfcff84a4435be]::sync::OnceCell<alloc[2e1b2a31b91974c5]::string::String>>::get_or_init<<once_cell[27dfcff84a4435be]::sync::Lazy<alloc[2e1b2a31b91974c5]::string::String>>::force::{closure#0}>::{closure#0}, <once_cell[27dfcff84a4435be]::sync::OnceCell<_>>::get_or_init::Void>::{closure#0}
[INFO] [stdout]   12:     0x55713dfbf37f - once_cell[27dfcff84a4435be]::imp::initialize_or_wait
[INFO] [stdout]   13:     0x55713ddb7302 - <once_cell[27dfcff84a4435be]::imp::OnceCell<alloc[2e1b2a31b91974c5]::string::String>>::initialize::<<once_cell[27dfcff84a4435be]::sync::OnceCell<alloc[2e1b2a31b91974c5]::string::String>>::get_or_init<<once_cell[27dfcff84a4435be]::sync::Lazy<alloc[2e1b2a31b91974c5]::string::String>>::force::{closure#0}>::{closure#0}, <once_cell[27dfcff84a4435be]::sync::OnceCell<_>>::get_or_init::Void>
[INFO] [stdout]   14:     0x55713dd4ab8b - api[63a77104e9715a25]::test_events::{closure#0}
[INFO] [stdout]   15:     0x55713dd8da03 - <tokio[1b57d2dd3b45f6f4]::runtime::scheduler::current_thread::Context>::enter::<core[a373ad73a504971]::task::poll::Poll<()>, <tokio[1b57d2dd3b45f6f4]::runtime::scheduler::current_thread::CoreGuard>::block_on<core[a373ad73a504971]::pin::Pin<&mut core[a373ad73a504971]::pin::Pin<&mut dyn core[a373ad73a504971]::future::future::Future<Output = ()>>>>::{closure#0}::{closure#0}>
[INFO] [stdout]   16:     0x55713dd83c8c - <tokio[1b57d2dd3b45f6f4]::runtime::context::scoped::Scoped<tokio[1b57d2dd3b45f6f4]::runtime::scheduler::Context>>::set::<<tokio[1b57d2dd3b45f6f4]::runtime::scheduler::current_thread::CoreGuard>::enter<<tokio[1b57d2dd3b45f6f4]::runtime::scheduler::current_thread::CoreGuard>::block_on<core[a373ad73a504971]::pin::Pin<&mut core[a373ad73a504971]::pin::Pin<&mut dyn core[a373ad73a504971]::future::future::Future<Output = ()>>>>::{closure#0}, core[a373ad73a504971]::option::Option<()>>::{closure#0}, (alloc[2e1b2a31b91974c5]::boxed::Box<tokio[1b57d2dd3b45f6f4]::runtime::scheduler::current_thread::Core>, core[a373ad73a504971]::option::Option<()>)>
[INFO] [stdout]   17:     0x55713dd8fe25 - <tokio[1b57d2dd3b45f6f4]::runtime::scheduler::current_thread::CoreGuard>::block_on::<core[a373ad73a504971]::pin::Pin<&mut core[a373ad73a504971]::pin::Pin<&mut dyn core[a373ad73a504971]::future::future::Future<Output = ()>>>>
[INFO] [stdout]   18:     0x55713dd85073 - tokio[1b57d2dd3b45f6f4]::runtime::context::runtime::enter_runtime::<<tokio[1b57d2dd3b45f6f4]::runtime::scheduler::current_thread::CurrentThread>::block_on<core[a373ad73a504971]::pin::Pin<&mut dyn core[a373ad73a504971]::future::future::Future<Output = ()>>>::{closure#0}, ()>
[INFO] [stdout]   19:     0x55713dd7487b - <tokio[1b57d2dd3b45f6f4]::runtime::runtime::Runtime>::block_on::<core[a373ad73a504971]::pin::Pin<&mut dyn core[a373ad73a504971]::future::future::Future<Output = ()>>>
[INFO] [stdout]   20:     0x55713dd5d6ca - <api[63a77104e9715a25]::test_events::{closure#0} as core[a373ad73a504971]::ops::function::FnOnce<()>>::call_once
[INFO] [stdout]   21:     0x55713ddbe82b - test[aada8e7e76ba119b]::__rust_begin_short_backtrace::<core[a373ad73a504971]::result::Result<(), alloc[2e1b2a31b91974c5]::string::String>, fn() -> core[a373ad73a504971]::result::Result<(), alloc[2e1b2a31b91974c5]::string::String>>
[INFO] [stdout]   22:     0x55713ddcba05 - test[aada8e7e76ba119b]::run_test::{closure#0}
[INFO] [stdout]   23:     0x55713ddc52f4 - std[617be2ca0a6fd877]::sys::backtrace::__rust_begin_short_backtrace::<test[aada8e7e76ba119b]::run_test::{closure#1}, ()>
[INFO] [stdout]   24:     0x55713ddcea92 - <std[617be2ca0a6fd877]::thread::lifecycle::spawn_unchecked<test[aada8e7e76ba119b]::run_test::{closure#1}, ()>::{closure#1} as core[a373ad73a504971]::ops::function::FnOnce<()>>::call_once::{shim:vtable#0}
[INFO] [stdout]   25:     0x55713dffb74f - <std[617be2ca0a6fd877]::sys::thread::unix::Thread>::new::thread_start
[INFO] [stdout]   26:     0x7620b3429dfa - <unknown>
[INFO] [stdout]   27:     0x7620b34bd3d4 - clone
[INFO] [stdout]   28:                0x0 - <unknown>
[INFO] [stdout] 
[INFO] [stdout] ---- test_invoices stdout ----
[INFO] [stdout] 
[INFO] [stdout] thread 'test_invoices' (3581) panicked at /opt/rustwide/cargo-home/registry/src/index.crates.io-1949cf8c6b5b557f/once_cell-1.21.4/src/lib.rs:1321:25:
[INFO] [stdout] Lazy instance has previously been poisoned
[INFO] [stdout] stack backtrace:
[INFO] [stdout]    0:     0x55713dffc2a1 - <<std[617be2ca0a6fd877]::sys::backtrace::BacktraceLock>::print::DisplayBacktrace as core[a373ad73a504971]::fmt::Display>::fmt
[INFO] [stdout]    1:     0x55713e0133ea - core[a373ad73a504971]::fmt::write
[INFO] [stdout]    2:     0x55713e000acc - <alloc[2e1b2a31b91974c5]::vec::Vec<u8> as core[a373ad73a504971]::io::write::Write>::write_fmt
[INFO] [stdout]    3:     0x55713dfd75a6 - std[617be2ca0a6fd877]::panicking::default_hook::{closure#0}
[INFO] [stdout]    4:     0x55713dff4299 - std[617be2ca0a6fd877]::panicking::default_hook
[INFO] [stdout]    5:     0x55713ddcb3e0 - test[aada8e7e76ba119b]::test_main_inner::{closure#0}
[INFO] [stdout]    6:     0x55713dff45c2 - std[617be2ca0a6fd877]::panicking::panic_with_hook
[INFO] [stdout]    7:     0x55713dfd7684 - std[617be2ca0a6fd877]::panicking::panic_handler::{closure#0}
[INFO] [stdout]    8:     0x55713dfd0289 - std[617be2ca0a6fd877]::sys::backtrace::__rust_end_short_backtrace::<std[617be2ca0a6fd877]::panicking::panic_handler::{closure#0}, !>
[INFO] [stdout]    9:     0x55713dfd844d - __rustc[ea4f61d10b84890b]::rust_begin_unwind
[INFO] [stdout]   10:     0x55713e013bcc - core[a373ad73a504971]::panicking::panic_fmt
[INFO] [stdout]   11:     0x55713ddbaa06 - <once_cell[27dfcff84a4435be]::imp::OnceCell<alloc[2e1b2a31b91974c5]::string::String>>::initialize::<<once_cell[27dfcff84a4435be]::sync::OnceCell<alloc[2e1b2a31b91974c5]::string::String>>::get_or_init<<once_cell[27dfcff84a4435be]::sync::Lazy<alloc[2e1b2a31b91974c5]::string::String>>::force::{closure#0}>::{closure#0}, <once_cell[27dfcff84a4435be]::sync::OnceCell<_>>::get_or_init::Void>::{closure#0}
[INFO] [stdout]   12:     0x55713dfbf37f - once_cell[27dfcff84a4435be]::imp::initialize_or_wait
[INFO] [stdout]   13:     0x55713ddb7302 - <once_cell[27dfcff84a4435be]::imp::OnceCell<alloc[2e1b2a31b91974c5]::string::String>>::initialize::<<once_cell[27dfcff84a4435be]::sync::OnceCell<alloc[2e1b2a31b91974c5]::string::String>>::get_or_init<<once_cell[27dfcff84a4435be]::sync::Lazy<alloc[2e1b2a31b91974c5]::string::String>>::force::{closure#0}>::{closure#0}, <once_cell[27dfcff84a4435be]::sync::OnceCell<_>>::get_or_init::Void>
[INFO] [stdout]   14:     0x55713dd4cc5a - api[63a77104e9715a25]::test_invoices::{closure#0}
[INFO] [stdout]   15:     0x55713dd8da03 - <tokio[1b57d2dd3b45f6f4]::runtime::scheduler::current_thread::Context>::enter::<core[a373ad73a504971]::task::poll::Poll<()>, <tokio[1b57d2dd3b45f6f4]::runtime::scheduler::current_thread::CoreGuard>::block_on<core[a373ad73a504971]::pin::Pin<&mut core[a373ad73a504971]::pin::Pin<&mut dyn core[a373ad73a504971]::future::future::Future<Output = ()>>>>::{closure#0}::{closure#0}>
[INFO] [stderr] error: test failed, to rerun pass `--test api`
[INFO] [stdout]   16:     0x55713dd83c8c - <tokio[1b57d2dd3b45f6f4]::runtime::context::scoped::Scoped<tokio[1b57d2dd3b45f6f4]::runtime::scheduler::Context>>::set::<<tokio[1b57d2dd3b45f6f4]::runtime::scheduler::current_thread::CoreGuard>::enter<<tokio[1b57d2dd3b45f6f4]::runtime::scheduler::current_thread::CoreGuard>::block_on<core[a373ad73a504971]::pin::Pin<&mut core[a373ad73a504971]::pin::Pin<&mut dyn core[a373ad73a504971]::future::future::Future<Output = ()>>>>::{closure#0}, core[a373ad73a504971]::option::Option<()>>::{closure#0}, (alloc[2e1b2a31b91974c5]::boxed::Box<tokio[1b57d2dd3b45f6f4]::runtime::scheduler::current_thread::Core>, core[a373ad73a504971]::option::Option<()>)>
[INFO] [stdout]   17:     0x55713dd8fe25 - <tokio[1b57d2dd3b45f6f4]::runtime::scheduler::current_thread::CoreGuard>::block_on::<core[a373ad73a504971]::pin::Pin<&mut core[a373ad73a504971]::pin::Pin<&mut dyn core[a373ad73a504971]::future::future::Future<Output = ()>>>>
[INFO] [stdout]   18:     0x55713dd85073 - tokio[1b57d2dd3b45f6f4]::runtime::context::runtime::enter_runtime::<<tokio[1b57d2dd3b45f6f4]::runtime::scheduler::current_thread::CurrentThread>::block_on<core[a373ad73a504971]::pin::Pin<&mut dyn core[a373ad73a504971]::future::future::Future<Output = ()>>>::{closure#0}, ()>
[INFO] [stdout]   19:     0x55713dd7487b - <tokio[1b57d2dd3b45f6f4]::runtime::runtime::Runtime>::block_on::<core[a373ad73a504971]::pin::Pin<&mut dyn core[a373ad73a504971]::future::future::Future<Output = ()>>>
[INFO] [stdout]   20:     0x55713dd5d80f - <api[63a77104e9715a25]::test_invoices::{closure#0} as core[a373ad73a504971]::ops::function::FnOnce<()>>::call_once
[INFO] [stdout]   21:     0x55713ddbe82b - test[aada8e7e76ba119b]::__rust_begin_short_backtrace::<core[a373ad73a504971]::result::Result<(), alloc[2e1b2a31b91974c5]::string::String>, fn() -> core[a373ad73a504971]::result::Result<(), alloc[2e1b2a31b91974c5]::string::String>>
[INFO] [stdout]   22:     0x55713ddcba05 - test[aada8e7e76ba119b]::run_test::{closure#0}
[INFO] [stdout]   23:     0x55713ddc52f4 - std[617be2ca0a6fd877]::sys::backtrace::__rust_begin_short_backtrace::<test[aada8e7e76ba119b]::run_test::{closure#1}, ()>
[INFO] [stdout]   24:     0x55713ddcea92 - <std[617be2ca0a6fd877]::thread::lifecycle::spawn_unchecked<test[aada8e7e76ba119b]::run_test::{closure#1}, ()>::{closure#1} as core[a373ad73a504971]::ops::function::FnOnce<()>>::call_once::{shim:vtable#0}
[INFO] [stdout]   25:     0x55713dffb74f - <std[617be2ca0a6fd877]::sys::thread::unix::Thread>::new::thread_start
[INFO] [stdout]   26:     0x7620b3429dfa - <unknown>
[INFO] [stdout]   27:     0x7620b34bd3d4 - clone
[INFO] [stdout]   28:                0x0 - <unknown>
[INFO] [stdout] 
[INFO] [stdout] ---- test_customer_costs stdout ----
[INFO] [stdout] 
[INFO] [stdout] thread 'test_customer_costs' (3577) panicked at /opt/rustwide/cargo-home/registry/src/index.crates.io-1949cf8c6b5b557f/once_cell-1.21.4/src/lib.rs:1321:25:
[INFO] [stdout] Lazy instance has previously been poisoned
[INFO] [stdout] stack backtrace:
[INFO] [stdout]    0:     0x55713dffc2a1 - <<std[617be2ca0a6fd877]::sys::backtrace::BacktraceLock>::print::DisplayBacktrace as core[a373ad73a504971]::fmt::Display>::fmt
[INFO] [stdout]    1:     0x55713e0133ea - core[a373ad73a504971]::fmt::write
[INFO] [stdout]    2:     0x55713e000acc - <alloc[2e1b2a31b91974c5]::vec::Vec<u8> as core[a373ad73a504971]::io::write::Write>::write_fmt
[INFO] [stdout]    3:     0x55713dfd75a6 - std[617be2ca0a6fd877]::panicking::default_hook::{closure#0}
[INFO] [stdout]    4:     0x55713dff4299 - std[617be2ca0a6fd877]::panicking::default_hook
[INFO] [stdout]    5:     0x55713ddcb3e0 - test[aada8e7e76ba119b]::test_main_inner::{closure#0}
[INFO] [stdout]    6:     0x55713dff45c2 - std[617be2ca0a6fd877]::panicking::panic_with_hook
[INFO] [stdout]    7:     0x55713dfd7684 - std[617be2ca0a6fd877]::panicking::panic_handler::{closure#0}
[INFO] [stdout]    8:     0x55713dfd0289 - std[617be2ca0a6fd877]::sys::backtrace::__rust_end_short_backtrace::<std[617be2ca0a6fd877]::panicking::panic_handler::{closure#0}, !>
[INFO] [stdout]    9:     0x55713dfd844d - __rustc[ea4f61d10b84890b]::rust_begin_unwind
[INFO] [stdout]   10:     0x55713e013bcc - core[a373ad73a504971]::panicking::panic_fmt
[INFO] [stdout]   11:     0x55713ddbaa06 - <once_cell[27dfcff84a4435be]::imp::OnceCell<alloc[2e1b2a31b91974c5]::string::String>>::initialize::<<once_cell[27dfcff84a4435be]::sync::OnceCell<alloc[2e1b2a31b91974c5]::string::String>>::get_or_init<<once_cell[27dfcff84a4435be]::sync::Lazy<alloc[2e1b2a31b91974c5]::string::String>>::force::{closure#0}>::{closure#0}, <once_cell[27dfcff84a4435be]::sync::OnceCell<_>>::get_or_init::Void>::{closure#0}
[INFO] [stdout]   12:     0x55713dfbf37f - once_cell[27dfcff84a4435be]::imp::initialize_or_wait
[INFO] [stdout]   13:     0x55713ddb7302 - <once_cell[27dfcff84a4435be]::imp::OnceCell<alloc[2e1b2a31b91974c5]::string::String>>::initialize::<<once_cell[27dfcff84a4435be]::sync::OnceCell<alloc[2e1b2a31b91974c5]::string::String>>::get_or_init<<once_cell[27dfcff84a4435be]::sync::Lazy<alloc[2e1b2a31b91974c5]::string::String>>::force::{closure#0}>::{closure#0}, <once_cell[27dfcff84a4435be]::sync::OnceCell<_>>::get_or_init::Void>
[INFO] [stdout]   14:     0x55713dd56e20 - api[63a77104e9715a25]::test_customer_costs::{closure#0}
[INFO] [stdout]   15:     0x55713dd8da03 - <tokio[1b57d2dd3b45f6f4]::runtime::scheduler::current_thread::Context>::enter::<core[a373ad73a504971]::task::poll::Poll<()>, <tokio[1b57d2dd3b45f6f4]::runtime::scheduler::current_thread::CoreGuard>::block_on<core[a373ad73a504971]::pin::Pin<&mut core[a373ad73a504971]::pin::Pin<&mut dyn core[a373ad73a504971]::future::future::Future<Output = ()>>>>::{closure#0}::{closure#0}>
[INFO] [stdout]   16:     0x55713dd83c8c - <tokio[1b57d2dd3b45f6f4]::runtime::context::scoped::Scoped<tokio[1b57d2dd3b45f6f4]::runtime::scheduler::Context>>::set::<<tokio[1b57d2dd3b45f6f4]::runtime::scheduler::current_thread::CoreGuard>::enter<<tokio[1b57d2dd3b45f6f4]::runtime::scheduler::current_thread::CoreGuard>::block_on<core[a373ad73a504971]::pin::Pin<&mut core[a373ad73a504971]::pin::Pin<&mut dyn core[a373ad73a504971]::future::future::Future<Output = ()>>>>::{closure#0}, core[a373ad73a504971]::option::Option<()>>::{closure#0}, (alloc[2e1b2a31b91974c5]::boxed::Box<tokio[1b57d2dd3b45f6f4]::runtime::scheduler::current_thread::Core>, core[a373ad73a504971]::option::Option<()>)>
[INFO] [stdout]   17:     0x55713dd8fe25 - <tokio[1b57d2dd3b45f6f4]::runtime::scheduler::current_thread::CoreGuard>::block_on::<core[a373ad73a504971]::pin::Pin<&mut core[a373ad73a504971]::pin::Pin<&mut dyn core[a373ad73a504971]::future::future::Future<Output = ()>>>>
[INFO] [stdout]   18:     0x55713dd85073 - tokio[1b57d2dd3b45f6f4]::runtime::context::runtime::enter_runtime::<<tokio[1b57d2dd3b45f6f4]::runtime::scheduler::current_thread::CurrentThread>::block_on<core[a373ad73a504971]::pin::Pin<&mut dyn core[a373ad73a504971]::future::future::Future<Output = ()>>>::{closure#0}, ()>
[INFO] [stdout]   19:     0x55713dd7487b - <tokio[1b57d2dd3b45f6f4]::runtime::runtime::Runtime>::block_on::<core[a373ad73a504971]::pin::Pin<&mut dyn core[a373ad73a504971]::future::future::Future<Output = ()>>>
[INFO] [stdout]   20:     0x55713dd5dc4a - <api[63a77104e9715a25]::test_customer_costs::{closure#0} as core[a373ad73a504971]::ops::function::FnOnce<()>>::call_once
[INFO] [stdout]   21:     0x55713ddbe82b - test[aada8e7e76ba119b]::__rust_begin_short_backtrace::<core[a373ad73a504971]::result::Result<(), alloc[2e1b2a31b91974c5]::string::String>, fn() -> core[a373ad73a504971]::result::Result<(), alloc[2e1b2a31b91974c5]::string::String>>
[INFO] [stdout]   22:     0x55713ddcba05 - test[aada8e7e76ba119b]::run_test::{closure#0}
[INFO] [stdout]   23:     0x55713ddc52f4 - std[617be2ca0a6fd877]::sys::backtrace::__rust_begin_short_backtrace::<test[aada8e7e76ba119b]::run_test::{closure#1}, ()>
[INFO] [stdout]   24:     0x55713ddcea92 - <std[617be2ca0a6fd877]::thread::lifecycle::spawn_unchecked<test[aada8e7e76ba119b]::run_test::{closure#1}, ()>::{closure#1} as core[a373ad73a504971]::ops::function::FnOnce<()>>::call_once::{shim:vtable#0}
[INFO] [stdout]   25:     0x55713dffb74f - <std[617be2ca0a6fd877]::sys::thread::unix::Thread>::new::thread_start
[INFO] [stdout]   26:     0x7620b3429dfa - <unknown>
[INFO] [stdout]   27:     0x7620b34bd3d4 - clone
[INFO] [stdout]   28:                0x0 - <unknown>
[INFO] [stdout] 
[INFO] [stdout] ---- test_errors stdout ----
[INFO] [stdout] 
[INFO] [stdout] thread 'test_errors' (3579) panicked at /opt/rustwide/cargo-home/registry/src/index.crates.io-1949cf8c6b5b557f/once_cell-1.21.4/src/lib.rs:1321:25:
[INFO] [stdout] Lazy instance has previously been poisoned
[INFO] [stdout] stack backtrace:
[INFO] [stdout]    0:     0x55713dffc2a1 - <<std[617be2ca0a6fd877]::sys::backtrace::BacktraceLock>::print::DisplayBacktrace as core[a373ad73a504971]::fmt::Display>::fmt
[INFO] [stdout]    1:     0x55713e0133ea - core[a373ad73a504971]::fmt::write
[INFO] [stdout]    2:     0x55713e000acc - <alloc[2e1b2a31b91974c5]::vec::Vec<u8> as core[a373ad73a504971]::io::write::Write>::write_fmt
[INFO] [stdout]    3:     0x55713dfd75a6 - std[617be2ca0a6fd877]::panicking::default_hook::{closure#0}
[INFO] [stdout]    4:     0x55713dff4299 - std[617be2ca0a6fd877]::panicking::default_hook
[INFO] [stdout]    5:     0x55713ddcb3e0 - test[aada8e7e76ba119b]::test_main_inner::{closure#0}
[INFO] [stdout]    6:     0x55713dff45c2 - std[617be2ca0a6fd877]::panicking::panic_with_hook
[INFO] [stdout]    7:     0x55713dfd7684 - std[617be2ca0a6fd877]::panicking::panic_handler::{closure#0}
[INFO] [stdout]    8:     0x55713dfd0289 - std[617be2ca0a6fd877]::sys::backtrace::__rust_end_short_backtrace::<std[617be2ca0a6fd877]::panicking::panic_handler::{closure#0}, !>
[INFO] [stdout]    9:     0x55713dfd844d - __rustc[ea4f61d10b84890b]::rust_begin_unwind
[INFO] [stdout]   10:     0x55713e013bcc - core[a373ad73a504971]::panicking::panic_fmt
[INFO] [stdout]   11:     0x55713ddbaa06 - <once_cell[27dfcff84a4435be]::imp::OnceCell<alloc[2e1b2a31b91974c5]::string::String>>::initialize::<<once_cell[27dfcff84a4435be]::sync::OnceCell<alloc[2e1b2a31b91974c5]::string::String>>::get_or_init<<once_cell[27dfcff84a4435be]::sync::Lazy<alloc[2e1b2a31b91974c5]::string::String>>::force::{closure#0}>::{closure#0}, <once_cell[27dfcff84a4435be]::sync::OnceCell<_>>::get_or_init::Void>::{closure#0}
[INFO] [stdout]   12:     0x55713dfbf37f - once_cell[27dfcff84a4435be]::imp::initialize_or_wait
[INFO] [stdout]   13:     0x55713ddb7302 - <once_cell[27dfcff84a4435be]::imp::OnceCell<alloc[2e1b2a31b91974c5]::string::String>>::initialize::<<once_cell[27dfcff84a4435be]::sync::OnceCell<alloc[2e1b2a31b91974c5]::string::String>>::get_or_init<<once_cell[27dfcff84a4435be]::sync::Lazy<alloc[2e1b2a31b91974c5]::string::String>>::force::{closure#0}>::{closure#0}, <once_cell[27dfcff84a4435be]::sync::OnceCell<_>>::get_or_init::Void>
[INFO] [stdout]   14:     0x55713dd47d85 - api[63a77104e9715a25]::test_errors::{closure#0}
[INFO] [stdout]   15:     0x55713dd8da03 - <tokio[1b57d2dd3b45f6f4]::runtime::scheduler::current_thread::Context>::enter::<core[a373ad73a504971]::task::poll::Poll<()>, <tokio[1b57d2dd3b45f6f4]::runtime::scheduler::current_thread::CoreGuard>::block_on<core[a373ad73a504971]::pin::Pin<&mut core[a373ad73a504971]::pin::Pin<&mut dyn core[a373ad73a504971]::future::future::Future<Output = ()>>>>::{closure#0}::{closure#0}>
[INFO] [stdout]   16:     0x55713dd83c8c - <tokio[1b57d2dd3b45f6f4]::runtime::context::scoped::Scoped<tokio[1b57d2dd3b45f6f4]::runtime::scheduler::Context>>::set::<<tokio[1b57d2dd3b45f6f4]::runtime::scheduler::current_thread::CoreGuard>::enter<<tokio[1b57d2dd3b45f6f4]::runtime::scheduler::current_thread::CoreGuard>::block_on<core[a373ad73a504971]::pin::Pin<&mut core[a373ad73a504971]::pin::Pin<&mut dyn core[a373ad73a504971]::future::future::Future<Output = ()>>>>::{closure#0}, core[a373ad73a504971]::option::Option<()>>::{closure#0}, (alloc[2e1b2a31b91974c5]::boxed::Box<tokio[1b57d2dd3b45f6f4]::runtime::scheduler::current_thread::Core>, core[a373ad73a504971]::option::Option<()>)>
[INFO] [stdout]   17:     0x55713dd8fe25 - <tokio[1b57d2dd3b45f6f4]::runtime::scheduler::current_thread::CoreGuard>::block_on::<core[a373ad73a504971]::pin::Pin<&mut core[a373ad73a504971]::pin::Pin<&mut dyn core[a373ad73a504971]::future::future::Future<Output = ()>>>>
[INFO] [stdout]   18:     0x55713dd85073 - tokio[1b57d2dd3b45f6f4]::runtime::context::runtime::enter_runtime::<<tokio[1b57d2dd3b45f6f4]::runtime::scheduler::current_thread::CurrentThread>::block_on<core[a373ad73a504971]::pin::Pin<&mut dyn core[a373ad73a504971]::future::future::Future<Output = ()>>>::{closure#0}, ()>
[INFO] [stdout]   19:     0x55713dd7487b - <tokio[1b57d2dd3b45f6f4]::runtime::runtime::Runtime>::block_on::<core[a373ad73a504971]::pin::Pin<&mut dyn core[a373ad73a504971]::future::future::Future<Output = ()>>>
[INFO] [stdout]   20:     0x55713dd5d51f - <api[63a77104e9715a25]::test_errors::{closure#0} as core[a373ad73a504971]::ops::function::FnOnce<()>>::call_once
[INFO] [stdout]   21:     0x55713ddbe82b - test[aada8e7e76ba119b]::__rust_begin_short_backtrace::<core[a373ad73a504971]::result::Result<(), alloc[2e1b2a31b91974c5]::string::String>, fn() -> core[a373ad73a504971]::result::Result<(), alloc[2e1b2a31b91974c5]::string::String>>
[INFO] [stdout]   22:     0x55713ddcba05 - test[aada8e7e76ba119b]::run_test::{closure#0}
[INFO] [stdout]   23:     0x55713ddc52f4 - std[617be2ca0a6fd877]::sys::backtrace::__rust_begin_short_backtrace::<test[aada8e7e76ba119b]::run_test::{closure#1}, ()>
[INFO] [stdout]   24:     0x55713ddcea92 - <std[617be2ca0a6fd877]::thread::lifecycle::spawn_unchecked<test[aada8e7e76ba119b]::run_test::{closure#1}, ()>::{closure#1} as core[a373ad73a504971]::ops::function::FnOnce<()>>::call_once::{shim:vtable#0}
[INFO] [stdout]   25:     0x55713dffb74f - <std[617be2ca0a6fd877]::sys::thread::unix::Thread>::new::thread_start
[INFO] [stdout]   26:     0x7620b3429dfa - <unknown>
[INFO] [stdout]   27:     0x7620b34bd3d4 - clone
[INFO] [stdout]   28:                0x0 - <unknown>
[INFO] [stdout] 
[INFO] [stdout] ---- test_customers stdout ----
[INFO] [stdout] 
[INFO] [stdout] thread 'test_customers' (3578) panicked at /opt/rustwide/cargo-home/registry/src/index.crates.io-1949cf8c6b5b557f/once_cell-1.21.4/src/lib.rs:1321:25:
[INFO] [stdout] Lazy instance has previously been poisoned
[INFO] [stdout] stack backtrace:
[INFO] [stdout]    0:     0x55713dffc2a1 - <<std[617be2ca0a6fd877]::sys::backtrace::BacktraceLock>::print::DisplayBacktrace as core[a373ad73a504971]::fmt::Display>::fmt
[INFO] [stdout]    1:     0x55713e0133ea - core[a373ad73a504971]::fmt::write
[INFO] [stdout]    2:     0x55713e000acc - <alloc[2e1b2a31b91974c5]::vec::Vec<u8> as core[a373ad73a504971]::io::write::Write>::write_fmt
[INFO] [stdout]    3:     0x55713dfd75a6 - std[617be2ca0a6fd877]::panicking::default_hook::{closure#0}
[INFO] [stdout]    4:     0x55713dff4299 - std[617be2ca0a6fd877]::panicking::default_hook
[INFO] [stdout]    5:     0x55713ddcb3e0 - test[aada8e7e76ba119b]::test_main_inner::{closure#0}
[INFO] [stdout]    6:     0x55713dff45c2 - std[617be2ca0a6fd877]::panicking::panic_with_hook
[INFO] [stdout]    7:     0x55713dfd7684 - std[617be2ca0a6fd877]::panicking::panic_handler::{closure#0}
[INFO] [stdout]    8:     0x55713dfd0289 - std[617be2ca0a6fd877]::sys::backtrace::__rust_end_short_backtrace::<std[617be2ca0a6fd877]::panicking::panic_handler::{closure#0}, !>
[INFO] [stdout]    9:     0x55713dfd844d - __rustc[ea4f61d10b84890b]::rust_begin_unwind
[INFO] [stdout]   10:     0x55713e013bcc - core[a373ad73a504971]::panicking::panic_fmt
[INFO] [stdout]   11:     0x55713ddbaa06 - <once_cell[27dfcff84a4435be]::imp::OnceCell<alloc[2e1b2a31b91974c5]::string::String>>::initialize::<<once_cell[27dfcff84a4435be]::sync::OnceCell<alloc[2e1b2a31b91974c5]::string::String>>::get_or_init<<once_cell[27dfcff84a4435be]::sync::Lazy<alloc[2e1b2a31b91974c5]::string::String>>::force::{closure#0}>::{closure#0}, <once_cell[27dfcff84a4435be]::sync::OnceCell<_>>::get_or_init::Void>::{closure#0}
[INFO] [stdout]   12:     0x55713dfbf37f - once_cell[27dfcff84a4435be]::imp::initialize_or_wait
[INFO] [stdout]   13:     0x55713ddb7302 - <once_cell[27dfcff84a4435be]::imp::OnceCell<alloc[2e1b2a31b91974c5]::string::String>>::initialize::<<once_cell[27dfcff84a4435be]::sync::OnceCell<alloc[2e1b2a31b91974c5]::string::String>>::get_or_init<<once_cell[27dfcff84a4435be]::sync::Lazy<alloc[2e1b2a31b91974c5]::string::String>>::force::{closure#0}>::{closure#0}, <once_cell[27dfcff84a4435be]::sync::OnceCell<_>>::get_or_init::Void>
[INFO] [stdout]   14:     0x55713dd516a2 - api[63a77104e9715a25]::test_customers::{closure#0}
[INFO] [stdout]   15:     0x55713dd8da03 - <tokio[1b57d2dd3b45f6f4]::runtime::scheduler::current_thread::Context>::enter::<core[a373ad73a504971]::task::poll::Poll<()>, <tokio[1b57d2dd3b45f6f4]::runtime::scheduler::current_thread::CoreGuard>::block_on<core[a373ad73a504971]::pin::Pin<&mut core[a373ad73a504971]::pin::Pin<&mut dyn core[a373ad73a504971]::future::future::Future<Output = ()>>>>::{closure#0}::{closure#0}>
[INFO] [stdout]   16:     0x55713dd83c8c - <tokio[1b57d2dd3b45f6f4]::runtime::context::scoped::Scoped<tokio[1b57d2dd3b45f6f4]::runtime::scheduler::Context>>::set::<<tokio[1b57d2dd3b45f6f4]::runtime::scheduler::current_thread::CoreGuard>::enter<<tokio[1b57d2dd3b45f6f4]::runtime::scheduler::current_thread::CoreGuard>::block_on<core[a373ad73a504971]::pin::Pin<&mut core[a373ad73a504971]::pin::Pin<&mut dyn core[a373ad73a504971]::future::future::Future<Output = ()>>>>::{closure#0}, core[a373ad73a504971]::option::Option<()>>::{closure#0}, (alloc[2e1b2a31b91974c5]::boxed::Box<tokio[1b57d2dd3b45f6f4]::runtime::scheduler::current_thread::Core>, core[a373ad73a504971]::option::Option<()>)>
[INFO] [stdout]   17:     0x55713dd8fe25 - <tokio[1b57d2dd3b45f6f4]::runtime::scheduler::current_thread::CoreGuard>::block_on::<core[a373ad73a504971]::pin::Pin<&mut core[a373ad73a504971]::pin::Pin<&mut dyn core[a373ad73a504971]::future::future::Future<Output = ()>>>>
[INFO] [stdout]   18:     0x55713dd85073 - tokio[1b57d2dd3b45f6f4]::runtime::context::runtime::enter_runtime::<<tokio[1b57d2dd3b45f6f4]::runtime::scheduler::current_thread::CurrentThread>::block_on<core[a373ad73a504971]::pin::Pin<&mut dyn core[a373ad73a504971]::future::future::Future<Output = ()>>>::{closure#0}, ()>
[INFO] [stdout]   19:     0x55713dd7487b - <tokio[1b57d2dd3b45f6f4]::runtime::runtime::Runtime>::block_on::<core[a373ad73a504971]::pin::Pin<&mut dyn core[a373ad73a504971]::future::future::Future<Output = ()>>>
[INFO] [stdout]   20:     0x55713dd5d9a9 - <api[63a77104e9715a25]::test_customers::{closure#0} as core[a373ad73a504971]::ops::function::FnOnce<()>>::call_once
[INFO] [stdout]   21:     0x55713ddbe82b - test[aada8e7e76ba119b]::__rust_begin_short_backtrace::<core[a373ad73a504971]::result::Result<(), alloc[2e1b2a31b91974c5]::string::String>, fn() -> core[a373ad73a504971]::result::Result<(), alloc[2e1b2a31b91974c5]::string::String>>
[INFO] [stdout]   22:     0x55713ddcba05 - test[aada8e7e76ba119b]::run_test::{closure#0}
[INFO] [stdout]   23:     0x55713ddc52f4 - std[617be2ca0a6fd877]::sys::backtrace::__rust_begin_short_backtrace::<test[aada8e7e76ba119b]::run_test::{closure#1}, ()>
[INFO] [stdout]   24:     0x55713ddcea92 - <std[617be2ca0a6fd877]::thread::lifecycle::spawn_unchecked<test[aada8e7e76ba119b]::run_test::{closure#1}, ()>::{closure#1} as core[a373ad73a504971]::ops::function::FnOnce<()>>::call_once::{shim:vtable#0}
[INFO] [stdout]   25:     0x55713dffb74f - <std[617be2ca0a6fd877]::sys::thread::unix::Thread>::new::thread_start
[INFO] [stdout]   26:     0x7620b3429dfa - <unknown>
[INFO] [stdout]   27:     0x7620b34bd3d4 - clone
[INFO] [stdout]   28:                0x0 - <unknown>
[INFO] [stdout] 
[INFO] [stdout] 
[INFO] [stdout] failures:
[INFO] [stdout]     test_customer_costs
[INFO] [stdout]     test_customers
[INFO] [stdout]     test_errors
[INFO] [stdout]     test_events
[INFO] [stdout]     test_invoices
[INFO] [stdout]     test_plans
[INFO] [stdout]     test_subscriptions
[INFO] [stdout] 
[INFO] [stdout] test result: FAILED. 0 passed; 7 failed; 0 ignored; 0 measured; 0 filtered out; finished in 0.01s
[INFO] [stdout] 
[INFO] running `Command { std: "docker" "inspect" "982626df1c75ef873461e3f2370d5a5c113f35ce459c43e25d5d7f8549feba98", kill_on_drop: false }`
[INFO] running `Command { std: "docker" "rm" "-f" "982626df1c75ef873461e3f2370d5a5c113f35ce459c43e25d5d7f8549feba98", kill_on_drop: false }`
[INFO] [stdout] 982626df1c75ef873461e3f2370d5a5c113f35ce459c43e25d5d7f8549feba98
