[INFO] fetching crate orangutan_macro 0.1.2...
[INFO] testing orangutan_macro-0.1.2 against 1.99.0-beta.8+cargoflags=--release for beta-release-1.100-2
[INFO] extracting crate orangutan_macro 0.1.2 into /workspace/builds/worker-0-tc1/source
[INFO] started tweaking crates.io crate orangutan_macro 0.1.2
[INFO] finished tweaking crates.io crate orangutan_macro 0.1.2
[INFO] tweaked toml for crates.io crate orangutan_macro 0.1.2 written to /workspace/builds/worker-0-tc1/source/Cargo.toml
[INFO] validating manifest of crates.io crate orangutan_macro 0.1.2 on toolchain 1.99.0-beta.8
[INFO] running `Command { std: CARGO_HOME="/workspace/cargo-home" RUSTUP_HOME="/workspace/rustup-home" "/workspace/cargo-home/bin/cargo" "+1.99.0-beta.8" "metadata" "--manifest-path" "Cargo.toml" "--no-deps", kill_on_drop: false }`
[INFO] running `Command { std: CARGO_HOME="/workspace/cargo-home" RUSTUP_HOME="/workspace/rustup-home" "/workspace/cargo-home/bin/cargo" "+1.99.0-beta.8" "generate-lockfile" "--manifest-path" "Cargo.toml", kill_on_drop: false }`
[INFO] [stderr]     Updating crates.io index
[INFO] [stderr]      Locking 51 packages to highest compatible versions
[INFO] [stderr]       Adding ctor v0.2.9 (available: v1.0.13)
[INFO] [stderr]       Adding syn v2.0.119 (available: v3.0.9)
[INFO] running `Command { std: CARGO_HOME="/workspace/cargo-home" RUSTUP_HOME="/workspace/rustup-home" "/workspace/cargo-home/bin/cargo" "+1.99.0-beta.8" "fetch" "--manifest-path" "Cargo.toml", kill_on_drop: false }`
[INFO] [stderr]  Downloading crates ...
[INFO] [stderr]   Downloaded lib_shared v0.1.0
[INFO] [stderr]   Downloaded ctor v0.2.9
[INFO] running `Command { std: "docker" "create" "-v" "/var/lib/crater-agent-workspace/builds/worker-0-tc1/source:/opt/rustwide/workdir:ro,Z" "-v" "/var/lib/crater-agent-workspace/builds/worker-0-tc1/target:/opt/rustwide/target:rw,Z" "-v" "/var/lib/crater-agent-workspace/cargo-home:/opt/rustwide/cargo-home:ro,Z" "-v" "/var/lib/crater-agent-workspace/rustup-home:/opt/rustwide/rustup-home:ro,Z" "-m" "1610612736" "--network" "none" "ghcr.io/rust-lang/crates-build-env/linux@sha256:77db811e55d90add9212f6832c23229e3de5f1c1f9905e8cb07319ea15df73ac" "sleep" "infinity", kill_on_drop: false }`
[INFO] [stdout] 616db322db2ebfa84620e47317fb73123d0aeb0ce76fbc2b49280d5eba80c2fd
[INFO] running `Command { std: "docker" "start" "616db322db2ebfa84620e47317fb73123d0aeb0ce76fbc2b49280d5eba80c2fd", kill_on_drop: false }`
[INFO] running `Command { std: "docker" "inspect" "616db322db2ebfa84620e47317fb73123d0aeb0ce76fbc2b49280d5eba80c2fd", kill_on_drop: false }`
[INFO] running `Command { std: "docker" "exec" "-e" "SOURCE_DIR=/opt/rustwide/workdir" "-e" "CARGO_HOME=/opt/rustwide/cargo-home" "-e" "RUSTUP_HOME=/opt/rustwide/rustup-home" "-e" "CARGO_TARGET_DIR=/opt/rustwide/target" "-w" "/opt/rustwide/workdir" "--user" "0:0" "616db322db2ebfa84620e47317fb73123d0aeb0ce76fbc2b49280d5eba80c2fd" "/opt/rustwide/cargo-home/bin/cargo" "+1.99.0-beta.8" "metadata" "--no-deps" "--format-version=1", kill_on_drop: false }`
[INFO] running `Command { std: "docker" "inspect" "616db322db2ebfa84620e47317fb73123d0aeb0ce76fbc2b49280d5eba80c2fd", kill_on_drop: false }`
[INFO] running `Command { std: "docker" "exec" "-e" "SOURCE_DIR=/opt/rustwide/workdir" "-e" "CARGO_HOME=/opt/rustwide/cargo-home" "-e" "RUSTUP_HOME=/opt/rustwide/rustup-home" "-e" "CARGO_TARGET_DIR=/opt/rustwide/target" "-e" "CARGO_INCREMENTAL=0" "-e" "RUST_BACKTRACE=full" "-e" "RUSTFLAGS=--cap-lints=warn" "-e" "RUSTDOCFLAGS=--cap-lints=warn" "-w" "/opt/rustwide/workdir" "--user" "0:0" "616db322db2ebfa84620e47317fb73123d0aeb0ce76fbc2b49280d5eba80c2fd" "/opt/rustwide/cargo-home/bin/cargo" "+1.99.0-beta.8" "build" "--frozen" "--message-format=json" "--release", kill_on_drop: false }`
[INFO] [stderr]    Compiling iana-time-zone v0.1.65
[INFO] [stderr]    Compiling lazy_static v1.5.1
[INFO] [stderr]    Compiling proc-macro2 v1.0.107
[INFO] [stderr]    Compiling chrono v0.4.45
[INFO] [stderr]    Compiling quote v1.0.47
[INFO] [stderr]    Compiling syn v2.0.119
[INFO] [stderr]    Compiling lib_shared v0.1.0
[INFO] [stderr]    Compiling ctor v0.2.9
[INFO] [stderr]    Compiling orangutan_macro v0.1.2 (/opt/rustwide/workdir)
[INFO] [stderr]     Finished `release` profile [optimized] target(s) in 6.55s
[INFO] running `Command { std: "docker" "inspect" "616db322db2ebfa84620e47317fb73123d0aeb0ce76fbc2b49280d5eba80c2fd", kill_on_drop: false }`
[INFO] running `Command { std: "docker" "exec" "-e" "SOURCE_DIR=/opt/rustwide/workdir" "-e" "CARGO_HOME=/opt/rustwide/cargo-home" "-e" "RUSTUP_HOME=/opt/rustwide/rustup-home" "-e" "CARGO_TARGET_DIR=/opt/rustwide/target" "-e" "CARGO_INCREMENTAL=0" "-e" "RUST_BACKTRACE=full" "-e" "RUSTFLAGS=--cap-lints=warn" "-e" "RUSTDOCFLAGS=--cap-lints=warn" "-w" "/opt/rustwide/workdir" "--user" "0:0" "616db322db2ebfa84620e47317fb73123d0aeb0ce76fbc2b49280d5eba80c2fd" "/opt/rustwide/cargo-home/bin/cargo" "+1.99.0-beta.8" "test" "--frozen" "--no-run" "--message-format=json" "--release", kill_on_drop: false }`
[INFO] [stderr]    Compiling orangutan_macro v0.1.2 (/opt/rustwide/workdir)
[INFO] [stderr]     Finished `release` profile [optimized] target(s) in 0.37s
[INFO] running `Command { std: "docker" "inspect" "616db322db2ebfa84620e47317fb73123d0aeb0ce76fbc2b49280d5eba80c2fd", kill_on_drop: false }`
[INFO] running `Command { std: "docker" "exec" "-e" "SOURCE_DIR=/opt/rustwide/workdir" "-e" "CARGO_HOME=/opt/rustwide/cargo-home" "-e" "RUSTUP_HOME=/opt/rustwide/rustup-home" "-e" "CARGO_TARGET_DIR=/opt/rustwide/target" "-e" "CARGO_INCREMENTAL=0" "-e" "RUST_BACKTRACE=full" "-e" "RUSTFLAGS=--cap-lints=warn" "-e" "RUSTDOCFLAGS=--cap-lints=warn" "-w" "/opt/rustwide/workdir" "--user" "0:0" "616db322db2ebfa84620e47317fb73123d0aeb0ce76fbc2b49280d5eba80c2fd" "/opt/rustwide/cargo-home/bin/cargo" "+1.99.0-beta.8" "test" "--frozen" "--release", kill_on_drop: false }`
[INFO] [stderr]     Finished `release` profile [optimized] target(s) in 0.05s
[INFO] [stderr]      Running unittests src/lib.rs (/opt/rustwide/target/release/deps/orangutan_macro-3a0a9731779df884)
[INFO] [stdout] 
[INFO] [stderr]    Doc-tests orangutan_macro
[INFO] [stdout] running 0 tests
[INFO] [stdout] 
[INFO] [stdout] test result: ok. 0 passed; 0 failed; 0 ignored; 0 measured; 0 filtered out; finished in 0.00s
[INFO] [stdout] 
[INFO] [stdout] 
[INFO] [stdout] running 2 tests
[INFO] [stdout] test src/lib.rs - route (line 9) ... FAILED
[INFO] [stdout] test src/lib.rs - route (line 15) ... FAILED
[INFO] [stderr] error: doctest failed, to rerun pass `--doc`
[INFO] [stdout] 
[INFO] [stdout] failures:
[INFO] [stdout] 
[INFO] [stdout] ---- src/lib.rs - route (line 9) stdout ----
[INFO] [stdout] error: expected item after attributes
[INFO] [stdout]   --> src/lib.rs:10:1
[INFO] [stdout]    |
[INFO] [stdout] 10 | #[route(path="/", method="[POST]")]
[INFO] [stdout]    | ^^^^^^^^^^^^^^^^^^^^^^^^^^^^^^^^^^^ expected an item after this
[INFO] [stdout] 
[INFO] [stdout] error: aborting due to 1 previous error
[INFO] [stdout] 
[INFO] [stdout] Couldn't compile the test.
[INFO] [stdout] ---- src/lib.rs - route (line 15) stdout ----
[INFO] [stdout] error: cannot find attribute `route` in this scope
[INFO] [stdout]   --> src/lib.rs:16:3
[INFO] [stdout]    |
[INFO] [stdout] 16 | #[route(path="/hello", method="[POST, GET]")]
[INFO] [stdout]    |   ^^^^^
[INFO] [stdout] 
[INFO] [stdout] error[E0425]: cannot find type `Request` in this scope
[INFO] [stdout]   --> src/lib.rs:17:28
[INFO] [stdout]    |
[INFO] [stdout] 17 | fn hello_handler(request: &Request) -> Response {
[INFO] [stdout]    |                            ^^^^^^^ not found in this scope
[INFO] [stdout] 
[INFO] [stdout] error[E0425]: cannot find type `Response` in this scope
[INFO] [stdout]   --> src/lib.rs:17:40
[INFO] [stdout]    |
[INFO] [stdout] 17 | fn hello_handler(request: &Request) -> Response {
[INFO] [stdout]    |                                        ^^^^^^^^ not found in this scope
[INFO] [stdout] 
[INFO] [stdout] error[E0433]: cannot find type `Response` in this scope
[INFO] [stdout]   --> src/lib.rs:19:19
[INFO] [stdout]    |
[INFO] [stdout] 19 |     let mut res = Response::new();        
[INFO] [stdout]    |                   ^^^^^^^^ use of undeclared type `Response`
[INFO] [stdout] 
[INFO] [stdout] error: aborting due to 4 previous errors
[INFO] [stdout] 
[INFO] [stdout] Some errors have detailed explanations: E0425, E0433.
[INFO] [stdout] For more information about an error, try `rustc --explain E0425`.
[INFO] [stdout] Couldn't compile the test.
[INFO] [stdout] 
[INFO] [stdout] failures:
[INFO] [stdout]     src/lib.rs - route (line 15)
[INFO] [stdout]     src/lib.rs - route (line 9)
[INFO] [stdout] 
[INFO] [stdout] test result: FAILED. 0 passed; 2 failed; 0 ignored; 0 measured; 0 filtered out; finished in 0.11s
[INFO] [stdout] 
[INFO] running `Command { std: "docker" "inspect" "616db322db2ebfa84620e47317fb73123d0aeb0ce76fbc2b49280d5eba80c2fd", kill_on_drop: false }`
[INFO] running `Command { std: "docker" "rm" "-f" "616db322db2ebfa84620e47317fb73123d0aeb0ce76fbc2b49280d5eba80c2fd", kill_on_drop: false }`
[INFO] [stdout] 616db322db2ebfa84620e47317fb73123d0aeb0ce76fbc2b49280d5eba80c2fd
