[INFO] fetching crate oraclemcp-auth 0.11.0...
[INFO] testing oraclemcp-auth-0.11.0 against 1.100.0-beta.1+cargoflags=--release for beta-release-1.100-2
[INFO] extracting crate oraclemcp-auth 0.11.0 into /workspace/builds/worker-6-tc2/source
[INFO] started tweaking crates.io crate oraclemcp-auth 0.11.0
[INFO] finished tweaking crates.io crate oraclemcp-auth 0.11.0
[INFO] tweaked toml for crates.io crate oraclemcp-auth 0.11.0 written to /workspace/builds/worker-6-tc2/source/Cargo.toml
[INFO] validating manifest of crates.io crate oraclemcp-auth 0.11.0 on toolchain 1.100.0-beta.1
[INFO] running `Command { std: CARGO_HOME="/workspace/cargo-home" RUSTUP_HOME="/workspace/rustup-home" "/workspace/cargo-home/bin/cargo" "+1.100.0-beta.1" "metadata" "--manifest-path" "Cargo.toml" "--no-deps", kill_on_drop: false }`
[INFO] crate crates.io crate oraclemcp-auth 0.11.0 already has a lockfile, it will not be regenerated
[INFO] running `Command { std: CARGO_HOME="/workspace/cargo-home" RUSTUP_HOME="/workspace/rustup-home" "/workspace/cargo-home/bin/cargo" "+1.100.0-beta.1" "fetch" "--manifest-path" "Cargo.toml", kill_on_drop: false }`
[INFO] [stderr] warning: `package.homepage` is redundant with `package.repository`
[INFO] [stderr]   --> Cargo.toml:59:12
[INFO] [stderr]    |
[INFO] [stderr] 59 | homepage = "https://github.com/MuhDur/oraclemcp"
[INFO] [stderr]    |            ^^^^^^^^^^^^^^^^^^^^^^^^^^^^^^^^^^^^^
[INFO] [stderr] ...
[INFO] [stderr] 64 | repository = "https://github.com/MuhDur/oraclemcp"
[INFO] [stderr]    |              -------------------------------------
[INFO] [stderr]    |
[INFO] [stderr]    = note: `cargo::redundant_homepage` is set to `warn` by default
[INFO] [stderr] help: consider removing `package.homepage`
[INFO] [stderr] warning: `oraclemcp-auth` (manifest) generated 1 warning
[INFO] running `Command { std: "docker" "create" "-v" "/var/lib/crater-agent-workspace/builds/worker-6-tc2/source:/opt/rustwide/workdir:ro,Z" "-v" "/var/lib/crater-agent-workspace/builds/worker-6-tc2/target:/opt/rustwide/target:rw,Z" "-v" "/var/lib/crater-agent-workspace/cargo-home:/opt/rustwide/cargo-home:ro,Z" "-v" "/var/lib/crater-agent-workspace/rustup-home:/opt/rustwide/rustup-home:ro,Z" "-m" "1610612736" "--network" "none" "ghcr.io/rust-lang/crates-build-env/linux@sha256:77db811e55d90add9212f6832c23229e3de5f1c1f9905e8cb07319ea15df73ac" "sleep" "infinity", kill_on_drop: false }`
[INFO] [stdout] 301dbe2b387f7a693f0dca35b7fcab1f7d8f5db5a5f93e43f9801d87d96a2b65
[INFO] running `Command { std: "docker" "start" "301dbe2b387f7a693f0dca35b7fcab1f7d8f5db5a5f93e43f9801d87d96a2b65", kill_on_drop: false }`
[INFO] running `Command { std: "docker" "inspect" "301dbe2b387f7a693f0dca35b7fcab1f7d8f5db5a5f93e43f9801d87d96a2b65", kill_on_drop: false }`
[INFO] running `Command { std: "docker" "exec" "-e" "SOURCE_DIR=/opt/rustwide/workdir" "-e" "CARGO_HOME=/opt/rustwide/cargo-home" "-e" "RUSTUP_HOME=/opt/rustwide/rustup-home" "-e" "CARGO_TARGET_DIR=/opt/rustwide/target" "-w" "/opt/rustwide/workdir" "--user" "0:0" "301dbe2b387f7a693f0dca35b7fcab1f7d8f5db5a5f93e43f9801d87d96a2b65" "/opt/rustwide/cargo-home/bin/cargo" "+1.100.0-beta.1" "metadata" "--no-deps" "--format-version=1", kill_on_drop: false }`
[INFO] running `Command { std: "docker" "inspect" "301dbe2b387f7a693f0dca35b7fcab1f7d8f5db5a5f93e43f9801d87d96a2b65", kill_on_drop: false }`
[INFO] running `Command { std: "docker" "exec" "-e" "SOURCE_DIR=/opt/rustwide/workdir" "-e" "CARGO_HOME=/opt/rustwide/cargo-home" "-e" "RUSTUP_HOME=/opt/rustwide/rustup-home" "-e" "CARGO_TARGET_DIR=/opt/rustwide/target" "-e" "CARGO_INCREMENTAL=0" "-e" "RUST_BACKTRACE=full" "-e" "RUSTFLAGS=--cap-lints=warn" "-e" "RUSTDOCFLAGS=--cap-lints=warn" "-w" "/opt/rustwide/workdir" "--user" "0:0" "301dbe2b387f7a693f0dca35b7fcab1f7d8f5db5a5f93e43f9801d87d96a2b65" "/opt/rustwide/cargo-home/bin/cargo" "+1.100.0-beta.1" "build" "--frozen" "--message-format=json" "--release", kill_on_drop: false }`
[INFO] [stderr] warning: `package.homepage` is redundant with `package.repository`
[INFO] [stderr]   --> Cargo.toml:59:12
[INFO] [stderr]    |
[INFO] [stderr] 59 | homepage = "https://github.com/MuhDur/oraclemcp"
[INFO] [stderr]    |            ^^^^^^^^^^^^^^^^^^^^^^^^^^^^^^^^^^^^^
[INFO] [stderr] ...
[INFO] [stderr] 64 | repository = "https://github.com/MuhDur/oraclemcp"
[INFO] [stderr]    |              -------------------------------------
[INFO] [stderr]    |
[INFO] [stderr]    = note: `cargo::redundant_homepage` is set to `warn` by default
[INFO] [stderr] help: consider removing `package.homepage`
[INFO] [stderr] warning: `oraclemcp-auth` (manifest) generated 1 warning
[INFO] [stderr]    Compiling libc v0.2.186
[INFO] [stderr]    Compiling bitflags v2.13.0
[INFO] [stderr]    Compiling object v0.37.3
[INFO] [stderr]    Compiling memchr v2.8.1
[INFO] [stderr]    Compiling cc v1.2.63
[INFO] [stderr]    Compiling rustix v1.1.4
[INFO] [stderr]    Compiling syn v2.0.117
[INFO] [stderr]    Compiling io-lifetimes v3.0.1
[INFO] [stderr]    Compiling linux-raw-sys v0.12.1
[INFO] [stderr]    Compiling io-lifetimes v2.0.4
[INFO] [stderr]    Compiling io-extras v0.19.0
[INFO] [stderr]    Compiling hybrid-array v0.4.12
[INFO] [stderr]    Compiling serde_core v1.0.228
[INFO] [stderr]    Compiling cap-primitives v4.0.2
[INFO] [stderr]    Compiling ipnet v2.12.0
[INFO] [stderr]    Compiling serde_json v1.0.150
[INFO] [stderr]    Compiling stacker v0.1.24
[INFO] [stderr]    Compiling cap-std v4.0.2
[INFO] [stderr]    Compiling ambient-authority v0.0.2
[INFO] [stderr]    Compiling maybe-owned v0.3.4
[INFO] [stderr]    Compiling crypto-common v0.2.2
[INFO] [stderr]    Compiling block-buffer v0.12.0
[INFO] [stderr]    Compiling cap-fs-ext v4.0.2
[INFO] [stderr]    Compiling smallvec v1.15.1
[INFO] [stderr]    Compiling aho-corasick v1.1.4
[INFO] [stderr]    Compiling parking_lot_core v0.9.12
[INFO] [stderr]    Compiling parking_lot v0.12.5
[INFO] [stderr]    Compiling getrandom v0.2.17
[INFO] [stderr]    Compiling log v0.4.32
[INFO] [stderr]    Compiling digest v0.11.3
[INFO] [stderr]    Compiling sha2 v0.11.0
[INFO] [stderr]    Compiling nix v0.27.1
[INFO] [stderr]    Compiling regex-automata v0.4.14
[INFO] [stderr]    Compiling ar_archive_writer v0.5.1
[INFO] [stderr]    Compiling fs-set-times v0.20.3
[INFO] [stderr]    Compiling rustix-linux-procfs v0.1.1
[INFO] [stderr]    Compiling psm v0.1.31
[INFO] [stderr]    Compiling serde_derive v1.0.228
[INFO] [stderr]    Compiling thiserror-impl v2.0.18
[INFO] [stderr]    Compiling recursive-proc-macro-impl v0.1.1
[INFO] [stderr]    Compiling tracing-attributes v0.1.31
[INFO] [stderr]    Compiling thiserror v2.0.18
[INFO] [stderr]    Compiling recursive v0.1.1
[INFO] [stderr]    Compiling sqlparser_derive v0.5.0
[INFO] [stderr]    Compiling regex v1.12.3
[INFO] [stderr]    Compiling command-group v5.0.1
[INFO] [stderr]    Compiling wait-timeout v0.2.1
[INFO] [stderr]    Compiling sqlparser v0.62.0
[INFO] [stderr]    Compiling zeroize v1.8.2
[INFO] [stderr]    Compiling tracing v0.1.44
[INFO] [stderr]    Compiling serde v1.0.228
[INFO] [stderr]    Compiling oraclemcp-error v0.11.0
[INFO] [stderr]    Compiling oraclemcp-audit v0.11.0
[INFO] [stderr]    Compiling oraclemcp-guard v0.11.0
[INFO] [stderr]    Compiling oraclemcp-auth v0.11.0 (/opt/rustwide/workdir)
[INFO] [stderr]     Finished `release` profile [optimized] target(s) in 4m 50s
[INFO] running `Command { std: "docker" "inspect" "301dbe2b387f7a693f0dca35b7fcab1f7d8f5db5a5f93e43f9801d87d96a2b65", kill_on_drop: false }`
[INFO] running `Command { std: "docker" "exec" "-e" "SOURCE_DIR=/opt/rustwide/workdir" "-e" "CARGO_HOME=/opt/rustwide/cargo-home" "-e" "RUSTUP_HOME=/opt/rustwide/rustup-home" "-e" "CARGO_TARGET_DIR=/opt/rustwide/target" "-e" "CARGO_INCREMENTAL=0" "-e" "RUST_BACKTRACE=full" "-e" "RUSTFLAGS=--cap-lints=warn" "-e" "RUSTDOCFLAGS=--cap-lints=warn" "-w" "/opt/rustwide/workdir" "--user" "0:0" "301dbe2b387f7a693f0dca35b7fcab1f7d8f5db5a5f93e43f9801d87d96a2b65" "/opt/rustwide/cargo-home/bin/cargo" "+1.100.0-beta.1" "test" "--frozen" "--no-run" "--message-format=json" "--release", kill_on_drop: false }`
[INFO] [stderr] warning: `package.homepage` is redundant with `package.repository`
[INFO] [stderr]   --> Cargo.toml:59:12
[INFO] [stderr]    |
[INFO] [stderr] 59 | homepage = "https://github.com/MuhDur/oraclemcp"
[INFO] [stderr]    |            ^^^^^^^^^^^^^^^^^^^^^^^^^^^^^^^^^^^^^
[INFO] [stderr] ...
[INFO] [stderr] 64 | repository = "https://github.com/MuhDur/oraclemcp"
[INFO] [stderr]    |              -------------------------------------
[INFO] [stderr]    |
[INFO] [stderr]    = note: `cargo::redundant_homepage` is set to `warn` by default
[INFO] [stderr] help: consider removing `package.homepage`
[INFO] [stderr] warning: `oraclemcp-auth` (manifest) generated 1 warning
[INFO] [stderr]    Compiling oraclemcp-auth v0.11.0 (/opt/rustwide/workdir)
[INFO] [stderr]     Finished `release` profile [optimized] target(s) in 8.54s
[INFO] running `Command { std: "docker" "inspect" "301dbe2b387f7a693f0dca35b7fcab1f7d8f5db5a5f93e43f9801d87d96a2b65", kill_on_drop: false }`
[INFO] running `Command { std: "docker" "exec" "-e" "SOURCE_DIR=/opt/rustwide/workdir" "-e" "CARGO_HOME=/opt/rustwide/cargo-home" "-e" "RUSTUP_HOME=/opt/rustwide/rustup-home" "-e" "CARGO_TARGET_DIR=/opt/rustwide/target" "-e" "CARGO_INCREMENTAL=0" "-e" "RUST_BACKTRACE=full" "-e" "RUSTFLAGS=--cap-lints=warn" "-e" "RUSTDOCFLAGS=--cap-lints=warn" "-w" "/opt/rustwide/workdir" "--user" "0:0" "301dbe2b387f7a693f0dca35b7fcab1f7d8f5db5a5f93e43f9801d87d96a2b65" "/opt/rustwide/cargo-home/bin/cargo" "+1.100.0-beta.1" "test" "--frozen" "--release", kill_on_drop: false }`
[INFO] [stderr] warning: `package.homepage` is redundant with `package.repository`
[INFO] [stderr]   --> Cargo.toml:59:12
[INFO] [stderr]    |
[INFO] [stderr] 59 | homepage = "https://github.com/MuhDur/oraclemcp"
[INFO] [stderr]    |            ^^^^^^^^^^^^^^^^^^^^^^^^^^^^^^^^^^^^^
[INFO] [stderr] ...
[INFO] [stderr] 64 | repository = "https://github.com/MuhDur/oraclemcp"
[INFO] [stderr]    |              -------------------------------------
[INFO] [stderr]    |
[INFO] [stderr]    = note: `cargo::redundant_homepage` is set to `warn` by default
[INFO] [stderr] help: consider removing `package.homepage`
[INFO] [stderr] warning: `oraclemcp-auth` (manifest) generated 1 warning
[INFO] [stderr]     Finished `release` profile [optimized] target(s) in 0.16s
[INFO] [stderr]      Running unittests src/lib.rs (/opt/rustwide/target/release/build/oraclemcp-auth/a1e23061c85e1609/out/oraclemcp_auth-a1e23061c85e1609)
[INFO] [stdout] 
[INFO] [stdout] running 69 tests
[INFO] [stdout] test http_guard::tests::missing_host_is_rejected ... ok
[INFO] [stdout] test http_guard::tests::dns_rebinding_host_is_rejected ... ok
[INFO] [stdout] test http_guard::tests::allowlisted_host_passes_the_rebinding_guard ... ok
[INFO] [stdout] test http_guard::tests::check_rejects_ipv6_bracket_trailing_garbage_host ... ok
[INFO] [stdout] test http_guard::tests::non_loopback_http_allowed_when_opted_in ... ok
[INFO] [stdout] test http_guard::tests::cross_origin_is_rejected_but_allowlisted_origin_passes ... ok
[INFO] [stdout] test http_guard::tests::non_loopback_http_is_rejected_by_default ... ok
[INFO] [stdout] test http_guard::tests::ipv6_bracket_trailing_garbage_is_not_loopback ... ok
[INFO] [stdout] test http_guard::tests::normalization_is_tightening_only_for_inbound_guard_grammar ... ok
[INFO] [stdout] test http_guard::tests::loopback_origin_always_allowed ... ok
[INFO] [stdout] test oauth_rs::tests::compact_jwt_base64url_is_canonical_and_unpadded ... ok
[INFO] [stdout] test oauth_rs::tests::expired_token_is_rejected ... ok
[INFO] [stdout] test oauth_rs::tests::duplicate_security_claims_are_rejected_in_every_order ... ok
[INFO] [stdout] test oauth_rs::tests::extract_bearer_parses_header ... ok
[INFO] [stdout] test http_guard::tests::loopback_http_is_allowed ... ok
[INFO] [stdout] test oauth_rs::tests::hs256_verifier_rejects_undersized_keys ... ok
[INFO] [stdout] test oauth_rs::tests::insufficient_scope_is_rejected ... ok
[INFO] [stdout] test oauth_rs::tests::alg_none_is_rejected ... ok
[INFO] [stdout] test oauth_rs::tests::generic_missing_and_id_token_types_are_rejected ... ok
[INFO] [stdout] test oauth_rs::tests::configured_hs256_verifier_reports_other_algorithms_as_unsupported ... ok
[INFO] [stdout] test oauth_rs::tests::hmac_known_answer ... ok
[INFO] [stdout] test oauth_rs::tests::jwt_size_boundaries_accept_exact_and_reject_max_plus_one ... ok
[INFO] [stdout] test oauth_rs::tests::critical_jose_extensions_are_rejected ... ok
[INFO] [stdout] test oauth_rs::tests::malformed_optional_nbf_is_rejected ... ok
[INFO] [stdout] test oauth_rs::tests::not_yet_valid_token_is_rejected ... ok
[INFO] [stdout] test oauth_rs::tests::metadata_and_challenge_render ... ok
[INFO] [stdout] test oauth_rs::tests::required_rfc9068_claims_must_have_valid_shapes ... ok
[INFO] [stdout] test oauth_rs::tests::scp_array_scope_form_is_supported ... ok
[INFO] [stdout] test oauth_rs::tests::malformed_audience_and_scope_collections_fail_closed ... ok
[INFO] [stdout] test oauth_rs::tests::token_type_is_rejected_before_claim_validation ... ok
[INFO] [stdout] test oauth_rs::tests::malformed_and_duplicate_protected_headers_fail_closed ... ok
[INFO] [stdout] test oauth_rs::tests::wrong_audience_is_rejected_rfc8707 ... ok
[INFO] [stdout] test oauth_rs::tests::valid_token_passes_and_returns_scopes ... ok
[INFO] [stdout] test scope::tests::read_scope_blocks_a_write_at_the_gate ... ok
[INFO] [stdout] test oauth_rs::tests::oauth_reject_matrix_covers_every_reason_and_the_accept ... ok
[INFO] [stdout] test oauth_rs::tests::tampered_signature_is_rejected ... ok
[INFO] [stdout] test oauth_rs::tests::untrusted_issuer_is_rejected ... ok
[INFO] [stdout] test scope::tests::ceiling_is_highest_scope_default_read_only ... ok
[INFO] [stdout] test oauth_rs::tests::oversized_jwt_inputs_fail_before_signature_verification ... ok
[INFO] [stdout] test oauth_rs::tests::rfc9068_access_token_types_are_case_insensitive ... ok
[INFO] [stdout] test scope::tests::execute_scope_permits_write_but_not_ddl ... ok
[INFO] [stdout] test scope::tests::scope_mapping ... ok
[INFO] [stdout] test secrets::tests::env_scheme_resolves_from_injected_lookup ... ok
[INFO] [stdout] test scope::tests::scope_can_only_lower_the_ceiling ... ok
[INFO] [stdout] test secrets::tests::file_secret_enforces_exact_input_ceiling_and_utf8 ... ok
[INFO] [stdout] test secrets::tests::keyring_helper_nonzero_invalid_utf8_and_spawn_errors_are_typed_and_redacted ... ok
[INFO] [stdout] test secrets::tests::file_secret_refuses_symlink_hardlink_and_public_mode ... ok
[INFO] [stdout] test secrets::tests::file_scheme_resolves_from_secret_file_and_strips_one_line_ending ... ok
[INFO] [stdout] test secrets::tests::keyring_scheme_is_available_through_the_resolver_seam ... ok
[INFO] [stdout] test secrets::tests::literal_is_denied_under_protected_profile ... ok
[INFO] [stdout] test secrets::tests::parses_scheme_and_locator ... ok
[INFO] [stdout] test secrets::tests::secret_debug_is_redacted ... ok
[INFO] [stdout] test secrets::tests::secret_ref_debug_redacts_locator ... ok
[INFO] [stdout] test secrets::tests::vault_scheme_is_explicit_backend_unavailable_without_the_feature ... ok
[INFO] [stdout] test stepup_delivery::tests::challenge_required_uses_poll_not_long_request ... ok
[INFO] [stdout] test stepup_delivery::tests::choices_roundtrip_to_options ... ok
[INFO] [stdout] test secrets::tests::file_secret_refuses_wrong_owner_policy_and_fifo_without_blocking ... ok
[INFO] [stdout] test secrets::tests::keyring_helper_stdin_is_closed_and_normal_results_are_preserved ... ok
[INFO] [stdout] test stepup_delivery::tests::elicitation_renders_all_four_choices ... ok
[INFO] [stdout] test vault_dynamic::tests::failed_renewal_rotates_to_a_fresh_credential ... ok
[INFO] [stdout] test vault_dynamic::tests::fresh_credential_is_reused_without_a_vault_call ... ok
[INFO] [stdout] test vault_dynamic::tests::renewal_window_renews_the_lease ... ok
[INFO] [stdout] test vault_dynamic::tests::expired_lease_reissues ... ok
[INFO] [stdout] test vault_dynamic::tests::action_due_transitions ... ok
[INFO] [stdout] test secrets::tests::keyring_helper_caps_stdout_and_stderr_independently ... ok
[INFO] [stdout] test secrets::tests::keyring_helper_that_never_finishes_is_deadline_bounded ... ok
[INFO] [stdout] test secrets::tests::repeated_keyring_timeouts_leave_no_descendants_or_reader_workers ... ok
[INFO] [stdout] test secrets::tests::keyring_successful_parent_with_inherited_stderr_is_deadline_bounded ... FAILED
[INFO] [stdout] test secrets::tests::keyring_successful_parent_with_inherited_stdout_is_deadline_bounded ... FAILED
[INFO] [stderr] error: test failed, to rerun pass `--lib`
[INFO] [stdout] 
[INFO] [stdout] failures:
[INFO] [stdout] 
[INFO] [stdout] ---- secrets::tests::keyring_successful_parent_with_inherited_stderr_is_deadline_bounded stdout ----
[INFO] [stdout] 
[INFO] [stdout] thread 'secrets::tests::keyring_successful_parent_with_inherited_stderr_is_deadline_bounded' (1405) panicked at src/secrets.rs:951:9:
[INFO] [stdout] keyring descendant 1409 survived process-tree cleanup
[INFO] [stdout] stack backtrace:
[INFO] [stdout]    0:     0x58ad7021c561 - <<std[617be2ca0a6fd877]::sys::backtrace::BacktraceLock>::print::DisplayBacktrace as core[a373ad73a504971]::fmt::Display>::fmt
[INFO] [stdout]    1:     0x58ad70231efa - core[a373ad73a504971]::fmt::write
[INFO] [stdout]    2:     0x58ad70220b4c - <alloc[2e1b2a31b91974c5]::vec::Vec<u8> as core[a373ad73a504971]::io::write::Write>::write_fmt
[INFO] [stdout]    3:     0x58ad701f6666 - std[617be2ca0a6fd877]::panicking::default_hook::{closure#0}
[INFO] [stdout]    4:     0x58ad70213cc9 - std[617be2ca0a6fd877]::panicking::default_hook
[INFO] [stdout]    5:     0x58ad7019ccb0 - test[aada8e7e76ba119b]::test_main_inner::{closure#0}
[INFO] [stdout]    6:     0x58ad70213e82 - std[617be2ca0a6fd877]::panicking::panic_with_hook
[INFO] [stdout]    7:     0x58ad701f6712 - std[617be2ca0a6fd877]::panicking::panic_handler::{closure#0}
[INFO] [stdout]    8:     0x58ad701ef009 - std[617be2ca0a6fd877]::sys::backtrace::__rust_end_short_backtrace::<std[617be2ca0a6fd877]::panicking::panic_handler::{closure#0}, !>
[INFO] [stdout]    9:     0x58ad701f75bd - __rustc[ea4f61d10b84890b]::rust_begin_unwind
[INFO] [stdout]   10:     0x58ad7023262c - core[a373ad73a504971]::panicking::panic_fmt
[INFO] [stdout]   11:     0x58ad70161cb5 - oraclemcp_auth[ec1101ac3ee75d6f]::secrets::tests::assert_inherited_pipe_is_bounded
[INFO] [stdout]   12:     0x58ad70165ceb - <oraclemcp_auth[ec1101ac3ee75d6f]::secrets::tests::keyring_successful_parent_with_inherited_stderr_is_deadline_bounded::{closure#0} as core[a373ad73a504971]::ops::function::FnOnce<()>>::call_once
[INFO] [stdout]   13:     0x58ad701900fb - test[aada8e7e76ba119b]::__rust_begin_short_backtrace::<core[a373ad73a504971]::result::Result<(), alloc[2e1b2a31b91974c5]::string::String>, fn() -> core[a373ad73a504971]::result::Result<(), alloc[2e1b2a31b91974c5]::string::String>>
[INFO] [stdout]   14:     0x58ad7019d2d5 - test[aada8e7e76ba119b]::run_test::{closure#0}
[INFO] [stdout]   15:     0x58ad70196bc4 - std[617be2ca0a6fd877]::sys::backtrace::__rust_begin_short_backtrace::<test[aada8e7e76ba119b]::run_test::{closure#1}, ()>
[INFO] [stdout]   16:     0x58ad701a0362 - <std[617be2ca0a6fd877]::thread::lifecycle::spawn_unchecked<test[aada8e7e76ba119b]::run_test::{closure#1}, ()>::{closure#1} as core[a373ad73a504971]::ops::function::FnOnce<()>>::call_once::{shim:vtable#0}
[INFO] [stdout]   17:     0x58ad7021b56f - <std[617be2ca0a6fd877]::sys::thread::unix::Thread>::new::thread_start
[INFO] [stdout]   18:     0x7b4bb1a67dfa - <unknown>
[INFO] [stdout]   19:     0x7b4bb1afb3d4 - clone
[INFO] [stdout]   20:                0x0 - <unknown>
[INFO] [stdout] 
[INFO] [stdout] ---- secrets::tests::keyring_successful_parent_with_inherited_stdout_is_deadline_bounded stdout ----
[INFO] [stdout] 
[INFO] [stdout] thread 'secrets::tests::keyring_successful_parent_with_inherited_stdout_is_deadline_bounded' (1411) panicked at src/secrets.rs:951:9:
[INFO] [stdout] keyring descendant 1422 survived process-tree cleanup
[INFO] [stdout] stack backtrace:
[INFO] [stdout]    0:     0x58ad7021c561 - <<std[617be2ca0a6fd877]::sys::backtrace::BacktraceLock>::print::DisplayBacktrace as core[a373ad73a504971]::fmt::Display>::fmt
[INFO] [stdout]    1:     0x58ad70231efa - core[a373ad73a504971]::fmt::write
[INFO] [stdout]    2:     0x58ad70220b4c - <alloc[2e1b2a31b91974c5]::vec::Vec<u8> as core[a373ad73a504971]::io::write::Write>::write_fmt
[INFO] [stdout]    3:     0x58ad701f6666 - std[617be2ca0a6fd877]::panicking::default_hook::{closure#0}
[INFO] [stdout]    4:     0x58ad70213cc9 - std[617be2ca0a6fd877]::panicking::default_hook
[INFO] [stdout]    5:     0x58ad7019ccb0 - test[aada8e7e76ba119b]::test_main_inner::{closure#0}
[INFO] [stdout]    6:     0x58ad70213e82 - std[617be2ca0a6fd877]::panicking::panic_with_hook
[INFO] [stdout]    7:     0x58ad701f6712 - std[617be2ca0a6fd877]::panicking::panic_handler::{closure#0}
[INFO] [stdout]    8:     0x58ad701ef009 - std[617be2ca0a6fd877]::sys::backtrace::__rust_end_short_backtrace::<std[617be2ca0a6fd877]::panicking::panic_handler::{closure#0}, !>
[INFO] [stdout]    9:     0x58ad701f75bd - __rustc[ea4f61d10b84890b]::rust_begin_unwind
[INFO] [stdout]   10:     0x58ad7023262c - core[a373ad73a504971]::panicking::panic_fmt
[INFO] [stdout]   11:     0x58ad70161cb5 - oraclemcp_auth[ec1101ac3ee75d6f]::secrets::tests::assert_inherited_pipe_is_bounded
[INFO] [stdout]   12:     0x58ad70165d5b - <oraclemcp_auth[ec1101ac3ee75d6f]::secrets::tests::keyring_successful_parent_with_inherited_stdout_is_deadline_bounded::{closure#0} as core[a373ad73a504971]::ops::function::FnOnce<()>>::call_once
[INFO] [stdout]   13:     0x58ad701900fb - test[aada8e7e76ba119b]::__rust_begin_short_backtrace::<core[a373ad73a504971]::result::Result<(), alloc[2e1b2a31b91974c5]::string::String>, fn() -> core[a373ad73a504971]::result::Result<(), alloc[2e1b2a31b91974c5]::string::String>>
[INFO] [stdout]   14:     0x58ad7019d2d5 - test[aada8e7e76ba119b]::run_test::{closure#0}
[INFO] [stdout]   15:     0x58ad70196bc4 - std[617be2ca0a6fd877]::sys::backtrace::__rust_begin_short_backtrace::<test[aada8e7e76ba119b]::run_test::{closure#1}, ()>
[INFO] [stdout]   16:     0x58ad701a0362 - <std[617be2ca0a6fd877]::thread::lifecycle::spawn_unchecked<test[aada8e7e76ba119b]::run_test::{closure#1}, ()>::{closure#1} as core[a373ad73a504971]::ops::function::FnOnce<()>>::call_once::{shim:vtable#0}
[INFO] [stdout]   17:     0x58ad7021b56f - <std[617be2ca0a6fd877]::sys::thread::unix::Thread>::new::thread_start
[INFO] [stdout]   18:     0x7b4bb1a67dfa - <unknown>
[INFO] [stdout]   19:     0x7b4bb1afb3d4 - clone
[INFO] [stdout]   20:                0x0 - <unknown>
[INFO] [stdout] 
[INFO] [stdout] 
[INFO] [stdout] failures:
[INFO] [stdout]     secrets::tests::keyring_successful_parent_with_inherited_stderr_is_deadline_bounded
[INFO] [stdout]     secrets::tests::keyring_successful_parent_with_inherited_stdout_is_deadline_bounded
[INFO] [stdout] 
[INFO] [stdout] test result: FAILED. 67 passed; 2 failed; 0 ignored; 0 measured; 0 filtered out; finished in 2.09s
[INFO] [stdout] 
[INFO] running `Command { std: "docker" "inspect" "301dbe2b387f7a693f0dca35b7fcab1f7d8f5db5a5f93e43f9801d87d96a2b65", kill_on_drop: false }`
[INFO] running `Command { std: "docker" "rm" "-f" "301dbe2b387f7a693f0dca35b7fcab1f7d8f5db5a5f93e43f9801d87d96a2b65", kill_on_drop: false }`
[INFO] [stdout] 301dbe2b387f7a693f0dca35b7fcab1f7d8f5db5a5f93e43f9801d87d96a2b65
