[INFO] fetching crate oracledb 26.0.0-beta.4...
[INFO] testing oracledb-26.0.0-beta.4 against 1.99.0-beta.8+cargoflags=--release for beta-release-1.100-2
[INFO] extracting crate oracledb 26.0.0-beta.4 into /workspace/builds/worker-0-tc1/source
[INFO] started tweaking crates.io crate oracledb 26.0.0-beta.4
[INFO] removed 0 missing examples
[INFO] removed 0 missing tests
[INFO] finished tweaking crates.io crate oracledb 26.0.0-beta.4
[INFO] tweaked toml for crates.io crate oracledb 26.0.0-beta.4 written to /workspace/builds/worker-0-tc1/source/Cargo.toml
[INFO] validating manifest of crates.io crate oracledb 26.0.0-beta.4 on toolchain 1.99.0-beta.8
[INFO] running `Command { std: CARGO_HOME="/workspace/cargo-home" RUSTUP_HOME="/workspace/rustup-home" "/workspace/cargo-home/bin/cargo" "+1.99.0-beta.8" "metadata" "--manifest-path" "Cargo.toml" "--no-deps", kill_on_drop: false }`
[INFO] crate crates.io crate oracledb 26.0.0-beta.4 already has a lockfile, it will not be regenerated
[INFO] running `Command { std: CARGO_HOME="/workspace/cargo-home" RUSTUP_HOME="/workspace/rustup-home" "/workspace/cargo-home/bin/cargo" "+1.99.0-beta.8" "fetch" "--manifest-path" "Cargo.toml", kill_on_drop: false }`
[INFO] [stderr]     Updating crates.io index
[INFO] [stderr]  Downloading crates ...
[INFO] [stderr]   Downloaded wasite v1.0.2
[INFO] [stderr]   Downloaded objc2-system-configuration v0.3.2
[INFO] [stderr]   Downloaded libredox v0.1.19
[INFO] [stderr]   Downloaded block-padding v0.4.2
[INFO] [stderr]   Downloaded ghash v0.6.0
[INFO] [stderr]   Downloaded pem-rfc7468 v1.0.0
[INFO] [stderr]   Downloaded scrypt v0.12.0
[INFO] [stderr]   Downloaded ctr v0.10.1
[INFO] [stderr]   Downloaded polyval v0.7.3
[INFO] [stderr]   Downloaded cbc v0.2.1
[INFO] [stderr]   Downloaded pkcs5 v0.8.1
[INFO] [stderr]   Downloaded salsa20 v0.11.0
[INFO] [stderr]   Downloaded aws-lc-rs v1.17.3
[INFO] [stderr]   Downloaded aes v0.9.2
[INFO] [stderr]   Downloaded aes-gcm v0.11.0
[INFO] [stderr]   Downloaded aws-lc-sys v0.43.0
[INFO] running `Command { std: "docker" "create" "-v" "/var/lib/crater-agent-workspace/builds/worker-0-tc1/source:/opt/rustwide/workdir:ro,Z" "-v" "/var/lib/crater-agent-workspace/builds/worker-0-tc1/target:/opt/rustwide/target:rw,Z" "-v" "/var/lib/crater-agent-workspace/cargo-home:/opt/rustwide/cargo-home:ro,Z" "-v" "/var/lib/crater-agent-workspace/rustup-home:/opt/rustwide/rustup-home:ro,Z" "-m" "1610612736" "--network" "none" "ghcr.io/rust-lang/crates-build-env/linux@sha256:77db811e55d90add9212f6832c23229e3de5f1c1f9905e8cb07319ea15df73ac" "sleep" "infinity", kill_on_drop: false }`
[INFO] [stdout] 8d1638512b150efe020e9e089b35d0b9aa5962fdafc760415c794cafbea0dac1
[INFO] running `Command { std: "docker" "start" "8d1638512b150efe020e9e089b35d0b9aa5962fdafc760415c794cafbea0dac1", kill_on_drop: false }`
[INFO] running `Command { std: "docker" "inspect" "8d1638512b150efe020e9e089b35d0b9aa5962fdafc760415c794cafbea0dac1", kill_on_drop: false }`
[INFO] running `Command { std: "docker" "exec" "-e" "SOURCE_DIR=/opt/rustwide/workdir" "-e" "CARGO_HOME=/opt/rustwide/cargo-home" "-e" "RUSTUP_HOME=/opt/rustwide/rustup-home" "-e" "CARGO_TARGET_DIR=/opt/rustwide/target" "-w" "/opt/rustwide/workdir" "--user" "0:0" "8d1638512b150efe020e9e089b35d0b9aa5962fdafc760415c794cafbea0dac1" "/opt/rustwide/cargo-home/bin/cargo" "+1.99.0-beta.8" "metadata" "--no-deps" "--format-version=1", kill_on_drop: false }`
[INFO] running `Command { std: "docker" "inspect" "8d1638512b150efe020e9e089b35d0b9aa5962fdafc760415c794cafbea0dac1", kill_on_drop: false }`
[INFO] running `Command { std: "docker" "exec" "-e" "SOURCE_DIR=/opt/rustwide/workdir" "-e" "CARGO_HOME=/opt/rustwide/cargo-home" "-e" "RUSTUP_HOME=/opt/rustwide/rustup-home" "-e" "CARGO_TARGET_DIR=/opt/rustwide/target" "-e" "CARGO_INCREMENTAL=0" "-e" "RUST_BACKTRACE=full" "-e" "RUSTFLAGS=--cap-lints=warn" "-e" "RUSTDOCFLAGS=--cap-lints=warn" "-w" "/opt/rustwide/workdir" "--user" "0:0" "8d1638512b150efe020e9e089b35d0b9aa5962fdafc760415c794cafbea0dac1" "/opt/rustwide/cargo-home/bin/cargo" "+1.99.0-beta.8" "build" "--frozen" "--message-format=json" "--release", kill_on_drop: false }`
[INFO] [stderr]    Compiling hybrid-array v0.4.14
[INFO] [stderr]    Compiling libc v0.2.189
[INFO] [stderr]    Compiling aws-lc-rs v1.17.3
[INFO] [stderr]    Compiling ctutils v0.4.2
[INFO] [stderr]    Compiling rustls v0.23.43
[INFO] [stderr]    Compiling chacha20 v0.10.1
[INFO] [stderr]    Compiling pem-rfc7468 v1.0.0
[INFO] [stderr]    Compiling webpki-roots v1.0.9
[INFO] [stderr]    Compiling cc v1.4.0
[INFO] [stderr]    Compiling chrono v0.4.45
[INFO] [stderr]    Compiling der v0.8.1
[INFO] [stderr]    Compiling crypto-common v0.2.2
[INFO] [stderr]    Compiling block-buffer v0.12.1
[INFO] [stderr]    Compiling block-padding v0.4.2
[INFO] [stderr]    Compiling inout v0.2.2
[INFO] [stderr]    Compiling cmake v0.1.58
[INFO] [stderr]    Compiling aws-lc-sys v0.43.0
[INFO] [stderr]    Compiling getrandom v0.4.3
[INFO] [stderr]    Compiling whoami v2.1.2
[INFO] [stderr]    Compiling uuid v1.24.0
[INFO] [stderr]    Compiling rand v0.10.2
[INFO] [stderr]    Compiling cipher v0.5.2
[INFO] [stderr]    Compiling digest v0.11.3
[INFO] [stderr]    Compiling universal-hash v0.6.1
[INFO] [stderr]    Compiling aead v0.6.1
[INFO] [stderr]    Compiling polyval v0.7.3
[INFO] [stderr]    Compiling hmac v0.13.0
[INFO] [stderr]    Compiling sha2 v0.11.0
[INFO] [stderr]    Compiling ghash v0.6.0
[INFO] [stderr]    Compiling spki v0.8.0
[INFO] [stderr]    Compiling pbkdf2 v0.13.0
[INFO] [stderr]    Compiling salsa20 v0.11.0
[INFO] [stderr]    Compiling ctr v0.10.1
[INFO] [stderr]    Compiling aes v0.9.2
[INFO] [stderr]    Compiling cbc v0.2.1
[INFO] [stderr]    Compiling scrypt v0.12.0
[INFO] [stderr]    Compiling aes-gcm v0.11.0
[INFO] [stderr]    Compiling pkcs5 v0.8.1
[INFO] [stderr]    Compiling pkcs8 v0.11.0
[INFO] [stderr]    Compiling rustls-webpki v0.103.13
[INFO] [stderr]    Compiling oracledb v26.0.0-beta.4 (/opt/rustwide/workdir)
[INFO] [stderr]     Finished `release` profile [optimized] target(s) in 48.41s
[INFO] running `Command { std: "docker" "inspect" "8d1638512b150efe020e9e089b35d0b9aa5962fdafc760415c794cafbea0dac1", kill_on_drop: false }`
[INFO] running `Command { std: "docker" "exec" "-e" "SOURCE_DIR=/opt/rustwide/workdir" "-e" "CARGO_HOME=/opt/rustwide/cargo-home" "-e" "RUSTUP_HOME=/opt/rustwide/rustup-home" "-e" "CARGO_TARGET_DIR=/opt/rustwide/target" "-e" "CARGO_INCREMENTAL=0" "-e" "RUST_BACKTRACE=full" "-e" "RUSTFLAGS=--cap-lints=warn" "-e" "RUSTDOCFLAGS=--cap-lints=warn" "-w" "/opt/rustwide/workdir" "--user" "0:0" "8d1638512b150efe020e9e089b35d0b9aa5962fdafc760415c794cafbea0dac1" "/opt/rustwide/cargo-home/bin/cargo" "+1.99.0-beta.8" "test" "--frozen" "--no-run" "--message-format=json" "--release", kill_on_drop: false }`
[INFO] [stderr]    Compiling aho-corasick v1.1.5
[INFO] [stderr]    Compiling syn v2.0.119
[INFO] [stderr]    Compiling regex-syntax v0.8.11
[INFO] [stderr]    Compiling rstest_macros v0.26.1
[INFO] [stderr]    Compiling relative-path v1.9.3
[INFO] [stderr]    Compiling futures-timer v3.0.4
[INFO] [stderr]    Compiling regex-automata v0.4.18
[INFO] [stderr]    Compiling futures-macro v0.3.33
[INFO] [stderr]    Compiling regex v1.13.1
[INFO] [stderr]    Compiling futures-util v0.3.33
[INFO] [stderr]    Compiling rstest v0.26.1
[INFO] [stderr]    Compiling oracledb v26.0.0-beta.4 (/opt/rustwide/workdir)
[INFO] [stderr]     Finished `release` profile [optimized] target(s) in 18.43s
[INFO] running `Command { std: "docker" "inspect" "8d1638512b150efe020e9e089b35d0b9aa5962fdafc760415c794cafbea0dac1", kill_on_drop: false }`
[INFO] running `Command { std: "docker" "exec" "-e" "SOURCE_DIR=/opt/rustwide/workdir" "-e" "CARGO_HOME=/opt/rustwide/cargo-home" "-e" "RUSTUP_HOME=/opt/rustwide/rustup-home" "-e" "CARGO_TARGET_DIR=/opt/rustwide/target" "-e" "CARGO_INCREMENTAL=0" "-e" "RUST_BACKTRACE=full" "-e" "RUSTFLAGS=--cap-lints=warn" "-e" "RUSTDOCFLAGS=--cap-lints=warn" "-w" "/opt/rustwide/workdir" "--user" "0:0" "8d1638512b150efe020e9e089b35d0b9aa5962fdafc760415c794cafbea0dac1" "/opt/rustwide/cargo-home/bin/cargo" "+1.99.0-beta.8" "test" "--frozen" "--release", kill_on_drop: false }`
[INFO] [stderr]     Finished `release` profile [optimized] target(s) in 0.14s
[INFO] [stderr]      Running unittests src/lib.rs (/opt/rustwide/target/release/deps/oracledb-de09a369904ca00e)
[INFO] [stderr]      Running unittests src/bin/create_test_schema.rs (/opt/rustwide/target/release/deps/create_test_schema-007a2fecc50c3981)
[INFO] [stdout] 
[INFO] [stdout] running 0 tests
[INFO] [stdout] 
[INFO] [stdout] test result: ok. 0 passed; 0 failed; 0 ignored; 0 measured; 0 filtered out; finished in 0.00s
[INFO] [stdout] 
[INFO] [stdout] 
[INFO] [stderr]      Running unittests src/bin/drop_test_schema.rs (/opt/rustwide/target/release/deps/drop_test_schema-eb34f8303fb1d6d8)
[INFO] [stdout] running 0 tests
[INFO] [stdout] 
[INFO] [stdout] test result: ok. 0 passed; 0 failed; 0 ignored; 0 measured; 0 filtered out; finished in 0.00s
[INFO] [stdout] 
[INFO] [stdout] 
[INFO] [stdout] running 0 tests
[INFO] [stdout] 
[INFO] [stdout] test result: ok. 0 passed; 0 failed; 0 ignored; 0 measured; 0 filtered out; finished in 0.00s
[INFO] [stdout] 
[INFO] [stderr]      Running tests/test_1000_strings.rs (/opt/rustwide/target/release/deps/test_1000_strings-3a402bba90bd6acc)
[INFO] [stdout] 
[INFO] [stdout] running 13 tests
[INFO] [stdout] test test_1000 ... FAILED
[INFO] [stdout] test test_1002 ... FAILED
[INFO] [stdout] test test_1006 ... FAILED
[INFO] [stdout] test test_1009 ... FAILED
[INFO] [stdout] test test_1005 ... FAILED
[INFO] [stdout] test test_1004 ... FAILED
[INFO] [stdout] test test_1008 ... FAILED
[INFO] [stdout] test test_1010 ... FAILED
[INFO] [stdout] test test_1007 ... FAILED
[INFO] [stdout] test test_1003 ... FAILED
[INFO] [stdout] test test_1012 ... FAILED
[INFO] [stdout] test test_1001 ... FAILED
[INFO] [stdout] test test_1011 ... FAILED
[INFO] [stdout] 
[INFO] [stdout] failures:
[INFO] [stdout] 
[INFO] [stdout] ---- test_1000 stdout ----
[INFO] [stdout] 
[INFO] [stdout] thread 'test_1000' (3819) panicked at src/test_config.rs:103:9:
[INFO] [stdout] Value for environment variable RSO_TEST_ADMIN_PASSWORD is not set!
[INFO] [stdout] stack backtrace:
[INFO] [stdout]    0:     0x587d865f18d1 - <<std[70759c8f55707aa4]::sys::backtrace::BacktraceLock>::print::DisplayBacktrace as core[df12db4294e9bfd3]::fmt::Display>::fmt
[INFO] [stdout]    1:     0x587d8660901a - core[df12db4294e9bfd3]::fmt::write
[INFO] [stdout]    2:     0x587d865f664c - <alloc[2182bb758b4b3781]::vec::Vec<u8> as core[df12db4294e9bfd3]::io::write::Write>::write_fmt
[INFO] [stdout]    3:     0x587d865cc2a6 - std[70759c8f55707aa4]::panicking::default_hook::{closure#0}
[INFO] [stdout]    4:     0x587d865e9069 - std[70759c8f55707aa4]::panicking::default_hook
[INFO] [stdout]    5:     0x587d86583b00 - test[9d35eded1c95d3be]::test_main_inner::<test[9d35eded1c95d3be]::test_main_static::{closure#0}>::{closure#0}
[INFO] [stdout]    6:     0x587d865e9222 - std[70759c8f55707aa4]::panicking::panic_with_hook
[INFO] [stdout]    7:     0x587d865cc352 - std[70759c8f55707aa4]::panicking::panic_handler::{closure#0}
[INFO] [stdout]    8:     0x587d865c4909 - std[70759c8f55707aa4]::sys::backtrace::__rust_end_short_backtrace::<std[70759c8f55707aa4]::panicking::panic_handler::{closure#0}, !>
[INFO] [stdout]    9:     0x587d865cd24d - __rustc[8fa7c3cbc660c2b3]::rust_begin_unwind
[INFO] [stdout]   10:     0x587d8660974c - core[df12db4294e9bfd3]::panicking::panic_fmt
[INFO] [stdout]   11:     0x587d8629ab38 - oracledb[6dc99fcf684e1601]::test_config::get_env_value
[INFO] [stdout]   12:     0x587d8629c770 - <oracledb[6dc99fcf684e1601]::test_config::TEST_CONFIG::{closure#0} as core[df12db4294e9bfd3]::ops::function::FnOnce<()>>::call_once
[INFO] [stdout]   13:     0x587d8629812a - <std[70759c8f55707aa4]::sync::once::Once>::call_once_force::<<std[70759c8f55707aa4]::sync::lazy_lock::LazyLock<oracledb[6dc99fcf684e1601]::test_config::TestConfig>>::force::{closure#0}>::{closure#0}
[INFO] [stdout]   14:     0x587d865d2409 - <std[70759c8f55707aa4]::sys::sync::once::futex::Once>::call
[INFO] [stdout]   15:     0x587d8629abc1 - oracledb[6dc99fcf684e1601]::test_config::get_test_config
[INFO] [stdout]   16:     0x587d8623b97f - <test_1000_strings[cd158721710145f5]::common::conn>::default
[INFO] [stdout]   17:     0x587d862362d4 - <test_1000_strings[cd158721710145f5]::test_1000::{closure#0} as core[df12db4294e9bfd3]::ops::function::FnOnce<()>>::call_once
[INFO] [stdout]   18:     0x587d86576deb - test[9d35eded1c95d3be]::__rust_begin_short_backtrace::<core[df12db4294e9bfd3]::result::Result<(), alloc[2182bb758b4b3781]::string::String>, fn() -> core[df12db4294e9bfd3]::result::Result<(), alloc[2182bb758b4b3781]::string::String>>
[INFO] [stdout]   19:     0x587d86584455 - test[9d35eded1c95d3be]::run_test::{closure#0}
[INFO] [stdout]   20:     0x587d8657dd14 - std[70759c8f55707aa4]::sys::backtrace::__rust_begin_short_backtrace::<test[9d35eded1c95d3be]::run_test::{closure#1}, ()>
[INFO] [stdout]   21:     0x587d865875b2 - <std[70759c8f55707aa4]::thread::lifecycle::spawn_unchecked<test[9d35eded1c95d3be]::run_test::{closure#1}, ()>::{closure#1} as core[df12db4294e9bfd3]::ops::function::FnOnce<()>>::call_once::{shim:vtable#0}
[INFO] [stdout]   22:     0x587d865f05f9 - <std[70759c8f55707aa4]::sys::thread::unix::Thread>::new::thread_start
[INFO] [stdout]   23:     0x7dab877f4dfa - <unknown>
[INFO] [stdout]   24:     0x7dab878883d4 - clone
[INFO] [stdout]   25:                0x0 - <unknown>
[INFO] [stdout] 
[INFO] [stdout] ---- test_1002 stdout ----
[INFO] [stdout] 
[INFO] [stdout] thread 'test_1002' (3821) panicked at /rustc/dfb0accb7f508ae8be965d8629557221c889dd98/library/std/src/sync/lazy_lock.rs:415:5:
[INFO] [stdout] LazyLock instance has previously been poisoned
[INFO] [stdout] stack backtrace:
[INFO] [stdout]    0:     0x587d865f18d1 - <<std[70759c8f55707aa4]::sys::backtrace::BacktraceLock>::print::DisplayBacktrace as core[df12db4294e9bfd3]::fmt::Display>::fmt
[INFO] [stdout]    1:     0x587d8660901a - core[df12db4294e9bfd3]::fmt::write
[INFO] [stdout]    2:     0x587d865f664c - <alloc[2182bb758b4b3781]::vec::Vec<u8> as core[df12db4294e9bfd3]::io::write::Write>::write_fmt
[INFO] [stdout]    3:     0x587d865cc2a6 - std[70759c8f55707aa4]::panicking::default_hook::{closure#0}
[INFO] [stdout]    4:     0x587d865e9069 - std[70759c8f55707aa4]::panicking::default_hook
[INFO] [stdout]    5:     0x587d86583b00 - test[9d35eded1c95d3be]::test_main_inner::<test[9d35eded1c95d3be]::test_main_static::{closure#0}>::{closure#0}
[INFO] [stdout]    6:     0x587d865e9222 - std[70759c8f55707aa4]::panicking::panic_with_hook
[INFO] [stdout]    7:     0x587d865cc384 - std[70759c8f55707aa4]::panicking::panic_handler::{closure#0}
[INFO] [stdout]    8:     0x587d865c4909 - std[70759c8f55707aa4]::sys::backtrace::__rust_end_short_backtrace::<std[70759c8f55707aa4]::panicking::panic_handler::{closure#0}, !>
[INFO] [stdout]    9:     0x587d865cd24d - __rustc[8fa7c3cbc660c2b3]::rust_begin_unwind
[INFO] [stdout]   10:     0x587d8660974c - core[df12db4294e9bfd3]::panicking::panic_fmt
[INFO] [stdout]   11:     0x587d865ea1ad - std[70759c8f55707aa4]::sync::lazy_lock::panic_poisoned
[INFO] [stdout]   12:     0x587d86298159 - <std[70759c8f55707aa4]::sync::once::Once>::call_once_force::<<std[70759c8f55707aa4]::sync::lazy_lock::LazyLock<oracledb[6dc99fcf684e1601]::test_config::TestConfig>>::force::{closure#0}>::{closure#0}
[INFO] [stdout]   13:     0x587d865d2409 - <std[70759c8f55707aa4]::sys::sync::once::futex::Once>::call
[INFO] [stdout]   14:     0x587d8629abc1 - oracledb[6dc99fcf684e1601]::test_config::get_test_config
[INFO] [stdout]   15:     0x587d8623b97f - <test_1000_strings[cd158721710145f5]::common::conn>::default
[INFO] [stdout]   16:     0x587d86236974 - <test_1000_strings[cd158721710145f5]::test_1002::{closure#0} as core[df12db4294e9bfd3]::ops::function::FnOnce<()>>::call_once
[INFO] [stdout]   17:     0x587d86576deb - test[9d35eded1c95d3be]::__rust_begin_short_backtrace::<core[df12db4294e9bfd3]::result::Result<(), alloc[2182bb758b4b3781]::string::String>, fn() -> core[df12db4294e9bfd3]::result::Result<(), alloc[2182bb758b4b3781]::string::String>>
[INFO] [stdout]   18:     0x587d86584455 - test[9d35eded1c95d3be]::run_test::{closure#0}
[INFO] [stdout]   19:     0x587d8657dd14 - std[70759c8f55707aa4]::sys::backtrace::__rust_begin_short_backtrace::<test[9d35eded1c95d3be]::run_test::{closure#1}, ()>
[INFO] [stdout]   20:     0x587d865875b2 - <std[70759c8f55707aa4]::thread::lifecycle::spawn_unchecked<test[9d35eded1c95d3be]::run_test::{closure#1}, ()>::{closure#1} as core[df12db4294e9bfd3]::ops::function::FnOnce<()>>::call_once::{shim:vtable#0}
[INFO] [stdout]   21:     0x587d865f05f9 - <std[70759c8f55707aa4]::sys::thread::unix::Thread>::new::thread_start
[INFO] [stdout]   22:     0x7dab877f4dfa - <unknown>
[INFO] [stdout]   23:     0x7dab878883d4 - clone
[INFO] [stdout]   24:                0x0 - <unknown>
[INFO] [stdout] 
[INFO] [stdout] ---- test_1006 stdout ----
[INFO] [stdout] 
[INFO] [stdout] thread 'test_1006' (3825) panicked at /rustc/dfb0accb7f508ae8be965d8629557221c889dd98/library/std/src/sync/lazy_lock.rs:415:5:
[INFO] [stdout] LazyLock instance has previously been poisoned
[INFO] [stdout] stack backtrace:
[INFO] [stdout]    0:     0x587d865f18d1 - <<std[70759c8f55707aa4]::sys::backtrace::BacktraceLock>::print::DisplayBacktrace as core[df12db4294e9bfd3]::fmt::Display>::fmt
[INFO] [stdout]    1:     0x587d8660901a - core[df12db4294e9bfd3]::fmt::write
[INFO] [stdout]    2:     0x587d865f664c - <alloc[2182bb758b4b3781]::vec::Vec<u8> as core[df12db4294e9bfd3]::io::write::Write>::write_fmt
[INFO] [stdout]    3:     0x587d865cc2a6 - std[70759c8f55707aa4]::panicking::default_hook::{closure#0}
[INFO] [stdout]    4:     0x587d865e9069 - std[70759c8f55707aa4]::panicking::default_hook
[INFO] [stdout]    5:     0x587d86583b00 - test[9d35eded1c95d3be]::test_main_inner::<test[9d35eded1c95d3be]::test_main_static::{closure#0}>::{closure#0}
[INFO] [stdout]    6:     0x587d865e9222 - std[70759c8f55707aa4]::panicking::panic_with_hook
[INFO] [stdout]    7:     0x587d865cc384 - std[70759c8f55707aa4]::panicking::panic_handler::{closure#0}
[INFO] [stdout]    8:     0x587d865c4909 - std[70759c8f55707aa4]::sys::backtrace::__rust_end_short_backtrace::<std[70759c8f55707aa4]::panicking::panic_handler::{closure#0}, !>
[INFO] [stdout]    9:     0x587d865cd24d - __rustc[8fa7c3cbc660c2b3]::rust_begin_unwind
[INFO] [stdout]   10:     0x587d8660974c - core[df12db4294e9bfd3]::panicking::panic_fmt
[INFO] [stdout]   11:     0x587d865ea1ad - std[70759c8f55707aa4]::sync::lazy_lock::panic_poisoned
[INFO] [stdout]   12:     0x587d86298159 - <std[70759c8f55707aa4]::sync::once::Once>::call_once_force::<<std[70759c8f55707aa4]::sync::lazy_lock::LazyLock<oracledb[6dc99fcf684e1601]::test_config::TestConfig>>::force::{closure#0}>::{closure#0}
[INFO] [stdout]   13:     0x587d865d2409 - <std[70759c8f55707aa4]::sys::sync::once::futex::Once>::call
[INFO] [stdout]   14:     0x587d8629abc1 - oracledb[6dc99fcf684e1601]::test_config::get_test_config
[INFO] [stdout]   15:     0x587d8623b97f - <test_1000_strings[cd158721710145f5]::common::conn>::default
[INFO] [stdout]   16:     0x587d86237a96 - <test_1000_strings[cd158721710145f5]::test_1006::{closure#0} as core[df12db4294e9bfd3]::ops::function::FnOnce<()>>::call_once
[INFO] [stdout]   17:     0x587d86576deb - test[9d35eded1c95d3be]::__rust_begin_short_backtrace::<core[df12db4294e9bfd3]::result::Result<(), alloc[2182bb758b4b3781]::string::String>, fn() -> core[df12db4294e9bfd3]::result::Result<(), alloc[2182bb758b4b3781]::string::String>>
[INFO] [stdout]   18:     0x587d86584455 - test[9d35eded1c95d3be]::run_test::{closure#0}
[INFO] [stdout]   19:     0x587d8657dd14 - std[70759c8f55707aa4]::sys::backtrace::__rust_begin_short_backtrace::<test[9d35eded1c95d3be]::run_test::{closure#1}, ()>
[INFO] [stdout]   20:     0x587d865875b2 - <std[70759c8f55707aa4]::thread::lifecycle::spawn_unchecked<test[9d35eded1c95d3be]::run_test::{closure#1}, ()>::{closure#1} as core[df12db4294e9bfd3]::ops::function::FnOnce<()>>::call_once::{shim:vtable#0}
[INFO] [stdout]   21:     0x587d865f05f9 - <std[70759c8f55707aa4]::sys::thread::unix::Thread>::new::thread_start
[INFO] [stdout]   22:     0x7dab877f4dfa - <unknown>
[INFO] [stdout]   23:     0x7dab878883d4 - clone
[INFO] [stdout]   24:                0x0 - <unknown>
[INFO] [stdout] 
[INFO] [stdout] ---- test_1009 stdout ----
[INFO] [stdout] 
[INFO] [stdout] thread 'test_1009' (3828) panicked at /rustc/dfb0accb7f508ae8be965d8629557221c889dd98/library/std/src/sync/lazy_lock.rs:415:5:
[INFO] [stdout] LazyLock instance has previously been poisoned
[INFO] [stdout] stack backtrace:
[INFO] [stdout]    0:     0x587d865f18d1 - <<std[70759c8f55707aa4]::sys::backtrace::BacktraceLock>::print::DisplayBacktrace as core[df12db4294e9bfd3]::fmt::Display>::fmt
[INFO] [stdout]    1:     0x587d8660901a - core[df12db4294e9bfd3]::fmt::write
[INFO] [stdout]    2:     0x587d865f664c - <alloc[2182bb758b4b3781]::vec::Vec<u8> as core[df12db4294e9bfd3]::io::write::Write>::write_fmt
[INFO] [stdout]    3:     0x587d865cc2a6 - std[70759c8f55707aa4]::panicking::default_hook::{closure#0}
[INFO] [stdout]    4:     0x587d865e9069 - std[70759c8f55707aa4]::panicking::default_hook
[INFO] [stdout]    5:     0x587d86583b00 - test[9d35eded1c95d3be]::test_main_inner::<test[9d35eded1c95d3be]::test_main_static::{closure#0}>::{closure#0}
[INFO] [stdout]    6:     0x587d865e9222 - std[70759c8f55707aa4]::panicking::panic_with_hook
[INFO] [stdout]    7:     0x587d865cc384 - std[70759c8f55707aa4]::panicking::panic_handler::{closure#0}
[INFO] [stdout]    8:     0x587d865c4909 - std[70759c8f55707aa4]::sys::backtrace::__rust_end_short_backtrace::<std[70759c8f55707aa4]::panicking::panic_handler::{closure#0}, !>
[INFO] [stdout]    9:     0x587d865cd24d - __rustc[8fa7c3cbc660c2b3]::rust_begin_unwind
[INFO] [stdout]   10:     0x587d8660974c - core[df12db4294e9bfd3]::panicking::panic_fmt
[INFO] [stdout]   11:     0x587d865ea1ad - std[70759c8f55707aa4]::sync::lazy_lock::panic_poisoned
[INFO] [stdout]   12:     0x587d86298159 - <std[70759c8f55707aa4]::sync::once::Once>::call_once_force::<<std[70759c8f55707aa4]::sync::lazy_lock::LazyLock<oracledb[6dc99fcf684e1601]::test_config::TestConfig>>::force::{closure#0}>::{closure#0}
[INFO] [stdout]   13:     0x587d865d2409 - <std[70759c8f55707aa4]::sys::sync::once::futex::Once>::call
[INFO] [stdout]   14:     0x587d8629abc1 - oracledb[6dc99fcf684e1601]::test_config::get_test_config
[INFO] [stdout]   15:     0x587d8623b97f - <test_1000_strings[cd158721710145f5]::common::conn>::default
[INFO] [stdout]   16:     0x587d86238bd4 - <test_1000_strings[cd158721710145f5]::test_1009::{closure#0} as core[df12db4294e9bfd3]::ops::function::FnOnce<()>>::call_once
[INFO] [stdout]   17:     0x587d86576deb - test[9d35eded1c95d3be]::__rust_begin_short_backtrace::<core[df12db4294e9bfd3]::result::Result<(), alloc[2182bb758b4b3781]::string::String>, fn() -> core[df12db4294e9bfd3]::result::Result<(), alloc[2182bb758b4b3781]::string::String>>
[INFO] [stdout]   18:     0x587d86584455 - test[9d35eded1c95d3be]::run_test::{closure#0}
[INFO] [stdout]   19:     0x587d8657dd14 - std[70759c8f55707aa4]::sys::backtrace::__rust_begin_short_backtrace::<test[9d35eded1c95d3be]::run_test::{closure#1}, ()>
[INFO] [stdout]   20:     0x587d865875b2 - <std[70759c8f55707aa4]::thread::lifecycle::spawn_unchecked<test[9d35eded1c95d3be]::run_test::{closure#1}, ()>::{closure#1} as core[df12db4294e9bfd3]::ops::function::FnOnce<()>>::call_once::{shim:vtable#0}
[INFO] [stdout]   21:     0x587d865f05f9 - <std[70759c8f55707aa4]::sys::thread::unix::Thread>::new::thread_start
[INFO] [stdout]   22:     0x7dab877f4dfa - <unknown>
[INFO] [stdout]   23:     0x7dab878883d4 - clone
[INFO] [stdout]   24:                0x0 - <unknown>
[INFO] [stdout] 
[INFO] [stdout] ---- test_1005 stdout ----
[INFO] [stdout] 
[INFO] [stdout] thread 'test_1005' (3824) panicked at /rustc/dfb0accb7f508ae8be965d8629557221c889dd98/library/std/src/sync/lazy_lock.rs:415:5:
[INFO] [stdout] LazyLock instance has previously been poisoned
[INFO] [stdout] stack backtrace:
[INFO] [stdout]    0:     0x587d865f18d1 - <<std[70759c8f55707aa4]::sys::backtrace::BacktraceLock>::print::DisplayBacktrace as core[df12db4294e9bfd3]::fmt::Display>::fmt
[INFO] [stdout]    1:     0x587d8660901a - core[df12db4294e9bfd3]::fmt::write
[INFO] [stdout]    2:     0x587d865f664c - <alloc[2182bb758b4b3781]::vec::Vec<u8> as core[df12db4294e9bfd3]::io::write::Write>::write_fmt
[INFO] [stdout]    3:     0x587d865cc2a6 - std[70759c8f55707aa4]::panicking::default_hook::{closure#0}
[INFO] [stdout]    4:     0x587d865e9069 - std[70759c8f55707aa4]::panicking::default_hook
[INFO] [stdout]    5:     0x587d86583b00 - test[9d35eded1c95d3be]::test_main_inner::<test[9d35eded1c95d3be]::test_main_static::{closure#0}>::{closure#0}
[INFO] [stdout]    6:     0x587d865e9222 - std[70759c8f55707aa4]::panicking::panic_with_hook
[INFO] [stdout]    7:     0x587d865cc384 - std[70759c8f55707aa4]::panicking::panic_handler::{closure#0}
[INFO] [stdout]    8:     0x587d865c4909 - std[70759c8f55707aa4]::sys::backtrace::__rust_end_short_backtrace::<std[70759c8f55707aa4]::panicking::panic_handler::{closure#0}, !>
[INFO] [stdout]    9:     0x587d865cd24d - __rustc[8fa7c3cbc660c2b3]::rust_begin_unwind
[INFO] [stdout]   10:     0x587d8660974c - core[df12db4294e9bfd3]::panicking::panic_fmt
[INFO] [stdout]   11:     0x587d865ea1ad - std[70759c8f55707aa4]::sync::lazy_lock::panic_poisoned
[INFO] [stdout]   12:     0x587d86298159 - <std[70759c8f55707aa4]::sync::once::Once>::call_once_force::<<std[70759c8f55707aa4]::sync::lazy_lock::LazyLock<oracledb[6dc99fcf684e1601]::test_config::TestConfig>>::force::{closure#0}>::{closure#0}
[INFO] [stdout]   13:     0x587d865d2409 - <std[70759c8f55707aa4]::sys::sync::once::futex::Once>::call
[INFO] [stdout]   14:     0x587d8629abc1 - oracledb[6dc99fcf684e1601]::test_config::get_test_config
[INFO] [stdout]   15:     0x587d8623b97f - <test_1000_strings[cd158721710145f5]::common::conn>::default
[INFO] [stdout]   16:     0x587d86237424 - <test_1000_strings[cd158721710145f5]::test_1005::{closure#0} as core[df12db4294e9bfd3]::ops::function::FnOnce<()>>::call_once
[INFO] [stdout]   17:     0x587d86576deb - test[9d35eded1c95d3be]::__rust_begin_short_backtrace::<core[df12db4294e9bfd3]::result::Result<(), alloc[2182bb758b4b3781]::string::String>, fn() -> core[df12db4294e9bfd3]::result::Result<(), alloc[2182bb758b4b3781]::string::String>>
[INFO] [stdout]   18:     0x587d86584455 - test[9d35eded1c95d3be]::run_test::{closure#0}
[INFO] [stdout]   19:     0x587d8657dd14 - std[70759c8f55707aa4]::sys::backtrace::__rust_begin_short_backtrace::<test[9d35eded1c95d3be]::run_test::{closure#1}, ()>
[INFO] [stdout]   20:     0x587d865875b2 - <std[70759c8f55707aa4]::thread::lifecycle::spawn_unchecked<test[9d35eded1c95d3be]::run_test::{closure#1}, ()>::{closure#1} as core[df12db4294e9bfd3]::ops::function::FnOnce<()>>::call_once::{shim:vtable#0}
[INFO] [stdout]   21:     0x587d865f05f9 - <std[70759c8f55707aa4]::sys::thread::unix::Thread>::new::thread_start
[INFO] [stdout]   22:     0x7dab877f4dfa - <unknown>
[INFO] [stdout]   23:     0x7dab878883d4 - clone
[INFO] [stdout]   24:                0x0 - <unknown>
[INFO] [stdout] 
[INFO] [stdout] ---- test_1004 stdout ----
[INFO] [stdout] 
[INFO] [stdout] thread 'test_1004' (3823) panicked at /rustc/dfb0accb7f508ae8be965d8629557221c889dd98/library/std/src/sync/lazy_lock.rs:415:5:
[INFO] [stdout] LazyLock instance has previously been poisoned
[INFO] [stdout] stack backtrace:
[INFO] [stdout]    0:     0x587d865f18d1 - <<std[70759c8f55707aa4]::sys::backtrace::BacktraceLock>::print::DisplayBacktrace as core[df12db4294e9bfd3]::fmt::Display>::fmt
[INFO] [stdout]    1:     0x587d8660901a - core[df12db4294e9bfd3]::fmt::write
[INFO] [stdout]    2:     0x587d865f664c - <alloc[2182bb758b4b3781]::vec::Vec<u8> as core[df12db4294e9bfd3]::io::write::Write>::write_fmt
[INFO] [stdout]    3:     0x587d865cc2a6 - std[70759c8f55707aa4]::panicking::default_hook::{closure#0}
[INFO] [stdout]    4:     0x587d865e9069 - std[70759c8f55707aa4]::panicking::default_hook
[INFO] [stdout]    5:     0x587d86583b00 - test[9d35eded1c95d3be]::test_main_inner::<test[9d35eded1c95d3be]::test_main_static::{closure#0}>::{closure#0}
[INFO] [stdout]    6:     0x587d865e9222 - std[70759c8f55707aa4]::panicking::panic_with_hook
[INFO] [stdout]    7:     0x587d865cc384 - std[70759c8f55707aa4]::panicking::panic_handler::{closure#0}
[INFO] [stderr] error: test failed, to rerun pass `--test test_1000_strings`
[INFO] [stdout]    8:     0x587d865c4909 - std[70759c8f55707aa4]::sys::backtrace::__rust_end_short_backtrace::<std[70759c8f55707aa4]::panicking::panic_handler::{closure#0}, !>
[INFO] [stdout]    9:     0x587d865cd24d - __rustc[8fa7c3cbc660c2b3]::rust_begin_unwind
[INFO] [stdout]   10:     0x587d8660974c - core[df12db4294e9bfd3]::panicking::panic_fmt
[INFO] [stdout]   11:     0x587d865ea1ad - std[70759c8f55707aa4]::sync::lazy_lock::panic_poisoned
[INFO] [stdout]   12:     0x587d86298159 - <std[70759c8f55707aa4]::sync::once::Once>::call_once_force::<<std[70759c8f55707aa4]::sync::lazy_lock::LazyLock<oracledb[6dc99fcf684e1601]::test_config::TestConfig>>::force::{closure#0}>::{closure#0}
[INFO] [stdout]   13:     0x587d865d2409 - <std[70759c8f55707aa4]::sys::sync::once::futex::Once>::call
[INFO] [stdout]   14:     0x587d8629abc1 - oracledb[6dc99fcf684e1601]::test_config::get_test_config
[INFO] [stdout]   15:     0x587d8623b97f - <test_1000_strings[cd158721710145f5]::common::conn>::default
[INFO] [stdout]   16:     0x587d86237011 - <test_1000_strings[cd158721710145f5]::test_1004::{closure#0} as core[df12db4294e9bfd3]::ops::function::FnOnce<()>>::call_once
[INFO] [stdout]   17:     0x587d86576deb - test[9d35eded1c95d3be]::__rust_begin_short_backtrace::<core[df12db4294e9bfd3]::result::Result<(), alloc[2182bb758b4b3781]::string::String>, fn() -> core[df12db4294e9bfd3]::result::Result<(), alloc[2182bb758b4b3781]::string::String>>
[INFO] [stdout]   18:     0x587d86584455 - test[9d35eded1c95d3be]::run_test::{closure#0}
[INFO] [stdout]   19:     0x587d8657dd14 - std[70759c8f55707aa4]::sys::backtrace::__rust_begin_short_backtrace::<test[9d35eded1c95d3be]::run_test::{closure#1}, ()>
[INFO] [stdout]   20:     0x587d865875b2 - <std[70759c8f55707aa4]::thread::lifecycle::spawn_unchecked<test[9d35eded1c95d3be]::run_test::{closure#1}, ()>::{closure#1} as core[df12db4294e9bfd3]::ops::function::FnOnce<()>>::call_once::{shim:vtable#0}
[INFO] [stdout]   21:     0x587d865f05f9 - <std[70759c8f55707aa4]::sys::thread::unix::Thread>::new::thread_start
[INFO] [stdout]   22:     0x7dab877f4dfa - <unknown>
[INFO] [stdout]   23:     0x7dab878883d4 - clone
[INFO] [stdout]   24:                0x0 - <unknown>
[INFO] [stdout] 
[INFO] [stdout] ---- test_1008 stdout ----
[INFO] [stdout] 
[INFO] [stdout] thread 'test_1008' (3827) panicked at /rustc/dfb0accb7f508ae8be965d8629557221c889dd98/library/std/src/sync/lazy_lock.rs:415:5:
[INFO] [stdout] LazyLock instance has previously been poisoned
[INFO] [stdout] stack backtrace:
[INFO] [stdout]    0:     0x587d865f18d1 - <<std[70759c8f55707aa4]::sys::backtrace::BacktraceLock>::print::DisplayBacktrace as core[df12db4294e9bfd3]::fmt::Display>::fmt
[INFO] [stdout]    1:     0x587d8660901a - core[df12db4294e9bfd3]::fmt::write
[INFO] [stdout]    2:     0x587d865f664c - <alloc[2182bb758b4b3781]::vec::Vec<u8> as core[df12db4294e9bfd3]::io::write::Write>::write_fmt
[INFO] [stdout]    3:     0x587d865cc2a6 - std[70759c8f55707aa4]::panicking::default_hook::{closure#0}
[INFO] [stdout]    4:     0x587d865e9069 - std[70759c8f55707aa4]::panicking::default_hook
[INFO] [stdout]    5:     0x587d86583b00 - test[9d35eded1c95d3be]::test_main_inner::<test[9d35eded1c95d3be]::test_main_static::{closure#0}>::{closure#0}
[INFO] [stdout]    6:     0x587d865e9222 - std[70759c8f55707aa4]::panicking::panic_with_hook
[INFO] [stdout]    7:     0x587d865cc384 - std[70759c8f55707aa4]::panicking::panic_handler::{closure#0}
[INFO] [stdout]    8:     0x587d865c4909 - std[70759c8f55707aa4]::sys::backtrace::__rust_end_short_backtrace::<std[70759c8f55707aa4]::panicking::panic_handler::{closure#0}, !>
[INFO] [stdout]    9:     0x587d865cd24d - __rustc[8fa7c3cbc660c2b3]::rust_begin_unwind
[INFO] [stdout]   10:     0x587d8660974c - core[df12db4294e9bfd3]::panicking::panic_fmt
[INFO] [stdout]   11:     0x587d865ea1ad - std[70759c8f55707aa4]::sync::lazy_lock::panic_poisoned
[INFO] [stdout]   12:     0x587d86298159 - <std[70759c8f55707aa4]::sync::once::Once>::call_once_force::<<std[70759c8f55707aa4]::sync::lazy_lock::LazyLock<oracledb[6dc99fcf684e1601]::test_config::TestConfig>>::force::{closure#0}>::{closure#0}
[INFO] [stdout]   13:     0x587d865d2409 - <std[70759c8f55707aa4]::sys::sync::once::futex::Once>::call
[INFO] [stdout]   14:     0x587d8629abc1 - oracledb[6dc99fcf684e1601]::test_config::get_test_config
[INFO] [stdout]   15:     0x587d8623b97f - <test_1000_strings[cd158721710145f5]::common::conn>::default
[INFO] [stdout]   16:     0x587d86238706 - <test_1000_strings[cd158721710145f5]::test_1008::{closure#0} as core[df12db4294e9bfd3]::ops::function::FnOnce<()>>::call_once
[INFO] [stdout]   17:     0x587d86576deb - test[9d35eded1c95d3be]::__rust_begin_short_backtrace::<core[df12db4294e9bfd3]::result::Result<(), alloc[2182bb758b4b3781]::string::String>, fn() -> core[df12db4294e9bfd3]::result::Result<(), alloc[2182bb758b4b3781]::string::String>>
[INFO] [stdout]   18:     0x587d86584455 - test[9d35eded1c95d3be]::run_test::{closure#0}
[INFO] [stdout]   19:     0x587d8657dd14 - std[70759c8f55707aa4]::sys::backtrace::__rust_begin_short_backtrace::<test[9d35eded1c95d3be]::run_test::{closure#1}, ()>
[INFO] [stdout]   20:     0x587d865875b2 - <std[70759c8f55707aa4]::thread::lifecycle::spawn_unchecked<test[9d35eded1c95d3be]::run_test::{closure#1}, ()>::{closure#1} as core[df12db4294e9bfd3]::ops::function::FnOnce<()>>::call_once::{shim:vtable#0}
[INFO] [stdout]   21:     0x587d865f05f9 - <std[70759c8f55707aa4]::sys::thread::unix::Thread>::new::thread_start
[INFO] [stdout]   22:     0x7dab877f4dfa - <unknown>
[INFO] [stdout]   23:     0x7dab878883d4 - clone
[INFO] [stdout]   24:                0x0 - <unknown>
[INFO] [stdout] 
[INFO] [stdout] ---- test_1010 stdout ----
[INFO] [stdout] 
[INFO] [stdout] thread 'test_1010' (3829) panicked at /rustc/dfb0accb7f508ae8be965d8629557221c889dd98/library/std/src/sync/lazy_lock.rs:415:5:
[INFO] [stdout] LazyLock instance has previously been poisoned
[INFO] [stdout] stack backtrace:
[INFO] [stdout]    0:     0x587d865f18d1 - <<std[70759c8f55707aa4]::sys::backtrace::BacktraceLock>::print::DisplayBacktrace as core[df12db4294e9bfd3]::fmt::Display>::fmt
[INFO] [stdout]    1:     0x587d8660901a - core[df12db4294e9bfd3]::fmt::write
[INFO] [stdout]    2:     0x587d865f664c - <alloc[2182bb758b4b3781]::vec::Vec<u8> as core[df12db4294e9bfd3]::io::write::Write>::write_fmt
[INFO] [stdout]    3:     0x587d865cc2a6 - std[70759c8f55707aa4]::panicking::default_hook::{closure#0}
[INFO] [stdout]    4:     0x587d865e9069 - std[70759c8f55707aa4]::panicking::default_hook
[INFO] [stdout]    5:     0x587d86583b00 - test[9d35eded1c95d3be]::test_main_inner::<test[9d35eded1c95d3be]::test_main_static::{closure#0}>::{closure#0}
[INFO] [stdout]    6:     0x587d865e9222 - std[70759c8f55707aa4]::panicking::panic_with_hook
[INFO] [stdout]    7:     0x587d865cc384 - std[70759c8f55707aa4]::panicking::panic_handler::{closure#0}
[INFO] [stdout]    8:     0x587d865c4909 - std[70759c8f55707aa4]::sys::backtrace::__rust_end_short_backtrace::<std[70759c8f55707aa4]::panicking::panic_handler::{closure#0}, !>
[INFO] [stdout]    9:     0x587d865cd24d - __rustc[8fa7c3cbc660c2b3]::rust_begin_unwind
[INFO] [stdout]   10:     0x587d8660974c - core[df12db4294e9bfd3]::panicking::panic_fmt
[INFO] [stdout]   11:     0x587d865ea1ad - std[70759c8f55707aa4]::sync::lazy_lock::panic_poisoned
[INFO] [stdout]   12:     0x587d86298159 - <std[70759c8f55707aa4]::sync::once::Once>::call_once_force::<<std[70759c8f55707aa4]::sync::lazy_lock::LazyLock<oracledb[6dc99fcf684e1601]::test_config::TestConfig>>::force::{closure#0}>::{closure#0}
[INFO] [stdout]   13:     0x587d865d2409 - <std[70759c8f55707aa4]::sys::sync::once::futex::Once>::call
[INFO] [stdout]   14:     0x587d8629abc1 - oracledb[6dc99fcf684e1601]::test_config::get_test_config
[INFO] [stdout]   15:     0x587d8623b97f - <test_1000_strings[cd158721710145f5]::common::conn>::default
[INFO] [stdout]   16:     0x587d86239004 - <test_1000_strings[cd158721710145f5]::test_1010::{closure#0} as core[df12db4294e9bfd3]::ops::function::FnOnce<()>>::call_once
[INFO] [stdout]   17:     0x587d86576deb - test[9d35eded1c95d3be]::__rust_begin_short_backtrace::<core[df12db4294e9bfd3]::result::Result<(), alloc[2182bb758b4b3781]::string::String>, fn() -> core[df12db4294e9bfd3]::result::Result<(), alloc[2182bb758b4b3781]::string::String>>
[INFO] [stdout]   18:     0x587d86584455 - test[9d35eded1c95d3be]::run_test::{closure#0}
[INFO] [stdout]   19:     0x587d8657dd14 - std[70759c8f55707aa4]::sys::backtrace::__rust_begin_short_backtrace::<test[9d35eded1c95d3be]::run_test::{closure#1}, ()>
[INFO] [stdout]   20:     0x587d865875b2 - <std[70759c8f55707aa4]::thread::lifecycle::spawn_unchecked<test[9d35eded1c95d3be]::run_test::{closure#1}, ()>::{closure#1} as core[df12db4294e9bfd3]::ops::function::FnOnce<()>>::call_once::{shim:vtable#0}
[INFO] [stdout]   21:     0x587d865f05f9 - <std[70759c8f55707aa4]::sys::thread::unix::Thread>::new::thread_start
[INFO] [stdout]   22:     0x7dab877f4dfa - <unknown>
[INFO] [stdout]   23:     0x7dab878883d4 - clone
[INFO] [stdout]   24:                0x0 - <unknown>
[INFO] [stdout] 
[INFO] [stdout] ---- test_1007 stdout ----
[INFO] [stdout] 
[INFO] [stdout] thread 'test_1007' (3826) panicked at /rustc/dfb0accb7f508ae8be965d8629557221c889dd98/library/std/src/sync/lazy_lock.rs:415:5:
[INFO] [stdout] LazyLock instance has previously been poisoned
[INFO] [stdout] stack backtrace:
[INFO] [stdout]    0:     0x587d865f18d1 - <<std[70759c8f55707aa4]::sys::backtrace::BacktraceLock>::print::DisplayBacktrace as core[df12db4294e9bfd3]::fmt::Display>::fmt
[INFO] [stdout]    1:     0x587d8660901a - core[df12db4294e9bfd3]::fmt::write
[INFO] [stdout]    2:     0x587d865f664c - <alloc[2182bb758b4b3781]::vec::Vec<u8> as core[df12db4294e9bfd3]::io::write::Write>::write_fmt
[INFO] [stdout]    3:     0x587d865cc2a6 - std[70759c8f55707aa4]::panicking::default_hook::{closure#0}
[INFO] [stdout]    4:     0x587d865e9069 - std[70759c8f55707aa4]::panicking::default_hook
[INFO] [stdout]    5:     0x587d86583b00 - test[9d35eded1c95d3be]::test_main_inner::<test[9d35eded1c95d3be]::test_main_static::{closure#0}>::{closure#0}
[INFO] [stdout]    6:     0x587d865e9222 - std[70759c8f55707aa4]::panicking::panic_with_hook
[INFO] [stdout]    7:     0x587d865cc384 - std[70759c8f55707aa4]::panicking::panic_handler::{closure#0}
[INFO] [stdout]    8:     0x587d865c4909 - std[70759c8f55707aa4]::sys::backtrace::__rust_end_short_backtrace::<std[70759c8f55707aa4]::panicking::panic_handler::{closure#0}, !>
[INFO] [stdout]    9:     0x587d865cd24d - __rustc[8fa7c3cbc660c2b3]::rust_begin_unwind
[INFO] [stdout]   10:     0x587d8660974c - core[df12db4294e9bfd3]::panicking::panic_fmt
[INFO] [stdout]   11:     0x587d865ea1ad - std[70759c8f55707aa4]::sync::lazy_lock::panic_poisoned
[INFO] [stdout]   12:     0x587d86298159 - <std[70759c8f55707aa4]::sync::once::Once>::call_once_force::<<std[70759c8f55707aa4]::sync::lazy_lock::LazyLock<oracledb[6dc99fcf684e1601]::test_config::TestConfig>>::force::{closure#0}>::{closure#0}
[INFO] [stdout]   13:     0x587d865d2409 - <std[70759c8f55707aa4]::sys::sync::once::futex::Once>::call
[INFO] [stdout]   14:     0x587d8629abc1 - oracledb[6dc99fcf684e1601]::test_config::get_test_config
[INFO] [stdout]   15:     0x587d8623b97f - <test_1000_strings[cd158721710145f5]::common::conn>::default
[INFO] [stdout]   16:     0x587d86237fe3 - <test_1000_strings[cd158721710145f5]::test_1007::{closure#0} as core[df12db4294e9bfd3]::ops::function::FnOnce<()>>::call_once
[INFO] [stdout]   17:     0x587d86576deb - test[9d35eded1c95d3be]::__rust_begin_short_backtrace::<core[df12db4294e9bfd3]::result::Result<(), alloc[2182bb758b4b3781]::string::String>, fn() -> core[df12db4294e9bfd3]::result::Result<(), alloc[2182bb758b4b3781]::string::String>>
[INFO] [stdout]   18:     0x587d86584455 - test[9d35eded1c95d3be]::run_test::{closure#0}
[INFO] [stdout]   19:     0x587d8657dd14 - std[70759c8f55707aa4]::sys::backtrace::__rust_begin_short_backtrace::<test[9d35eded1c95d3be]::run_test::{closure#1}, ()>
[INFO] [stdout]   20:     0x587d865875b2 - <std[70759c8f55707aa4]::thread::lifecycle::spawn_unchecked<test[9d35eded1c95d3be]::run_test::{closure#1}, ()>::{closure#1} as core[df12db4294e9bfd3]::ops::function::FnOnce<()>>::call_once::{shim:vtable#0}
[INFO] [stdout]   21:     0x587d865f05f9 - <std[70759c8f55707aa4]::sys::thread::unix::Thread>::new::thread_start
[INFO] [stdout]   22:     0x7dab877f4dfa - <unknown>
[INFO] [stdout]   23:     0x7dab878883d4 - clone
[INFO] [stdout]   24:                0x0 - <unknown>
[INFO] [stdout] 
[INFO] [stdout] ---- test_1003 stdout ----
[INFO] [stdout] 
[INFO] [stdout] thread 'test_1003' (3822) panicked at /rustc/dfb0accb7f508ae8be965d8629557221c889dd98/library/std/src/sync/lazy_lock.rs:415:5:
[INFO] [stdout] LazyLock instance has previously been poisoned
[INFO] [stdout] stack backtrace:
[INFO] [stdout]    0:     0x587d865f18d1 - <<std[70759c8f55707aa4]::sys::backtrace::BacktraceLock>::print::DisplayBacktrace as core[df12db4294e9bfd3]::fmt::Display>::fmt
[INFO] [stdout]    1:     0x587d8660901a - core[df12db4294e9bfd3]::fmt::write
[INFO] [stdout]    2:     0x587d865f664c - <alloc[2182bb758b4b3781]::vec::Vec<u8> as core[df12db4294e9bfd3]::io::write::Write>::write_fmt
[INFO] [stdout]    3:     0x587d865cc2a6 - std[70759c8f55707aa4]::panicking::default_hook::{closure#0}
[INFO] [stdout]    4:     0x587d865e9069 - std[70759c8f55707aa4]::panicking::default_hook
[INFO] [stdout]    5:     0x587d86583b00 - test[9d35eded1c95d3be]::test_main_inner::<test[9d35eded1c95d3be]::test_main_static::{closure#0}>::{closure#0}
[INFO] [stdout]    6:     0x587d865e9222 - std[70759c8f55707aa4]::panicking::panic_with_hook
[INFO] [stdout]    7:     0x587d865cc384 - std[70759c8f55707aa4]::panicking::panic_handler::{closure#0}
[INFO] [stdout]    8:     0x587d865c4909 - std[70759c8f55707aa4]::sys::backtrace::__rust_end_short_backtrace::<std[70759c8f55707aa4]::panicking::panic_handler::{closure#0}, !>
[INFO] [stdout]    9:     0x587d865cd24d - __rustc[8fa7c3cbc660c2b3]::rust_begin_unwind
[INFO] [stdout]   10:     0x587d8660974c - core[df12db4294e9bfd3]::panicking::panic_fmt
[INFO] [stdout]   11:     0x587d865ea1ad - std[70759c8f55707aa4]::sync::lazy_lock::panic_poisoned
[INFO] [stdout]   12:     0x587d86298159 - <std[70759c8f55707aa4]::sync::once::Once>::call_once_force::<<std[70759c8f55707aa4]::sync::lazy_lock::LazyLock<oracledb[6dc99fcf684e1601]::test_config::TestConfig>>::force::{closure#0}>::{closure#0}
[INFO] [stdout]   13:     0x587d865d2409 - <std[70759c8f55707aa4]::sys::sync::once::futex::Once>::call
[INFO] [stdout]   14:     0x587d8629abc1 - oracledb[6dc99fcf684e1601]::test_config::get_test_config
[INFO] [stdout]   15:     0x587d8623b97f - <test_1000_strings[cd158721710145f5]::common::conn>::default
[INFO] [stdout]   16:     0x587d86236cc4 - <test_1000_strings[cd158721710145f5]::test_1003::{closure#0} as core[df12db4294e9bfd3]::ops::function::FnOnce<()>>::call_once
[INFO] [stdout]   17:     0x587d86576deb - test[9d35eded1c95d3be]::__rust_begin_short_backtrace::<core[df12db4294e9bfd3]::result::Result<(), alloc[2182bb758b4b3781]::string::String>, fn() -> core[df12db4294e9bfd3]::result::Result<(), alloc[2182bb758b4b3781]::string::String>>
[INFO] [stdout]   18:     0x587d86584455 - test[9d35eded1c95d3be]::run_test::{closure#0}
[INFO] [stdout]   19:     0x587d8657dd14 - std[70759c8f55707aa4]::sys::backtrace::__rust_begin_short_backtrace::<test[9d35eded1c95d3be]::run_test::{closure#1}, ()>
[INFO] [stdout]   20:     0x587d865875b2 - <std[70759c8f55707aa4]::thread::lifecycle::spawn_unchecked<test[9d35eded1c95d3be]::run_test::{closure#1}, ()>::{closure#1} as core[df12db4294e9bfd3]::ops::function::FnOnce<()>>::call_once::{shim:vtable#0}
[INFO] [stdout]   21:     0x587d865f05f9 - <std[70759c8f55707aa4]::sys::thread::unix::Thread>::new::thread_start
[INFO] [stdout]   22:     0x7dab877f4dfa - <unknown>
[INFO] [stdout]   23:     0x7dab878883d4 - clone
[INFO] [stdout]   24:                0x0 - <unknown>
[INFO] [stdout] 
[INFO] [stdout] ---- test_1012 stdout ----
[INFO] [stdout] 
[INFO] [stdout] thread 'test_1012' (3831) panicked at /rustc/dfb0accb7f508ae8be965d8629557221c889dd98/library/std/src/sync/lazy_lock.rs:415:5:
[INFO] [stdout] LazyLock instance has previously been poisoned
[INFO] [stdout] stack backtrace:
[INFO] [stdout]    0:     0x587d865f18d1 - <<std[70759c8f55707aa4]::sys::backtrace::BacktraceLock>::print::DisplayBacktrace as core[df12db4294e9bfd3]::fmt::Display>::fmt
[INFO] [stdout]    1:     0x587d8660901a - core[df12db4294e9bfd3]::fmt::write
[INFO] [stdout]    2:     0x587d865f664c - <alloc[2182bb758b4b3781]::vec::Vec<u8> as core[df12db4294e9bfd3]::io::write::Write>::write_fmt
[INFO] [stdout]    3:     0x587d865cc2a6 - std[70759c8f55707aa4]::panicking::default_hook::{closure#0}
[INFO] [stdout]    4:     0x587d865e9069 - std[70759c8f55707aa4]::panicking::default_hook
[INFO] [stdout]    5:     0x587d86583b00 - test[9d35eded1c95d3be]::test_main_inner::<test[9d35eded1c95d3be]::test_main_static::{closure#0}>::{closure#0}
[INFO] [stdout]    6:     0x587d865e9222 - std[70759c8f55707aa4]::panicking::panic_with_hook
[INFO] [stdout]    7:     0x587d865cc384 - std[70759c8f55707aa4]::panicking::panic_handler::{closure#0}
[INFO] [stdout]    8:     0x587d865c4909 - std[70759c8f55707aa4]::sys::backtrace::__rust_end_short_backtrace::<std[70759c8f55707aa4]::panicking::panic_handler::{closure#0}, !>
[INFO] [stdout]    9:     0x587d865cd24d - __rustc[8fa7c3cbc660c2b3]::rust_begin_unwind
[INFO] [stdout]   10:     0x587d8660974c - core[df12db4294e9bfd3]::panicking::panic_fmt
[INFO] [stdout]   11:     0x587d865ea1ad - std[70759c8f55707aa4]::sync::lazy_lock::panic_poisoned
[INFO] [stdout]   12:     0x587d86298159 - <std[70759c8f55707aa4]::sync::once::Once>::call_once_force::<<std[70759c8f55707aa4]::sync::lazy_lock::LazyLock<oracledb[6dc99fcf684e1601]::test_config::TestConfig>>::force::{closure#0}>::{closure#0}
[INFO] [stdout]   13:     0x587d865d2409 - <std[70759c8f55707aa4]::sys::sync::once::futex::Once>::call
[INFO] [stdout]   14:     0x587d8629abc1 - oracledb[6dc99fcf684e1601]::test_config::get_test_config
[INFO] [stdout]   15:     0x587d8623b97f - <test_1000_strings[cd158721710145f5]::common::conn>::default
[INFO] [stdout]   16:     0x587d86239d53 - <test_1000_strings[cd158721710145f5]::test_1012::{closure#0} as core[df12db4294e9bfd3]::ops::function::FnOnce<()>>::call_once
[INFO] [stdout]   17:     0x587d86576deb - test[9d35eded1c95d3be]::__rust_begin_short_backtrace::<core[df12db4294e9bfd3]::result::Result<(), alloc[2182bb758b4b3781]::string::String>, fn() -> core[df12db4294e9bfd3]::result::Result<(), alloc[2182bb758b4b3781]::string::String>>
[INFO] [stdout]   18:     0x587d86584455 - test[9d35eded1c95d3be]::run_test::{closure#0}
[INFO] [stdout]   19:     0x587d8657dd14 - std[70759c8f55707aa4]::sys::backtrace::__rust_begin_short_backtrace::<test[9d35eded1c95d3be]::run_test::{closure#1}, ()>
[INFO] [stdout]   20:     0x587d865875b2 - <std[70759c8f55707aa4]::thread::lifecycle::spawn_unchecked<test[9d35eded1c95d3be]::run_test::{closure#1}, ()>::{closure#1} as core[df12db4294e9bfd3]::ops::function::FnOnce<()>>::call_once::{shim:vtable#0}
[INFO] [stdout]   21:     0x587d865f05f9 - <std[70759c8f55707aa4]::sys::thread::unix::Thread>::new::thread_start
[INFO] [stdout]   22:     0x7dab877f4dfa - <unknown>
[INFO] [stdout]   23:     0x7dab878883d4 - clone
[INFO] [stdout]   24:                0x0 - <unknown>
[INFO] [stdout] 
[INFO] [stdout] ---- test_1001 stdout ----
[INFO] [stdout] 
[INFO] [stdout] thread 'test_1001' (3820) panicked at /rustc/dfb0accb7f508ae8be965d8629557221c889dd98/library/std/src/sync/lazy_lock.rs:415:5:
[INFO] [stdout] LazyLock instance has previously been poisoned
[INFO] [stdout] stack backtrace:
[INFO] [stdout]    0:     0x587d865f18d1 - <<std[70759c8f55707aa4]::sys::backtrace::BacktraceLock>::print::DisplayBacktrace as core[df12db4294e9bfd3]::fmt::Display>::fmt
[INFO] [stdout]    1:     0x587d8660901a - core[df12db4294e9bfd3]::fmt::write
[INFO] [stdout]    2:     0x587d865f664c - <alloc[2182bb758b4b3781]::vec::Vec<u8> as core[df12db4294e9bfd3]::io::write::Write>::write_fmt
[INFO] [stdout]    3:     0x587d865cc2a6 - std[70759c8f55707aa4]::panicking::default_hook::{closure#0}
[INFO] [stdout]    4:     0x587d865e9069 - std[70759c8f55707aa4]::panicking::default_hook
[INFO] [stdout]    5:     0x587d86583b00 - test[9d35eded1c95d3be]::test_main_inner::<test[9d35eded1c95d3be]::test_main_static::{closure#0}>::{closure#0}
[INFO] [stdout]    6:     0x587d865e9222 - std[70759c8f55707aa4]::panicking::panic_with_hook
[INFO] [stdout]    7:     0x587d865cc384 - std[70759c8f55707aa4]::panicking::panic_handler::{closure#0}
[INFO] [stdout]    8:     0x587d865c4909 - std[70759c8f55707aa4]::sys::backtrace::__rust_end_short_backtrace::<std[70759c8f55707aa4]::panicking::panic_handler::{closure#0}, !>
[INFO] [stdout]    9:     0x587d865cd24d - __rustc[8fa7c3cbc660c2b3]::rust_begin_unwind
[INFO] [stdout]   10:     0x587d8660974c - core[df12db4294e9bfd3]::panicking::panic_fmt
[INFO] [stdout]   11:     0x587d865ea1ad - std[70759c8f55707aa4]::sync::lazy_lock::panic_poisoned
[INFO] [stdout]   12:     0x587d86298159 - <std[70759c8f55707aa4]::sync::once::Once>::call_once_force::<<std[70759c8f55707aa4]::sync::lazy_lock::LazyLock<oracledb[6dc99fcf684e1601]::test_config::TestConfig>>::force::{closure#0}>::{closure#0}
[INFO] [stdout]   13:     0x587d865d2409 - <std[70759c8f55707aa4]::sys::sync::once::futex::Once>::call
[INFO] [stdout]   14:     0x587d8629abc1 - oracledb[6dc99fcf684e1601]::test_config::get_test_config
[INFO] [stdout]   15:     0x587d8623b97f - <test_1000_strings[cd158721710145f5]::common::conn>::default
[INFO] [stdout]   16:     0x587d86236624 - <test_1000_strings[cd158721710145f5]::test_1001::{closure#0} as core[df12db4294e9bfd3]::ops::function::FnOnce<()>>::call_once
[INFO] [stdout]   17:     0x587d86576deb - test[9d35eded1c95d3be]::__rust_begin_short_backtrace::<core[df12db4294e9bfd3]::result::Result<(), alloc[2182bb758b4b3781]::string::String>, fn() -> core[df12db4294e9bfd3]::result::Result<(), alloc[2182bb758b4b3781]::string::String>>
[INFO] [stdout]   18:     0x587d86584455 - test[9d35eded1c95d3be]::run_test::{closure#0}
[INFO] [stdout]   19:     0x587d8657dd14 - std[70759c8f55707aa4]::sys::backtrace::__rust_begin_short_backtrace::<test[9d35eded1c95d3be]::run_test::{closure#1}, ()>
[INFO] [stdout]   20:     0x587d865875b2 - <std[70759c8f55707aa4]::thread::lifecycle::spawn_unchecked<test[9d35eded1c95d3be]::run_test::{closure#1}, ()>::{closure#1} as core[df12db4294e9bfd3]::ops::function::FnOnce<()>>::call_once::{shim:vtable#0}
[INFO] [stdout]   21:     0x587d865f05f9 - <std[70759c8f55707aa4]::sys::thread::unix::Thread>::new::thread_start
[INFO] [stdout]   22:     0x7dab877f4dfa - <unknown>
[INFO] [stdout]   23:     0x7dab878883d4 - clone
[INFO] [stdout]   24:                0x0 - <unknown>
[INFO] [stdout] 
[INFO] [stdout] ---- test_1011 stdout ----
[INFO] [stdout] 
[INFO] [stdout] thread 'test_1011' (3830) panicked at /rustc/dfb0accb7f508ae8be965d8629557221c889dd98/library/std/src/sync/lazy_lock.rs:415:5:
[INFO] [stdout] LazyLock instance has previously been poisoned
[INFO] [stdout] stack backtrace:
[INFO] [stdout]    0:     0x587d865f18d1 - <<std[70759c8f55707aa4]::sys::backtrace::BacktraceLock>::print::DisplayBacktrace as core[df12db4294e9bfd3]::fmt::Display>::fmt
[INFO] [stdout]    1:     0x587d8660901a - core[df12db4294e9bfd3]::fmt::write
[INFO] [stdout]    2:     0x587d865f664c - <alloc[2182bb758b4b3781]::vec::Vec<u8> as core[df12db4294e9bfd3]::io::write::Write>::write_fmt
[INFO] [stdout]    3:     0x587d865cc2a6 - std[70759c8f55707aa4]::panicking::default_hook::{closure#0}
[INFO] [stdout]    4:     0x587d865e9069 - std[70759c8f55707aa4]::panicking::default_hook
[INFO] [stdout]    5:     0x587d86583b00 - test[9d35eded1c95d3be]::test_main_inner::<test[9d35eded1c95d3be]::test_main_static::{closure#0}>::{closure#0}
[INFO] [stdout]    6:     0x587d865e9222 - std[70759c8f55707aa4]::panicking::panic_with_hook
[INFO] [stdout]    7:     0x587d865cc384 - std[70759c8f55707aa4]::panicking::panic_handler::{closure#0}
[INFO] [stdout]    8:     0x587d865c4909 - std[70759c8f55707aa4]::sys::backtrace::__rust_end_short_backtrace::<std[70759c8f55707aa4]::panicking::panic_handler::{closure#0}, !>
[INFO] [stdout]    9:     0x587d865cd24d - __rustc[8fa7c3cbc660c2b3]::rust_begin_unwind
[INFO] [stdout]   10:     0x587d8660974c - core[df12db4294e9bfd3]::panicking::panic_fmt
[INFO] [stdout]   11:     0x587d865ea1ad - std[70759c8f55707aa4]::sync::lazy_lock::panic_poisoned
[INFO] [stdout]   12:     0x587d86298159 - <std[70759c8f55707aa4]::sync::once::Once>::call_once_force::<<std[70759c8f55707aa4]::sync::lazy_lock::LazyLock<oracledb[6dc99fcf684e1601]::test_config::TestConfig>>::force::{closure#0}>::{closure#0}
[INFO] [stdout]   13:     0x587d865d2409 - <std[70759c8f55707aa4]::sys::sync::once::futex::Once>::call
[INFO] [stdout]   14:     0x587d8629abc1 - oracledb[6dc99fcf684e1601]::test_config::get_test_config
[INFO] [stdout]   15:     0x587d8623b97f - <test_1000_strings[cd158721710145f5]::common::conn>::default
[INFO] [stdout]   16:     0x587d86239374 - <test_1000_strings[cd158721710145f5]::test_1011::{closure#0} as core[df12db4294e9bfd3]::ops::function::FnOnce<()>>::call_once
[INFO] [stdout]   17:     0x587d86576deb - test[9d35eded1c95d3be]::__rust_begin_short_backtrace::<core[df12db4294e9bfd3]::result::Result<(), alloc[2182bb758b4b3781]::string::String>, fn() -> core[df12db4294e9bfd3]::result::Result<(), alloc[2182bb758b4b3781]::string::String>>
[INFO] [stdout]   18:     0x587d86584455 - test[9d35eded1c95d3be]::run_test::{closure#0}
[INFO] [stdout]   19:     0x587d8657dd14 - std[70759c8f55707aa4]::sys::backtrace::__rust_begin_short_backtrace::<test[9d35eded1c95d3be]::run_test::{closure#1}, ()>
[INFO] [stdout]   20:     0x587d865875b2 - <std[70759c8f55707aa4]::thread::lifecycle::spawn_unchecked<test[9d35eded1c95d3be]::run_test::{closure#1}, ()>::{closure#1} as core[df12db4294e9bfd3]::ops::function::FnOnce<()>>::call_once::{shim:vtable#0}
[INFO] [stdout]   21:     0x587d865f05f9 - <std[70759c8f55707aa4]::sys::thread::unix::Thread>::new::thread_start
[INFO] [stdout]   22:     0x7dab877f4dfa - <unknown>
[INFO] [stdout]   23:     0x7dab878883d4 - clone
[INFO] [stdout]   24:                0x0 - <unknown>
[INFO] [stdout] 
[INFO] [stdout] 
[INFO] [stdout] failures:
[INFO] [stdout]     test_1000
[INFO] [stdout]     test_1001
[INFO] [stdout]     test_1002
[INFO] [stdout]     test_1003
[INFO] [stdout]     test_1004
[INFO] [stdout]     test_1005
[INFO] [stdout]     test_1006
[INFO] [stdout]     test_1007
[INFO] [stdout]     test_1008
[INFO] [stdout]     test_1009
[INFO] [stdout]     test_1010
[INFO] [stdout]     test_1011
[INFO] [stdout]     test_1012
[INFO] [stdout] 
[INFO] [stdout] test result: FAILED. 0 passed; 13 failed; 0 ignored; 0 measured; 0 filtered out; finished in 0.00s
[INFO] [stdout] 
[INFO] running `Command { std: "docker" "inspect" "8d1638512b150efe020e9e089b35d0b9aa5962fdafc760415c794cafbea0dac1", kill_on_drop: false }`
[INFO] running `Command { std: "docker" "rm" "-f" "8d1638512b150efe020e9e089b35d0b9aa5962fdafc760415c794cafbea0dac1", kill_on_drop: false }`
[INFO] [stdout] 8d1638512b150efe020e9e089b35d0b9aa5962fdafc760415c794cafbea0dac1
