[INFO] fetching crate or-prism 0.1.1...
[INFO] testing or-prism-0.1.1 against 1.100.0-beta.1+cargoflags=--release for beta-release-1.100-2
[INFO] extracting crate or-prism 0.1.1 into /workspace/builds/worker-7-tc2/source
[INFO] started tweaking crates.io crate or-prism 0.1.1
[INFO] removed 0 missing tests
[INFO] finished tweaking crates.io crate or-prism 0.1.1
[INFO] tweaked toml for crates.io crate or-prism 0.1.1 written to /workspace/builds/worker-7-tc2/source/Cargo.toml
[INFO] validating manifest of crates.io crate or-prism 0.1.1 on toolchain 1.100.0-beta.1
[INFO] running `Command { std: CARGO_HOME="/workspace/cargo-home" RUSTUP_HOME="/workspace/rustup-home" "/workspace/cargo-home/bin/cargo" "+1.100.0-beta.1" "metadata" "--manifest-path" "Cargo.toml" "--no-deps", kill_on_drop: false }`
[INFO] crate crates.io crate or-prism 0.1.1 already has a lockfile, it will not be regenerated
[INFO] running `Command { std: CARGO_HOME="/workspace/cargo-home" RUSTUP_HOME="/workspace/rustup-home" "/workspace/cargo-home/bin/cargo" "+1.100.0-beta.1" "fetch" "--manifest-path" "Cargo.toml", kill_on_drop: false }`
[INFO] running `Command { std: "docker" "create" "-v" "/var/lib/crater-agent-workspace/builds/worker-7-tc2/source:/opt/rustwide/workdir:ro,Z" "-v" "/var/lib/crater-agent-workspace/builds/worker-7-tc2/target:/opt/rustwide/target:rw,Z" "-v" "/var/lib/crater-agent-workspace/cargo-home:/opt/rustwide/cargo-home:ro,Z" "-v" "/var/lib/crater-agent-workspace/rustup-home:/opt/rustwide/rustup-home:ro,Z" "-m" "1610612736" "--network" "none" "ghcr.io/rust-lang/crates-build-env/linux@sha256:77db811e55d90add9212f6832c23229e3de5f1c1f9905e8cb07319ea15df73ac" "sleep" "infinity", kill_on_drop: false }`
[INFO] [stdout] 6ad994f3832d1b3c36b3f3b743bbdf97e34069c308ceeaaf091606bc12a10268
[INFO] running `Command { std: "docker" "start" "6ad994f3832d1b3c36b3f3b743bbdf97e34069c308ceeaaf091606bc12a10268", kill_on_drop: false }`
[INFO] running `Command { std: "docker" "inspect" "6ad994f3832d1b3c36b3f3b743bbdf97e34069c308ceeaaf091606bc12a10268", kill_on_drop: false }`
[INFO] running `Command { std: "docker" "exec" "-e" "SOURCE_DIR=/opt/rustwide/workdir" "-e" "CARGO_HOME=/opt/rustwide/cargo-home" "-e" "RUSTUP_HOME=/opt/rustwide/rustup-home" "-e" "CARGO_TARGET_DIR=/opt/rustwide/target" "-w" "/opt/rustwide/workdir" "--user" "0:0" "6ad994f3832d1b3c36b3f3b743bbdf97e34069c308ceeaaf091606bc12a10268" "/opt/rustwide/cargo-home/bin/cargo" "+1.100.0-beta.1" "metadata" "--no-deps" "--format-version=1", kill_on_drop: false }`
[INFO] running `Command { std: "docker" "inspect" "6ad994f3832d1b3c36b3f3b743bbdf97e34069c308ceeaaf091606bc12a10268", kill_on_drop: false }`
[INFO] running `Command { std: "docker" "exec" "-e" "SOURCE_DIR=/opt/rustwide/workdir" "-e" "CARGO_HOME=/opt/rustwide/cargo-home" "-e" "RUSTUP_HOME=/opt/rustwide/rustup-home" "-e" "CARGO_TARGET_DIR=/opt/rustwide/target" "-e" "CARGO_INCREMENTAL=0" "-e" "RUST_BACKTRACE=full" "-e" "RUSTFLAGS=--cap-lints=warn" "-e" "RUSTDOCFLAGS=--cap-lints=warn" "-w" "/opt/rustwide/workdir" "--user" "0:0" "6ad994f3832d1b3c36b3f3b743bbdf97e34069c308ceeaaf091606bc12a10268" "/opt/rustwide/cargo-home/bin/cargo" "+1.100.0-beta.1" "build" "--frozen" "--message-format=json" "--release", kill_on_drop: false }`
[INFO] [stderr]    Compiling libc v0.2.185
[INFO] [stderr]    Compiling aws-lc-rs v1.16.2
[INFO] [stderr]    Compiling zerocopy v0.8.48
[INFO] [stderr]    Compiling tracing v0.1.44
[INFO] [stderr]    Compiling futures-util v0.3.32
[INFO] [stderr]    Compiling anyhow v1.0.102
[INFO] [stderr]    Compiling rustls v0.23.38
[INFO] [stderr]    Compiling itertools v0.14.0
[INFO] [stderr]    Compiling pin-project-internal v1.1.11
[INFO] [stderr]    Compiling iri-string v0.7.12
[INFO] [stderr]    Compiling serde_urlencoded v0.7.1
[INFO] [stderr]    Compiling tracing-serde v0.2.0
[INFO] [stderr]    Compiling icu_normalizer v2.2.0
[INFO] [stderr]    Compiling opentelemetry v0.31.0
[INFO] [stderr]    Compiling tracing-subscriber v0.3.23
[INFO] [stderr]    Compiling idna_adapter v1.2.1
[INFO] [stderr]    Compiling idna v1.1.0
[INFO] [stderr]    Compiling pin-project v1.1.11
[INFO] [stderr]    Compiling url v2.5.8
[INFO] [stderr]    Compiling errno v0.3.14
[INFO] [stderr]    Compiling socket2 v0.6.3
[INFO] [stderr]    Compiling mio v1.2.0
[INFO] [stderr]    Compiling jobserver v0.1.34
[INFO] [stderr]    Compiling signal-hook-registry v1.4.8
[INFO] [stderr]    Compiling cc v1.2.60
[INFO] [stderr]    Compiling getrandom v0.3.4
[INFO] [stderr]    Compiling rand_core v0.9.5
[INFO] [stderr]    Compiling tokio v1.52.0
[INFO] [stderr]    Compiling prost-derive v0.14.3
[INFO] [stderr]    Compiling tracing-opentelemetry v0.32.1
[INFO] [stderr]    Compiling cmake v0.1.58
[INFO] [stderr]    Compiling aws-lc-sys v0.39.1
[INFO] [stderr]    Compiling prost v0.14.3
[INFO] [stderr]    Compiling futures-executor v0.3.32
[INFO] [stderr]    Compiling ppv-lite86 v0.2.21
[INFO] [stderr]    Compiling rand_chacha v0.9.0
[INFO] [stderr]    Compiling rand v0.9.4
[INFO] [stderr]    Compiling hyper v1.9.0
[INFO] [stderr]    Compiling tower v0.5.3
[INFO] [stderr]    Compiling tokio-stream v0.1.18
[INFO] [stderr]    Compiling tonic v0.14.5
[INFO] [stderr]    Compiling opentelemetry_sdk v0.31.0
[INFO] [stderr]    Compiling tower-http v0.6.8
[INFO] [stderr]    Compiling hyper-util v0.1.20
[INFO] [stderr]    Compiling tonic-prost v0.14.5
[INFO] [stderr]    Compiling reqwest v0.12.28
[INFO] [stderr]    Compiling opentelemetry-http v0.31.0
[INFO] [stderr]    Compiling opentelemetry-proto v0.31.0
[INFO] [stderr]    Compiling opentelemetry-otlp v0.31.1
[INFO] [stderr]    Compiling rustls-webpki v0.103.12
[INFO] [stderr]    Compiling tokio-rustls v0.26.4
[INFO] [stderr]    Compiling rustls-platform-verifier v0.6.2
[INFO] [stderr]    Compiling hyper-rustls v0.27.9
[INFO] [stderr]    Compiling reqwest v0.13.2
[INFO] [stderr]    Compiling or-prism v0.1.1 (/opt/rustwide/workdir)
[INFO] [stderr]     Finished `release` profile [optimized] target(s) in 1m 12s
[INFO] running `Command { std: "docker" "inspect" "6ad994f3832d1b3c36b3f3b743bbdf97e34069c308ceeaaf091606bc12a10268", kill_on_drop: false }`
[INFO] running `Command { std: "docker" "exec" "-e" "SOURCE_DIR=/opt/rustwide/workdir" "-e" "CARGO_HOME=/opt/rustwide/cargo-home" "-e" "RUSTUP_HOME=/opt/rustwide/rustup-home" "-e" "CARGO_TARGET_DIR=/opt/rustwide/target" "-e" "CARGO_INCREMENTAL=0" "-e" "RUST_BACKTRACE=full" "-e" "RUSTFLAGS=--cap-lints=warn" "-e" "RUSTDOCFLAGS=--cap-lints=warn" "-w" "/opt/rustwide/workdir" "--user" "0:0" "6ad994f3832d1b3c36b3f3b743bbdf97e34069c308ceeaaf091606bc12a10268" "/opt/rustwide/cargo-home/bin/cargo" "+1.100.0-beta.1" "test" "--frozen" "--no-run" "--message-format=json" "--release", kill_on_drop: false }`
[INFO] [stderr]    Compiling or-prism v0.1.1 (/opt/rustwide/workdir)
[INFO] [stderr]     Finished `release` profile [optimized] target(s) in 0.62s
[INFO] running `Command { std: "docker" "inspect" "6ad994f3832d1b3c36b3f3b743bbdf97e34069c308ceeaaf091606bc12a10268", kill_on_drop: false }`
[INFO] running `Command { std: "docker" "exec" "-e" "SOURCE_DIR=/opt/rustwide/workdir" "-e" "CARGO_HOME=/opt/rustwide/cargo-home" "-e" "RUSTUP_HOME=/opt/rustwide/rustup-home" "-e" "CARGO_TARGET_DIR=/opt/rustwide/target" "-e" "CARGO_INCREMENTAL=0" "-e" "RUST_BACKTRACE=full" "-e" "RUSTFLAGS=--cap-lints=warn" "-e" "RUSTDOCFLAGS=--cap-lints=warn" "-w" "/opt/rustwide/workdir" "--user" "0:0" "6ad994f3832d1b3c36b3f3b743bbdf97e34069c308ceeaaf091606bc12a10268" "/opt/rustwide/cargo-home/bin/cargo" "+1.100.0-beta.1" "test" "--frozen" "--release", kill_on_drop: false }`
[INFO] [stderr]     Finished `release` profile [optimized] target(s) in 0.16s
[INFO] [stderr]      Running unittests src/lib.rs (/opt/rustwide/target/release/build/or-prism/d8fd7bdd2586410e/out/or_prism-d8fd7bdd2586410e)
[INFO] [stdout] 
[INFO] [stdout] running 0 tests
[INFO] [stdout] 
[INFO] [stdout] test result: ok. 0 passed; 0 failed; 0 ignored; 0 measured; 0 filtered out; finished in 0.00s
[INFO] [stdout] 
[INFO] [stderr]      Running tests/unit_suite.rs (/opt/rustwide/target/release/build/or-prism/bcc91a2104aea039/out/unit_suite-bcc91a2104aea039)
[INFO] [stdout] 
[INFO] [stdout] running 2 tests
[INFO] [stdout] test unit::install_global_subscriber_rejects_blank_endpoint ... ok
[INFO] [stdout] test unit::install_global_subscriber_accepts_valid_http_endpoint ... FAILED
[INFO] [stdout] 
[INFO] [stdout] failures:
[INFO] [stdout] 
[INFO] [stdout] ---- unit::install_global_subscriber_accepts_valid_http_endpoint stdout ----
[INFO] [stdout] 
[INFO] [stdout] thread 'unit::install_global_subscriber_accepts_valid_http_endpoint' (2358) panicked at tests/unit/mod.rs:6:5:
[INFO] [stdout] expected subscriber install to succeed: Err(Exporter("no http client specified"))
[INFO] [stdout] stack backtrace:
[INFO] [stdout]    0:     0x64a5218476c1 - <<std[617be2ca0a6fd877]::sys::backtrace::BacktraceLock>::print::DisplayBacktrace as core[a373ad73a504971]::fmt::Display>::fmt
[INFO] [stdout]    1:     0x64a52185d99a - core[a373ad73a504971]::fmt::write
[INFO] [stdout]    2:     0x64a52184b90c - <alloc[2e1b2a31b91974c5]::vec::Vec<u8> as core[a373ad73a504971]::io::write::Write>::write_fmt
[INFO] [stdout]    3:     0x64a521823956 - std[617be2ca0a6fd877]::panicking::default_hook::{closure#0}
[INFO] [stdout]    4:     0x64a52183fbc9 - std[617be2ca0a6fd877]::panicking::default_hook
[INFO] [stdout]    5:     0x64a5216b7ce0 - test[aada8e7e76ba119b]::test_main_inner::{closure#0}
[INFO] [stdout]    6:     0x64a52183fd82 - std[617be2ca0a6fd877]::panicking::panic_with_hook
[INFO] [stdout]    7:     0x64a521823a02 - std[617be2ca0a6fd877]::panicking::panic_handler::{closure#0}
[INFO] [stdout]    8:     0x64a52181c719 - std[617be2ca0a6fd877]::sys::backtrace::__rust_end_short_backtrace::<std[617be2ca0a6fd877]::panicking::panic_handler::{closure#0}, !>
[INFO] [stdout]    9:     0x64a52182460d - __rustc[ea4f61d10b84890b]::rust_begin_unwind
[INFO] [stdout]   10:     0x64a52185e17c - core[a373ad73a504971]::panicking::panic_fmt
[INFO] [stdout]   11:     0x64a5216ab097 - <unit_suite[3492f80aa44f5962]::unit::install_global_subscriber_accepts_valid_http_endpoint::{closure#0} as core[a373ad73a504971]::ops::function::FnOnce<()>>::call_once
[INFO] [stdout]   12:     0x64a5216ab12b - test[aada8e7e76ba119b]::__rust_begin_short_backtrace::<core[a373ad73a504971]::result::Result<(), alloc[2e1b2a31b91974c5]::string::String>, fn() -> core[a373ad73a504971]::result::Result<(), alloc[2e1b2a31b91974c5]::string::String>>
[INFO] [stdout]   13:     0x64a5216b8305 - test[aada8e7e76ba119b]::run_test::{closure#0}
[INFO] [stdout]   14:     0x64a5216b1bf4 - std[617be2ca0a6fd877]::sys::backtrace::__rust_begin_short_backtrace::<test[aada8e7e76ba119b]::run_test::{closure#1}, ()>
[INFO] [stdout]   15:     0x64a5216bb392 - <std[617be2ca0a6fd877]::thread::lifecycle::spawn_unchecked<test[aada8e7e76ba119b]::run_test::{closure#1}, ()>::{closure#1} as core[a373ad73a504971]::ops::function::FnOnce<()>>::call_once::{shim:vtable#0}
[INFO] [stdout]   16:     0x64a521846eef - <std[617be2ca0a6fd877]::sys::thread::unix::Thread>::new::thread_start
[INFO] [stdout]   17:     0x7ddc37d74dfa - <unknown>
[INFO] [stdout]   18:     0x7ddc37e083d4 - clone
[INFO] [stdout]   19:                0x0 - <unknown>
[INFO] [stdout] 
[INFO] [stdout] 
[INFO] [stdout] failures:
[INFO] [stdout]     unit::install_global_subscriber_accepts_valid_http_endpoint
[INFO] [stdout] 
[INFO] [stdout] test result: FAILED. 1 passed; 1 failed; 0 ignored; 0 measured; 0 filtered out; finished in 0.00s
[INFO] [stdout] 
[INFO] [stderr] error: test failed, to rerun pass `--test unit_suite`
[INFO] running `Command { std: "docker" "inspect" "6ad994f3832d1b3c36b3f3b743bbdf97e34069c308ceeaaf091606bc12a10268", kill_on_drop: false }`
[INFO] running `Command { std: "docker" "rm" "-f" "6ad994f3832d1b3c36b3f3b743bbdf97e34069c308ceeaaf091606bc12a10268", kill_on_drop: false }`
[INFO] [stdout] 6ad994f3832d1b3c36b3f3b743bbdf97e34069c308ceeaaf091606bc12a10268
