[INFO] fetching crate opy-compiler 0.1.6...
[INFO] testing opy-compiler-0.1.6 against 1.100.0-beta.1+cargoflags=--release for beta-release-1.100-2
[INFO] extracting crate opy-compiler 0.1.6 into /workspace/builds/worker-3-tc2/source
[INFO] started tweaking crates.io crate opy-compiler 0.1.6
[INFO] removed 0 missing tests
[INFO] finished tweaking crates.io crate opy-compiler 0.1.6
[INFO] tweaked toml for crates.io crate opy-compiler 0.1.6 written to /workspace/builds/worker-3-tc2/source/Cargo.toml
[INFO] validating manifest of crates.io crate opy-compiler 0.1.6 on toolchain 1.100.0-beta.1
[INFO] running `Command { std: CARGO_HOME="/workspace/cargo-home" RUSTUP_HOME="/workspace/rustup-home" "/workspace/cargo-home/bin/cargo" "+1.100.0-beta.1" "metadata" "--manifest-path" "Cargo.toml" "--no-deps", kill_on_drop: false }`
[INFO] crate crates.io crate opy-compiler 0.1.6 already has a lockfile, it will not be regenerated
[INFO] running `Command { std: CARGO_HOME="/workspace/cargo-home" RUSTUP_HOME="/workspace/rustup-home" "/workspace/cargo-home/bin/cargo" "+1.100.0-beta.1" "fetch" "--manifest-path" "Cargo.toml", kill_on_drop: false }`
[INFO] running `Command { std: "docker" "create" "-v" "/var/lib/crater-agent-workspace/builds/worker-3-tc2/source:/opt/rustwide/workdir:ro,Z" "-v" "/var/lib/crater-agent-workspace/builds/worker-3-tc2/target:/opt/rustwide/target:rw,Z" "-v" "/var/lib/crater-agent-workspace/cargo-home:/opt/rustwide/cargo-home:ro,Z" "-v" "/var/lib/crater-agent-workspace/rustup-home:/opt/rustwide/rustup-home:ro,Z" "-m" "1610612736" "--network" "none" "ghcr.io/rust-lang/crates-build-env/linux@sha256:77db811e55d90add9212f6832c23229e3de5f1c1f9905e8cb07319ea15df73ac" "sleep" "infinity", kill_on_drop: false }`
[INFO] [stdout] 3eac8f20ca928ac32848f646218b9b721cd1d4dcf7c46b7e11ee9aa6bb64c201
[INFO] running `Command { std: "docker" "start" "3eac8f20ca928ac32848f646218b9b721cd1d4dcf7c46b7e11ee9aa6bb64c201", kill_on_drop: false }`
[INFO] running `Command { std: "docker" "inspect" "3eac8f20ca928ac32848f646218b9b721cd1d4dcf7c46b7e11ee9aa6bb64c201", kill_on_drop: false }`
[INFO] running `Command { std: "docker" "exec" "-e" "SOURCE_DIR=/opt/rustwide/workdir" "-e" "CARGO_HOME=/opt/rustwide/cargo-home" "-e" "RUSTUP_HOME=/opt/rustwide/rustup-home" "-e" "CARGO_TARGET_DIR=/opt/rustwide/target" "-w" "/opt/rustwide/workdir" "--user" "0:0" "3eac8f20ca928ac32848f646218b9b721cd1d4dcf7c46b7e11ee9aa6bb64c201" "/opt/rustwide/cargo-home/bin/cargo" "+1.100.0-beta.1" "metadata" "--no-deps" "--format-version=1", kill_on_drop: false }`
[INFO] running `Command { std: "docker" "inspect" "3eac8f20ca928ac32848f646218b9b721cd1d4dcf7c46b7e11ee9aa6bb64c201", kill_on_drop: false }`
[INFO] running `Command { std: "docker" "exec" "-e" "SOURCE_DIR=/opt/rustwide/workdir" "-e" "CARGO_HOME=/opt/rustwide/cargo-home" "-e" "RUSTUP_HOME=/opt/rustwide/rustup-home" "-e" "CARGO_TARGET_DIR=/opt/rustwide/target" "-e" "CARGO_INCREMENTAL=0" "-e" "RUST_BACKTRACE=full" "-e" "RUSTFLAGS=--cap-lints=warn" "-e" "RUSTDOCFLAGS=--cap-lints=warn" "-w" "/opt/rustwide/workdir" "--user" "0:0" "3eac8f20ca928ac32848f646218b9b721cd1d4dcf7c46b7e11ee9aa6bb64c201" "/opt/rustwide/cargo-home/bin/cargo" "+1.100.0-beta.1" "build" "--frozen" "--message-format=json" "--release", kill_on_drop: false }`
[INFO] [stderr]    Compiling glob v0.3.4
[INFO] [stderr]    Compiling prettyplease v0.2.37
[INFO] [stderr]    Compiling regex-syntax v0.8.11
[INFO] [stderr]    Compiling libc v0.2.189
[INFO] [stderr]    Compiling quote v1.0.47
[INFO] [stderr]    Compiling nom v7.1.3
[INFO] [stderr]    Compiling libloading v0.8.9
[INFO] [stderr]    Compiling bindgen v0.72.1
[INFO] [stderr]    Compiling same-file v1.0.6
[INFO] [stderr]    Compiling either v1.18.0
[INFO] [stderr]    Compiling syn v2.0.119
[INFO] [stderr]    Compiling walkdir v2.5.0
[INFO] [stderr]    Compiling bitflags v2.13.1
[INFO] [stderr]    Compiling itertools v0.13.0
[INFO] [stderr]    Compiling rustc-hash v2.1.3
[INFO] [stderr]    Compiling clang-sys v1.9.1
[INFO] [stderr]    Compiling find-msvc-tools v0.1.11
[INFO] [stderr]    Compiling copy_dir v0.1.3
[INFO] [stderr]    Compiling syn v3.0.4
[INFO] [stderr]    Compiling jobserver v0.1.35
[INFO] [stderr]    Compiling cc v1.4.4
[INFO] [stderr]    Compiling regex-automata v0.4.18
[INFO] [stderr]    Compiling cexpr v0.6.0
[INFO] [stderr]    Compiling serde_derive v1.0.229
[INFO] [stderr]    Compiling regex v1.13.1
[INFO] [stderr]    Compiling serde v1.0.229
[INFO] [stderr]    Compiling workshop-rs v0.1.11
[INFO] [stderr]    Compiling libquickjs-ng-sys v0.13.0
[INFO] [stderr]    Compiling opy-macro-js v0.1.6
[INFO] [stderr]    Compiling opy-rs v0.1.6
[INFO] [stderr]    Compiling opy-compiler v0.1.6 (/opt/rustwide/workdir)
[INFO] [stderr]     Finished `release` profile [optimized] target(s) in 1m 51s
[INFO] running `Command { std: "docker" "inspect" "3eac8f20ca928ac32848f646218b9b721cd1d4dcf7c46b7e11ee9aa6bb64c201", kill_on_drop: false }`
[INFO] running `Command { std: "docker" "exec" "-e" "SOURCE_DIR=/opt/rustwide/workdir" "-e" "CARGO_HOME=/opt/rustwide/cargo-home" "-e" "RUSTUP_HOME=/opt/rustwide/rustup-home" "-e" "CARGO_TARGET_DIR=/opt/rustwide/target" "-e" "CARGO_INCREMENTAL=0" "-e" "RUST_BACKTRACE=full" "-e" "RUSTFLAGS=--cap-lints=warn" "-e" "RUSTDOCFLAGS=--cap-lints=warn" "-w" "/opt/rustwide/workdir" "--user" "0:0" "3eac8f20ca928ac32848f646218b9b721cd1d4dcf7c46b7e11ee9aa6bb64c201" "/opt/rustwide/cargo-home/bin/cargo" "+1.100.0-beta.1" "test" "--frozen" "--no-run" "--message-format=json" "--release", kill_on_drop: false }`
[INFO] [stderr]    Compiling opy-compiler v0.1.6 (/opt/rustwide/workdir)
[INFO] [stderr]     Finished `release` profile [optimized] target(s) in 17.46s
[INFO] running `Command { std: "docker" "inspect" "3eac8f20ca928ac32848f646218b9b721cd1d4dcf7c46b7e11ee9aa6bb64c201", kill_on_drop: false }`
[INFO] running `Command { std: "docker" "exec" "-e" "SOURCE_DIR=/opt/rustwide/workdir" "-e" "CARGO_HOME=/opt/rustwide/cargo-home" "-e" "RUSTUP_HOME=/opt/rustwide/rustup-home" "-e" "CARGO_TARGET_DIR=/opt/rustwide/target" "-e" "CARGO_INCREMENTAL=0" "-e" "RUST_BACKTRACE=full" "-e" "RUSTFLAGS=--cap-lints=warn" "-e" "RUSTDOCFLAGS=--cap-lints=warn" "-w" "/opt/rustwide/workdir" "--user" "0:0" "3eac8f20ca928ac32848f646218b9b721cd1d4dcf7c46b7e11ee9aa6bb64c201" "/opt/rustwide/cargo-home/bin/cargo" "+1.100.0-beta.1" "test" "--frozen" "--release", kill_on_drop: false }`
[INFO] [stderr]     Finished `release` profile [optimized] target(s) in 0.10s
[INFO] [stdout] 
[INFO] [stderr]      Running unittests src/lib.rs (/opt/rustwide/target/release/build/opy-compiler/e14e3f7fb4dd2333/out/opy_compiler-e14e3f7fb4dd2333)
[INFO] [stdout] running 35 tests
[INFO] [stdout] test tests::active_replacement_state_is_checked_without_directive_history ... ok
[INFO] [stdout] test tests::expressions_and_values_lower_to_canonical_wir ... ok
[INFO] [stdout] test tests::implicit_default_player_variables_use_independent_reference_slots ... ok
[INFO] [stdout] test tests::implicit_default_player_slot_collision_is_source_attributed ... ok
[INFO] [stdout] test tests::auto_allocation_fills_free_slots_below_early_explicit_indices ... ok
[INFO] [stdout] test tests::explicit_indices_are_reserved_before_deterministic_allocation ... ok
[INFO] [stdout] test tests::assignments_and_modifications_lower_to_canonical_wir ... ok
[INFO] [stdout] test tests::compile_report_preserves_integration_failure_class_and_source_path ... ok
[INFO] [stdout] test tests::compile_report_is_versioned_and_contains_reproducibility_identity ... ok
[INFO] [stdout] test tests::compile_report_preserves_frontend_failure_class_and_source_path ... ok
[INFO] [stdout] test tests::implicit_default_variable_slot_collision_is_source_attributed ... ok
[INFO] [stdout] test tests::issue_40_oracle_fixture_and_wir_lowering_agree ... FAILED
[INFO] [stdout] test tests::post_compile_hook_failure_keeps_script_provenance_and_directive_anchor ... FAILED
[INFO] [stdout] test tests::optimizer_directives_remain_non_blocking_presentation_controls ... ok
[INFO] [stdout] test tests::implicit_default_variables_use_reference_fixed_slots ... ok
[INFO] [stdout] test tests::post_compile_hook_receives_exact_emitted_workshop ... FAILED
[INFO] [stdout] test tests::locale_selection_emits_catalog_localized_workshop ... ok
[INFO] [stdout] test tests::player_event_filters_resolve_through_canonical_catalog ... ok
[INFO] [stdout] test tests::opy_hex_numbers_are_normalized_at_the_wir_boundary ... ok
[INFO] [stdout] test tests::settings_whitespace_normalization_preserves_quoted_values ... ok
[INFO] [stdout] test tests::public_contract_is_pinned_and_manifest_links_are_checked ... ok
[INFO] [stdout] test tests::settings_lower_through_workshop_owned_emission ... FAILED
[INFO] [stdout] test tests::stale_catalog_links_fail_explicitly ... ok
[INFO] [stdout] test tests::pass_is_supported_as_source_level_noop ... ok
[INFO] [stdout] test tests::power_expressions_lower_through_the_canonical_contract ... ok
[INFO] [stdout] test tests::power_augmented_assignment_lowers_from_source ... ok
[INFO] [stdout] test tests::replacement_directive_records_are_checked_even_if_final_state_is_restored ... ok
[INFO] [stdout] test tests::structural_subroutines_lower_to_canonical_wir ... ok
[INFO] [stdout] test tests::unsupported_primitive_lowering_is_stable_and_source_attributed ... ok
[INFO] [stdout] test tests::unsupported_locale_has_no_fabricated_source_span ... ok
[INFO] [stdout] test tests::unsupported_backend_directives_fail_at_their_source_anchor ... ok
[INFO] [stdout] test tests::variable_initializers_synthesize_initialize_rules ... ok
[INFO] [stdout] test tests::unsupported_rule_metadata_is_explicit_and_source_attributed ... ok
[INFO] [stdout] test tests::vertical_slice_preserves_source_files_spans_and_emits_workshop ... ok
[INFO] [stdout] test tests::while_lowering_is_source_attributed ... ok
[INFO] [stdout] 
[INFO] [stdout] failures:
[INFO] [stdout] 
[INFO] [stdout] ---- tests::issue_40_oracle_fixture_and_wir_lowering_agree stdout ----
[INFO] [stdout] 
[INFO] [stdout] thread 'tests::issue_40_oracle_fixture_and_wir_lowering_agree' (1043) panicked at src/lib.rs:4451:74:
[INFO] [stdout] called `Result::unwrap()` on an `Err` value: Os { code: 2, kind: NotFound, message: "No such file or directory" }
[INFO] [stdout] stack backtrace:
[INFO] [stdout]    0:     0x64ea9fbb71f1 - <<std[617be2ca0a6fd877]::sys::backtrace::BacktraceLock>::print::DisplayBacktrace as core[a373ad73a504971]::fmt::Display>::fmt
[INFO] [stdout]    1:     0x64ea9fbce08a - core[a373ad73a504971]::fmt::write
[INFO] [stdout]    2:     0x64ea9fbbb42c - <alloc[2e1b2a31b91974c5]::vec::Vec<u8> as core[a373ad73a504971]::io::write::Write>::write_fmt
[INFO] [stdout]    3:     0x64ea9fb92f96 - std[617be2ca0a6fd877]::panicking::default_hook::{closure#0}
[INFO] [stdout]    4:     0x64ea9fbaf489 - std[617be2ca0a6fd877]::panicking::default_hook
[INFO] [stdout]    5:     0x64ea9f93a4b0 - test[aada8e7e76ba119b]::test_main_inner::{closure#0}
[INFO] [stdout]    6:     0x64ea9fbaf642 - std[617be2ca0a6fd877]::panicking::panic_with_hook
[INFO] [stdout]    7:     0x64ea9fb93042 - std[617be2ca0a6fd877]::panicking::panic_handler::{closure#0}
[INFO] [stdout]    8:     0x64ea9fb8bbc9 - std[617be2ca0a6fd877]::sys::backtrace::__rust_end_short_backtrace::<std[617be2ca0a6fd877]::panicking::panic_handler::{closure#0}, !>
[INFO] [stdout]    9:     0x64ea9fb93c4d - __rustc[ea4f61d10b84890b]::rust_begin_unwind
[INFO] [stdout]   10:     0x64ea9fbce7bc - core[a373ad73a504971]::panicking::panic_fmt
[INFO] [stdout]   11:     0x64ea9fbce592 - core[a373ad73a504971]::result::unwrap_failed
[INFO] [stdout]   12:     0x64ea9f90071a - <opy_compiler[ddf0d922f5c99a76]::tests::issue_40_oracle_fixture_and_wir_lowering_agree::{closure#0} as core[a373ad73a504971]::ops::function::FnOnce<()>>::call_once
[INFO] [stdout]   13:     0x64ea9f92d8fb - test[aada8e7e76ba119b]::__rust_begin_short_backtrace::<core[a373ad73a504971]::result::Result<(), alloc[2e1b2a31b91974c5]::string::String>, fn() -> core[a373ad73a504971]::result::Result<(), alloc[2e1b2a31b91974c5]::string::String>>
[INFO] [stdout]   14:     0x64ea9f93aad5 - test[aada8e7e76ba119b]::run_test::{closure#0}
[INFO] [stdout]   15:     0x64ea9f9343c4 - std[617be2ca0a6fd877]::sys::backtrace::__rust_begin_short_backtrace::<test[aada8e7e76ba119b]::run_test::{closure#1}, ()>
[INFO] [stdout]   16:     0x64ea9f93db62 - <std[617be2ca0a6fd877]::thread::lifecycle::spawn_unchecked<test[aada8e7e76ba119b]::run_test::{closure#1}, ()>::{closure#1} as core[a373ad73a504971]::ops::function::FnOnce<()>>::call_once::{shim:vtable#0}
[INFO] [stdout]   17:     0x64ea9fbb66ef - <std[617be2ca0a6fd877]::sys::thread::unix::Thread>::new::thread_start
[INFO] [stdout]   18:     0x7ced0902adfa - <unknown>
[INFO] [stdout]   19:     0x7ced090be3d4 - clone
[INFO] [stdout]   20:                0x0 - <unknown>
[INFO] [stdout] 
[INFO] [stdout] ---- tests::post_compile_hook_failure_keeps_script_provenance_and_directive_anchor stdout ----
[INFO] [stdout] 
[INFO] [stdout] thread 'tests::post_compile_hook_failure_keeps_script_provenance_and_directive_anchor' (1049) panicked at src/lib.rs:4925:9:
[INFO] [stdout] assertion `left == right` failed
[INFO] [stdout]   left: "script-not-found"
[INFO] [stdout]  right: "post-compile-hook"
[INFO] [stdout] stack backtrace:
[INFO] [stdout]    0:     0x64ea9fbb71f1 - <<std[617be2ca0a6fd877]::sys::backtrace::BacktraceLock>::print::DisplayBacktrace as core[a373ad73a504971]::fmt::Display>::fmt
[INFO] [stdout]    1:     0x64ea9fbce08a - core[a373ad73a504971]::fmt::write
[INFO] [stdout]    2:     0x64ea9fbbb42c - <alloc[2e1b2a31b91974c5]::vec::Vec<u8> as core[a373ad73a504971]::io::write::Write>::write_fmt
[INFO] [stdout]    3:     0x64ea9fb92f96 - std[617be2ca0a6fd877]::panicking::default_hook::{closure#0}
[INFO] [stdout]    4:     0x64ea9fbaf489 - std[617be2ca0a6fd877]::panicking::default_hook
[INFO] [stdout]    5:     0x64ea9f93a4b0 - test[aada8e7e76ba119b]::test_main_inner::{closure#0}
[INFO] [stdout]    6:     0x64ea9fbaf642 - std[617be2ca0a6fd877]::panicking::panic_with_hook
[INFO] [stdout]    7:     0x64ea9fb93042 - std[617be2ca0a6fd877]::panicking::panic_handler::{closure#0}
[INFO] [stdout]    8:     0x64ea9fb8bbc9 - std[617be2ca0a6fd877]::sys::backtrace::__rust_end_short_backtrace::<std[617be2ca0a6fd877]::panicking::panic_handler::{closure#0}, !>
[INFO] [stdout]    9:     0x64ea9fb93c4d - __rustc[ea4f61d10b84890b]::rust_begin_unwind
[INFO] [stdout]   10:     0x64ea9fbce7bc - core[a373ad73a504971]::panicking::panic_fmt
[INFO] [stdout]   11:     0x64ea9fbce6d3 - core[a373ad73a504971]::panicking::assert_failed_inner
[INFO] [stdout]   12:     0x64ea9f92924b - core[a373ad73a504971]::panicking::assert_failed::<alloc[2e1b2a31b91974c5]::string::String, &str>
[INFO] [stdout]   13:     0x64ea9f909ef8 - <opy_compiler[ddf0d922f5c99a76]::tests::post_compile_hook_failure_keeps_script_provenance_and_directive_anchor::{closure#0} as core[a373ad73a504971]::ops::function::FnOnce<()>>::call_once
[INFO] [stdout]   14:     0x64ea9f92d8fb - test[aada8e7e76ba119b]::__rust_begin_short_backtrace::<core[a373ad73a504971]::result::Result<(), alloc[2e1b2a31b91974c5]::string::String>, fn() -> core[a373ad73a504971]::result::Result<(), alloc[2e1b2a31b91974c5]::string::String>>
[INFO] [stdout]   15:     0x64ea9f93aad5 - test[aada8e7e76ba119b]::run_test::{closure#0}
[INFO] [stdout]   16:     0x64ea9f9343c4 - std[617be2ca0a6fd877]::sys::backtrace::__rust_begin_short_backtrace::<test[aada8e7e76ba119b]::run_test::{closure#1}, ()>
[INFO] [stdout]   17:     0x64ea9f93db62 - <std[617be2ca0a6fd877]::thread::lifecycle::spawn_unchecked<test[aada8e7e76ba119b]::run_test::{closure#1}, ()>::{closure#1} as core[a373ad73a504971]::ops::function::FnOnce<()>>::call_once::{shim:vtable#0}
[INFO] [stdout]   18:     0x64ea9fbb66ef - <std[617be2ca0a6fd877]::sys::thread::unix::Thread>::new::thread_start
[INFO] [stdout]   19:     0x7ced0902adfa - <unknown>
[INFO] [stdout]   20:     0x7ced090be3d4 - clone
[INFO] [stdout]   21:                0x0 - <unknown>
[INFO] [stdout] 
[INFO] [stdout] ---- tests::post_compile_hook_receives_exact_emitted_workshop stdout ----
[INFO] [stdout] 
[INFO] [stdout] thread 'tests::post_compile_hook_receives_exact_emitted_workshop' (1050) panicked at src/lib.rs:4909:14:
[INFO] [stdout] called `Result::unwrap()` on an `Err` value: IntegrationError { diagnostic: IntegrationDiagnostic { code: "script-not-found", message: "cannot find script 'hook.js' under root '/opt/rustwide/workdir/../opy-rs/tests/fixtures/macros'", span: Some(Span { file: 0, start: Position { line: 1, col: 1 }, end: Position { line: 1, col: 28 } }), script: None } }
[INFO] [stdout] stack backtrace:
[INFO] [stdout]    0:     0x64ea9fbb71f1 - <<std[617be2ca0a6fd877]::sys::backtrace::BacktraceLock>::print::DisplayBacktrace as core[a373ad73a504971]::fmt::Display>::fmt
[INFO] [stdout]    1:     0x64ea9fbce08a - core[a373ad73a504971]::fmt::write
[INFO] [stdout]    2:     0x64ea9fbbb42c - <alloc[2e1b2a31b91974c5]::vec::Vec<u8> as core[a373ad73a504971]::io::write::Write>::write_fmt
[INFO] [stdout]    3:     0x64ea9fb92f96 - std[617be2ca0a6fd877]::panicking::default_hook::{closure#0}
[INFO] [stdout]    4:     0x64ea9fbaf489 - std[617be2ca0a6fd877]::panicking::default_hook
[INFO] [stdout]    5:     0x64ea9f93a4b0 - test[aada8e7e76ba119b]::test_main_inner::{closure#0}
[INFO] [stdout]    6:     0x64ea9fbaf642 - std[617be2ca0a6fd877]::panicking::panic_with_hook
[INFO] [stdout]    7:     0x64ea9fb93042 - std[617be2ca0a6fd877]::panicking::panic_handler::{closure#0}
[INFO] [stderr] error: test failed, to rerun pass `--lib`
[INFO] [stdout]    8:     0x64ea9fb8bbc9 - std[617be2ca0a6fd877]::sys::backtrace::__rust_end_short_backtrace::<std[617be2ca0a6fd877]::panicking::panic_handler::{closure#0}, !>
[INFO] [stdout]    9:     0x64ea9fb93c4d - __rustc[ea4f61d10b84890b]::rust_begin_unwind
[INFO] [stdout]   10:     0x64ea9fbce7bc - core[a373ad73a504971]::panicking::panic_fmt
[INFO] [stdout]   11:     0x64ea9fbce592 - core[a373ad73a504971]::result::unwrap_failed
[INFO] [stdout]   12:     0x64ea9f902564 - <opy_compiler[ddf0d922f5c99a76]::tests::post_compile_hook_receives_exact_emitted_workshop::{closure#0} as core[a373ad73a504971]::ops::function::FnOnce<()>>::call_once
[INFO] [stdout]   13:     0x64ea9f92d8fb - test[aada8e7e76ba119b]::__rust_begin_short_backtrace::<core[a373ad73a504971]::result::Result<(), alloc[2e1b2a31b91974c5]::string::String>, fn() -> core[a373ad73a504971]::result::Result<(), alloc[2e1b2a31b91974c5]::string::String>>
[INFO] [stdout]   14:     0x64ea9f93aad5 - test[aada8e7e76ba119b]::run_test::{closure#0}
[INFO] [stdout]   15:     0x64ea9f9343c4 - std[617be2ca0a6fd877]::sys::backtrace::__rust_begin_short_backtrace::<test[aada8e7e76ba119b]::run_test::{closure#1}, ()>
[INFO] [stdout]   16:     0x64ea9f93db62 - <std[617be2ca0a6fd877]::thread::lifecycle::spawn_unchecked<test[aada8e7e76ba119b]::run_test::{closure#1}, ()>::{closure#1} as core[a373ad73a504971]::ops::function::FnOnce<()>>::call_once::{shim:vtable#0}
[INFO] [stdout]   17:     0x64ea9fbb66ef - <std[617be2ca0a6fd877]::sys::thread::unix::Thread>::new::thread_start
[INFO] [stdout]   18:     0x7ced0902adfa - <unknown>
[INFO] [stdout]   19:     0x7ced090be3d4 - clone
[INFO] [stdout]   20:                0x0 - <unknown>
[INFO] [stdout] 
[INFO] [stdout] ---- tests::settings_lower_through_workshop_owned_emission stdout ----
[INFO] [stdout] 
[INFO] [stdout] thread 'tests::settings_lower_through_workshop_owned_emission' (1055) panicked at src/lib.rs:4774:74:
[INFO] [stdout] called `Result::unwrap()` on an `Err` value: Os { code: 2, kind: NotFound, message: "No such file or directory" }
[INFO] [stdout] stack backtrace:
[INFO] [stdout]    0:     0x64ea9fbb71f1 - <<std[617be2ca0a6fd877]::sys::backtrace::BacktraceLock>::print::DisplayBacktrace as core[a373ad73a504971]::fmt::Display>::fmt
[INFO] [stdout]    1:     0x64ea9fbce08a - core[a373ad73a504971]::fmt::write
[INFO] [stdout]    2:     0x64ea9fbbb42c - <alloc[2e1b2a31b91974c5]::vec::Vec<u8> as core[a373ad73a504971]::io::write::Write>::write_fmt
[INFO] [stdout]    3:     0x64ea9fb92f96 - std[617be2ca0a6fd877]::panicking::default_hook::{closure#0}
[INFO] [stdout]    4:     0x64ea9fbaf489 - std[617be2ca0a6fd877]::panicking::default_hook
[INFO] [stdout]    5:     0x64ea9f93a4b0 - test[aada8e7e76ba119b]::test_main_inner::{closure#0}
[INFO] [stdout]    6:     0x64ea9fbaf642 - std[617be2ca0a6fd877]::panicking::panic_with_hook
[INFO] [stdout]    7:     0x64ea9fb93042 - std[617be2ca0a6fd877]::panicking::panic_handler::{closure#0}
[INFO] [stdout]    8:     0x64ea9fb8bbc9 - std[617be2ca0a6fd877]::sys::backtrace::__rust_end_short_backtrace::<std[617be2ca0a6fd877]::panicking::panic_handler::{closure#0}, !>
[INFO] [stdout]    9:     0x64ea9fb93c4d - __rustc[ea4f61d10b84890b]::rust_begin_unwind
[INFO] [stdout]   10:     0x64ea9fbce7bc - core[a373ad73a504971]::panicking::panic_fmt
[INFO] [stdout]   11:     0x64ea9fbce592 - core[a373ad73a504971]::result::unwrap_failed
[INFO] [stdout]   12:     0x64ea9f9015fe - <opy_compiler[ddf0d922f5c99a76]::tests::settings_lower_through_workshop_owned_emission::{closure#0} as core[a373ad73a504971]::ops::function::FnOnce<()>>::call_once
[INFO] [stdout]   13:     0x64ea9f92d8fb - test[aada8e7e76ba119b]::__rust_begin_short_backtrace::<core[a373ad73a504971]::result::Result<(), alloc[2e1b2a31b91974c5]::string::String>, fn() -> core[a373ad73a504971]::result::Result<(), alloc[2e1b2a31b91974c5]::string::String>>
[INFO] [stdout]   14:     0x64ea9f93aad5 - test[aada8e7e76ba119b]::run_test::{closure#0}
[INFO] [stdout]   15:     0x64ea9f9343c4 - std[617be2ca0a6fd877]::sys::backtrace::__rust_begin_short_backtrace::<test[aada8e7e76ba119b]::run_test::{closure#1}, ()>
[INFO] [stdout]   16:     0x64ea9f93db62 - <std[617be2ca0a6fd877]::thread::lifecycle::spawn_unchecked<test[aada8e7e76ba119b]::run_test::{closure#1}, ()>::{closure#1} as core[a373ad73a504971]::ops::function::FnOnce<()>>::call_once::{shim:vtable#0}
[INFO] [stdout]   17:     0x64ea9fbb66ef - <std[617be2ca0a6fd877]::sys::thread::unix::Thread>::new::thread_start
[INFO] [stdout]   18:     0x7ced0902adfa - <unknown>
[INFO] [stdout]   19:     0x7ced090be3d4 - clone
[INFO] [stdout]   20:                0x0 - <unknown>
[INFO] [stdout] 
[INFO] [stdout] 
[INFO] [stdout] failures:
[INFO] [stdout]     tests::issue_40_oracle_fixture_and_wir_lowering_agree
[INFO] [stdout]     tests::post_compile_hook_failure_keeps_script_provenance_and_directive_anchor
[INFO] [stdout]     tests::post_compile_hook_receives_exact_emitted_workshop
[INFO] [stdout]     tests::settings_lower_through_workshop_owned_emission
[INFO] [stdout] 
[INFO] [stdout] test result: FAILED. 31 passed; 4 failed; 0 ignored; 0 measured; 0 filtered out; finished in 0.63s
[INFO] [stdout] 
[INFO] running `Command { std: "docker" "inspect" "3eac8f20ca928ac32848f646218b9b721cd1d4dcf7c46b7e11ee9aa6bb64c201", kill_on_drop: false }`
[INFO] running `Command { std: "docker" "rm" "-f" "3eac8f20ca928ac32848f646218b9b721cd1d4dcf7c46b7e11ee9aa6bb64c201", kill_on_drop: false }`
[INFO] [stdout] 3eac8f20ca928ac32848f646218b9b721cd1d4dcf7c46b7e11ee9aa6bb64c201
