[INFO] fetching crate opy-cli 0.3.11...
[INFO] testing opy-cli-0.3.11 against 1.100.0-beta.1+cargoflags=--release for beta-release-1.100-2
[INFO] extracting crate opy-cli 0.3.11 into /workspace/builds/worker-7-tc2/source
[INFO] started tweaking crates.io crate opy-cli 0.3.11
[INFO] removed 0 missing tests
[INFO] finished tweaking crates.io crate opy-cli 0.3.11
[INFO] tweaked toml for crates.io crate opy-cli 0.3.11 written to /workspace/builds/worker-7-tc2/source/Cargo.toml
[INFO] validating manifest of crates.io crate opy-cli 0.3.11 on toolchain 1.100.0-beta.1
[INFO] running `Command { std: CARGO_HOME="/workspace/cargo-home" RUSTUP_HOME="/workspace/rustup-home" "/workspace/cargo-home/bin/cargo" "+1.100.0-beta.1" "metadata" "--manifest-path" "Cargo.toml" "--no-deps", kill_on_drop: false }`
[INFO] crate crates.io crate opy-cli 0.3.11 already has a lockfile, it will not be regenerated
[INFO] running `Command { std: CARGO_HOME="/workspace/cargo-home" RUSTUP_HOME="/workspace/rustup-home" "/workspace/cargo-home/bin/cargo" "+1.100.0-beta.1" "fetch" "--manifest-path" "Cargo.toml", kill_on_drop: false }`
[INFO] running `Command { std: "docker" "create" "-v" "/var/lib/crater-agent-workspace/builds/worker-7-tc2/source:/opt/rustwide/workdir:ro,Z" "-v" "/var/lib/crater-agent-workspace/builds/worker-7-tc2/target:/opt/rustwide/target:rw,Z" "-v" "/var/lib/crater-agent-workspace/cargo-home:/opt/rustwide/cargo-home:ro,Z" "-v" "/var/lib/crater-agent-workspace/rustup-home:/opt/rustwide/rustup-home:ro,Z" "-m" "1610612736" "--network" "none" "ghcr.io/rust-lang/crates-build-env/linux@sha256:77db811e55d90add9212f6832c23229e3de5f1c1f9905e8cb07319ea15df73ac" "sleep" "infinity", kill_on_drop: false }`
[INFO] [stdout] 3ddda7002f2b5d4007930626d81099d28df8d526424f59fc85a2ea39f022f996
[INFO] running `Command { std: "docker" "start" "3ddda7002f2b5d4007930626d81099d28df8d526424f59fc85a2ea39f022f996", kill_on_drop: false }`
[INFO] running `Command { std: "docker" "inspect" "3ddda7002f2b5d4007930626d81099d28df8d526424f59fc85a2ea39f022f996", kill_on_drop: false }`
[INFO] running `Command { std: "docker" "exec" "-e" "SOURCE_DIR=/opt/rustwide/workdir" "-e" "CARGO_HOME=/opt/rustwide/cargo-home" "-e" "RUSTUP_HOME=/opt/rustwide/rustup-home" "-e" "CARGO_TARGET_DIR=/opt/rustwide/target" "-w" "/opt/rustwide/workdir" "--user" "0:0" "3ddda7002f2b5d4007930626d81099d28df8d526424f59fc85a2ea39f022f996" "/opt/rustwide/cargo-home/bin/cargo" "+1.100.0-beta.1" "metadata" "--no-deps" "--format-version=1", kill_on_drop: false }`
[INFO] running `Command { std: "docker" "inspect" "3ddda7002f2b5d4007930626d81099d28df8d526424f59fc85a2ea39f022f996", kill_on_drop: false }`
[INFO] running `Command { std: "docker" "exec" "-e" "SOURCE_DIR=/opt/rustwide/workdir" "-e" "CARGO_HOME=/opt/rustwide/cargo-home" "-e" "RUSTUP_HOME=/opt/rustwide/rustup-home" "-e" "CARGO_TARGET_DIR=/opt/rustwide/target" "-e" "CARGO_INCREMENTAL=0" "-e" "RUST_BACKTRACE=full" "-e" "RUSTFLAGS=--cap-lints=warn" "-e" "RUSTDOCFLAGS=--cap-lints=warn" "-w" "/opt/rustwide/workdir" "--user" "0:0" "3ddda7002f2b5d4007930626d81099d28df8d526424f59fc85a2ea39f022f996" "/opt/rustwide/cargo-home/bin/cargo" "+1.100.0-beta.1" "build" "--frozen" "--message-format=json" "--release", kill_on_drop: false }`
[INFO] [stderr]    Compiling libc v0.2.190
[INFO] [stderr]    Compiling either v1.19.0
[INFO] [stderr]    Compiling bindgen v0.72.1
[INFO] [stderr]    Compiling same-file v1.0.6
[INFO] [stderr]    Compiling clang-sys v1.9.1
[INFO] [stderr]    Compiling rustc-hash v2.1.3
[INFO] [stderr]    Compiling bitflags v2.13.2
[INFO] [stderr]    Compiling syn v3.0.9
[INFO] [stderr]    Compiling syn v2.0.119
[INFO] [stderr]    Compiling tinyvec v1.13.3
[INFO] [stderr]    Compiling aho-corasick v1.1.5
[INFO] [stderr]    Compiling unicode-ident v1.0.27
[INFO] [stderr]    Compiling walkdir v2.5.0
[INFO] [stderr]    Compiling itertools v0.13.0
[INFO] [stderr]    Compiling copy_dir v0.1.3
[INFO] [stderr]    Compiling unicode-normalization v0.1.25
[INFO] [stderr]    Compiling jobserver v0.1.35
[INFO] [stderr]    Compiling cc v1.8.0
[INFO] [stderr]    Compiling serde_derive v1.0.229
[INFO] [stderr]    Compiling clap_derive v4.6.7
[INFO] [stderr]    Compiling prettyplease v0.2.37
[INFO] [stderr]    Compiling clap v4.6.7
[INFO] [stderr]    Compiling clap_complete v4.6.11
[INFO] [stderr]    Compiling serde v1.0.229
[INFO] [stderr]    Compiling workshop-rs v1.16.0
[INFO] [stderr]    Compiling libquickjs-ng-sys v0.13.1
[INFO] [stderr]    Compiling opy-rs v0.3.11
[INFO] [stderr]    Compiling opy-cli v0.3.11 (/opt/rustwide/workdir)
[INFO] [stderr]     Finished `release` profile [optimized] target(s) in 1m 45s
[INFO] running `Command { std: "docker" "inspect" "3ddda7002f2b5d4007930626d81099d28df8d526424f59fc85a2ea39f022f996", kill_on_drop: false }`
[INFO] running `Command { std: "docker" "exec" "-e" "SOURCE_DIR=/opt/rustwide/workdir" "-e" "CARGO_HOME=/opt/rustwide/cargo-home" "-e" "RUSTUP_HOME=/opt/rustwide/rustup-home" "-e" "CARGO_TARGET_DIR=/opt/rustwide/target" "-e" "CARGO_INCREMENTAL=0" "-e" "RUST_BACKTRACE=full" "-e" "RUSTFLAGS=--cap-lints=warn" "-e" "RUSTDOCFLAGS=--cap-lints=warn" "-w" "/opt/rustwide/workdir" "--user" "0:0" "3ddda7002f2b5d4007930626d81099d28df8d526424f59fc85a2ea39f022f996" "/opt/rustwide/cargo-home/bin/cargo" "+1.100.0-beta.1" "test" "--frozen" "--no-run" "--message-format=json" "--release", kill_on_drop: false }`
[INFO] [stderr]    Compiling opy-cli v0.3.11 (/opt/rustwide/workdir)
[INFO] [stderr]     Finished `release` profile [optimized] target(s) in 1.73s
[INFO] running `Command { std: "docker" "inspect" "3ddda7002f2b5d4007930626d81099d28df8d526424f59fc85a2ea39f022f996", kill_on_drop: false }`
[INFO] running `Command { std: "docker" "exec" "-e" "SOURCE_DIR=/opt/rustwide/workdir" "-e" "CARGO_HOME=/opt/rustwide/cargo-home" "-e" "RUSTUP_HOME=/opt/rustwide/rustup-home" "-e" "CARGO_TARGET_DIR=/opt/rustwide/target" "-e" "CARGO_INCREMENTAL=0" "-e" "RUST_BACKTRACE=full" "-e" "RUSTFLAGS=--cap-lints=warn" "-e" "RUSTDOCFLAGS=--cap-lints=warn" "-w" "/opt/rustwide/workdir" "--user" "0:0" "3ddda7002f2b5d4007930626d81099d28df8d526424f59fc85a2ea39f022f996" "/opt/rustwide/cargo-home/bin/cargo" "+1.100.0-beta.1" "test" "--frozen" "--release", kill_on_drop: false }`
[INFO] [stderr]     Finished `release` profile [optimized] target(s) in 0.11s
[INFO] [stderr]      Running unittests src/main.rs (/opt/rustwide/target/release/build/opy-cli/ce26675af1b50cd0/out/opy_cli-ce26675af1b50cd0)
[INFO] [stdout] 
[INFO] [stdout] running 2 tests
[INFO] [stdout] test present::tests::explicit_renderer_and_color_override_environment_selection ... ok
[INFO] [stdout] test present::tests::workflow_values_are_escaped_at_the_correct_boundary ... ok
[INFO] [stdout] 
[INFO] [stdout] test result: ok. 2 passed; 0 failed; 0 ignored; 0 measured; 0 filtered out; finished in 0.02s
[INFO] [stdout] 
[INFO] [stderr]      Running tests/cli.rs (/opt/rustwide/target/release/build/opy-cli/2918826d752b5127/out/cli-2918826d752b5127)
[INFO] [stdout] 
[INFO] [stdout] running 28 tests
[INFO] [stdout] test explicit_renderer_and_color_override_injected_environment ... FAILED
[INFO] [stdout] test check_clean_project_exits_zero ... FAILED
[INFO] [stdout] test check_without_arguments_is_a_usage_error ... ok
[INFO] [stdout] test help_and_parse_are_driven_by_the_structured_command_model ... ok
[INFO] [stdout] test check_json_input_errors_stay_human_stderr_only ... ok
[INFO] [stdout] test compile_json_reports_literal_dict_lookup_success ... FAILED
[INFO] [stdout] test compile_accepts_every_pinned_workshop_output_locale ... FAILED
[INFO] [stdout] test compile_json_reports_success_identity_and_normalized_output ... FAILED
[INFO] [stdout] test check_missing_file_is_an_io_usage_error ... ok
[INFO] [stdout] test compile_text_prints_only_final_workshop_to_stdout ... FAILED
[INFO] [stdout] test inspect_prints_the_resolved_model_as_json ... FAILED
[INFO] [stdout] test compile_missing_file_is_an_io_usage_error ... ok
[INFO] [stdout] test compile_rejects_unsupported_locale_with_structured_diagnostic ... FAILED
[INFO] [stdout] test unknown_command_is_a_usage_error ... ok
[INFO] [stdout] test retired_support_command_is_a_usage_error ... ok
[INFO] [stdout] test version_prints_crate_and_protocol_identity ... ok
[INFO] [stdout] test all_static_completion_shells_are_generated_from_the_same_model ... ok
[INFO] [stdout] test check_reports_diagnostics_on_stderr_and_exits_one ... ok
[INFO] [stdout] test github_workflow_path_properties_are_escaped ... ok
[INFO] [stdout] test github_actions_renderer_uses_annotations_and_step_summary_without_stdout ... ok
[INFO] [stdout] test compile_json_reports_frontend_diagnostics_and_exit_one ... ok
[INFO] [stdout] test inspect_reports_diagnostics_and_exits_one ... ok
[INFO] [stdout] test lookup_empty_query_lists_the_vocabulary ... ok
[INFO] [stdout] test machine_json_stays_pure_under_github_and_color_environment ... ok
[INFO] [stdout] test lookup_json_carries_the_structured_outcome ... ok
[INFO] [stdout] test lookup_prints_function_param_lines ... ok
[INFO] [stdout] test lookup_scope_filters_namespaces ... ok
[INFO] [stdout] test lookup_limit_bounds_results ... ok
[INFO] [stdout] 
[INFO] [stdout] failures:
[INFO] [stdout] 
[INFO] [stdout] ---- explicit_renderer_and_color_override_injected_environment stdout ----
[INFO] [stdout] 
[INFO] [stdout] thread 'explicit_renderer_and_color_override_injected_environment' (1028) panicked at tests/cli.rs:407:5:
[INFO] [stdout] assertion `left == right` failed
[INFO] [stdout]   left: Some(2)
[INFO] [stdout]  right: Some(0)
[INFO] [stdout] stack backtrace:
[INFO] [stdout]    0:     0x59fd6b4eb561 - <<std[617be2ca0a6fd877]::sys::backtrace::BacktraceLock>::print::DisplayBacktrace as core[a373ad73a504971]::fmt::Display>::fmt
[INFO] [stdout]    1:     0x59fd6b5000ba - core[a373ad73a504971]::fmt::write
[INFO] [stdout]    2:     0x59fd6b4ef9dc - <alloc[2e1b2a31b91974c5]::vec::Vec<u8> as core[a373ad73a504971]::io::write::Write>::write_fmt
[INFO] [stdout]    3:     0x59fd6b4c60d6 - std[617be2ca0a6fd877]::panicking::default_hook::{closure#0}
[INFO] [stdout]    4:     0x59fd6b4e3029 - std[617be2ca0a6fd877]::panicking::default_hook
[INFO] [stdout]    5:     0x59fd6b47e270 - test[aada8e7e76ba119b]::test_main_inner::{closure#0}
[INFO] [stdout]    6:     0x59fd6b4e31e2 - std[617be2ca0a6fd877]::panicking::panic_with_hook
[INFO] [stdout]    7:     0x59fd6b4c6182 - std[617be2ca0a6fd877]::panicking::panic_handler::{closure#0}
[INFO] [stdout]    8:     0x59fd6b4bebe9 - std[617be2ca0a6fd877]::sys::backtrace::__rust_end_short_backtrace::<std[617be2ca0a6fd877]::panicking::panic_handler::{closure#0}, !>
[INFO] [stdout]    9:     0x59fd6b4c6d8d - __rustc[ea4f61d10b84890b]::rust_begin_unwind
[INFO] [stdout]   10:     0x59fd6b5007ec - core[a373ad73a504971]::panicking::panic_fmt
[INFO] [stdout]   11:     0x59fd6b500703 - core[a373ad73a504971]::panicking::assert_failed_inner
[INFO] [stdout]   12:     0x59fd6b46937d - core[a373ad73a504971]::panicking::assert_failed::<core[a373ad73a504971]::option::Option<i32>, core[a373ad73a504971]::option::Option<i32>>
[INFO] [stdout]   13:     0x59fd6b466c28 - <cli[cf658acfaca1f64b]::explicit_renderer_and_color_override_injected_environment::{closure#0} as core[a373ad73a504971]::ops::function::FnOnce<()>>::call_once
[INFO] [stdout]   14:     0x59fd6b4716bb - test[aada8e7e76ba119b]::__rust_begin_short_backtrace::<core[a373ad73a504971]::result::Result<(), alloc[2e1b2a31b91974c5]::string::String>, fn() -> core[a373ad73a504971]::result::Result<(), alloc[2e1b2a31b91974c5]::string::String>>
[INFO] [stdout]   15:     0x59fd6b47e895 - test[aada8e7e76ba119b]::run_test::{closure#0}
[INFO] [stdout]   16:     0x59fd6b478184 - std[617be2ca0a6fd877]::sys::backtrace::__rust_begin_short_backtrace::<test[aada8e7e76ba119b]::run_test::{closure#1}, ()>
[INFO] [stdout]   17:     0x59fd6b481922 - <std[617be2ca0a6fd877]::thread::lifecycle::spawn_unchecked<test[aada8e7e76ba119b]::run_test::{closure#1}, ()>::{closure#1} as core[a373ad73a504971]::ops::function::FnOnce<()>>::call_once::{shim:vtable#0}
[INFO] [stdout]   18:     0x59fd6b4ea8cf - <std[617be2ca0a6fd877]::sys::thread::unix::Thread>::new::thread_start
[INFO] [stdout]   19:     0x7e7909155dfa - <unknown>
[INFO] [stdout]   20:     0x7e79091e93d4 - clone
[INFO] [stdout]   21:                0x0 - <unknown>
[INFO] [stdout] 
[INFO] [stdout] ---- check_clean_project_exits_zero stdout ----
[INFO] [stdout] 
[INFO] [stdout] thread 'check_clean_project_exits_zero' (1011) panicked at tests/cli.rs:52:5:
[INFO] [stdout] assertion `left == right` failed: clean project must exit 0, stderr: opy-cli: cannot read '/opt/rustwide/workdir/../opy-rs/tests/fixtures/multi-file/main.opy': cannot find entry: No such file or directory (os error 2)
[INFO] [stdout] 
[INFO] [stdout]   left: Some(2)
[INFO] [stdout]  right: Some(0)
[INFO] [stdout] stack backtrace:
[INFO] [stdout]    0:     0x59fd6b4eb561 - <<std[617be2ca0a6fd877]::sys::backtrace::BacktraceLock>::print::DisplayBacktrace as core[a373ad73a504971]::fmt::Display>::fmt
[INFO] [stdout]    1:     0x59fd6b5000ba - core[a373ad73a504971]::fmt::write
[INFO] [stdout]    2:     0x59fd6b4ef9dc - <alloc[2e1b2a31b91974c5]::vec::Vec<u8> as core[a373ad73a504971]::io::write::Write>::write_fmt
[INFO] [stdout]    3:     0x59fd6b4c60d6 - std[617be2ca0a6fd877]::panicking::default_hook::{closure#0}
[INFO] [stdout]    4:     0x59fd6b4e3029 - std[617be2ca0a6fd877]::panicking::default_hook
[INFO] [stdout]    5:     0x59fd6b47e270 - test[aada8e7e76ba119b]::test_main_inner::{closure#0}
[INFO] [stdout]    6:     0x59fd6b4e31e2 - std[617be2ca0a6fd877]::panicking::panic_with_hook
[INFO] [stdout]    7:     0x59fd6b4c6182 - std[617be2ca0a6fd877]::panicking::panic_handler::{closure#0}
[INFO] [stdout]    8:     0x59fd6b4bebe9 - std[617be2ca0a6fd877]::sys::backtrace::__rust_end_short_backtrace::<std[617be2ca0a6fd877]::panicking::panic_handler::{closure#0}, !>
[INFO] [stdout]    9:     0x59fd6b4c6d8d - __rustc[ea4f61d10b84890b]::rust_begin_unwind
[INFO] [stdout]   10:     0x59fd6b5007ec - core[a373ad73a504971]::panicking::panic_fmt
[INFO] [stdout]   11:     0x59fd6b500763 - core[a373ad73a504971]::panicking::assert_failed_inner
[INFO] [stdout]   12:     0x59fd6b46937d - core[a373ad73a504971]::panicking::assert_failed::<core[a373ad73a504971]::option::Option<i32>, core[a373ad73a504971]::option::Option<i32>>
[INFO] [stdout]   13:     0x59fd6b462d9a - <cli[cf658acfaca1f64b]::check_clean_project_exits_zero::{closure#0} as core[a373ad73a504971]::ops::function::FnOnce<()>>::call_once
[INFO] [stdout]   14:     0x59fd6b4716bb - test[aada8e7e76ba119b]::__rust_begin_short_backtrace::<core[a373ad73a504971]::result::Result<(), alloc[2e1b2a31b91974c5]::string::String>, fn() -> core[a373ad73a504971]::result::Result<(), alloc[2e1b2a31b91974c5]::string::String>>
[INFO] [stdout]   15:     0x59fd6b47e895 - test[aada8e7e76ba119b]::run_test::{closure#0}
[INFO] [stdout]   16:     0x59fd6b478184 - std[617be2ca0a6fd877]::sys::backtrace::__rust_begin_short_backtrace::<test[aada8e7e76ba119b]::run_test::{closure#1}, ()>
[INFO] [stdout]   17:     0x59fd6b481922 - <std[617be2ca0a6fd877]::thread::lifecycle::spawn_unchecked<test[aada8e7e76ba119b]::run_test::{closure#1}, ()>::{closure#1} as core[a373ad73a504971]::ops::function::FnOnce<()>>::call_once::{shim:vtable#0}
[INFO] [stdout]   18:     0x59fd6b4ea8cf - <std[617be2ca0a6fd877]::sys::thread::unix::Thread>::new::thread_start
[INFO] [stdout]   19:     0x7e7909155dfa - <unknown>
[INFO] [stdout]   20:     0x7e79091e93d4 - clone
[INFO] [stdout]   21:                0x0 - <unknown>
[INFO] [stdout] 
[INFO] [stdout] ---- compile_json_reports_literal_dict_lookup_success stdout ----
[INFO] [stdout] 
[INFO] [stdout] thread 'compile_json_reports_literal_dict_lookup_success' (1019) panicked at tests/cli.rs:162:5:
[INFO] [stdout] assertion `left == right` failed
[INFO] [stdout]   left: Some(2)
[INFO] [stdout]  right: Some(0)
[INFO] [stdout] stack backtrace:
[INFO] [stdout]    0:     0x59fd6b4eb561 - <<std[617be2ca0a6fd877]::sys::backtrace::BacktraceLock>::print::DisplayBacktrace as core[a373ad73a504971]::fmt::Display>::fmt
[INFO] [stdout]    1:     0x59fd6b5000ba - core[a373ad73a504971]::fmt::write
[INFO] [stdout]    2:     0x59fd6b4ef9dc - <alloc[2e1b2a31b91974c5]::vec::Vec<u8> as core[a373ad73a504971]::io::write::Write>::write_fmt
[INFO] [stdout]    3:     0x59fd6b4c60d6 - std[617be2ca0a6fd877]::panicking::default_hook::{closure#0}
[INFO] [stdout]    4:     0x59fd6b4e3029 - std[617be2ca0a6fd877]::panicking::default_hook
[INFO] [stdout]    5:     0x59fd6b47e270 - test[aada8e7e76ba119b]::test_main_inner::{closure#0}
[INFO] [stdout]    6:     0x59fd6b4e31e2 - std[617be2ca0a6fd877]::panicking::panic_with_hook
[INFO] [stdout]    7:     0x59fd6b4c6182 - std[617be2ca0a6fd877]::panicking::panic_handler::{closure#0}
[INFO] [stdout]    8:     0x59fd6b4bebe9 - std[617be2ca0a6fd877]::sys::backtrace::__rust_end_short_backtrace::<std[617be2ca0a6fd877]::panicking::panic_handler::{closure#0}, !>
[INFO] [stdout]    9:     0x59fd6b4c6d8d - __rustc[ea4f61d10b84890b]::rust_begin_unwind
[INFO] [stdout]   10:     0x59fd6b5007ec - core[a373ad73a504971]::panicking::panic_fmt
[INFO] [stdout]   11:     0x59fd6b500703 - core[a373ad73a504971]::panicking::assert_failed_inner
[INFO] [stdout]   12:     0x59fd6b46937d - core[a373ad73a504971]::panicking::assert_failed::<core[a373ad73a504971]::option::Option<i32>, core[a373ad73a504971]::option::Option<i32>>
[INFO] [stdout]   13:     0x59fd6b465806 - <cli[cf658acfaca1f64b]::compile_json_reports_literal_dict_lookup_success::{closure#0} as core[a373ad73a504971]::ops::function::FnOnce<()>>::call_once
[INFO] [stdout]   14:     0x59fd6b4716bb - test[aada8e7e76ba119b]::__rust_begin_short_backtrace::<core[a373ad73a504971]::result::Result<(), alloc[2e1b2a31b91974c5]::string::String>, fn() -> core[a373ad73a504971]::result::Result<(), alloc[2e1b2a31b91974c5]::string::String>>
[INFO] [stdout]   15:     0x59fd6b47e895 - test[aada8e7e76ba119b]::run_test::{closure#0}
[INFO] [stdout]   16:     0x59fd6b478184 - std[617be2ca0a6fd877]::sys::backtrace::__rust_begin_short_backtrace::<test[aada8e7e76ba119b]::run_test::{closure#1}, ()>
[INFO] [stdout]   17:     0x59fd6b481922 - <std[617be2ca0a6fd877]::thread::lifecycle::spawn_unchecked<test[aada8e7e76ba119b]::run_test::{closure#1}, ()>::{closure#1} as core[a373ad73a504971]::ops::function::FnOnce<()>>::call_once::{shim:vtable#0}
[INFO] [stdout]   18:     0x59fd6b4ea8cf - <std[617be2ca0a6fd877]::sys::thread::unix::Thread>::new::thread_start
[INFO] [stdout]   19:     0x7e7909155dfa - <unknown>
[INFO] [stdout]   20:     0x7e79091e93d4 - clone
[INFO] [stdout]   21:                0x0 - <unknown>
[INFO] [stdout] 
[INFO] [stdout] ---- compile_accepts_every_pinned_workshop_output_locale stdout ----
[INFO] [stdout] 
[INFO] [stdout] thread 'compile_accepts_every_pinned_workshop_output_locale' (1016) panicked at tests/cli.rs:207:9:
[INFO] [stdout] assertion `left == right` failed: de-DE must compile: opy-cli: cannot read '/opt/rustwide/workdir/../opy-rs/tests/fixtures/corpus/synthetic/basic-rule/source.opy': cannot find entry: No such file or directory (os error 2)
[INFO] [stdout] 
[INFO] [stdout]   left: Some(2)
[INFO] [stdout]  right: Some(0)
[INFO] [stdout] stack backtrace:
[INFO] [stdout]    0:     0x59fd6b4eb561 - <<std[617be2ca0a6fd877]::sys::backtrace::BacktraceLock>::print::DisplayBacktrace as core[a373ad73a504971]::fmt::Display>::fmt
[INFO] [stdout]    1:     0x59fd6b5000ba - core[a373ad73a504971]::fmt::write
[INFO] [stdout]    2:     0x59fd6b4ef9dc - <alloc[2e1b2a31b91974c5]::vec::Vec<u8> as core[a373ad73a504971]::io::write::Write>::write_fmt
[INFO] [stdout]    3:     0x59fd6b4c60d6 - std[617be2ca0a6fd877]::panicking::default_hook::{closure#0}
[INFO] [stdout]    4:     0x59fd6b4e3029 - std[617be2ca0a6fd877]::panicking::default_hook
[INFO] [stdout]    5:     0x59fd6b47e270 - test[aada8e7e76ba119b]::test_main_inner::{closure#0}
[INFO] [stdout]    6:     0x59fd6b4e31e2 - std[617be2ca0a6fd877]::panicking::panic_with_hook
[INFO] [stdout]    7:     0x59fd6b4c6182 - std[617be2ca0a6fd877]::panicking::panic_handler::{closure#0}
[INFO] [stdout]    8:     0x59fd6b4bebe9 - std[617be2ca0a6fd877]::sys::backtrace::__rust_end_short_backtrace::<std[617be2ca0a6fd877]::panicking::panic_handler::{closure#0}, !>
[INFO] [stdout]    9:     0x59fd6b4c6d8d - __rustc[ea4f61d10b84890b]::rust_begin_unwind
[INFO] [stdout]   10:     0x59fd6b5007ec - core[a373ad73a504971]::panicking::panic_fmt
[INFO] [stdout]   11:     0x59fd6b500763 - core[a373ad73a504971]::panicking::assert_failed_inner
[INFO] [stdout]   12:     0x59fd6b46937d - core[a373ad73a504971]::panicking::assert_failed::<core[a373ad73a504971]::option::Option<i32>, core[a373ad73a504971]::option::Option<i32>>
[INFO] [stdout]   13:     0x59fd6b4661ba - <cli[cf658acfaca1f64b]::compile_accepts_every_pinned_workshop_output_locale::{closure#0} as core[a373ad73a504971]::ops::function::FnOnce<()>>::call_once
[INFO] [stdout]   14:     0x59fd6b4716bb - test[aada8e7e76ba119b]::__rust_begin_short_backtrace::<core[a373ad73a504971]::result::Result<(), alloc[2e1b2a31b91974c5]::string::String>, fn() -> core[a373ad73a504971]::result::Result<(), alloc[2e1b2a31b91974c5]::string::String>>
[INFO] [stdout]   15:     0x59fd6b47e895 - test[aada8e7e76ba119b]::run_test::{closure#0}
[INFO] [stdout]   16:     0x59fd6b478184 - std[617be2ca0a6fd877]::sys::backtrace::__rust_begin_short_backtrace::<test[aada8e7e76ba119b]::run_test::{closure#1}, ()>
[INFO] [stdout]   17:     0x59fd6b481922 - <std[617be2ca0a6fd877]::thread::lifecycle::spawn_unchecked<test[aada8e7e76ba119b]::run_test::{closure#1}, ()>::{closure#1} as core[a373ad73a504971]::ops::function::FnOnce<()>>::call_once::{shim:vtable#0}
[INFO] [stdout]   18:     0x59fd6b4ea8cf - <std[617be2ca0a6fd877]::sys::thread::unix::Thread>::new::thread_start
[INFO] [stdout]   19:     0x7e7909155dfa - <unknown>
[INFO] [stdout]   20:     0x7e79091e93d4 - clone
[INFO] [stdout]   21:                0x0 - <unknown>
[INFO] [stdout] 
[INFO] [stdout] ---- compile_json_reports_success_identity_and_normalized_output stdout ----
[INFO] [stdout] 
[INFO] [stdout] thread 'compile_json_reports_success_identity_and_normalized_output' (1020) panicked at tests/cli.rs:105:5:
[INFO] [stdout] assertion `left == right` failed
[INFO] [stdout]   left: Some(2)
[INFO] [stdout]  right: Some(0)
[INFO] [stdout] stack backtrace:
[INFO] [stdout]    0:     0x59fd6b4eb561 - <<std[617be2ca0a6fd877]::sys::backtrace::BacktraceLock>::print::DisplayBacktrace as core[a373ad73a504971]::fmt::Display>::fmt
[INFO] [stdout]    1:     0x59fd6b5000ba - core[a373ad73a504971]::fmt::write
[INFO] [stdout]    2:     0x59fd6b4ef9dc - <alloc[2e1b2a31b91974c5]::vec::Vec<u8> as core[a373ad73a504971]::io::write::Write>::write_fmt
[INFO] [stdout]    3:     0x59fd6b4c60d6 - std[617be2ca0a6fd877]::panicking::default_hook::{closure#0}
[INFO] [stdout]    4:     0x59fd6b4e3029 - std[617be2ca0a6fd877]::panicking::default_hook
[INFO] [stdout]    5:     0x59fd6b47e270 - test[aada8e7e76ba119b]::test_main_inner::{closure#0}
[INFO] [stdout]    6:     0x59fd6b4e31e2 - std[617be2ca0a6fd877]::panicking::panic_with_hook
[INFO] [stdout]    7:     0x59fd6b4c6182 - std[617be2ca0a6fd877]::panicking::panic_handler::{closure#0}
[INFO] [stdout]    8:     0x59fd6b4bebe9 - std[617be2ca0a6fd877]::sys::backtrace::__rust_end_short_backtrace::<std[617be2ca0a6fd877]::panicking::panic_handler::{closure#0}, !>
[INFO] [stdout]    9:     0x59fd6b4c6d8d - __rustc[ea4f61d10b84890b]::rust_begin_unwind
[INFO] [stdout]   10:     0x59fd6b5007ec - core[a373ad73a504971]::panicking::panic_fmt
[INFO] [stdout]   11:     0x59fd6b500703 - core[a373ad73a504971]::panicking::assert_failed_inner
[INFO] [stdout]   12:     0x59fd6b46937d - core[a373ad73a504971]::panicking::assert_failed::<core[a373ad73a504971]::option::Option<i32>, core[a373ad73a504971]::option::Option<i32>>
[INFO] [stdout]   13:     0x59fd6b467e4b - <cli[cf658acfaca1f64b]::compile_json_reports_success_identity_and_normalized_output::{closure#0} as core[a373ad73a504971]::ops::function::FnOnce<()>>::call_once
[INFO] [stdout]   14:     0x59fd6b4716bb - test[aada8e7e76ba119b]::__rust_begin_short_backtrace::<core[a373ad73a504971]::result::Result<(), alloc[2e1b2a31b91974c5]::string::String>, fn() -> core[a373ad73a504971]::result::Result<(), alloc[2e1b2a31b91974c5]::string::String>>
[INFO] [stdout]   15:     0x59fd6b47e895 - test[aada8e7e76ba119b]::run_test::{closure#0}
[INFO] [stdout]   16:     0x59fd6b478184 - std[617be2ca0a6fd877]::sys::backtrace::__rust_begin_short_backtrace::<test[aada8e7e76ba119b]::run_test::{closure#1}, ()>
[INFO] [stdout]   17:     0x59fd6b481922 - <std[617be2ca0a6fd877]::thread::lifecycle::spawn_unchecked<test[aada8e7e76ba119b]::run_test::{closure#1}, ()>::{closure#1} as core[a373ad73a504971]::ops::function::FnOnce<()>>::call_once::{shim:vtable#0}
[INFO] [stdout]   18:     0x59fd6b4ea8cf - <std[617be2ca0a6fd877]::sys::thread::unix::Thread>::new::thread_start
[INFO] [stdout]   19:     0x7e7909155dfa - <unknown>
[INFO] [stdout]   20:     0x7e79091e93d4 - clone
[INFO] [stdout]   21:                0x0 - <unknown>
[INFO] [stdout] 
[INFO] [stdout] ---- compile_text_prints_only_final_workshop_to_stdout stdout ----
[INFO] [stdout] 
[INFO] [stdout] thread 'compile_text_prints_only_final_workshop_to_stdout' (1026) panicked at tests/cli.rs:90:5:
[INFO] [stdout] assertion `left == right` failed: compile must succeed: opy-cli: cannot read '/opt/rustwide/workdir/../opy-rs/tests/fixtures/corpus/synthetic/basic-rule/source.opy': cannot find entry: No such file or directory (os error 2)
[INFO] [stdout] 
[INFO] [stdout]   left: Some(2)
[INFO] [stdout]  right: Some(0)
[INFO] [stdout] stack backtrace:
[INFO] [stdout]    0:     0x59fd6b4eb561 - <<std[617be2ca0a6fd877]::sys::backtrace::BacktraceLock>::print::DisplayBacktrace as core[a373ad73a504971]::fmt::Display>::fmt
[INFO] [stdout]    1:     0x59fd6b5000ba - core[a373ad73a504971]::fmt::write
[INFO] [stdout]    2:     0x59fd6b4ef9dc - <alloc[2e1b2a31b91974c5]::vec::Vec<u8> as core[a373ad73a504971]::io::write::Write>::write_fmt
[INFO] [stdout]    3:     0x59fd6b4c60d6 - std[617be2ca0a6fd877]::panicking::default_hook::{closure#0}
[INFO] [stdout]    4:     0x59fd6b4e3029 - std[617be2ca0a6fd877]::panicking::default_hook
[INFO] [stdout]    5:     0x59fd6b47e270 - test[aada8e7e76ba119b]::test_main_inner::{closure#0}
[INFO] [stdout]    6:     0x59fd6b4e31e2 - std[617be2ca0a6fd877]::panicking::panic_with_hook
[INFO] [stdout]    7:     0x59fd6b4c6182 - std[617be2ca0a6fd877]::panicking::panic_handler::{closure#0}
[INFO] [stdout]    8:     0x59fd6b4bebe9 - std[617be2ca0a6fd877]::sys::backtrace::__rust_end_short_backtrace::<std[617be2ca0a6fd877]::panicking::panic_handler::{closure#0}, !>
[INFO] [stdout]    9:     0x59fd6b4c6d8d - __rustc[ea4f61d10b84890b]::rust_begin_unwind
[INFO] [stdout]   10:     0x59fd6b5007ec - core[a373ad73a504971]::panicking::panic_fmt
[INFO] [stdout]   11:     0x59fd6b500763 - core[a373ad73a504971]::panicking::assert_failed_inner
[INFO] [stdout]   12:     0x59fd6b46937d - core[a373ad73a504971]::panicking::assert_failed::<core[a373ad73a504971]::option::Option<i32>, core[a373ad73a504971]::option::Option<i32>>
[INFO] [stdout]   13:     0x59fd6b465dc8 - <cli[cf658acfaca1f64b]::compile_text_prints_only_final_workshop_to_stdout::{closure#0} as core[a373ad73a504971]::ops::function::FnOnce<()>>::call_once
[INFO] [stdout]   14:     0x59fd6b4716bb - test[aada8e7e76ba119b]::__rust_begin_short_backtrace::<core[a373ad73a504971]::result::Result<(), alloc[2e1b2a31b91974c5]::string::String>, fn() -> core[a373ad73a504971]::result::Result<(), alloc[2e1b2a31b91974c5]::string::String>>
[INFO] [stdout]   15:     0x59fd6b47e895 - test[aada8e7e76ba119b]::run_test::{closure#0}
[INFO] [stdout]   16:     0x59fd6b478184 - std[617be2ca0a6fd877]::sys::backtrace::__rust_begin_short_backtrace::<test[aada8e7e76ba119b]::run_test::{closure#1}, ()>
[INFO] [stdout]   17:     0x59fd6b481922 - <std[617be2ca0a6fd877]::thread::lifecycle::spawn_unchecked<test[aada8e7e76ba119b]::run_test::{closure#1}, ()>::{closure#1} as core[a373ad73a504971]::ops::function::FnOnce<()>>::call_once::{shim:vtable#0}
[INFO] [stdout]   18:     0x59fd6b4ea8cf - <std[617be2ca0a6fd877]::sys::thread::unix::Thread>::new::thread_start
[INFO] [stdout]   19:     0x7e7909155dfa - <unknown>
[INFO] [stdout]   20:     0x7e79091e93d4 - clone
[INFO] [stdout]   21:                0x0 - <unknown>
[INFO] [stdout] 
[INFO] [stdout] ---- inspect_prints_the_resolved_model_as_json stdout ----
[INFO] [stdout] 
[INFO] [stdout] thread 'inspect_prints_the_resolved_model_as_json' (1046) panicked at tests/cli.rs:252:5:
[INFO] [stdout] assertion `left == right` failed: clean project must inspect, stderr: opy-cli: cannot read '/opt/rustwide/workdir/../opy-rs/tests/fixtures/multi-file/main.opy': cannot find entry: No such file or directory (os error 2)
[INFO] [stdout] 
[INFO] [stdout]   left: Some(2)
[INFO] [stdout]  right: Some(0)
[INFO] [stdout] stack backtrace:
[INFO] [stdout]    0:     0x59fd6b4eb561 - <<std[617be2ca0a6fd877]::sys::backtrace::BacktraceLock>::print::DisplayBacktrace as core[a373ad73a504971]::fmt::Display>::fmt
[INFO] [stdout]    1:     0x59fd6b5000ba - core[a373ad73a504971]::fmt::write
[INFO] [stdout]    2:     0x59fd6b4ef9dc - <alloc[2e1b2a31b91974c5]::vec::Vec<u8> as core[a373ad73a504971]::io::write::Write>::write_fmt
[INFO] [stdout]    3:     0x59fd6b4c60d6 - std[617be2ca0a6fd877]::panicking::default_hook::{closure#0}
[INFO] [stdout]    4:     0x59fd6b4e3029 - std[617be2ca0a6fd877]::panicking::default_hook
[INFO] [stdout]    5:     0x59fd6b47e270 - test[aada8e7e76ba119b]::test_main_inner::{closure#0}
[INFO] [stdout]    6:     0x59fd6b4e31e2 - std[617be2ca0a6fd877]::panicking::panic_with_hook
[INFO] [stdout]    7:     0x59fd6b4c6182 - std[617be2ca0a6fd877]::panicking::panic_handler::{closure#0}
[INFO] [stdout]    8:     0x59fd6b4bebe9 - std[617be2ca0a6fd877]::sys::backtrace::__rust_end_short_backtrace::<std[617be2ca0a6fd877]::panicking::panic_handler::{closure#0}, !>
[INFO] [stdout]    9:     0x59fd6b4c6d8d - __rustc[ea4f61d10b84890b]::rust_begin_unwind
[INFO] [stdout]   10:     0x59fd6b5007ec - core[a373ad73a504971]::panicking::panic_fmt
[INFO] [stdout]   11:     0x59fd6b500763 - core[a373ad73a504971]::panicking::assert_failed_inner
[INFO] [stdout]   12:     0x59fd6b46937d - core[a373ad73a504971]::panicking::assert_failed::<core[a373ad73a504971]::option::Option<i32>, core[a373ad73a504971]::option::Option<i32>>
[INFO] [stdout]   13:     0x59fd6b464186 - <cli[cf658acfaca1f64b]::inspect_prints_the_resolved_model_as_json::{closure#0} as core[a373ad73a504971]::ops::function::FnOnce<()>>::call_once
[INFO] [stdout]   14:     0x59fd6b4716bb - test[aada8e7e76ba119b]::__rust_begin_short_backtrace::<core[a373ad73a504971]::result::Result<(), alloc[2e1b2a31b91974c5]::string::String>, fn() -> core[a373ad73a504971]::result::Result<(), alloc[2e1b2a31b91974c5]::string::String>>
[INFO] [stdout]   15:     0x59fd6b47e895 - test[aada8e7e76ba119b]::run_test::{closure#0}
[INFO] [stdout]   16:     0x59fd6b478184 - std[617be2ca0a6fd877]::sys::backtrace::__rust_begin_short_backtrace::<test[aada8e7e76ba119b]::run_test::{closure#1}, ()>
[INFO] [stdout]   17:     0x59fd6b481922 - <std[617be2ca0a6fd877]::thread::lifecycle::spawn_unchecked<test[aada8e7e76ba119b]::run_test::{closure#1}, ()>::{closure#1} as core[a373ad73a504971]::ops::function::FnOnce<()>>::call_once::{shim:vtable#0}
[INFO] [stdout]   18:     0x59fd6b4ea8cf - <std[617be2ca0a6fd877]::sys::thread::unix::Thread>::new::thread_start
[INFO] [stdout]   19:     0x7e7909155dfa - <unknown>
[INFO] [stdout]   20:     0x7e79091e93d4 - clone
[INFO] [stdout]   21:                0x0 - <unknown>
[INFO] [stdout] 
[INFO] [stdout] ---- compile_rejects_unsupported_locale_with_structured_diagnostic stdout ----
[INFO] [stdout] 
[INFO] [stdout] thread 'compile_rejects_unsupported_locale_with_structured_diagnostic' (1025) panicked at tests/cli.rs:183:5:
[INFO] [stdout] assertion `left == right` failed
[INFO] [stdout]   left: Some(2)
[INFO] [stdout]  right: Some(1)
[INFO] [stdout] stack backtrace:
[INFO] [stdout]    0:     0x59fd6b4eb561 - <<std[617be2ca0a6fd877]::sys::backtrace::BacktraceLock>::print::DisplayBacktrace as core[a373ad73a504971]::fmt::Display>::fmt
[INFO] [stdout]    1:     0x59fd6b5000ba - core[a373ad73a504971]::fmt::write
[INFO] [stdout]    2:     0x59fd6b4ef9dc - <alloc[2e1b2a31b91974c5]::vec::Vec<u8> as core[a373ad73a504971]::io::write::Write>::write_fmt
[INFO] [stdout]    3:     0x59fd6b4c60d6 - std[617be2ca0a6fd877]::panicking::default_hook::{closure#0}
[INFO] [stdout]    4:     0x59fd6b4e3029 - std[617be2ca0a6fd877]::panicking::default_hook
[INFO] [stdout]    5:     0x59fd6b47e270 - test[aada8e7e76ba119b]::test_main_inner::{closure#0}
[INFO] [stdout]    6:     0x59fd6b4e31e2 - std[617be2ca0a6fd877]::panicking::panic_with_hook
[INFO] [stdout]    7:     0x59fd6b4c6182 - std[617be2ca0a6fd877]::panicking::panic_handler::{closure#0}
[INFO] [stdout]    8:     0x59fd6b4bebe9 - std[617be2ca0a6fd877]::sys::backtrace::__rust_end_short_backtrace::<std[617be2ca0a6fd877]::panicking::panic_handler::{closure#0}, !>
[INFO] [stdout]    9:     0x59fd6b4c6d8d - __rustc[ea4f61d10b84890b]::rust_begin_unwind
[INFO] [stdout]   10:     0x59fd6b5007ec - core[a373ad73a504971]::panicking::panic_fmt
[INFO] [stdout]   11:     0x59fd6b500703 - core[a373ad73a504971]::panicking::assert_failed_inner
[INFO] [stdout]   12:     0x59fd6b46937d - core[a373ad73a504971]::panicking::assert_failed::<core[a373ad73a504971]::option::Option<i32>, core[a373ad73a504971]::option::Option<i32>>
[INFO] [stdout]   13:     0x59fd6b468260 - <cli[cf658acfaca1f64b]::compile_rejects_unsupported_locale_with_structured_diagnostic::{closure#0} as core[a373ad73a504971]::ops::function::FnOnce<()>>::call_once
[INFO] [stdout]   14:     0x59fd6b4716bb - test[aada8e7e76ba119b]::__rust_begin_short_backtrace::<core[a373ad73a504971]::result::Result<(), alloc[2e1b2a31b91974c5]::string::String>, fn() -> core[a373ad73a504971]::result::Result<(), alloc[2e1b2a31b91974c5]::string::String>>
[INFO] [stdout]   15:     0x59fd6b47e895 - test[aada8e7e76ba119b]::run_test::{closure#0}
[INFO] [stdout]   16:     0x59fd6b478184 - std[617be2ca0a6fd877]::sys::backtrace::__rust_begin_short_backtrace::<test[aada8e7e76ba119b]::run_test::{closure#1}, ()>
[INFO] [stdout]   17:     0x59fd6b481922 - <std[617be2ca0a6fd877]::thread::lifecycle::spawn_unchecked<test[aada8e7e76ba119b]::run_test::{closure#1}, ()>::{closure#1} as core[a373ad73a504971]::ops::function::FnOnce<()>>::call_once::{shim:vtable#0}
[INFO] [stdout]   18:     0x59fd6b4ea8cf - <std[617be2ca0a6fd877]::sys::thread::unix::Thread>::new::thread_start
[INFO] [stdout]   19:     0x7e7909155dfa - <unknown>
[INFO] [stdout]   20:     0x7e79091e93d4 - clone
[INFO] [stdout]   21:                0x0 - <unknown>
[INFO] [stdout] 
[INFO] [stdout] 
[INFO] [stdout] failures:
[INFO] [stdout]     check_clean_project_exits_zero
[INFO] [stdout]     compile_accepts_every_pinned_workshop_output_locale
[INFO] [stdout]     compile_json_reports_literal_dict_lookup_success
[INFO] [stdout]     compile_json_reports_success_identity_and_normalized_output
[INFO] [stdout]     compile_rejects_unsupported_locale_with_structured_diagnostic
[INFO] [stdout]     compile_text_prints_only_final_workshop_to_stdout
[INFO] [stdout]     explicit_renderer_and_color_override_injected_environment
[INFO] [stdout]     inspect_prints_the_resolved_model_as_json
[INFO] [stdout] 
[INFO] [stdout] test result: FAILED. 20 passed; 8 failed; 0 ignored; 0 measured; 0 filtered out; finished in 0.89s
[INFO] [stdout] 
[INFO] [stderr] error: test failed, to rerun pass `--test cli`
[INFO] running `Command { std: "docker" "inspect" "3ddda7002f2b5d4007930626d81099d28df8d526424f59fc85a2ea39f022f996", kill_on_drop: false }`
[INFO] running `Command { std: "docker" "rm" "-f" "3ddda7002f2b5d4007930626d81099d28df8d526424f59fc85a2ea39f022f996", kill_on_drop: false }`
[INFO] [stdout] 3ddda7002f2b5d4007930626d81099d28df8d526424f59fc85a2ea39f022f996
