[INFO] fetching crate opus_headers 0.1.2...
[INFO] testing opus_headers-0.1.2 against 1.100.0-beta.1+cargoflags=--release for beta-release-1.100-2
[INFO] extracting crate opus_headers 0.1.2 into /workspace/builds/worker-0-tc2/source
[INFO] started tweaking crates.io crate opus_headers 0.1.2
[INFO] finished tweaking crates.io crate opus_headers 0.1.2
[INFO] tweaked toml for crates.io crate opus_headers 0.1.2 written to /workspace/builds/worker-0-tc2/source/Cargo.toml
[INFO] validating manifest of crates.io crate opus_headers 0.1.2 on toolchain 1.100.0-beta.1
[INFO] running `Command { std: CARGO_HOME="/workspace/cargo-home" RUSTUP_HOME="/workspace/rustup-home" "/workspace/cargo-home/bin/cargo" "+1.100.0-beta.1" "metadata" "--manifest-path" "Cargo.toml" "--no-deps", kill_on_drop: false }`
[INFO] crate crates.io crate opus_headers 0.1.2 already has a lockfile, it will not be regenerated
[INFO] running `Command { std: CARGO_HOME="/workspace/cargo-home" RUSTUP_HOME="/workspace/rustup-home" "/workspace/cargo-home/bin/cargo" "+1.100.0-beta.1" "fetch" "--manifest-path" "Cargo.toml", kill_on_drop: false }`
[INFO] [stderr] warning: `package.homepage` is redundant with `package.repository`
[INFO] [stderr]   --> Cargo.toml:9:12
[INFO] [stderr]    |
[INFO] [stderr]  9 | homepage = "https://github.com/zaethan/opus_headers"
[INFO] [stderr]    |            ^^^^^^^^^^^^^^^^^^^^^^^^^^^^^^^^^^^^^^^^^
[INFO] [stderr] ...
[INFO] [stderr] 14 | repository = "https://github.com/zaethan/opus_headers"
[INFO] [stderr]    |              -----------------------------------------
[INFO] [stderr]    |
[INFO] [stderr]    = note: `cargo::redundant_homepage` is set to `warn` by default
[INFO] [stderr] help: consider removing `package.homepage`
[INFO] [stderr] warning: `opus_headers` (manifest) generated 1 warning
[INFO] running `Command { std: "docker" "create" "-v" "/var/lib/crater-agent-workspace/builds/worker-0-tc2/source:/opt/rustwide/workdir:ro,Z" "-v" "/var/lib/crater-agent-workspace/builds/worker-0-tc2/target:/opt/rustwide/target:rw,Z" "-v" "/var/lib/crater-agent-workspace/cargo-home:/opt/rustwide/cargo-home:ro,Z" "-v" "/var/lib/crater-agent-workspace/rustup-home:/opt/rustwide/rustup-home:ro,Z" "-m" "1610612736" "--network" "none" "ghcr.io/rust-lang/crates-build-env/linux@sha256:77db811e55d90add9212f6832c23229e3de5f1c1f9905e8cb07319ea15df73ac" "sleep" "infinity", kill_on_drop: false }`
[INFO] [stdout] f569ae53d075aec9036bd35c276e6699f21d58d8c89a9ef34bc087eac88a5fa1
[INFO] running `Command { std: "docker" "start" "f569ae53d075aec9036bd35c276e6699f21d58d8c89a9ef34bc087eac88a5fa1", kill_on_drop: false }`
[INFO] running `Command { std: "docker" "inspect" "f569ae53d075aec9036bd35c276e6699f21d58d8c89a9ef34bc087eac88a5fa1", kill_on_drop: false }`
[INFO] running `Command { std: "docker" "exec" "-e" "SOURCE_DIR=/opt/rustwide/workdir" "-e" "CARGO_HOME=/opt/rustwide/cargo-home" "-e" "RUSTUP_HOME=/opt/rustwide/rustup-home" "-e" "CARGO_TARGET_DIR=/opt/rustwide/target" "-w" "/opt/rustwide/workdir" "--user" "0:0" "f569ae53d075aec9036bd35c276e6699f21d58d8c89a9ef34bc087eac88a5fa1" "/opt/rustwide/cargo-home/bin/cargo" "+1.100.0-beta.1" "metadata" "--no-deps" "--format-version=1", kill_on_drop: false }`
[INFO] running `Command { std: "docker" "inspect" "f569ae53d075aec9036bd35c276e6699f21d58d8c89a9ef34bc087eac88a5fa1", kill_on_drop: false }`
[INFO] running `Command { std: "docker" "exec" "-e" "SOURCE_DIR=/opt/rustwide/workdir" "-e" "CARGO_HOME=/opt/rustwide/cargo-home" "-e" "RUSTUP_HOME=/opt/rustwide/rustup-home" "-e" "CARGO_TARGET_DIR=/opt/rustwide/target" "-e" "CARGO_INCREMENTAL=0" "-e" "RUST_BACKTRACE=full" "-e" "RUSTFLAGS=--cap-lints=warn" "-e" "RUSTDOCFLAGS=--cap-lints=warn" "-w" "/opt/rustwide/workdir" "--user" "0:0" "f569ae53d075aec9036bd35c276e6699f21d58d8c89a9ef34bc087eac88a5fa1" "/opt/rustwide/cargo-home/bin/cargo" "+1.100.0-beta.1" "build" "--frozen" "--message-format=json" "--release", kill_on_drop: false }`
[INFO] [stderr] warning: `package.homepage` is redundant with `package.repository`
[INFO] [stderr]   --> Cargo.toml:9:12
[INFO] [stderr]    |
[INFO] [stderr]  9 | homepage = "https://github.com/zaethan/opus_headers"
[INFO] [stderr]    |            ^^^^^^^^^^^^^^^^^^^^^^^^^^^^^^^^^^^^^^^^^
[INFO] [stderr] ...
[INFO] [stderr] 14 | repository = "https://github.com/zaethan/opus_headers"
[INFO] [stderr]    |              -----------------------------------------
[INFO] [stderr]    |
[INFO] [stderr]    = note: `cargo::redundant_homepage` is set to `warn` by default
[INFO] [stderr] help: consider removing `package.homepage`
[INFO] [stderr] warning: `opus_headers` (manifest) generated 1 warning
[INFO] [stderr]    Compiling opus_headers v0.1.2 (/opt/rustwide/workdir)
[INFO] [stdout] warning: methods `read_i8_le`, `read_i32_le`, and `read_u64_le` are never used
[INFO] [stdout]   --> src/read_ext.rs:5:8
[INFO] [stdout]    |
[INFO] [stdout]  3 | pub trait ReadExt {
[INFO] [stdout]    |           ------- methods in this trait
[INFO] [stdout]  4 |     fn read_u8_le(&mut self) -> Result<u8>;
[INFO] [stdout]  5 |     fn read_i8_le(&mut self) -> Result<i8>;
[INFO] [stdout]    |        ^^^^^^^^^^
[INFO] [stdout] ...
[INFO] [stdout]  9 |     fn read_i32_le(&mut self) -> Result<i32>;
[INFO] [stdout]    |        ^^^^^^^^^^^
[INFO] [stdout] 10 |     fn read_u64_le(&mut self) -> Result<u64>;
[INFO] [stdout]    |        ^^^^^^^^^^^
[INFO] [stdout]    |
[INFO] [stdout]    = note: `#[warn(dead_code)]` (part of `#[warn(unused)]`) on by default
[INFO] [stdout] 
[INFO] [stdout] 
[INFO] [stdout] warning: multiple fields are never read
[INFO] [stdout]   --> src/ogg_page.rs:6:9
[INFO] [stdout]    |
[INFO] [stdout]  5 | pub(crate) struct OggPage {
[INFO] [stdout]    |                   ------- fields in this struct
[INFO] [stdout]  6 |     pub version: u8,
[INFO] [stdout]    |         ^^^^^^^
[INFO] [stdout]  7 |     pub header_type: u8,
[INFO] [stdout]  8 |     pub granule_position: i64,
[INFO] [stdout]    |         ^^^^^^^^^^^^^^^^
[INFO] [stdout]  9 |     pub bitstream_serial_number: u32,
[INFO] [stdout]    |         ^^^^^^^^^^^^^^^^^^^^^^^
[INFO] [stdout] 10 |     pub page_sequence_number: u32,
[INFO] [stdout]    |         ^^^^^^^^^^^^^^^^^^^^
[INFO] [stdout] 11 |     pub crc_checksum: u32,
[INFO] [stdout]    |         ^^^^^^^^^^^^
[INFO] [stdout] 12 |     pub page_segments: u8,
[INFO] [stdout]    |         ^^^^^^^^^^^^^
[INFO] [stdout] 13 |     pub segment_table: Vec<u8>, // contains the amount of bytes of payload: bytes = sum(segment_table_entries)
[INFO] [stdout]    |         ^^^^^^^^^^^^^
[INFO] [stdout] 
[INFO] [stdout] 
[INFO] [stderr]     Finished `release` profile [optimized] target(s) in 0.43s
[INFO] running `Command { std: "docker" "inspect" "f569ae53d075aec9036bd35c276e6699f21d58d8c89a9ef34bc087eac88a5fa1", kill_on_drop: false }`
[INFO] running `Command { std: "docker" "exec" "-e" "SOURCE_DIR=/opt/rustwide/workdir" "-e" "CARGO_HOME=/opt/rustwide/cargo-home" "-e" "RUSTUP_HOME=/opt/rustwide/rustup-home" "-e" "CARGO_TARGET_DIR=/opt/rustwide/target" "-e" "CARGO_INCREMENTAL=0" "-e" "RUST_BACKTRACE=full" "-e" "RUSTFLAGS=--cap-lints=warn" "-e" "RUSTDOCFLAGS=--cap-lints=warn" "-w" "/opt/rustwide/workdir" "--user" "0:0" "f569ae53d075aec9036bd35c276e6699f21d58d8c89a9ef34bc087eac88a5fa1" "/opt/rustwide/cargo-home/bin/cargo" "+1.100.0-beta.1" "test" "--frozen" "--no-run" "--message-format=json" "--release", kill_on_drop: false }`
[INFO] [stderr] warning: `package.homepage` is redundant with `package.repository`
[INFO] [stderr]   --> Cargo.toml:9:12
[INFO] [stderr]    |
[INFO] [stderr]  9 | homepage = "https://github.com/zaethan/opus_headers"
[INFO] [stderr]    |            ^^^^^^^^^^^^^^^^^^^^^^^^^^^^^^^^^^^^^^^^^
[INFO] [stderr] ...
[INFO] [stderr] 14 | repository = "https://github.com/zaethan/opus_headers"
[INFO] [stderr]    |              -----------------------------------------
[INFO] [stderr]    |
[INFO] [stderr]    = note: `cargo::redundant_homepage` is set to `warn` by default
[INFO] [stderr] help: consider removing `package.homepage`
[INFO] [stderr] warning: `opus_headers` (manifest) generated 1 warning
[INFO] [stdout] warning: methods `read_i8_le`, `read_i32_le`, and `read_u64_le` are never used
[INFO] [stdout]   --> src/read_ext.rs:5:8
[INFO] [stdout]    |
[INFO] [stdout]  3 | pub trait ReadExt {
[INFO] [stdout]    |           ------- methods in this trait
[INFO] [stdout]  4 |     fn read_u8_le(&mut self) -> Result<u8>;
[INFO] [stdout]  5 |     fn read_i8_le(&mut self) -> Result<i8>;
[INFO] [stdout]    |        ^^^^^^^^^^
[INFO] [stdout] ...
[INFO] [stdout]  9 |     fn read_i32_le(&mut self) -> Result<i32>;
[INFO] [stdout]    |        ^^^^^^^^^^^
[INFO] [stdout] 10 |     fn read_u64_le(&mut self) -> Result<u64>;
[INFO] [stdout]    |        ^^^^^^^^^^^
[INFO] [stdout]    |
[INFO] [stdout]    = note: `#[warn(dead_code)]` (part of `#[warn(unused)]`) on by default
[INFO] [stdout] 
[INFO] [stdout] 
[INFO] [stderr]    Compiling opus_headers v0.1.2 (/opt/rustwide/workdir)
[INFO] [stdout] warning: multiple fields are never read
[INFO] [stdout]   --> src/ogg_page.rs:6:9
[INFO] [stdout]    |
[INFO] [stdout]  5 | pub(crate) struct OggPage {
[INFO] [stdout]    |                   ------- fields in this struct
[INFO] [stdout]  6 |     pub version: u8,
[INFO] [stdout]    |         ^^^^^^^
[INFO] [stdout]  7 |     pub header_type: u8,
[INFO] [stdout]  8 |     pub granule_position: i64,
[INFO] [stdout]    |         ^^^^^^^^^^^^^^^^
[INFO] [stdout]  9 |     pub bitstream_serial_number: u32,
[INFO] [stdout]    |         ^^^^^^^^^^^^^^^^^^^^^^^
[INFO] [stdout] 10 |     pub page_sequence_number: u32,
[INFO] [stdout]    |         ^^^^^^^^^^^^^^^^^^^^
[INFO] [stdout] 11 |     pub crc_checksum: u32,
[INFO] [stdout]    |         ^^^^^^^^^^^^
[INFO] [stdout] 12 |     pub page_segments: u8,
[INFO] [stdout]    |         ^^^^^^^^^^^^^
[INFO] [stdout] 13 |     pub segment_table: Vec<u8>, // contains the amount of bytes of payload: bytes = sum(segment_table_entries)
[INFO] [stdout]    |         ^^^^^^^^^^^^^
[INFO] [stdout] 
[INFO] [stdout] 
[INFO] [stdout] warning: methods `read_i8_le`, `read_i32_le`, and `read_u64_le` are never used
[INFO] [stdout]   --> src/read_ext.rs:5:8
[INFO] [stdout]    |
[INFO] [stdout]  3 | pub trait ReadExt {
[INFO] [stdout]    |           ------- methods in this trait
[INFO] [stdout]  4 |     fn read_u8_le(&mut self) -> Result<u8>;
[INFO] [stdout]  5 |     fn read_i8_le(&mut self) -> Result<i8>;
[INFO] [stdout]    |        ^^^^^^^^^^
[INFO] [stdout] ...
[INFO] [stdout]  9 |     fn read_i32_le(&mut self) -> Result<i32>;
[INFO] [stdout]    |        ^^^^^^^^^^^
[INFO] [stdout] 10 |     fn read_u64_le(&mut self) -> Result<u64>;
[INFO] [stdout]    |        ^^^^^^^^^^^
[INFO] [stdout]    |
[INFO] [stdout]    = note: `#[warn(dead_code)]` (part of `#[warn(unused)]`) on by default
[INFO] [stdout] 
[INFO] [stdout] 
[INFO] [stdout] warning: multiple fields are never read
[INFO] [stdout]   --> src/ogg_page.rs:6:9
[INFO] [stdout]    |
[INFO] [stdout]  5 | pub(crate) struct OggPage {
[INFO] [stdout]    |                   ------- fields in this struct
[INFO] [stdout]  6 |     pub version: u8,
[INFO] [stdout]    |         ^^^^^^^
[INFO] [stdout]  7 |     pub header_type: u8,
[INFO] [stdout]  8 |     pub granule_position: i64,
[INFO] [stdout]    |         ^^^^^^^^^^^^^^^^
[INFO] [stdout]  9 |     pub bitstream_serial_number: u32,
[INFO] [stdout]    |         ^^^^^^^^^^^^^^^^^^^^^^^
[INFO] [stdout] 10 |     pub page_sequence_number: u32,
[INFO] [stdout]    |         ^^^^^^^^^^^^^^^^^^^^
[INFO] [stdout] 11 |     pub crc_checksum: u32,
[INFO] [stdout]    |         ^^^^^^^^^^^^
[INFO] [stdout] 12 |     pub page_segments: u8,
[INFO] [stdout]    |         ^^^^^^^^^^^^^
[INFO] [stdout] 13 |     pub segment_table: Vec<u8>, // contains the amount of bytes of payload: bytes = sum(segment_table_entries)
[INFO] [stdout]    |         ^^^^^^^^^^^^^
[INFO] [stdout] 
[INFO] [stdout] 
[INFO] [stderr]     Finished `release` profile [optimized] target(s) in 0.56s
[INFO] running `Command { std: "docker" "inspect" "f569ae53d075aec9036bd35c276e6699f21d58d8c89a9ef34bc087eac88a5fa1", kill_on_drop: false }`
[INFO] running `Command { std: "docker" "exec" "-e" "SOURCE_DIR=/opt/rustwide/workdir" "-e" "CARGO_HOME=/opt/rustwide/cargo-home" "-e" "RUSTUP_HOME=/opt/rustwide/rustup-home" "-e" "CARGO_TARGET_DIR=/opt/rustwide/target" "-e" "CARGO_INCREMENTAL=0" "-e" "RUST_BACKTRACE=full" "-e" "RUSTFLAGS=--cap-lints=warn" "-e" "RUSTDOCFLAGS=--cap-lints=warn" "-w" "/opt/rustwide/workdir" "--user" "0:0" "f569ae53d075aec9036bd35c276e6699f21d58d8c89a9ef34bc087eac88a5fa1" "/opt/rustwide/cargo-home/bin/cargo" "+1.100.0-beta.1" "test" "--frozen" "--release", kill_on_drop: false }`
[INFO] [stderr] warning: `package.homepage` is redundant with `package.repository`
[INFO] [stderr]   --> Cargo.toml:9:12
[INFO] [stderr]    |
[INFO] [stderr]  9 | homepage = "https://github.com/zaethan/opus_headers"
[INFO] [stderr]    |            ^^^^^^^^^^^^^^^^^^^^^^^^^^^^^^^^^^^^^^^^^
[INFO] [stderr] ...
[INFO] [stderr] 14 | repository = "https://github.com/zaethan/opus_headers"
[INFO] [stderr]    |              -----------------------------------------
[INFO] [stderr]    |
[INFO] [stderr]    = note: `cargo::redundant_homepage` is set to `warn` by default
[INFO] [stderr] help: consider removing `package.homepage`
[INFO] [stderr] warning: `opus_headers` (manifest) generated 1 warning
[INFO] [stderr] warning: methods `read_i8_le`, `read_i32_le`, and `read_u64_le` are never used
[INFO] [stderr]   --> src/read_ext.rs:5:8
[INFO] [stderr]    |
[INFO] [stderr]  3 | pub trait ReadExt {
[INFO] [stderr]    |           ------- methods in this trait
[INFO] [stderr]  4 |     fn read_u8_le(&mut self) -> Result<u8>;
[INFO] [stderr]  5 |     fn read_i8_le(&mut self) -> Result<i8>;
[INFO] [stderr]    |        ^^^^^^^^^^
[INFO] [stderr] ...
[INFO] [stderr]  9 |     fn read_i32_le(&mut self) -> Result<i32>;
[INFO] [stderr]    |        ^^^^^^^^^^^
[INFO] [stderr] 10 |     fn read_u64_le(&mut self) -> Result<u64>;
[INFO] [stderr]    |        ^^^^^^^^^^^
[INFO] [stderr]    |
[INFO] [stderr]    = note: `#[warn(dead_code)]` (part of `#[warn(unused)]`) on by default
[INFO] [stderr] 
[INFO] [stderr] warning: multiple fields are never read
[INFO] [stderr]   --> src/ogg_page.rs:6:9
[INFO] [stderr]    |
[INFO] [stderr]  5 | pub(crate) struct OggPage {
[INFO] [stderr]    |                   ------- fields in this struct
[INFO] [stderr]  6 |     pub version: u8,
[INFO] [stderr]    |         ^^^^^^^
[INFO] [stderr]  7 |     pub header_type: u8,
[INFO] [stderr]  8 |     pub granule_position: i64,
[INFO] [stderr]    |         ^^^^^^^^^^^^^^^^
[INFO] [stderr]  9 |     pub bitstream_serial_number: u32,
[INFO] [stderr]    |         ^^^^^^^^^^^^^^^^^^^^^^^
[INFO] [stderr] 10 |     pub page_sequence_number: u32,
[INFO] [stderr]    |         ^^^^^^^^^^^^^^^^^^^^
[INFO] [stderr] 11 |     pub crc_checksum: u32,
[INFO] [stderr]    |         ^^^^^^^^^^^^
[INFO] [stderr] 12 |     pub page_segments: u8,
[INFO] [stderr]    |         ^^^^^^^^^^^^^
[INFO] [stderr] 13 |     pub segment_table: Vec<u8>, // contains the amount of bytes of payload: bytes = sum(segment_table_entries)
[INFO] [stderr]    |         ^^^^^^^^^^^^^
[INFO] [stderr] 
[INFO] [stderr] warning: `opus_headers` (lib) generated 2 warnings
[INFO] [stderr] warning: `opus_headers` (lib test) generated 2 warnings (2 duplicates)
[INFO] [stderr]     Finished `release` profile [optimized] target(s) in 0.00s
[INFO] [stderr]      Running unittests src/lib.rs (/opt/rustwide/target/release/build/opus_headers/09b11cb008584d3f/out/opus_headers-09b11cb008584d3f)
[INFO] [stdout] 
[INFO] [stdout] running 7 tests
[INFO] [stdout] test tests::test_malformed_file_2 ... ok
[INFO] [stdout] test tests::test_malformed_file_3 ... ok
[INFO] [stdout] test tests::test_non_existing_file ... ok
[INFO] [stdout] test tests::test_file_without_comments ... FAILED
[INFO] [stdout] test tests::test_large_file ... FAILED
[INFO] [stdout] test tests::test_malformed_file_1 ... FAILED
[INFO] [stdout] test tests::test_standard_file ... FAILED
[INFO] [stdout] 
[INFO] [stdout] failures:
[INFO] [stdout] 
[INFO] [stderr] error: test failed, to rerun pass `--lib`
[INFO] [stdout] ---- tests::test_file_without_comments stdout ----
[INFO] [stdout] 
[INFO] [stdout] thread 'tests::test_file_without_comments' (149) panicked at src/tests.rs:23:41:
[INFO] [stdout] called `Result::unwrap()` on an `Err` value: Io(Os { code: 2, kind: NotFound, message: "No such file or directory" })
[INFO] [stdout] stack backtrace:
[INFO] [stdout]    0:     0x626771c27a61 - <<std[617be2ca0a6fd877]::sys::backtrace::BacktraceLock>::print::DisplayBacktrace as core[a373ad73a504971]::fmt::Display>::fmt
[INFO] [stdout]    1:     0x626771c3bfba - core[a373ad73a504971]::fmt::write
[INFO] [stdout]    2:     0x626771c2bd2c - <alloc[2e1b2a31b91974c5]::vec::Vec<u8> as core[a373ad73a504971]::io::write::Write>::write_fmt
[INFO] [stdout]    3:     0x626771c03dc6 - std[617be2ca0a6fd877]::panicking::default_hook::{closure#0}
[INFO] [stdout]    4:     0x626771c200f9 - std[617be2ca0a6fd877]::panicking::default_hook
[INFO] [stdout]    5:     0x626771bbc640 - test[aada8e7e76ba119b]::test_main_inner::{closure#0}
[INFO] [stdout]    6:     0x626771c202b2 - std[617be2ca0a6fd877]::panicking::panic_with_hook
[INFO] [stdout]    7:     0x626771c03e72 - std[617be2ca0a6fd877]::panicking::panic_handler::{closure#0}
[INFO] [stdout]    8:     0x626771bfcb59 - std[617be2ca0a6fd877]::sys::backtrace::__rust_end_short_backtrace::<std[617be2ca0a6fd877]::panicking::panic_handler::{closure#0}, !>
[INFO] [stdout]    9:     0x626771c04a7d - __rustc[ea4f61d10b84890b]::rust_begin_unwind
[INFO] [stdout]   10:     0x626771c3c6ec - core[a373ad73a504971]::panicking::panic_fmt
[INFO] [stdout]   11:     0x626771c3c4c2 - core[a373ad73a504971]::result::unwrap_failed
[INFO] [stdout]   12:     0x626771baf993 - <opus_headers[c6e76da4109963da]::tests::test_file_without_comments::{closure#0} as core[a373ad73a504971]::ops::function::FnOnce<()>>::call_once
[INFO] [stdout]   13:     0x626771bafa8b - test[aada8e7e76ba119b]::__rust_begin_short_backtrace::<core[a373ad73a504971]::result::Result<(), alloc[2e1b2a31b91974c5]::string::String>, fn() -> core[a373ad73a504971]::result::Result<(), alloc[2e1b2a31b91974c5]::string::String>>
[INFO] [stdout]   14:     0x626771bbcc65 - test[aada8e7e76ba119b]::run_test::{closure#0}
[INFO] [stdout]   15:     0x626771bb6554 - std[617be2ca0a6fd877]::sys::backtrace::__rust_begin_short_backtrace::<test[aada8e7e76ba119b]::run_test::{closure#1}, ()>
[INFO] [stdout]   16:     0x626771bbfcf2 - <std[617be2ca0a6fd877]::thread::lifecycle::spawn_unchecked<test[aada8e7e76ba119b]::run_test::{closure#1}, ()>::{closure#1} as core[a373ad73a504971]::ops::function::FnOnce<()>>::call_once::{shim:vtable#0}
[INFO] [stdout]   17:     0x626771c272bf - <std[617be2ca0a6fd877]::sys::thread::unix::Thread>::new::thread_start
[INFO] [stdout]   18:     0x779199dbadfa - <unknown>
[INFO] [stdout]   19:     0x779199e4e3d4 - clone
[INFO] [stdout]   20:                0x0 - <unknown>
[INFO] [stdout] 
[INFO] [stdout] ---- tests::test_large_file stdout ----
[INFO] [stdout] 
[INFO] [stdout] thread 'tests::test_large_file' (150) panicked at src/tests.rs:32:41:
[INFO] [stdout] called `Result::unwrap()` on an `Err` value: Io(Os { code: 2, kind: NotFound, message: "No such file or directory" })
[INFO] [stdout] stack backtrace:
[INFO] [stdout]    0:     0x626771c27a61 - <<std[617be2ca0a6fd877]::sys::backtrace::BacktraceLock>::print::DisplayBacktrace as core[a373ad73a504971]::fmt::Display>::fmt
[INFO] [stdout]    1:     0x626771c3bfba - core[a373ad73a504971]::fmt::write
[INFO] [stdout]    2:     0x626771c2bd2c - <alloc[2e1b2a31b91974c5]::vec::Vec<u8> as core[a373ad73a504971]::io::write::Write>::write_fmt
[INFO] [stdout]    3:     0x626771c03dc6 - std[617be2ca0a6fd877]::panicking::default_hook::{closure#0}
[INFO] [stdout]    4:     0x626771c200f9 - std[617be2ca0a6fd877]::panicking::default_hook
[INFO] [stdout]    5:     0x626771bbc640 - test[aada8e7e76ba119b]::test_main_inner::{closure#0}
[INFO] [stdout]    6:     0x626771c202b2 - std[617be2ca0a6fd877]::panicking::panic_with_hook
[INFO] [stdout]    7:     0x626771c03e72 - std[617be2ca0a6fd877]::panicking::panic_handler::{closure#0}
[INFO] [stdout]    8:     0x626771bfcb59 - std[617be2ca0a6fd877]::sys::backtrace::__rust_end_short_backtrace::<std[617be2ca0a6fd877]::panicking::panic_handler::{closure#0}, !>
[INFO] [stdout]    9:     0x626771c04a7d - __rustc[ea4f61d10b84890b]::rust_begin_unwind
[INFO] [stdout]   10:     0x626771c3c6ec - core[a373ad73a504971]::panicking::panic_fmt
[INFO] [stdout]   11:     0x626771c3c4c2 - core[a373ad73a504971]::result::unwrap_failed
[INFO] [stdout]   12:     0x626771baeb06 - <opus_headers[c6e76da4109963da]::tests::test_large_file::{closure#0} as core[a373ad73a504971]::ops::function::FnOnce<()>>::call_once
[INFO] [stdout]   13:     0x626771bafa8b - test[aada8e7e76ba119b]::__rust_begin_short_backtrace::<core[a373ad73a504971]::result::Result<(), alloc[2e1b2a31b91974c5]::string::String>, fn() -> core[a373ad73a504971]::result::Result<(), alloc[2e1b2a31b91974c5]::string::String>>
[INFO] [stdout]   14:     0x626771bbcc65 - test[aada8e7e76ba119b]::run_test::{closure#0}
[INFO] [stdout]   15:     0x626771bb6554 - std[617be2ca0a6fd877]::sys::backtrace::__rust_begin_short_backtrace::<test[aada8e7e76ba119b]::run_test::{closure#1}, ()>
[INFO] [stdout]   16:     0x626771bbfcf2 - <std[617be2ca0a6fd877]::thread::lifecycle::spawn_unchecked<test[aada8e7e76ba119b]::run_test::{closure#1}, ()>::{closure#1} as core[a373ad73a504971]::ops::function::FnOnce<()>>::call_once::{shim:vtable#0}
[INFO] [stdout]   17:     0x626771c272bf - <std[617be2ca0a6fd877]::sys::thread::unix::Thread>::new::thread_start
[INFO] [stdout]   18:     0x779199dbadfa - <unknown>
[INFO] [stdout]   19:     0x779199e4e3d4 - clone
[INFO] [stdout]   20:                0x0 - <unknown>
[INFO] [stdout] 
[INFO] [stdout] ---- tests::test_malformed_file_1 stdout ----
[INFO] [stdout] 
[INFO] [stdout] thread 'tests::test_malformed_file_1' (151) panicked at src/tests.rs:49:31:
[INFO] [stdout] called `Result::unwrap()` on an `Err` value: Io(Os { code: 2, kind: NotFound, message: "No such file or directory" })
[INFO] [stdout] stack backtrace:
[INFO] [stdout]    0:     0x626771c27a61 - <<std[617be2ca0a6fd877]::sys::backtrace::BacktraceLock>::print::DisplayBacktrace as core[a373ad73a504971]::fmt::Display>::fmt
[INFO] [stdout]    1:     0x626771c3bfba - core[a373ad73a504971]::fmt::write
[INFO] [stdout]    2:     0x626771c2bd2c - <alloc[2e1b2a31b91974c5]::vec::Vec<u8> as core[a373ad73a504971]::io::write::Write>::write_fmt
[INFO] [stdout]    3:     0x626771c03dc6 - std[617be2ca0a6fd877]::panicking::default_hook::{closure#0}
[INFO] [stdout]    4:     0x626771c200f9 - std[617be2ca0a6fd877]::panicking::default_hook
[INFO] [stdout]    5:     0x626771bbc640 - test[aada8e7e76ba119b]::test_main_inner::{closure#0}
[INFO] [stdout]    6:     0x626771c202b2 - std[617be2ca0a6fd877]::panicking::panic_with_hook
[INFO] [stdout]    7:     0x626771c03e72 - std[617be2ca0a6fd877]::panicking::panic_handler::{closure#0}
[INFO] [stdout]    8:     0x626771bfcb59 - std[617be2ca0a6fd877]::sys::backtrace::__rust_end_short_backtrace::<std[617be2ca0a6fd877]::panicking::panic_handler::{closure#0}, !>
[INFO] [stdout]    9:     0x626771c04a7d - __rustc[ea4f61d10b84890b]::rust_begin_unwind
[INFO] [stdout]   10:     0x626771c3c6ec - core[a373ad73a504971]::panicking::panic_fmt
[INFO] [stdout]   11:     0x626771c3c4c2 - core[a373ad73a504971]::result::unwrap_failed
[INFO] [stdout]   12:     0x626771baf397 - <opus_headers[c6e76da4109963da]::tests::test_malformed_file_1::{closure#0} as core[a373ad73a504971]::ops::function::FnOnce<()>>::call_once
[INFO] [stdout]   13:     0x626771bafa8b - test[aada8e7e76ba119b]::__rust_begin_short_backtrace::<core[a373ad73a504971]::result::Result<(), alloc[2e1b2a31b91974c5]::string::String>, fn() -> core[a373ad73a504971]::result::Result<(), alloc[2e1b2a31b91974c5]::string::String>>
[INFO] [stdout]   14:     0x626771bbcc65 - test[aada8e7e76ba119b]::run_test::{closure#0}
[INFO] [stdout]   15:     0x626771bb6554 - std[617be2ca0a6fd877]::sys::backtrace::__rust_begin_short_backtrace::<test[aada8e7e76ba119b]::run_test::{closure#1}, ()>
[INFO] [stdout]   16:     0x626771bbfcf2 - <std[617be2ca0a6fd877]::thread::lifecycle::spawn_unchecked<test[aada8e7e76ba119b]::run_test::{closure#1}, ()>::{closure#1} as core[a373ad73a504971]::ops::function::FnOnce<()>>::call_once::{shim:vtable#0}
[INFO] [stdout]   17:     0x626771c272bf - <std[617be2ca0a6fd877]::sys::thread::unix::Thread>::new::thread_start
[INFO] [stdout]   18:     0x779199dbadfa - <unknown>
[INFO] [stdout]   19:     0x779199e4e3d4 - clone
[INFO] [stdout]   20:                0x0 - <unknown>
[INFO] [stdout] 
[INFO] [stdout] ---- tests::test_standard_file stdout ----
[INFO] [stdout] 
[INFO] [stdout] thread 'tests::test_standard_file' (155) panicked at src/tests.rs:9:41:
[INFO] [stdout] called `Result::unwrap()` on an `Err` value: Io(Os { code: 2, kind: NotFound, message: "No such file or directory" })
[INFO] [stdout] stack backtrace:
[INFO] [stdout]    0:     0x626771c27a61 - <<std[617be2ca0a6fd877]::sys::backtrace::BacktraceLock>::print::DisplayBacktrace as core[a373ad73a504971]::fmt::Display>::fmt
[INFO] [stdout]    1:     0x626771c3bfba - core[a373ad73a504971]::fmt::write
[INFO] [stdout]    2:     0x626771c2bd2c - <alloc[2e1b2a31b91974c5]::vec::Vec<u8> as core[a373ad73a504971]::io::write::Write>::write_fmt
[INFO] [stdout]    3:     0x626771c03dc6 - std[617be2ca0a6fd877]::panicking::default_hook::{closure#0}
[INFO] [stdout]    4:     0x626771c200f9 - std[617be2ca0a6fd877]::panicking::default_hook
[INFO] [stdout]    5:     0x626771bbc640 - test[aada8e7e76ba119b]::test_main_inner::{closure#0}
[INFO] [stdout]    6:     0x626771c202b2 - std[617be2ca0a6fd877]::panicking::panic_with_hook
[INFO] [stdout]    7:     0x626771c03e72 - std[617be2ca0a6fd877]::panicking::panic_handler::{closure#0}
[INFO] [stdout]    8:     0x626771bfcb59 - std[617be2ca0a6fd877]::sys::backtrace::__rust_end_short_backtrace::<std[617be2ca0a6fd877]::panicking::panic_handler::{closure#0}, !>
[INFO] [stdout]    9:     0x626771c04a7d - __rustc[ea4f61d10b84890b]::rust_begin_unwind
[INFO] [stdout]   10:     0x626771c3c6ec - core[a373ad73a504971]::panicking::panic_fmt
[INFO] [stdout]   11:     0x626771c3c4c2 - core[a373ad73a504971]::result::unwrap_failed
[INFO] [stdout]   12:     0x626771baf199 - <opus_headers[c6e76da4109963da]::tests::test_standard_file::{closure#0} as core[a373ad73a504971]::ops::function::FnOnce<()>>::call_once
[INFO] [stdout]   13:     0x626771bafa8b - test[aada8e7e76ba119b]::__rust_begin_short_backtrace::<core[a373ad73a504971]::result::Result<(), alloc[2e1b2a31b91974c5]::string::String>, fn() -> core[a373ad73a504971]::result::Result<(), alloc[2e1b2a31b91974c5]::string::String>>
[INFO] [stdout]   14:     0x626771bbcc65 - test[aada8e7e76ba119b]::run_test::{closure#0}
[INFO] [stdout]   15:     0x626771bb6554 - std[617be2ca0a6fd877]::sys::backtrace::__rust_begin_short_backtrace::<test[aada8e7e76ba119b]::run_test::{closure#1}, ()>
[INFO] [stdout]   16:     0x626771bbfcf2 - <std[617be2ca0a6fd877]::thread::lifecycle::spawn_unchecked<test[aada8e7e76ba119b]::run_test::{closure#1}, ()>::{closure#1} as core[a373ad73a504971]::ops::function::FnOnce<()>>::call_once::{shim:vtable#0}
[INFO] [stdout]   17:     0x626771c272bf - <std[617be2ca0a6fd877]::sys::thread::unix::Thread>::new::thread_start
[INFO] [stdout]   18:     0x779199dbadfa - <unknown>
[INFO] [stdout]   19:     0x779199e4e3d4 - clone
[INFO] [stdout]   20:                0x0 - <unknown>
[INFO] [stdout] 
[INFO] [stdout] 
[INFO] [stdout] failures:
[INFO] [stdout]     tests::test_file_without_comments
[INFO] [stdout]     tests::test_large_file
[INFO] [stdout]     tests::test_malformed_file_1
[INFO] [stdout]     tests::test_standard_file
[INFO] [stdout] 
[INFO] [stdout] test result: FAILED. 3 passed; 4 failed; 0 ignored; 0 measured; 0 filtered out; finished in 0.00s
[INFO] [stdout] 
[INFO] running `Command { std: "docker" "inspect" "f569ae53d075aec9036bd35c276e6699f21d58d8c89a9ef34bc087eac88a5fa1", kill_on_drop: false }`
[INFO] running `Command { std: "docker" "rm" "-f" "f569ae53d075aec9036bd35c276e6699f21d58d8c89a9ef34bc087eac88a5fa1", kill_on_drop: false }`
[INFO] [stdout] f569ae53d075aec9036bd35c276e6699f21d58d8c89a9ef34bc087eac88a5fa1
