[INFO] fetching crate opus-head-sys 0.3.3...
[INFO] testing opus-head-sys-0.3.3 against 1.99.0-beta.8+cargoflags=--release for beta-release-1.100-2
[INFO] extracting crate opus-head-sys 0.3.3 into /workspace/builds/worker-5-tc1/source
[INFO] started tweaking crates.io crate opus-head-sys 0.3.3
[INFO] finished tweaking crates.io crate opus-head-sys 0.3.3
[INFO] tweaked toml for crates.io crate opus-head-sys 0.3.3 written to /workspace/builds/worker-5-tc1/source/Cargo.toml
[INFO] validating manifest of crates.io crate opus-head-sys 0.3.3 on toolchain 1.99.0-beta.8
[INFO] running `Command { std: CARGO_HOME="/workspace/cargo-home" RUSTUP_HOME="/workspace/rustup-home" "/workspace/cargo-home/bin/cargo" "+1.99.0-beta.8" "metadata" "--manifest-path" "Cargo.toml" "--no-deps", kill_on_drop: false }`
[INFO] crate crates.io crate opus-head-sys 0.3.3 already has a lockfile, it will not be regenerated
[INFO] running `Command { std: CARGO_HOME="/workspace/cargo-home" RUSTUP_HOME="/workspace/rustup-home" "/workspace/cargo-home/bin/cargo" "+1.99.0-beta.8" "fetch" "--manifest-path" "Cargo.toml", kill_on_drop: false }`
[INFO] running `Command { std: "docker" "create" "-v" "/var/lib/crater-agent-workspace/builds/worker-5-tc1/source:/opt/rustwide/workdir:ro,Z" "-v" "/var/lib/crater-agent-workspace/builds/worker-5-tc1/target:/opt/rustwide/target:rw,Z" "-v" "/var/lib/crater-agent-workspace/cargo-home:/opt/rustwide/cargo-home:ro,Z" "-v" "/var/lib/crater-agent-workspace/rustup-home:/opt/rustwide/rustup-home:ro,Z" "-m" "1610612736" "--network" "none" "ghcr.io/rust-lang/crates-build-env/linux@sha256:77db811e55d90add9212f6832c23229e3de5f1c1f9905e8cb07319ea15df73ac" "sleep" "infinity", kill_on_drop: false }`
[INFO] [stdout] fc3fd9f04b2fc1e2f3d85bb13ed73418a474b91943a98b718b2e5e5a16c7ace8
[INFO] running `Command { std: "docker" "start" "fc3fd9f04b2fc1e2f3d85bb13ed73418a474b91943a98b718b2e5e5a16c7ace8", kill_on_drop: false }`
[INFO] running `Command { std: "docker" "inspect" "fc3fd9f04b2fc1e2f3d85bb13ed73418a474b91943a98b718b2e5e5a16c7ace8", kill_on_drop: false }`
[INFO] running `Command { std: "docker" "exec" "-e" "SOURCE_DIR=/opt/rustwide/workdir" "-e" "CARGO_HOME=/opt/rustwide/cargo-home" "-e" "RUSTUP_HOME=/opt/rustwide/rustup-home" "-e" "CARGO_TARGET_DIR=/opt/rustwide/target" "-w" "/opt/rustwide/workdir" "--user" "0:0" "fc3fd9f04b2fc1e2f3d85bb13ed73418a474b91943a98b718b2e5e5a16c7ace8" "/opt/rustwide/cargo-home/bin/cargo" "+1.99.0-beta.8" "metadata" "--no-deps" "--format-version=1", kill_on_drop: false }`
[INFO] running `Command { std: "docker" "inspect" "fc3fd9f04b2fc1e2f3d85bb13ed73418a474b91943a98b718b2e5e5a16c7ace8", kill_on_drop: false }`
[INFO] running `Command { std: "docker" "exec" "-e" "SOURCE_DIR=/opt/rustwide/workdir" "-e" "CARGO_HOME=/opt/rustwide/cargo-home" "-e" "RUSTUP_HOME=/opt/rustwide/rustup-home" "-e" "CARGO_TARGET_DIR=/opt/rustwide/target" "-e" "CARGO_INCREMENTAL=0" "-e" "RUST_BACKTRACE=full" "-e" "RUSTFLAGS=--cap-lints=warn" "-e" "RUSTDOCFLAGS=--cap-lints=warn" "-w" "/opt/rustwide/workdir" "--user" "0:0" "fc3fd9f04b2fc1e2f3d85bb13ed73418a474b91943a98b718b2e5e5a16c7ace8" "/opt/rustwide/cargo-home/bin/cargo" "+1.99.0-beta.8" "build" "--frozen" "--message-format=json" "--release", kill_on_drop: false }`
[INFO] [stderr]    Compiling cc v1.2.62
[INFO] [stderr]    Compiling cmake v0.1.58
[INFO] [stderr]    Compiling opus-head-sys v0.3.3 (/opt/rustwide/workdir)
[INFO] [stderr] warning: opus-head-sys@0.3.3: Building Opus for x86_64-unknown-linux-gnu (x86_64)
[INFO] [stderr] warning: opus-head-sys@0.3.3: DNN features enabled (DRED + OSCE)
[INFO] [stderr] warning: opus-head-sys@0.3.3: DNN weights will be loaded at runtime via OPUS_SET_DNN_BLOB()
[INFO] [stderr] warning: opus-head-sys@0.3.3: FAST_MATH feature enabled
[INFO] [stderr] warning: opus-head-sys@0.3.3: Opus build complete
[INFO] [stderr]     Finished `release` profile [optimized] target(s) in 22.67s
[INFO] running `Command { std: "docker" "inspect" "fc3fd9f04b2fc1e2f3d85bb13ed73418a474b91943a98b718b2e5e5a16c7ace8", kill_on_drop: false }`
[INFO] running `Command { std: "docker" "exec" "-e" "SOURCE_DIR=/opt/rustwide/workdir" "-e" "CARGO_HOME=/opt/rustwide/cargo-home" "-e" "RUSTUP_HOME=/opt/rustwide/rustup-home" "-e" "CARGO_TARGET_DIR=/opt/rustwide/target" "-e" "CARGO_INCREMENTAL=0" "-e" "RUST_BACKTRACE=full" "-e" "RUSTFLAGS=--cap-lints=warn" "-e" "RUSTDOCFLAGS=--cap-lints=warn" "-w" "/opt/rustwide/workdir" "--user" "0:0" "fc3fd9f04b2fc1e2f3d85bb13ed73418a474b91943a98b718b2e5e5a16c7ace8" "/opt/rustwide/cargo-home/bin/cargo" "+1.99.0-beta.8" "test" "--frozen" "--no-run" "--message-format=json" "--release", kill_on_drop: false }`
[INFO] [stderr] warning: opus-head-sys@0.3.3: Building Opus for x86_64-unknown-linux-gnu (x86_64)
[INFO] [stderr] warning: opus-head-sys@0.3.3: DNN features enabled (DRED + OSCE)
[INFO] [stderr] warning: opus-head-sys@0.3.3: DNN weights will be loaded at runtime via OPUS_SET_DNN_BLOB()
[INFO] [stderr] warning: opus-head-sys@0.3.3: FAST_MATH feature enabled
[INFO] [stderr] warning: opus-head-sys@0.3.3: Opus build complete
[INFO] [stderr]    Compiling opus-head-sys v0.3.3 (/opt/rustwide/workdir)
[INFO] [stderr]     Finished `release` profile [optimized] target(s) in 0.79s
[INFO] running `Command { std: "docker" "inspect" "fc3fd9f04b2fc1e2f3d85bb13ed73418a474b91943a98b718b2e5e5a16c7ace8", kill_on_drop: false }`
[INFO] running `Command { std: "docker" "exec" "-e" "SOURCE_DIR=/opt/rustwide/workdir" "-e" "CARGO_HOME=/opt/rustwide/cargo-home" "-e" "RUSTUP_HOME=/opt/rustwide/rustup-home" "-e" "CARGO_TARGET_DIR=/opt/rustwide/target" "-e" "CARGO_INCREMENTAL=0" "-e" "RUST_BACKTRACE=full" "-e" "RUSTFLAGS=--cap-lints=warn" "-e" "RUSTDOCFLAGS=--cap-lints=warn" "-w" "/opt/rustwide/workdir" "--user" "0:0" "fc3fd9f04b2fc1e2f3d85bb13ed73418a474b91943a98b718b2e5e5a16c7ace8" "/opt/rustwide/cargo-home/bin/cargo" "+1.99.0-beta.8" "test" "--frozen" "--release", kill_on_drop: false }`
[INFO] [stderr] warning: opus-head-sys@0.3.3: Building Opus for x86_64-unknown-linux-gnu (x86_64)
[INFO] [stderr] warning: opus-head-sys@0.3.3: DNN features enabled (DRED + OSCE)
[INFO] [stderr] warning: opus-head-sys@0.3.3: DNN weights will be loaded at runtime via OPUS_SET_DNN_BLOB()
[INFO] [stderr] warning: opus-head-sys@0.3.3: FAST_MATH feature enabled
[INFO] [stderr] warning: opus-head-sys@0.3.3: Opus build complete
[INFO] [stderr]     Finished `release` profile [optimized] target(s) in 0.02s
[INFO] [stderr]      Running unittests src/lib.rs (/opt/rustwide/target/release/deps/opus_head_sys-0bd60f961597693c)
[INFO] [stdout] 
[INFO] [stdout] running 13 tests
[INFO] [stdout] test tests::test_encoder_size ... ok
[INFO] [stdout] test tests::test_multistream_encoder_size ... ok
[INFO] [stdout] test tests::test_error_string ... ok
[INFO] [stdout] test tests::test_projection_encoder_size ... ok
[INFO] [stdout] test tests::test_multistream_decoder_size ... ok
[INFO] [stdout] test tests::test_opus_version ... ok
[INFO] [stdout] test tests::test_decoder_size ... ok
[INFO] [stdout] test tests::test_projection_decoder_size ... ok
[INFO] [stdout] test tests::test_dnn_blob_loading ... FAILED
[INFO] [stdout] test tests::test_encode_decode_with_dnn ... FAILED
[INFO] [stdout] test tests::test_encode_decode_without_dnn ... ok
[INFO] [stdout] test tests::test_multi_frame_encode_decode_with_dnn ... FAILED
[INFO] [stdout] test tests::test_multi_frame_encode_decode_without_dnn ... ok
[INFO] [stdout] 
[INFO] [stdout] failures:
[INFO] [stdout] 
[INFO] [stdout] ---- tests::test_dnn_blob_loading stdout ----
[INFO] [stdout] Looking for weights in: "/opt/rustwide/workdir/target/model"
[INFO] [stdout] 
[INFO] [stdout] thread 'tests::test_dnn_blob_loading' (820) panicked at src/lib.rs:152:17:
[INFO] [stdout] target/model directory not found ("/opt/rustwide/workdir/target/model"): No such file or directory (os error 2)
[INFO] [stdout] Run 'python generate_weights.py' to generate weights.
[INFO] [stderr] error: test failed, to rerun pass `--lib`
[INFO] [stdout] stack backtrace:
[INFO] [stdout]    0:     0x5e8b4e2fbd21 - <<std[70759c8f55707aa4]::sys::backtrace::BacktraceLock>::print::DisplayBacktrace as core[df12db4294e9bfd3]::fmt::Display>::fmt
[INFO] [stdout]    1:     0x5e8b4e3101da - core[df12db4294e9bfd3]::fmt::write
[INFO] [stdout]    2:     0x5e8b4e30048c - <alloc[2182bb758b4b3781]::vec::Vec<u8> as core[df12db4294e9bfd3]::io::write::Write>::write_fmt
[INFO] [stdout]    3:     0x5e8b4e2d7b16 - std[70759c8f55707aa4]::panicking::default_hook::{closure#0}
[INFO] [stdout]    4:     0x5e8b4e2f3f59 - std[70759c8f55707aa4]::panicking::default_hook
[INFO] [stdout]    5:     0x5e8b4e28fac0 - test[9d35eded1c95d3be]::test_main_inner::<test[9d35eded1c95d3be]::test_main_static::{closure#0}>::{closure#0}
[INFO] [stdout]    6:     0x5e8b4e2f4112 - std[70759c8f55707aa4]::panicking::panic_with_hook
[INFO] [stdout]    7:     0x5e8b4e2d7bc2 - std[70759c8f55707aa4]::panicking::panic_handler::{closure#0}
[INFO] [stdout]    8:     0x5e8b4e2d0719 - std[70759c8f55707aa4]::sys::backtrace::__rust_end_short_backtrace::<std[70759c8f55707aa4]::panicking::panic_handler::{closure#0}, !>
[INFO] [stdout]    9:     0x5e8b4e2d87bd - __rustc[8fa7c3cbc660c2b3]::rust_begin_unwind
[INFO] [stdout]   10:     0x5e8b4e31090c - core[df12db4294e9bfd3]::panicking::panic_fmt
[INFO] [stdout]   11:     0x5e8b4e1ee266 - <opus_head_sys[fab866ad8f461052]::tests::test_dnn_blob_loading::{closure#0} as core[df12db4294e9bfd3]::ops::function::FnOnce<()>>::call_once
[INFO] [stdout]   12:     0x5e8b4e282dab - test[9d35eded1c95d3be]::__rust_begin_short_backtrace::<core[df12db4294e9bfd3]::result::Result<(), alloc[2182bb758b4b3781]::string::String>, fn() -> core[df12db4294e9bfd3]::result::Result<(), alloc[2182bb758b4b3781]::string::String>>
[INFO] [stdout]   13:     0x5e8b4e290415 - test[9d35eded1c95d3be]::run_test::{closure#0}
[INFO] [stdout]   14:     0x5e8b4e289cd4 - std[70759c8f55707aa4]::sys::backtrace::__rust_begin_short_backtrace::<test[9d35eded1c95d3be]::run_test::{closure#1}, ()>
[INFO] [stdout]   15:     0x5e8b4e293572 - <std[70759c8f55707aa4]::thread::lifecycle::spawn_unchecked<test[9d35eded1c95d3be]::run_test::{closure#1}, ()>::{closure#1} as core[df12db4294e9bfd3]::ops::function::FnOnce<()>>::call_once::{shim:vtable#0}
[INFO] [stdout]   16:     0x5e8b4e2fb2d9 - <std[70759c8f55707aa4]::sys::thread::unix::Thread>::new::thread_start
[INFO] [stdout]   17:     0x79cc8874cdfa - <unknown>
[INFO] [stdout]   18:     0x79cc887e03d4 - clone
[INFO] [stdout]   19:                0x0 - <unknown>
[INFO] [stdout] 
[INFO] [stdout] ---- tests::test_encode_decode_with_dnn stdout ----
[INFO] [stdout] 
[INFO] [stdout] thread 'tests::test_encode_decode_with_dnn' (821) panicked at src/lib.rs:426:17:
[INFO] [stdout] DNN weights not found. Run 'python generate_weights.py' to generate weights.
[INFO] [stdout] stack backtrace:
[INFO] [stdout]    0:     0x5e8b4e2fbd21 - <<std[70759c8f55707aa4]::sys::backtrace::BacktraceLock>::print::DisplayBacktrace as core[df12db4294e9bfd3]::fmt::Display>::fmt
[INFO] [stdout]    1:     0x5e8b4e3101da - core[df12db4294e9bfd3]::fmt::write
[INFO] [stdout]    2:     0x5e8b4e30048c - <alloc[2182bb758b4b3781]::vec::Vec<u8> as core[df12db4294e9bfd3]::io::write::Write>::write_fmt
[INFO] [stdout]    3:     0x5e8b4e2d7b16 - std[70759c8f55707aa4]::panicking::default_hook::{closure#0}
[INFO] [stdout]    4:     0x5e8b4e2f3f59 - std[70759c8f55707aa4]::panicking::default_hook
[INFO] [stdout]    5:     0x5e8b4e28fac0 - test[9d35eded1c95d3be]::test_main_inner::<test[9d35eded1c95d3be]::test_main_static::{closure#0}>::{closure#0}
[INFO] [stdout]    6:     0x5e8b4e2f4112 - std[70759c8f55707aa4]::panicking::panic_with_hook
[INFO] [stdout]    7:     0x5e8b4e2d7bf4 - std[70759c8f55707aa4]::panicking::panic_handler::{closure#0}
[INFO] [stdout]    8:     0x5e8b4e2d0719 - std[70759c8f55707aa4]::sys::backtrace::__rust_end_short_backtrace::<std[70759c8f55707aa4]::panicking::panic_handler::{closure#0}, !>
[INFO] [stdout]    9:     0x5e8b4e2d87bd - __rustc[8fa7c3cbc660c2b3]::rust_begin_unwind
[INFO] [stdout]   10:     0x5e8b4e31090c - core[df12db4294e9bfd3]::panicking::panic_fmt
[INFO] [stdout]   11:     0x5e8b4e1ee87b - <opus_head_sys[fab866ad8f461052]::tests::test_encode_decode_with_dnn::{closure#0} as core[df12db4294e9bfd3]::ops::function::FnOnce<()>>::call_once
[INFO] [stdout]   12:     0x5e8b4e282dab - test[9d35eded1c95d3be]::__rust_begin_short_backtrace::<core[df12db4294e9bfd3]::result::Result<(), alloc[2182bb758b4b3781]::string::String>, fn() -> core[df12db4294e9bfd3]::result::Result<(), alloc[2182bb758b4b3781]::string::String>>
[INFO] [stdout]   13:     0x5e8b4e290415 - test[9d35eded1c95d3be]::run_test::{closure#0}
[INFO] [stdout]   14:     0x5e8b4e289cd4 - std[70759c8f55707aa4]::sys::backtrace::__rust_begin_short_backtrace::<test[9d35eded1c95d3be]::run_test::{closure#1}, ()>
[INFO] [stdout]   15:     0x5e8b4e293572 - <std[70759c8f55707aa4]::thread::lifecycle::spawn_unchecked<test[9d35eded1c95d3be]::run_test::{closure#1}, ()>::{closure#1} as core[df12db4294e9bfd3]::ops::function::FnOnce<()>>::call_once::{shim:vtable#0}
[INFO] [stdout]   16:     0x5e8b4e2fb2d9 - <std[70759c8f55707aa4]::sys::thread::unix::Thread>::new::thread_start
[INFO] [stdout]   17:     0x79cc8874cdfa - <unknown>
[INFO] [stdout]   18:     0x79cc887e03d4 - clone
[INFO] [stdout]   19:                0x0 - <unknown>
[INFO] [stdout] 
[INFO] [stdout] ---- tests::test_multi_frame_encode_decode_with_dnn stdout ----
[INFO] [stdout] 
[INFO] [stdout] thread 'tests::test_multi_frame_encode_decode_with_dnn' (825) panicked at src/lib.rs:668:17:
[INFO] [stdout] DNN weights not found. Run 'python generate_weights.py' to generate weights.
[INFO] [stdout] stack backtrace:
[INFO] [stdout]    0:     0x5e8b4e2fbd21 - <<std[70759c8f55707aa4]::sys::backtrace::BacktraceLock>::print::DisplayBacktrace as core[df12db4294e9bfd3]::fmt::Display>::fmt
[INFO] [stdout]    1:     0x5e8b4e3101da - core[df12db4294e9bfd3]::fmt::write
[INFO] [stdout]    2:     0x5e8b4e30048c - <alloc[2182bb758b4b3781]::vec::Vec<u8> as core[df12db4294e9bfd3]::io::write::Write>::write_fmt
[INFO] [stdout]    3:     0x5e8b4e2d7b16 - std[70759c8f55707aa4]::panicking::default_hook::{closure#0}
[INFO] [stdout]    4:     0x5e8b4e2f3f59 - std[70759c8f55707aa4]::panicking::default_hook
[INFO] [stdout]    5:     0x5e8b4e28fac0 - test[9d35eded1c95d3be]::test_main_inner::<test[9d35eded1c95d3be]::test_main_static::{closure#0}>::{closure#0}
[INFO] [stdout]    6:     0x5e8b4e2f4112 - std[70759c8f55707aa4]::panicking::panic_with_hook
[INFO] [stdout]    7:     0x5e8b4e2d7bf4 - std[70759c8f55707aa4]::panicking::panic_handler::{closure#0}
[INFO] [stdout]    8:     0x5e8b4e2d0719 - std[70759c8f55707aa4]::sys::backtrace::__rust_end_short_backtrace::<std[70759c8f55707aa4]::panicking::panic_handler::{closure#0}, !>
[INFO] [stdout]    9:     0x5e8b4e2d87bd - __rustc[8fa7c3cbc660c2b3]::rust_begin_unwind
[INFO] [stdout]   10:     0x5e8b4e31090c - core[df12db4294e9bfd3]::panicking::panic_fmt
[INFO] [stdout]   11:     0x5e8b4e1ef5eb - <opus_head_sys[fab866ad8f461052]::tests::test_multi_frame_encode_decode_with_dnn::{closure#0} as core[df12db4294e9bfd3]::ops::function::FnOnce<()>>::call_once
[INFO] [stdout]   12:     0x5e8b4e282dab - test[9d35eded1c95d3be]::__rust_begin_short_backtrace::<core[df12db4294e9bfd3]::result::Result<(), alloc[2182bb758b4b3781]::string::String>, fn() -> core[df12db4294e9bfd3]::result::Result<(), alloc[2182bb758b4b3781]::string::String>>
[INFO] [stdout]   13:     0x5e8b4e290415 - test[9d35eded1c95d3be]::run_test::{closure#0}
[INFO] [stdout]   14:     0x5e8b4e289cd4 - std[70759c8f55707aa4]::sys::backtrace::__rust_begin_short_backtrace::<test[9d35eded1c95d3be]::run_test::{closure#1}, ()>
[INFO] [stdout]   15:     0x5e8b4e293572 - <std[70759c8f55707aa4]::thread::lifecycle::spawn_unchecked<test[9d35eded1c95d3be]::run_test::{closure#1}, ()>::{closure#1} as core[df12db4294e9bfd3]::ops::function::FnOnce<()>>::call_once::{shim:vtable#0}
[INFO] [stdout]   16:     0x5e8b4e2fb2d9 - <std[70759c8f55707aa4]::sys::thread::unix::Thread>::new::thread_start
[INFO] [stdout]   17:     0x79cc8874cdfa - <unknown>
[INFO] [stdout]   18:     0x79cc887e03d4 - clone
[INFO] [stdout]   19:                0x0 - <unknown>
[INFO] [stdout] 
[INFO] [stdout] 
[INFO] [stdout] failures:
[INFO] [stdout]     tests::test_dnn_blob_loading
[INFO] [stdout]     tests::test_encode_decode_with_dnn
[INFO] [stdout]     tests::test_multi_frame_encode_decode_with_dnn
[INFO] [stdout] 
[INFO] [stdout] test result: FAILED. 10 passed; 3 failed; 0 ignored; 0 measured; 0 filtered out; finished in 0.01s
[INFO] [stdout] 
[INFO] running `Command { std: "docker" "inspect" "fc3fd9f04b2fc1e2f3d85bb13ed73418a474b91943a98b718b2e5e5a16c7ace8", kill_on_drop: false }`
[INFO] running `Command { std: "docker" "rm" "-f" "fc3fd9f04b2fc1e2f3d85bb13ed73418a474b91943a98b718b2e5e5a16c7ace8", kill_on_drop: false }`
[INFO] [stdout] fc3fd9f04b2fc1e2f3d85bb13ed73418a474b91943a98b718b2e5e5a16c7ace8
