[INFO] fetching crate opseclint 1.4.0...
[INFO] testing opseclint-1.4.0 against 1.99.0-beta.8+cargoflags=--release for beta-release-1.100-2
[INFO] extracting crate opseclint 1.4.0 into /workspace/builds/worker-2-tc1/source
[INFO] started tweaking crates.io crate opseclint 1.4.0
[INFO] finished tweaking crates.io crate opseclint 1.4.0
[INFO] tweaked toml for crates.io crate opseclint 1.4.0 written to /workspace/builds/worker-2-tc1/source/Cargo.toml
[INFO] validating manifest of crates.io crate opseclint 1.4.0 on toolchain 1.99.0-beta.8
[INFO] running `Command { std: CARGO_HOME="/workspace/cargo-home" RUSTUP_HOME="/workspace/rustup-home" "/workspace/cargo-home/bin/cargo" "+1.99.0-beta.8" "metadata" "--manifest-path" "Cargo.toml" "--no-deps", kill_on_drop: false }`
[INFO] crate crates.io crate opseclint 1.4.0 already has a lockfile, it will not be regenerated
[INFO] running `Command { std: CARGO_HOME="/workspace/cargo-home" RUSTUP_HOME="/workspace/rustup-home" "/workspace/cargo-home/bin/cargo" "+1.99.0-beta.8" "fetch" "--manifest-path" "Cargo.toml", kill_on_drop: false }`
[INFO] [stderr]     Updating crates.io index
[INFO] [stderr]  Downloading crates ...
[INFO] [stderr]   Downloaded opseclint-core v1.4.0
[INFO] running `Command { std: "docker" "create" "-v" "/var/lib/crater-agent-workspace/builds/worker-2-tc1/source:/opt/rustwide/workdir:ro,Z" "-v" "/var/lib/crater-agent-workspace/builds/worker-2-tc1/target:/opt/rustwide/target:rw,Z" "-v" "/var/lib/crater-agent-workspace/cargo-home:/opt/rustwide/cargo-home:ro,Z" "-v" "/var/lib/crater-agent-workspace/rustup-home:/opt/rustwide/rustup-home:ro,Z" "-m" "1610612736" "--network" "none" "ghcr.io/rust-lang/crates-build-env/linux@sha256:77db811e55d90add9212f6832c23229e3de5f1c1f9905e8cb07319ea15df73ac" "sleep" "infinity", kill_on_drop: false }`
[INFO] [stdout] 3d55eb0f033e2402e61f2dd5204094472789d7cf34850ce5c6e50b11b7eed698
[INFO] running `Command { std: "docker" "start" "3d55eb0f033e2402e61f2dd5204094472789d7cf34850ce5c6e50b11b7eed698", kill_on_drop: false }`
[INFO] running `Command { std: "docker" "inspect" "3d55eb0f033e2402e61f2dd5204094472789d7cf34850ce5c6e50b11b7eed698", kill_on_drop: false }`
[INFO] running `Command { std: "docker" "exec" "-e" "SOURCE_DIR=/opt/rustwide/workdir" "-e" "CARGO_HOME=/opt/rustwide/cargo-home" "-e" "RUSTUP_HOME=/opt/rustwide/rustup-home" "-e" "CARGO_TARGET_DIR=/opt/rustwide/target" "-w" "/opt/rustwide/workdir" "--user" "0:0" "3d55eb0f033e2402e61f2dd5204094472789d7cf34850ce5c6e50b11b7eed698" "/opt/rustwide/cargo-home/bin/cargo" "+1.99.0-beta.8" "metadata" "--no-deps" "--format-version=1", kill_on_drop: false }`
[INFO] running `Command { std: "docker" "inspect" "3d55eb0f033e2402e61f2dd5204094472789d7cf34850ce5c6e50b11b7eed698", kill_on_drop: false }`
[INFO] running `Command { std: "docker" "exec" "-e" "SOURCE_DIR=/opt/rustwide/workdir" "-e" "CARGO_HOME=/opt/rustwide/cargo-home" "-e" "RUSTUP_HOME=/opt/rustwide/rustup-home" "-e" "CARGO_TARGET_DIR=/opt/rustwide/target" "-e" "CARGO_INCREMENTAL=0" "-e" "RUST_BACKTRACE=full" "-e" "RUSTFLAGS=--cap-lints=warn" "-e" "RUSTDOCFLAGS=--cap-lints=warn" "-w" "/opt/rustwide/workdir" "--user" "0:0" "3d55eb0f033e2402e61f2dd5204094472789d7cf34850ce5c6e50b11b7eed698" "/opt/rustwide/cargo-home/bin/cargo" "+1.99.0-beta.8" "build" "--frozen" "--message-format=json" "--release", kill_on_drop: false }`
[INFO] [stderr]    Compiling aho-corasick v1.1.4
[INFO] [stderr]    Compiling unsafe-libyaml-norway v0.2.15
[INFO] [stderr]    Compiling syn v3.0.3
[INFO] [stderr]    Compiling clap_builder v4.6.6
[INFO] [stderr]    Compiling serde_json v1.0.151
[INFO] [stderr]    Compiling regex-automata v0.4.16
[INFO] [stderr]    Compiling serde_derive v1.0.229
[INFO] [stderr]    Compiling clap_derive v4.6.4
[INFO] [stderr]    Compiling clap v4.6.6
[INFO] [stderr]    Compiling regex v1.13.1
[INFO] [stderr]    Compiling serde v1.0.229
[INFO] [stderr]    Compiling serde_norway v0.9.42
[INFO] [stderr]    Compiling opseclint-core v1.4.0
[INFO] [stderr]    Compiling opseclint v1.4.0 (/opt/rustwide/workdir)
[INFO] [stderr]     Finished `release` profile [optimized] target(s) in 15.46s
[INFO] running `Command { std: "docker" "inspect" "3d55eb0f033e2402e61f2dd5204094472789d7cf34850ce5c6e50b11b7eed698", kill_on_drop: false }`
[INFO] running `Command { std: "docker" "exec" "-e" "SOURCE_DIR=/opt/rustwide/workdir" "-e" "CARGO_HOME=/opt/rustwide/cargo-home" "-e" "RUSTUP_HOME=/opt/rustwide/rustup-home" "-e" "CARGO_TARGET_DIR=/opt/rustwide/target" "-e" "CARGO_INCREMENTAL=0" "-e" "RUST_BACKTRACE=full" "-e" "RUSTFLAGS=--cap-lints=warn" "-e" "RUSTDOCFLAGS=--cap-lints=warn" "-w" "/opt/rustwide/workdir" "--user" "0:0" "3d55eb0f033e2402e61f2dd5204094472789d7cf34850ce5c6e50b11b7eed698" "/opt/rustwide/cargo-home/bin/cargo" "+1.99.0-beta.8" "test" "--frozen" "--no-run" "--message-format=json" "--release", kill_on_drop: false }`
[INFO] [stderr]    Compiling opseclint v1.4.0 (/opt/rustwide/workdir)
[INFO] [stderr]     Finished `release` profile [optimized] target(s) in 2.44s
[INFO] running `Command { std: "docker" "inspect" "3d55eb0f033e2402e61f2dd5204094472789d7cf34850ce5c6e50b11b7eed698", kill_on_drop: false }`
[INFO] running `Command { std: "docker" "exec" "-e" "SOURCE_DIR=/opt/rustwide/workdir" "-e" "CARGO_HOME=/opt/rustwide/cargo-home" "-e" "RUSTUP_HOME=/opt/rustwide/rustup-home" "-e" "CARGO_TARGET_DIR=/opt/rustwide/target" "-e" "CARGO_INCREMENTAL=0" "-e" "RUST_BACKTRACE=full" "-e" "RUSTFLAGS=--cap-lints=warn" "-e" "RUSTDOCFLAGS=--cap-lints=warn" "-w" "/opt/rustwide/workdir" "--user" "0:0" "3d55eb0f033e2402e61f2dd5204094472789d7cf34850ce5c6e50b11b7eed698" "/opt/rustwide/cargo-home/bin/cargo" "+1.99.0-beta.8" "test" "--frozen" "--release", kill_on_drop: false }`
[INFO] [stderr]     Finished `release` profile [optimized] target(s) in 0.04s
[INFO] [stderr]      Running unittests src/main.rs (/opt/rustwide/target/release/deps/opseclint-38224b19fc4998e8)
[INFO] [stdout] 
[INFO] [stdout] running 54 tests
[INFO] [stdout] test coverage::tests::delta_classifies_closed_opened_and_changed ... ok
[INFO] [stdout] test coverage::tests::delta_is_clean_when_nothing_moves ... ok
[INFO] [stdout] test diff::tests::detects_added_removed_and_changed ... ok
[INFO] [stdout] test diff::tests::identical_reports_have_no_delta ... ok
[INFO] [stdout] test diff::tests::platform_mismatch_is_flagged ... ok
[INFO] [stdout] test diff::tests::removing_the_loudest_action_reads_as_quieter ... ok
[INFO] [stdout] test diff::tests::verdict_flip_is_a_change_even_at_same_noise ... ok
[INFO] [stdout] test navigator::tests::navigator_layer_has_expected_shape ... ok
[INFO] [stdout] test navigator::tests::aggregates_max_score_per_technique ... ok
[INFO] [stdout] test coverage::tests::covered_when_a_rule_fires ... FAILED
[INFO] [stdout] test coverage::tests::a_rule_for_another_event_class_does_not_count_as_coverage ... FAILED
[INFO] [stdout] test sarif::tests::sarif_is_valid_json_with_expected_shape ... ok
[INFO] [stdout] test coverage::tests::no_rules_when_technique_absent_from_ruleset ... FAILED
[INFO] [stdout] test scaffold::tests::scaffold_ands_several_event_fields_in_one_selection ... ok
[INFO] [stdout] test scaffold::tests::scaffold_flags_a_dropped_negation_with_a_note ... ok
[INFO] [stdout] test scaffold::tests::civil_date_is_correct ... ok
[INFO] [stdout] test scaffold::tests::scaffold_emits_a_document_per_log_source_for_a_dual_axis_entry ... ok
[INFO] [stdout] test scaffold::tests::scaffold_flags_a_widened_event_leaf ... ok
[INFO] [stdout] test scaffold::tests::an_event_only_entry_scaffolds_no_empty_selection ... ok
[INFO] [stdout] test scaffold::tests::scaffold_folds_a_same_key_event_alternation_into_a_value_list ... ok
[INFO] [stdout] test scaffold::tests::scaffold_handles_raw_only_entry ... ok
[INFO] [stdout] test scaffold::tests::scaffold_maps_a_regex_leaf_to_commandline_re ... ok
[INFO] [stdout] test scaffold::tests::scaffold_event_alternation_becomes_sibling_selections ... ok
[INFO] [stdout] test scaffold::tests::scaffold_keeps_two_modifiers_on_one_event_field_as_separate_keys ... ok
[INFO] [stdout] test scaffold::tests::scaffold_keeps_a_nested_event_alternation_in_one_selection ... ok
[INFO] [stdout] test scaffold::tests::scaffold_is_valid_sigma_yaml_for_a_command_entry ... ok
[INFO] [stdout] test theme::tests::banner_is_plain_without_color ... ok
[INFO] [stdout] test scaffold::tests::scaffold_id_is_deterministic_and_multidoc_joins ... ok
[INFO] [stdout] test verify::tests::a_process_creation_rule_needing_a_field_stays_indeterminate ... FAILED
[INFO] [stdout] test scaffold::tests::scaffold_lists_multiple_regexes_as_a_yaml_sequence ... ok
[INFO] [stdout] test verify::tests::a_rule_for_another_event_class_is_not_applicable_not_indeterminate ... FAILED
[INFO] [stdout] test theme::tests::banner_paints_when_color_on ... ok
[INFO] [stdout] test scaffold::tests::scaffold_lowers_line_any_to_a_contains_or_list ... ok
[INFO] [stdout] test scaffold::tests::scaffold_lowers_program_any_of_to_an_image_list ... ok
[INFO] [stdout] test verify::tests::a_rule_past_the_display_cap_still_verifies_the_claim ... FAILED
[INFO] [stdout] test verify::tests::a_rule_of_another_event_class_is_still_set_aside ... FAILED
[INFO] [stdout] test verify::tests::an_event_axis_the_rule_does_not_match_is_unverified ... FAILED
[INFO] [stdout] test scaffold::tests::scaffold_event_class_picks_the_logsource_category ... ok
[INFO] [stdout] test scaffold::tests::scaffold_title_with_colon_stays_valid_yaml ... ok
[INFO] [stdout] test verify::tests::an_event_axis_verifies_a_rule_in_its_own_logsource ... FAILED
[INFO] [stdout] test verify::tests::an_event_only_entry_is_answerable ... FAILED
[INFO] [stdout] test verify::tests::an_event_rule_needing_a_field_the_record_lacks_stays_indeterminate ... FAILED
[INFO] [stdout] test verify::tests::cause_breakdown_is_ranked_and_deterministic_on_ties ... ok
[INFO] [stdout] test verify::tests::baseline_without_sigma_ref_still_deserializes ... ok
[INFO] [stdout] test verify::tests::delta_flags_regression_and_improvement ... ok
[INFO] [stdout] test verify::tests::delta_flags_vanished_verified_entry ... ok
[INFO] [stdout] test scaffold::tests::scaffold_windows_uses_backslash_exe_image ... ok
[INFO] [stdout] test verify::tests::no_rule_when_technique_absent_from_ruleset ... FAILED
[INFO] [stdout] test verify::tests::real_kb_verifies_without_panicking ... FAILED
[INFO] [stdout] test verify::tests::render_names_the_ruleset_revision_only_when_known ... ok
[INFO] [stdout] test verify::tests::unverified_when_rule_exists_but_does_not_fire ... FAILED
[INFO] [stdout] test verify::tests::only_entries_with_a_sigma_claim_are_verified ... FAILED
[INFO] [stdout] test verify::tests::verified_when_a_real_rule_fires ... FAILED
[INFO] [stdout] test scaffold::tests::every_entry_scaffolds_documents_that_parse_as_sigma ... ok
[INFO] [stdout] 
[INFO] [stdout] failures:
[INFO] [stdout] 
[INFO] [stdout] ---- coverage::tests::covered_when_a_rule_fires stdout ----
[INFO] [stdout] 
[INFO] [stdout] thread 'coverage::tests::covered_when_a_rule_fires' (584) panicked at src/coverage.rs:524:45:
[INFO] [stdout] index loads: Os { code: 2, kind: NotFound, message: "No such file or directory" }
[INFO] [stdout] stack backtrace:
[INFO] [stdout]    0:     0x593a2420e691 - <<std[70759c8f55707aa4]::sys::backtrace::BacktraceLock>::print::DisplayBacktrace as core[df12db4294e9bfd3]::fmt::Display>::fmt
[INFO] [stdout]    1:     0x593a2422667a - core[df12db4294e9bfd3]::fmt::write
[INFO] [stdout]    2:     0x593a24212dfc - <alloc[2182bb758b4b3781]::vec::Vec<u8> as core[df12db4294e9bfd3]::io::write::Write>::write_fmt
[INFO] [stdout]    3:     0x593a241ea2f6 - std[70759c8f55707aa4]::panicking::default_hook::{closure#0}
[INFO] [stdout]    4:     0x593a24206879 - std[70759c8f55707aa4]::panicking::default_hook
[INFO] [stdout]    5:     0x593a24069fb0 - test[9d35eded1c95d3be]::test_main_inner::<test[9d35eded1c95d3be]::test_main_static::{closure#0}>::{closure#0}
[INFO] [stdout]    6:     0x593a24206a32 - std[70759c8f55707aa4]::panicking::panic_with_hook
[INFO] [stdout]    7:     0x593a241ea3a2 - std[70759c8f55707aa4]::panicking::panic_handler::{closure#0}
[INFO] [stdout]    8:     0x593a241e2ef9 - std[70759c8f55707aa4]::sys::backtrace::__rust_end_short_backtrace::<std[70759c8f55707aa4]::panicking::panic_handler::{closure#0}, !>
[INFO] [stdout]    9:     0x593a241eaf9d - __rustc[8fa7c3cbc660c2b3]::rust_begin_unwind
[INFO] [stdout]   10:     0x593a24226e5c - core[df12db4294e9bfd3]::panicking::panic_fmt
[INFO] [stdout]   11:     0x593a24226c32 - core[df12db4294e9bfd3]::result::unwrap_failed
[INFO] [stdout]   12:     0x593a23ffe958 - opseclint[b59b1ef6181ad2e2]::coverage::tests::coverage_of
[INFO] [stdout]   13:     0x593a24051765 - <opseclint[b59b1ef6181ad2e2]::coverage::tests::covered_when_a_rule_fires::{closure#0} as core[df12db4294e9bfd3]::ops::function::FnOnce<()>>::call_once
[INFO] [stdout]   14:     0x593a2405d29b - test[9d35eded1c95d3be]::__rust_begin_short_backtrace::<core[df12db4294e9bfd3]::result::Result<(), alloc[2182bb758b4b3781]::string::String>, fn() -> core[df12db4294e9bfd3]::result::Result<(), alloc[2182bb758b4b3781]::string::String>>
[INFO] [stdout]   15:     0x593a2406a905 - test[9d35eded1c95d3be]::run_test::{closure#0}
[INFO] [stdout]   16:     0x593a240641c4 - std[70759c8f55707aa4]::sys::backtrace::__rust_begin_short_backtrace::<test[9d35eded1c95d3be]::run_test::{closure#1}, ()>
[INFO] [stdout]   17:     0x593a2406da62 - <std[70759c8f55707aa4]::thread::lifecycle::spawn_unchecked<test[9d35eded1c95d3be]::run_test::{closure#1}, ()>::{closure#1} as core[df12db4294e9bfd3]::ops::function::FnOnce<()>>::call_once::{shim:vtable#0}
[INFO] [stdout]   18:     0x593a2420dbf9 - <std[70759c8f55707aa4]::sys::thread::unix::Thread>::new::thread_start
[INFO] [stdout]   19:     0x741e6cc3adfa - <unknown>
[INFO] [stdout]   20:     0x741e6ccce3d4 - clone
[INFO] [stdout]   21:                0x0 - <unknown>
[INFO] [stdout] 
[INFO] [stdout] ---- coverage::tests::a_rule_for_another_event_class_does_not_count_as_coverage stdout ----
[INFO] [stdout] 
[INFO] [stdout] thread 'coverage::tests::a_rule_for_another_event_class_does_not_count_as_coverage' (583) panicked at src/coverage.rs:524:45:
[INFO] [stdout] index loads: Os { code: 2, kind: NotFound, message: "No such file or directory" }
[INFO] [stdout] stack backtrace:
[INFO] [stdout]    0:     0x593a2420e691 - <<std[70759c8f55707aa4]::sys::backtrace::BacktraceLock>::print::DisplayBacktrace as core[df12db4294e9bfd3]::fmt::Display>::fmt
[INFO] [stdout]    1:     0x593a2422667a - core[df12db4294e9bfd3]::fmt::write
[INFO] [stdout]    2:     0x593a24212dfc - <alloc[2182bb758b4b3781]::vec::Vec<u8> as core[df12db4294e9bfd3]::io::write::Write>::write_fmt
[INFO] [stdout]    3:     0x593a241ea2f6 - std[70759c8f55707aa4]::panicking::default_hook::{closure#0}
[INFO] [stdout]    4:     0x593a24206879 - std[70759c8f55707aa4]::panicking::default_hook
[INFO] [stdout]    5:     0x593a24069fb0 - test[9d35eded1c95d3be]::test_main_inner::<test[9d35eded1c95d3be]::test_main_static::{closure#0}>::{closure#0}
[INFO] [stdout]    6:     0x593a24206a32 - std[70759c8f55707aa4]::panicking::panic_with_hook
[INFO] [stdout]    7:     0x593a241ea3a2 - std[70759c8f55707aa4]::panicking::panic_handler::{closure#0}
[INFO] [stdout]    8:     0x593a241e2ef9 - std[70759c8f55707aa4]::sys::backtrace::__rust_end_short_backtrace::<std[70759c8f55707aa4]::panicking::panic_handler::{closure#0}, !>
[INFO] [stdout]    9:     0x593a241eaf9d - __rustc[8fa7c3cbc660c2b3]::rust_begin_unwind
[INFO] [stdout]   10:     0x593a24226e5c - core[df12db4294e9bfd3]::panicking::panic_fmt
[INFO] [stdout]   11:     0x593a24226c32 - core[df12db4294e9bfd3]::result::unwrap_failed
[INFO] [stdout]   12:     0x593a23ffe958 - opseclint[b59b1ef6181ad2e2]::coverage::tests::coverage_of
[INFO] [stdout]   13:     0x593a24051865 - <opseclint[b59b1ef6181ad2e2]::coverage::tests::a_rule_for_another_event_class_does_not_count_as_coverage::{closure#0} as core[df12db4294e9bfd3]::ops::function::FnOnce<()>>::call_once
[INFO] [stdout]   14:     0x593a2405d29b - test[9d35eded1c95d3be]::__rust_begin_short_backtrace::<core[df12db4294e9bfd3]::result::Result<(), alloc[2182bb758b4b3781]::string::String>, fn() -> core[df12db4294e9bfd3]::result::Result<(), alloc[2182bb758b4b3781]::string::String>>
[INFO] [stdout]   15:     0x593a2406a905 - test[9d35eded1c95d3be]::run_test::{closure#0}
[INFO] [stdout]   16:     0x593a240641c4 - std[70759c8f55707aa4]::sys::backtrace::__rust_begin_short_backtrace::<test[9d35eded1c95d3be]::run_test::{closure#1}, ()>
[INFO] [stdout]   17:     0x593a2406da62 - <std[70759c8f55707aa4]::thread::lifecycle::spawn_unchecked<test[9d35eded1c95d3be]::run_test::{closure#1}, ()>::{closure#1} as core[df12db4294e9bfd3]::ops::function::FnOnce<()>>::call_once::{shim:vtable#0}
[INFO] [stdout]   18:     0x593a2420dbf9 - <std[70759c8f55707aa4]::sys::thread::unix::Thread>::new::thread_start
[INFO] [stdout]   19:     0x741e6cc3adfa - <unknown>
[INFO] [stdout]   20:     0x741e6ccce3d4 - clone
[INFO] [stdout]   21:                0x0 - <unknown>
[INFO] [stdout] 
[INFO] [stdout] ---- coverage::tests::no_rules_when_technique_absent_from_ruleset stdout ----
[INFO] [stdout] 
[INFO] [stdout] thread 'coverage::tests::no_rules_when_technique_absent_from_ruleset' (587) panicked at src/coverage.rs:524:45:
[INFO] [stdout] index loads: Os { code: 2, kind: NotFound, message: "No such file or directory" }
[INFO] [stdout] stack backtrace:
[INFO] [stdout]    0:     0x593a2420e691 - <<std[70759c8f55707aa4]::sys::backtrace::BacktraceLock>::print::DisplayBacktrace as core[df12db4294e9bfd3]::fmt::Display>::fmt
[INFO] [stdout]    1:     0x593a2422667a - core[df12db4294e9bfd3]::fmt::write
[INFO] [stdout]    2:     0x593a24212dfc - <alloc[2182bb758b4b3781]::vec::Vec<u8> as core[df12db4294e9bfd3]::io::write::Write>::write_fmt
[INFO] [stdout]    3:     0x593a241ea2f6 - std[70759c8f55707aa4]::panicking::default_hook::{closure#0}
[INFO] [stdout]    4:     0x593a24206879 - std[70759c8f55707aa4]::panicking::default_hook
[INFO] [stdout]    5:     0x593a24069fb0 - test[9d35eded1c95d3be]::test_main_inner::<test[9d35eded1c95d3be]::test_main_static::{closure#0}>::{closure#0}
[INFO] [stdout]    6:     0x593a24206a32 - std[70759c8f55707aa4]::panicking::panic_with_hook
[INFO] [stdout]    7:     0x593a241ea3a2 - std[70759c8f55707aa4]::panicking::panic_handler::{closure#0}
[INFO] [stdout]    8:     0x593a241e2ef9 - std[70759c8f55707aa4]::sys::backtrace::__rust_end_short_backtrace::<std[70759c8f55707aa4]::panicking::panic_handler::{closure#0}, !>
[INFO] [stdout]    9:     0x593a241eaf9d - __rustc[8fa7c3cbc660c2b3]::rust_begin_unwind
[INFO] [stdout]   10:     0x593a24226e5c - core[df12db4294e9bfd3]::panicking::panic_fmt
[INFO] [stdout]   11:     0x593a24226c32 - core[df12db4294e9bfd3]::result::unwrap_failed
[INFO] [stdout]   12:     0x593a23ffe958 - opseclint[b59b1ef6181ad2e2]::coverage::tests::coverage_of
[INFO] [stdout]   13:     0x593a24051801 - <opseclint[b59b1ef6181ad2e2]::coverage::tests::no_rules_when_technique_absent_from_ruleset::{closure#0} as core[df12db4294e9bfd3]::ops::function::FnOnce<()>>::call_once
[INFO] [stdout]   14:     0x593a2405d29b - test[9d35eded1c95d3be]::__rust_begin_short_backtrace::<core[df12db4294e9bfd3]::result::Result<(), alloc[2182bb758b4b3781]::string::String>, fn() -> core[df12db4294e9bfd3]::result::Result<(), alloc[2182bb758b4b3781]::string::String>>
[INFO] [stdout]   15:     0x593a2406a905 - test[9d35eded1c95d3be]::run_test::{closure#0}
[INFO] [stdout]   16:     0x593a240641c4 - std[70759c8f55707aa4]::sys::backtrace::__rust_begin_short_backtrace::<test[9d35eded1c95d3be]::run_test::{closure#1}, ()>
[INFO] [stdout]   17:     0x593a2406da62 - <std[70759c8f55707aa4]::thread::lifecycle::spawn_unchecked<test[9d35eded1c95d3be]::run_test::{closure#1}, ()>::{closure#1} as core[df12db4294e9bfd3]::ops::function::FnOnce<()>>::call_once::{shim:vtable#0}
[INFO] [stdout]   18:     0x593a2420dbf9 - <std[70759c8f55707aa4]::sys::thread::unix::Thread>::new::thread_start
[INFO] [stdout]   19:     0x741e6cc3adfa - <unknown>
[INFO] [stdout]   20:     0x741e6ccce3d4 - clone
[INFO] [stdout]   21:                0x0 - <unknown>
[INFO] [stdout] 
[INFO] [stdout] ---- verify::tests::a_process_creation_rule_needing_a_field_stays_indeterminate stdout ----
[INFO] [stdout] 
[INFO] [stdout] thread 'verify::tests::a_process_creation_rule_needing_a_field_stays_indeterminate' (619) panicked at src/verify.rs:691:45:
[INFO] [stdout] index loads: Os { code: 2, kind: NotFound, message: "No such file or directory" }
[INFO] [stdout] stack backtrace:
[INFO] [stdout]    0:     0x593a2420e691 - <<std[70759c8f55707aa4]::sys::backtrace::BacktraceLock>::print::DisplayBacktrace as core[df12db4294e9bfd3]::fmt::Display>::fmt
[INFO] [stdout]    1:     0x593a2422667a - core[df12db4294e9bfd3]::fmt::write
[INFO] [stdout]    2:     0x593a24212dfc - <alloc[2182bb758b4b3781]::vec::Vec<u8> as core[df12db4294e9bfd3]::io::write::Write>::write_fmt
[INFO] [stdout]    3:     0x593a241ea2f6 - std[70759c8f55707aa4]::panicking::default_hook::{closure#0}
[INFO] [stdout]    4:     0x593a24206879 - std[70759c8f55707aa4]::panicking::default_hook
[INFO] [stdout]    5:     0x593a24069fb0 - test[9d35eded1c95d3be]::test_main_inner::<test[9d35eded1c95d3be]::test_main_static::{closure#0}>::{closure#0}
[INFO] [stdout]    6:     0x593a24206a32 - std[70759c8f55707aa4]::panicking::panic_with_hook
[INFO] [stdout]    7:     0x593a241ea3a2 - std[70759c8f55707aa4]::panicking::panic_handler::{closure#0}
[INFO] [stdout]    8:     0x593a241e2ef9 - std[70759c8f55707aa4]::sys::backtrace::__rust_end_short_backtrace::<std[70759c8f55707aa4]::panicking::panic_handler::{closure#0}, !>
[INFO] [stdout]    9:     0x593a241eaf9d - __rustc[8fa7c3cbc660c2b3]::rust_begin_unwind
[INFO] [stdout]   10:     0x593a24226e5c - core[df12db4294e9bfd3]::panicking::panic_fmt
[INFO] [stdout]   11:     0x593a24226c32 - core[df12db4294e9bfd3]::result::unwrap_failed
[INFO] [stdout]   12:     0x593a24038671 - opseclint[b59b1ef6181ad2e2]::verify::tests::index
[INFO] [stdout]   13:     0x593a2403d64f - opseclint[b59b1ef6181ad2e2]::verify::tests::a_process_creation_rule_needing_a_field_stays_indeterminate
[INFO] [stdout]   14:     0x593a240516e9 - <opseclint[b59b1ef6181ad2e2]::verify::tests::a_process_creation_rule_needing_a_field_stays_indeterminate::{closure#0} as core[df12db4294e9bfd3]::ops::function::FnOnce<()>>::call_once
[INFO] [stdout]   15:     0x593a2405d29b - test[9d35eded1c95d3be]::__rust_begin_short_backtrace::<core[df12db4294e9bfd3]::result::Result<(), alloc[2182bb758b4b3781]::string::String>, fn() -> core[df12db4294e9bfd3]::result::Result<(), alloc[2182bb758b4b3781]::string::String>>
[INFO] [stdout]   16:     0x593a2406a905 - test[9d35eded1c95d3be]::run_test::{closure#0}
[INFO] [stdout]   17:     0x593a240641c4 - std[70759c8f55707aa4]::sys::backtrace::__rust_begin_short_backtrace::<test[9d35eded1c95d3be]::run_test::{closure#1}, ()>
[INFO] [stdout]   18:     0x593a2406da62 - <std[70759c8f55707aa4]::thread::lifecycle::spawn_unchecked<test[9d35eded1c95d3be]::run_test::{closure#1}, ()>::{closure#1} as core[df12db4294e9bfd3]::ops::function::FnOnce<()>>::call_once::{shim:vtable#0}
[INFO] [stdout]   19:     0x593a2420dbf9 - <std[70759c8f55707aa4]::sys::thread::unix::Thread>::new::thread_start
[INFO] [stdout]   20:     0x741e6cc3adfa - <unknown>
[INFO] [stdout]   21:     0x741e6ccce3d4 - clone
[INFO] [stdout]   22:                0x0 - <unknown>
[INFO] [stdout] 
[INFO] [stdout] ---- verify::tests::a_rule_for_another_event_class_is_not_applicable_not_indeterminate stdout ----
[INFO] [stdout] 
[INFO] [stdout] thread 'verify::tests::a_rule_for_another_event_class_is_not_applicable_not_indeterminate' (620) panicked at src/verify.rs:691:45:
[INFO] [stdout] index loads: Os { code: 2, kind: NotFound, message: "No such file or directory" }
[INFO] [stdout] stack backtrace:
[INFO] [stdout]    0:     0x593a2420e691 - <<std[70759c8f55707aa4]::sys::backtrace::BacktraceLock>::print::DisplayBacktrace as core[df12db4294e9bfd3]::fmt::Display>::fmt
[INFO] [stdout]    1:     0x593a2422667a - core[df12db4294e9bfd3]::fmt::write
[INFO] [stdout]    2:     0x593a24212dfc - <alloc[2182bb758b4b3781]::vec::Vec<u8> as core[df12db4294e9bfd3]::io::write::Write>::write_fmt
[INFO] [stdout]    3:     0x593a241ea2f6 - std[70759c8f55707aa4]::panicking::default_hook::{closure#0}
[INFO] [stdout]    4:     0x593a24206879 - std[70759c8f55707aa4]::panicking::default_hook
[INFO] [stdout]    5:     0x593a24069fb0 - test[9d35eded1c95d3be]::test_main_inner::<test[9d35eded1c95d3be]::test_main_static::{closure#0}>::{closure#0}
[INFO] [stdout]    6:     0x593a24206a32 - std[70759c8f55707aa4]::panicking::panic_with_hook
[INFO] [stdout]    7:     0x593a241ea3a2 - std[70759c8f55707aa4]::panicking::panic_handler::{closure#0}
[INFO] [stdout]    8:     0x593a241e2ef9 - std[70759c8f55707aa4]::sys::backtrace::__rust_end_short_backtrace::<std[70759c8f55707aa4]::panicking::panic_handler::{closure#0}, !>
[INFO] [stdout]    9:     0x593a241eaf9d - __rustc[8fa7c3cbc660c2b3]::rust_begin_unwind
[INFO] [stdout]   10:     0x593a24226e5c - core[df12db4294e9bfd3]::panicking::panic_fmt
[INFO] [stdout]   11:     0x593a24226c32 - core[df12db4294e9bfd3]::result::unwrap_failed
[INFO] [stdout]   12:     0x593a24038671 - opseclint[b59b1ef6181ad2e2]::verify::tests::index
[INFO] [stdout]   13:     0x593a2403daaf - opseclint[b59b1ef6181ad2e2]::verify::tests::a_rule_for_another_event_class_is_not_applicable_not_indeterminate
[INFO] [stdout]   14:     0x593a24051709 - <opseclint[b59b1ef6181ad2e2]::verify::tests::a_rule_for_another_event_class_is_not_applicable_not_indeterminate::{closure#0} as core[df12db4294e9bfd3]::ops::function::FnOnce<()>>::call_once
[INFO] [stdout]   15:     0x593a2405d29b - test[9d35eded1c95d3be]::__rust_begin_short_backtrace::<core[df12db4294e9bfd3]::result::Result<(), alloc[2182bb758b4b3781]::string::String>, fn() -> core[df12db4294e9bfd3]::result::Result<(), alloc[2182bb758b4b3781]::string::String>>
[INFO] [stdout]   16:     0x593a2406a905 - test[9d35eded1c95d3be]::run_test::{closure#0}
[INFO] [stdout]   17:     0x593a240641c4 - std[70759c8f55707aa4]::sys::backtrace::__rust_begin_short_backtrace::<test[9d35eded1c95d3be]::run_test::{closure#1}, ()>
[INFO] [stdout]   18:     0x593a2406da62 - <std[70759c8f55707aa4]::thread::lifecycle::spawn_unchecked<test[9d35eded1c95d3be]::run_test::{closure#1}, ()>::{closure#1} as core[df12db4294e9bfd3]::ops::function::FnOnce<()>>::call_once::{shim:vtable#0}
[INFO] [stdout]   19:     0x593a2420dbf9 - <std[70759c8f55707aa4]::sys::thread::unix::Thread>::new::thread_start
[INFO] [stdout]   20:     0x741e6cc3adfa - <unknown>
[INFO] [stdout]   21:     0x741e6ccce3d4 - clone
[INFO] [stdout]   22:                0x0 - <unknown>
[INFO] [stdout] 
[INFO] [stdout] ---- verify::tests::a_rule_past_the_display_cap_still_verifies_the_claim stdout ----
[INFO] [stdout] 
[INFO] [stdout] thread 'verify::tests::a_rule_past_the_display_cap_still_verifies_the_claim' (622) panicked at src/verify.rs:691:45:
[INFO] [stdout] index loads: Os { code: 2, kind: NotFound, message: "No such file or directory" }
[INFO] [stdout] stack backtrace:
[INFO] [stdout]    0:     0x593a2420e691 - <<std[70759c8f55707aa4]::sys::backtrace::BacktraceLock>::print::DisplayBacktrace as core[df12db4294e9bfd3]::fmt::Display>::fmt
[INFO] [stdout]    1:     0x593a2422667a - core[df12db4294e9bfd3]::fmt::write
[INFO] [stdout]    2:     0x593a24212dfc - <alloc[2182bb758b4b3781]::vec::Vec<u8> as core[df12db4294e9bfd3]::io::write::Write>::write_fmt
[INFO] [stdout]    3:     0x593a241ea2f6 - std[70759c8f55707aa4]::panicking::default_hook::{closure#0}
[INFO] [stdout]    4:     0x593a24206879 - std[70759c8f55707aa4]::panicking::default_hook
[INFO] [stdout]    5:     0x593a24069fb0 - test[9d35eded1c95d3be]::test_main_inner::<test[9d35eded1c95d3be]::test_main_static::{closure#0}>::{closure#0}
[INFO] [stdout]    6:     0x593a24206a32 - std[70759c8f55707aa4]::panicking::panic_with_hook
[INFO] [stdout]    7:     0x593a241ea3a2 - std[70759c8f55707aa4]::panicking::panic_handler::{closure#0}
[INFO] [stdout]    8:     0x593a241e2ef9 - std[70759c8f55707aa4]::sys::backtrace::__rust_end_short_backtrace::<std[70759c8f55707aa4]::panicking::panic_handler::{closure#0}, !>
[INFO] [stdout]    9:     0x593a241eaf9d - __rustc[8fa7c3cbc660c2b3]::rust_begin_unwind
[INFO] [stdout]   10:     0x593a24226e5c - core[df12db4294e9bfd3]::panicking::panic_fmt
[INFO] [stdout]   11:     0x593a24226c32 - core[df12db4294e9bfd3]::result::unwrap_failed
[INFO] [stdout]   12:     0x593a24038671 - opseclint[b59b1ef6181ad2e2]::verify::tests::index
[INFO] [stdout]   13:     0x593a2403d21e - opseclint[b59b1ef6181ad2e2]::verify::tests::a_rule_past_the_display_cap_still_verifies_the_claim
[INFO] [stdout]   14:     0x593a240516c9 - <opseclint[b59b1ef6181ad2e2]::verify::tests::a_rule_past_the_display_cap_still_verifies_the_claim::{closure#0} as core[df12db4294e9bfd3]::ops::function::FnOnce<()>>::call_once
[INFO] [stdout]   15:     0x593a2405d29b - test[9d35eded1c95d3be]::__rust_begin_short_backtrace::<core[df12db4294e9bfd3]::result::Result<(), alloc[2182bb758b4b3781]::string::String>, fn() -> core[df12db4294e9bfd3]::result::Result<(), alloc[2182bb758b4b3781]::string::String>>
[INFO] [stdout]   16:     0x593a2406a905 - test[9d35eded1c95d3be]::run_test::{closure#0}
[INFO] [stdout]   17:     0x593a240641c4 - std[70759c8f55707aa4]::sys::backtrace::__rust_begin_short_backtrace::<test[9d35eded1c95d3be]::run_test::{closure#1}, ()>
[INFO] [stdout]   18:     0x593a2406da62 - <std[70759c8f55707aa4]::thread::lifecycle::spawn_unchecked<test[9d35eded1c95d3be]::run_test::{closure#1}, ()>::{closure#1} as core[df12db4294e9bfd3]::ops::function::FnOnce<()>>::call_once::{shim:vtable#0}
[INFO] [stdout]   19:     0x593a2420dbf9 - <std[70759c8f55707aa4]::sys::thread::unix::Thread>::new::thread_start
[INFO] [stdout]   20:     0x741e6cc3adfa - <unknown>
[INFO] [stdout]   21:     0x741e6ccce3d4 - clone
[INFO] [stdout]   22:                0x0 - <unknown>
[INFO] [stdout] 
[INFO] [stdout] ---- verify::tests::a_rule_of_another_event_class_is_still_set_aside stdout ----
[INFO] [stdout] 
[INFO] [stdout] thread 'verify::tests::a_rule_of_another_event_class_is_still_set_aside' (621) panicked at src/verify.rs:691:45:
[INFO] [stdout] index loads: Os { code: 2, kind: NotFound, message: "No such file or directory" }
[INFO] [stdout] stack backtrace:
[INFO] [stdout]    0:     0x593a2420e691 - <<std[70759c8f55707aa4]::sys::backtrace::BacktraceLock>::print::DisplayBacktrace as core[df12db4294e9bfd3]::fmt::Display>::fmt
[INFO] [stdout]    1:     0x593a2422667a - core[df12db4294e9bfd3]::fmt::write
[INFO] [stdout]    2:     0x593a24212dfc - <alloc[2182bb758b4b3781]::vec::Vec<u8> as core[df12db4294e9bfd3]::io::write::Write>::write_fmt
[INFO] [stdout]    3:     0x593a241ea2f6 - std[70759c8f55707aa4]::panicking::default_hook::{closure#0}
[INFO] [stdout]    4:     0x593a24206879 - std[70759c8f55707aa4]::panicking::default_hook
[INFO] [stdout]    5:     0x593a24069fb0 - test[9d35eded1c95d3be]::test_main_inner::<test[9d35eded1c95d3be]::test_main_static::{closure#0}>::{closure#0}
[INFO] [stdout]    6:     0x593a24206a32 - std[70759c8f55707aa4]::panicking::panic_with_hook
[INFO] [stdout]    7:     0x593a241ea3a2 - std[70759c8f55707aa4]::panicking::panic_handler::{closure#0}
[INFO] [stdout]    8:     0x593a241e2ef9 - std[70759c8f55707aa4]::sys::backtrace::__rust_end_short_backtrace::<std[70759c8f55707aa4]::panicking::panic_handler::{closure#0}, !>
[INFO] [stdout]    9:     0x593a241eaf9d - __rustc[8fa7c3cbc660c2b3]::rust_begin_unwind
[INFO] [stdout]   10:     0x593a24226e5c - core[df12db4294e9bfd3]::panicking::panic_fmt
[INFO] [stdout]   11:     0x593a24226c32 - core[df12db4294e9bfd3]::result::unwrap_failed
[INFO] [stdout]   12:     0x593a24038671 - opseclint[b59b1ef6181ad2e2]::verify::tests::index
[INFO] [stdout]   13:     0x593a2403ad28 - opseclint[b59b1ef6181ad2e2]::verify::tests::a_rule_of_another_event_class_is_still_set_aside
[INFO] [stdout]   14:     0x593a24051629 - <opseclint[b59b1ef6181ad2e2]::verify::tests::a_rule_of_another_event_class_is_still_set_aside::{closure#0} as core[df12db4294e9bfd3]::ops::function::FnOnce<()>>::call_once
[INFO] [stdout]   15:     0x593a2405d29b - test[9d35eded1c95d3be]::__rust_begin_short_backtrace::<core[df12db4294e9bfd3]::result::Result<(), alloc[2182bb758b4b3781]::string::String>, fn() -> core[df12db4294e9bfd3]::result::Result<(), alloc[2182bb758b4b3781]::string::String>>
[INFO] [stdout]   16:     0x593a2406a905 - test[9d35eded1c95d3be]::run_test::{closure#0}
[INFO] [stdout]   17:     0x593a240641c4 - std[70759c8f55707aa4]::sys::backtrace::__rust_begin_short_backtrace::<test[9d35eded1c95d3be]::run_test::{closure#1}, ()>
[INFO] [stdout]   18:     0x593a2406da62 - <std[70759c8f55707aa4]::thread::lifecycle::spawn_unchecked<test[9d35eded1c95d3be]::run_test::{closure#1}, ()>::{closure#1} as core[df12db4294e9bfd3]::ops::function::FnOnce<()>>::call_once::{shim:vtable#0}
[INFO] [stdout]   19:     0x593a2420dbf9 - <std[70759c8f55707aa4]::sys::thread::unix::Thread>::new::thread_start
[INFO] [stdout]   20:     0x741e6cc3adfa - <unknown>
[INFO] [stdout]   21:     0x741e6ccce3d4 - clone
[INFO] [stdout]   22:                0x0 - <unknown>
[INFO] [stdout] 
[INFO] [stdout] ---- verify::tests::an_event_axis_the_rule_does_not_match_is_unverified stdout ----
[INFO] [stdout] 
[INFO] [stdout] thread 'verify::tests::an_event_axis_the_rule_does_not_match_is_unverified' (623) panicked at src/verify.rs:691:45:
[INFO] [stdout] index loads: Os { code: 2, kind: NotFound, message: "No such file or directory" }
[INFO] [stdout] stack backtrace:
[INFO] [stdout]    0:     0x593a2420e691 - <<std[70759c8f55707aa4]::sys::backtrace::BacktraceLock>::print::DisplayBacktrace as core[df12db4294e9bfd3]::fmt::Display>::fmt
[INFO] [stdout]    1:     0x593a2422667a - core[df12db4294e9bfd3]::fmt::write
[INFO] [stdout]    2:     0x593a24212dfc - <alloc[2182bb758b4b3781]::vec::Vec<u8> as core[df12db4294e9bfd3]::io::write::Write>::write_fmt
[INFO] [stdout]    3:     0x593a241ea2f6 - std[70759c8f55707aa4]::panicking::default_hook::{closure#0}
[INFO] [stdout]    4:     0x593a24206879 - std[70759c8f55707aa4]::panicking::default_hook
[INFO] [stdout]    5:     0x593a24069fb0 - test[9d35eded1c95d3be]::test_main_inner::<test[9d35eded1c95d3be]::test_main_static::{closure#0}>::{closure#0}
[INFO] [stdout]    6:     0x593a24206a32 - std[70759c8f55707aa4]::panicking::panic_with_hook
[INFO] [stdout]    7:     0x593a241ea3a2 - std[70759c8f55707aa4]::panicking::panic_handler::{closure#0}
[INFO] [stdout]    8:     0x593a241e2ef9 - std[70759c8f55707aa4]::sys::backtrace::__rust_end_short_backtrace::<std[70759c8f55707aa4]::panicking::panic_handler::{closure#0}, !>
[INFO] [stdout]    9:     0x593a241eaf9d - __rustc[8fa7c3cbc660c2b3]::rust_begin_unwind
[INFO] [stdout]   10:     0x593a24226e5c - core[df12db4294e9bfd3]::panicking::panic_fmt
[INFO] [stdout]   11:     0x593a24226c32 - core[df12db4294e9bfd3]::result::unwrap_failed
[INFO] [stdout]   12:     0x593a24038671 - opseclint[b59b1ef6181ad2e2]::verify::tests::index
[INFO] [stdout]   13:     0x593a2403bac4 - opseclint[b59b1ef6181ad2e2]::verify::tests::an_event_axis_the_rule_does_not_match_is_unverified
[INFO] [stdout]   14:     0x593a24051689 - <opseclint[b59b1ef6181ad2e2]::verify::tests::an_event_axis_the_rule_does_not_match_is_unverified::{closure#0} as core[df12db4294e9bfd3]::ops::function::FnOnce<()>>::call_once
[INFO] [stdout]   15:     0x593a2405d29b - test[9d35eded1c95d3be]::__rust_begin_short_backtrace::<core[df12db4294e9bfd3]::result::Result<(), alloc[2182bb758b4b3781]::string::String>, fn() -> core[df12db4294e9bfd3]::result::Result<(), alloc[2182bb758b4b3781]::string::String>>
[INFO] [stdout]   16:     0x593a2406a905 - test[9d35eded1c95d3be]::run_test::{closure#0}
[INFO] [stdout]   17:     0x593a240641c4 - std[70759c8f55707aa4]::sys::backtrace::__rust_begin_short_backtrace::<test[9d35eded1c95d3be]::run_test::{closure#1}, ()>
[INFO] [stdout]   18:     0x593a2406da62 - <std[70759c8f55707aa4]::thread::lifecycle::spawn_unchecked<test[9d35eded1c95d3be]::run_test::{closure#1}, ()>::{closure#1} as core[df12db4294e9bfd3]::ops::function::FnOnce<()>>::call_once::{shim:vtable#0}
[INFO] [stdout]   19:     0x593a2420dbf9 - <std[70759c8f55707aa4]::sys::thread::unix::Thread>::new::thread_start
[INFO] [stdout]   20:     0x741e6cc3adfa - <unknown>
[INFO] [stdout]   21:     0x741e6ccce3d4 - clone
[INFO] [stdout]   22:                0x0 - <unknown>
[INFO] [stdout] 
[INFO] [stdout] ---- verify::tests::an_event_axis_verifies_a_rule_in_its_own_logsource stdout ----
[INFO] [stdout] 
[INFO] [stdout] thread 'verify::tests::an_event_axis_verifies_a_rule_in_its_own_logsource' (624) panicked at src/verify.rs:691:45:
[INFO] [stdout] index loads: Os { code: 2, kind: NotFound, message: "No such file or directory" }
[INFO] [stdout] stack backtrace:
[INFO] [stdout]    0:     0x593a2420e691 - <<std[70759c8f55707aa4]::sys::backtrace::BacktraceLock>::print::DisplayBacktrace as core[df12db4294e9bfd3]::fmt::Display>::fmt
[INFO] [stdout]    1:     0x593a2422667a - core[df12db4294e9bfd3]::fmt::write
[INFO] [stdout]    2:     0x593a24212dfc - <alloc[2182bb758b4b3781]::vec::Vec<u8> as core[df12db4294e9bfd3]::io::write::Write>::write_fmt
[INFO] [stdout]    3:     0x593a241ea2f6 - std[70759c8f55707aa4]::panicking::default_hook::{closure#0}
[INFO] [stdout]    4:     0x593a24206879 - std[70759c8f55707aa4]::panicking::default_hook
[INFO] [stdout]    5:     0x593a24069fb0 - test[9d35eded1c95d3be]::test_main_inner::<test[9d35eded1c95d3be]::test_main_static::{closure#0}>::{closure#0}
[INFO] [stdout]    6:     0x593a24206a32 - std[70759c8f55707aa4]::panicking::panic_with_hook
[INFO] [stdout]    7:     0x593a241ea3a2 - std[70759c8f55707aa4]::panicking::panic_handler::{closure#0}
[INFO] [stdout]    8:     0x593a241e2ef9 - std[70759c8f55707aa4]::sys::backtrace::__rust_end_short_backtrace::<std[70759c8f55707aa4]::panicking::panic_handler::{closure#0}, !>
[INFO] [stdout]    9:     0x593a241eaf9d - __rustc[8fa7c3cbc660c2b3]::rust_begin_unwind
[INFO] [stdout]   10:     0x593a24226e5c - core[df12db4294e9bfd3]::panicking::panic_fmt
[INFO] [stdout]   11:     0x593a24226c32 - core[df12db4294e9bfd3]::result::unwrap_failed
[INFO] [stdout]   12:     0x593a24038671 - opseclint[b59b1ef6181ad2e2]::verify::tests::index
[INFO] [stdout]   13:     0x593a2403b5f8 - opseclint[b59b1ef6181ad2e2]::verify::tests::an_event_axis_verifies_a_rule_in_its_own_logsource
[INFO] [stdout]   14:     0x593a24051669 - <opseclint[b59b1ef6181ad2e2]::verify::tests::an_event_axis_verifies_a_rule_in_its_own_logsource::{closure#0} as core[df12db4294e9bfd3]::ops::function::FnOnce<()>>::call_once
[INFO] [stdout]   15:     0x593a2405d29b - test[9d35eded1c95d3be]::__rust_begin_short_backtrace::<core[df12db4294e9bfd3]::result::Result<(), alloc[2182bb758b4b3781]::string::String>, fn() -> core[df12db4294e9bfd3]::result::Result<(), alloc[2182bb758b4b3781]::string::String>>
[INFO] [stdout]   16:     0x593a2406a905 - test[9d35eded1c95d3be]::run_test::{closure#0}
[INFO] [stdout]   17:     0x593a240641c4 - std[70759c8f55707aa4]::sys::backtrace::__rust_begin_short_backtrace::<test[9d35eded1c95d3be]::run_test::{closure#1}, ()>
[INFO] [stdout]   18:     0x593a2406da62 - <std[70759c8f55707aa4]::thread::lifecycle::spawn_unchecked<test[9d35eded1c95d3be]::run_test::{closure#1}, ()>::{closure#1} as core[df12db4294e9bfd3]::ops::function::FnOnce<()>>::call_once::{shim:vtable#0}
[INFO] [stdout]   19:     0x593a2420dbf9 - <std[70759c8f55707aa4]::sys::thread::unix::Thread>::new::thread_start
[INFO] [stdout]   20:     0x741e6cc3adfa - <unknown>
[INFO] [stdout]   21:     0x741e6ccce3d4 - clone
[INFO] [stdout]   22:                0x0 - <unknown>
[INFO] [stdout] 
[INFO] [stdout] ---- verify::tests::an_event_only_entry_is_answerable stdout ----
[INFO] [stdout] 
[INFO] [stdout] thread 'verify::tests::an_event_only_entry_is_answerable' (625) panicked at src/verify.rs:691:45:
[INFO] [stdout] index loads: Os { code: 2, kind: NotFound, message: "No such file or directory" }
[INFO] [stdout] stack backtrace:
[INFO] [stdout]    0:     0x593a2420e691 - <<std[70759c8f55707aa4]::sys::backtrace::BacktraceLock>::print::DisplayBacktrace as core[df12db4294e9bfd3]::fmt::Display>::fmt
[INFO] [stdout]    1:     0x593a2422667a - core[df12db4294e9bfd3]::fmt::write
[INFO] [stdout]    2:     0x593a24212dfc - <alloc[2182bb758b4b3781]::vec::Vec<u8> as core[df12db4294e9bfd3]::io::write::Write>::write_fmt
[INFO] [stdout]    3:     0x593a241ea2f6 - std[70759c8f55707aa4]::panicking::default_hook::{closure#0}
[INFO] [stdout]    4:     0x593a24206879 - std[70759c8f55707aa4]::panicking::default_hook
[INFO] [stdout]    5:     0x593a24069fb0 - test[9d35eded1c95d3be]::test_main_inner::<test[9d35eded1c95d3be]::test_main_static::{closure#0}>::{closure#0}
[INFO] [stdout]    6:     0x593a24206a32 - std[70759c8f55707aa4]::panicking::panic_with_hook
[INFO] [stdout]    7:     0x593a241ea3a2 - std[70759c8f55707aa4]::panicking::panic_handler::{closure#0}
[INFO] [stdout]    8:     0x593a241e2ef9 - std[70759c8f55707aa4]::sys::backtrace::__rust_end_short_backtrace::<std[70759c8f55707aa4]::panicking::panic_handler::{closure#0}, !>
[INFO] [stdout]    9:     0x593a241eaf9d - __rustc[8fa7c3cbc660c2b3]::rust_begin_unwind
[INFO] [stdout]   10:     0x593a24226e5c - core[df12db4294e9bfd3]::panicking::panic_fmt
[INFO] [stdout]   11:     0x593a24226c32 - core[df12db4294e9bfd3]::result::unwrap_failed
[INFO] [stdout]   12:     0x593a24038671 - opseclint[b59b1ef6181ad2e2]::verify::tests::index
[INFO] [stdout]   13:     0x593a24038b94 - opseclint[b59b1ef6181ad2e2]::verify::tests::an_event_only_entry_is_answerable
[INFO] [stdout]   14:     0x593a24051529 - <opseclint[b59b1ef6181ad2e2]::verify::tests::an_event_only_entry_is_answerable::{closure#0} as core[df12db4294e9bfd3]::ops::function::FnOnce<()>>::call_once
[INFO] [stdout]   15:     0x593a2405d29b - test[9d35eded1c95d3be]::__rust_begin_short_backtrace::<core[df12db4294e9bfd3]::result::Result<(), alloc[2182bb758b4b3781]::string::String>, fn() -> core[df12db4294e9bfd3]::result::Result<(), alloc[2182bb758b4b3781]::string::String>>
[INFO] [stdout]   16:     0x593a2406a905 - test[9d35eded1c95d3be]::run_test::{closure#0}
[INFO] [stdout]   17:     0x593a240641c4 - std[70759c8f55707aa4]::sys::backtrace::__rust_begin_short_backtrace::<test[9d35eded1c95d3be]::run_test::{closure#1}, ()>
[INFO] [stdout]   18:     0x593a2406da62 - <std[70759c8f55707aa4]::thread::lifecycle::spawn_unchecked<test[9d35eded1c95d3be]::run_test::{closure#1}, ()>::{closure#1} as core[df12db4294e9bfd3]::ops::function::FnOnce<()>>::call_once::{shim:vtable#0}
[INFO] [stdout]   19:     0x593a2420dbf9 - <std[70759c8f55707aa4]::sys::thread::unix::Thread>::new::thread_start
[INFO] [stdout]   20:     0x741e6cc3adfa - <unknown>
[INFO] [stdout]   21:     0x741e6ccce3d4 - clone
[INFO] [stdout]   22:                0x0 - <unknown>
[INFO] [stdout] 
[INFO] [stdout] ---- verify::tests::an_event_rule_needing_a_field_the_record_lacks_stays_indeterminate stdout ----
[INFO] [stdout] 
[INFO] [stdout] thread 'verify::tests::an_event_rule_needing_a_field_the_record_lacks_stays_indeterminate' (626) panicked at src/verify.rs:691:45:
[INFO] [stdout] index loads: Os { code: 2, kind: NotFound, message: "No such file or directory" }
[INFO] [stdout] stack backtrace:
[INFO] [stdout]    0:     0x593a2420e691 - <<std[70759c8f55707aa4]::sys::backtrace::BacktraceLock>::print::DisplayBacktrace as core[df12db4294e9bfd3]::fmt::Display>::fmt
[INFO] [stdout]    1:     0x593a2422667a - core[df12db4294e9bfd3]::fmt::write
[INFO] [stdout]    2:     0x593a24212dfc - <alloc[2182bb758b4b3781]::vec::Vec<u8> as core[df12db4294e9bfd3]::io::write::Write>::write_fmt
[INFO] [stdout]    3:     0x593a241ea2f6 - std[70759c8f55707aa4]::panicking::default_hook::{closure#0}
[INFO] [stdout]    4:     0x593a24206879 - std[70759c8f55707aa4]::panicking::default_hook
[INFO] [stdout]    5:     0x593a24069fb0 - test[9d35eded1c95d3be]::test_main_inner::<test[9d35eded1c95d3be]::test_main_static::{closure#0}>::{closure#0}
[INFO] [stdout]    6:     0x593a24206a32 - std[70759c8f55707aa4]::panicking::panic_with_hook
[INFO] [stdout]    7:     0x593a241ea3a2 - std[70759c8f55707aa4]::panicking::panic_handler::{closure#0}
[INFO] [stdout]    8:     0x593a241e2ef9 - std[70759c8f55707aa4]::sys::backtrace::__rust_end_short_backtrace::<std[70759c8f55707aa4]::panicking::panic_handler::{closure#0}, !>
[INFO] [stdout]    9:     0x593a241eaf9d - __rustc[8fa7c3cbc660c2b3]::rust_begin_unwind
[INFO] [stdout]   10:     0x593a24226e5c - core[df12db4294e9bfd3]::panicking::panic_fmt
[INFO] [stdout]   11:     0x593a24226c32 - core[df12db4294e9bfd3]::result::unwrap_failed
[INFO] [stdout]   12:     0x593a24038671 - opseclint[b59b1ef6181ad2e2]::verify::tests::index
[INFO] [stdout]   13:     0x593a2403de09 - opseclint[b59b1ef6181ad2e2]::verify::tests::an_event_rule_needing_a_field_the_record_lacks_stays_indeterminate
[INFO] [stdout]   14:     0x593a24051729 - <opseclint[b59b1ef6181ad2e2]::verify::tests::an_event_rule_needing_a_field_the_record_lacks_stays_indeterminate::{closure#0} as core[df12db4294e9bfd3]::ops::function::FnOnce<()>>::call_once
[INFO] [stdout]   15:     0x593a2405d29b - test[9d35eded1c95d3be]::__rust_begin_short_backtrace::<core[df12db4294e9bfd3]::result::Result<(), alloc[2182bb758b4b3781]::string::String>, fn() -> core[df12db4294e9bfd3]::result::Result<(), alloc[2182bb758b4b3781]::string::String>>
[INFO] [stdout]   16:     0x593a2406a905 - test[9d35eded1c95d3be]::run_test::{closure#0}
[INFO] [stdout]   17:     0x593a240641c4 - std[70759c8f55707aa4]::sys::backtrace::__rust_begin_short_backtrace::<test[9d35eded1c95d3be]::run_test::{closure#1}, ()>
[INFO] [stdout]   18:     0x593a2406da62 - <std[70759c8f55707aa4]::thread::lifecycle::spawn_unchecked<test[9d35eded1c95d3be]::run_test::{closure#1}, ()>::{closure#1} as core[df12db4294e9bfd3]::ops::function::FnOnce<()>>::call_once::{shim:vtable#0}
[INFO] [stdout]   19:     0x593a2420dbf9 - <std[70759c8f55707aa4]::sys::thread::unix::Thread>::new::thread_start
[INFO] [stdout]   20:     0x741e6cc3adfa - <unknown>
[INFO] [stdout]   21:     0x741e6ccce3d4 - clone
[INFO] [stdout]   22:                0x0 - <unknown>
[INFO] [stdout] 
[INFO] [stdout] ---- verify::tests::no_rule_when_technique_absent_from_ruleset stdout ----
[INFO] [stdout] 
[INFO] [stdout] thread 'verify::tests::no_rule_when_technique_absent_from_ruleset' (631) panicked at src/verify.rs:691:45:
[INFO] [stdout] index loads: Os { code: 2, kind: NotFound, message: "No such file or directory" }
[INFO] [stdout] stack backtrace:
[INFO] [stdout]    0:     0x593a2420e691 - <<std[70759c8f55707aa4]::sys::backtrace::BacktraceLock>::print::DisplayBacktrace as core[df12db4294e9bfd3]::fmt::Display>::fmt
[INFO] [stdout]    1:     0x593a2422667a - core[df12db4294e9bfd3]::fmt::write
[INFO] [stdout]    2:     0x593a24212dfc - <alloc[2182bb758b4b3781]::vec::Vec<u8> as core[df12db4294e9bfd3]::io::write::Write>::write_fmt
[INFO] [stdout]    3:     0x593a241ea2f6 - std[70759c8f55707aa4]::panicking::default_hook::{closure#0}
[INFO] [stdout]    4:     0x593a24206879 - std[70759c8f55707aa4]::panicking::default_hook
[INFO] [stdout]    5:     0x593a24069fb0 - test[9d35eded1c95d3be]::test_main_inner::<test[9d35eded1c95d3be]::test_main_static::{closure#0}>::{closure#0}
[INFO] [stdout]    6:     0x593a24206a32 - std[70759c8f55707aa4]::panicking::panic_with_hook
[INFO] [stdout]    7:     0x593a241ea3a2 - std[70759c8f55707aa4]::panicking::panic_handler::{closure#0}
[INFO] [stdout]    8:     0x593a241e2ef9 - std[70759c8f55707aa4]::sys::backtrace::__rust_end_short_backtrace::<std[70759c8f55707aa4]::panicking::panic_handler::{closure#0}, !>
[INFO] [stdout]    9:     0x593a241eaf9d - __rustc[8fa7c3cbc660c2b3]::rust_begin_unwind
[INFO] [stdout]   10:     0x593a24226e5c - core[df12db4294e9bfd3]::panicking::panic_fmt
[INFO] [stdout]   11:     0x593a24226c32 - core[df12db4294e9bfd3]::result::unwrap_failed
[INFO] [stdout]   12:     0x593a24038671 - opseclint[b59b1ef6181ad2e2]::verify::tests::index
[INFO] [stdout]   13:     0x593a24039f76 - opseclint[b59b1ef6181ad2e2]::verify::tests::no_rule_when_technique_absent_from_ruleset
[INFO] [stdout]   14:     0x593a240515a9 - <opseclint[b59b1ef6181ad2e2]::verify::tests::no_rule_when_technique_absent_from_ruleset::{closure#0} as core[df12db4294e9bfd3]::ops::function::FnOnce<()>>::call_once
[INFO] [stdout]   15:     0x593a2405d29b - test[9d35eded1c95d3be]::__rust_begin_short_backtrace::<core[df12db4294e9bfd3]::result::Result<(), alloc[2182bb758b4b3781]::string::String>, fn() -> core[df12db4294e9bfd3]::result::Result<(), alloc[2182bb758b4b3781]::string::String>>
[INFO] [stdout]   16:     0x593a2406a905 - test[9d35eded1c95d3be]::run_test::{closure#0}
[INFO] [stdout]   17:     0x593a240641c4 - std[70759c8f55707aa4]::sys::backtrace::__rust_begin_short_backtrace::<test[9d35eded1c95d3be]::run_test::{closure#1}, ()>
[INFO] [stdout]   18:     0x593a2406da62 - <std[70759c8f55707aa4]::thread::lifecycle::spawn_unchecked<test[9d35eded1c95d3be]::run_test::{closure#1}, ()>::{closure#1} as core[df12db4294e9bfd3]::ops::function::FnOnce<()>>::call_once::{shim:vtable#0}
[INFO] [stdout]   19:     0x593a2420dbf9 - <std[70759c8f55707aa4]::sys::thread::unix::Thread>::new::thread_start
[INFO] [stdout]   20:     0x741e6cc3adfa - <unknown>
[INFO] [stdout]   21:     0x741e6ccce3d4 - clone
[INFO] [stdout]   22:                0x0 - <unknown>
[INFO] [stdout] 
[INFO] [stdout] ---- verify::tests::real_kb_verifies_without_panicking stdout ----
[INFO] [stdout] 
[INFO] [stdout] thread 'verify::tests::real_kb_verifies_without_panicking' (633) panicked at src/verify.rs:691:45:
[INFO] [stdout] index loads: Os { code: 2, kind: NotFound, message: "No such file or directory" }
[INFO] [stdout] stack backtrace:
[INFO] [stdout]    0:     0x593a2420e691 - <<std[70759c8f55707aa4]::sys::backtrace::BacktraceLock>::print::DisplayBacktrace as core[df12db4294e9bfd3]::fmt::Display>::fmt
[INFO] [stdout]    1:     0x593a2422667a - core[df12db4294e9bfd3]::fmt::write
[INFO] [stdout]    2:     0x593a24212dfc - <alloc[2182bb758b4b3781]::vec::Vec<u8> as core[df12db4294e9bfd3]::io::write::Write>::write_fmt
[INFO] [stdout]    3:     0x593a241ea2f6 - std[70759c8f55707aa4]::panicking::default_hook::{closure#0}
[INFO] [stdout]    4:     0x593a24206879 - std[70759c8f55707aa4]::panicking::default_hook
[INFO] [stdout]    5:     0x593a24069fb0 - test[9d35eded1c95d3be]::test_main_inner::<test[9d35eded1c95d3be]::test_main_static::{closure#0}>::{closure#0}
[INFO] [stdout]    6:     0x593a24206a32 - std[70759c8f55707aa4]::panicking::panic_with_hook
[INFO] [stdout]    7:     0x593a241ea3a2 - std[70759c8f55707aa4]::panicking::panic_handler::{closure#0}
[INFO] [stdout]    8:     0x593a241e2ef9 - std[70759c8f55707aa4]::sys::backtrace::__rust_end_short_backtrace::<std[70759c8f55707aa4]::panicking::panic_handler::{closure#0}, !>
[INFO] [stdout]    9:     0x593a241eaf9d - __rustc[8fa7c3cbc660c2b3]::rust_begin_unwind
[INFO] [stdout]   10:     0x593a24226e5c - core[df12db4294e9bfd3]::panicking::panic_fmt
[INFO] [stdout]   11:     0x593a24226c32 - core[df12db4294e9bfd3]::result::unwrap_failed
[INFO] [stdout]   12:     0x593a24038671 - opseclint[b59b1ef6181ad2e2]::verify::tests::index
[INFO] [stdout]   13:     0x593a24038e24 - opseclint[b59b1ef6181ad2e2]::verify::tests::real_kb_verifies_without_panicking
[INFO] [stdout]   14:     0x593a24051549 - <opseclint[b59b1ef6181ad2e2]::verify::tests::real_kb_verifies_without_panicking::{closure#0} as core[df12db4294e9bfd3]::ops::function::FnOnce<()>>::call_once
[INFO] [stdout]   15:     0x593a2405d29b - test[9d35eded1c95d3be]::__rust_begin_short_backtrace::<core[df12db4294e9bfd3]::result::Result<(), alloc[2182bb758b4b3781]::string::String>, fn() -> core[df12db4294e9bfd3]::result::Result<(), alloc[2182bb758b4b3781]::string::String>>
[INFO] [stdout]   16:     0x593a2406a905 - test[9d35eded1c95d3be]::run_test::{closure#0}
[INFO] [stdout]   17:     0x593a240641c4 - std[70759c8f55707aa4]::sys::backtrace::__rust_begin_short_backtrace::<test[9d35eded1c95d3be]::run_test::{closure#1}, ()>
[INFO] [stdout]   18:     0x593a2406da62 - <std[70759c8f55707aa4]::thread::lifecycle::spawn_unchecked<test[9d35eded1c95d3be]::run_test::{closure#1}, ()>::{closure#1} as core[df12db4294e9bfd3]::ops::function::FnOnce<()>>::call_once::{shim:vtable#0}
[INFO] [stdout]   19:     0x593a2420dbf9 - <std[70759c8f55707aa4]::sys::thread::unix::Thread>::new::thread_start
[INFO] [stdout]   20:     0x741e6cc3adfa - <unknown>
[INFO] [stdout]   21:     0x741e6ccce3d4 - clone
[INFO] [stdout]   22:                0x0 - <unknown>
[INFO] [stdout] 
[INFO] [stdout] ---- verify::tests::unverified_when_rule_exists_but_does_not_fire stdout ----
[INFO] [stdout] 
[INFO] [stdout] thread 'verify::tests::unverified_when_rule_exists_but_does_not_fire' (635) panicked at src/verify.rs:691:45:
[INFO] [stdout] index loads: Os { code: 2, kind: NotFound, message: "No such file or directory" }
[INFO] [stdout] stack backtrace:
[INFO] [stdout]    0:     0x593a2420e691 - <<std[70759c8f55707aa4]::sys::backtrace::BacktraceLock>::print::DisplayBacktrace as core[df12db4294e9bfd3]::fmt::Display>::fmt
[INFO] [stdout]    1:     0x593a2422667a - core[df12db4294e9bfd3]::fmt::write
[INFO] [stdout]    2:     0x593a24212dfc - <alloc[2182bb758b4b3781]::vec::Vec<u8> as core[df12db4294e9bfd3]::io::write::Write>::write_fmt
[INFO] [stdout]    3:     0x593a241ea2f6 - std[70759c8f55707aa4]::panicking::default_hook::{closure#0}
[INFO] [stdout]    4:     0x593a24206879 - std[70759c8f55707aa4]::panicking::default_hook
[INFO] [stdout]    5:     0x593a24069fb0 - test[9d35eded1c95d3be]::test_main_inner::<test[9d35eded1c95d3be]::test_main_static::{closure#0}>::{closure#0}
[INFO] [stdout]    6:     0x593a24206a32 - std[70759c8f55707aa4]::panicking::panic_with_hook
[INFO] [stdout]    7:     0x593a241ea3a2 - std[70759c8f55707aa4]::panicking::panic_handler::{closure#0}
[INFO] [stdout]    8:     0x593a241e2ef9 - std[70759c8f55707aa4]::sys::backtrace::__rust_end_short_backtrace::<std[70759c8f55707aa4]::panicking::panic_handler::{closure#0}, !>
[INFO] [stdout]    9:     0x593a241eaf9d - __rustc[8fa7c3cbc660c2b3]::rust_begin_unwind
[INFO] [stdout]   10:     0x593a24226e5c - core[df12db4294e9bfd3]::panicking::panic_fmt
[INFO] [stdout]   11:     0x593a24226c32 - core[df12db4294e9bfd3]::result::unwrap_failed
[INFO] [stdout]   12:     0x593a24038671 - opseclint[b59b1ef6181ad2e2]::verify::tests::index
[INFO] [stdout]   13:     0x593a2403aa0f - opseclint[b59b1ef6181ad2e2]::verify::tests::unverified_when_rule_exists_but_does_not_fire
[INFO] [stdout]   14:     0x593a24051609 - <opseclint[b59b1ef6181ad2e2]::verify::tests::unverified_when_rule_exists_but_does_not_fire::{closure#0} as core[df12db4294e9bfd3]::ops::function::FnOnce<()>>::call_once
[INFO] [stdout]   15:     0x593a2405d29b - test[9d35eded1c95d3be]::__rust_begin_short_backtrace::<core[df12db4294e9bfd3]::result::Result<(), alloc[2182bb758b4b3781]::string::String>, fn() -> core[df12db4294e9bfd3]::result::Result<(), alloc[2182bb758b4b3781]::string::String>>
[INFO] [stdout]   16:     0x593a2406a905 - test[9d35eded1c95d3be]::run_test::{closure#0}
[INFO] [stdout]   17:     0x593a240641c4 - std[70759c8f55707aa4]::sys::backtrace::__rust_begin_short_backtrace::<test[9d35eded1c95d3be]::run_test::{closure#1}, ()>
[INFO] [stdout]   18:     0x593a2406da62 - <std[70759c8f55707aa4]::thread::lifecycle::spawn_unchecked<test[9d35eded1c95d3be]::run_test::{closure#1}, ()>::{closure#1} as core[df12db4294e9bfd3]::ops::function::FnOnce<()>>::call_once::{shim:vtable#0}
[INFO] [stdout]   19:     0x593a2420dbf9 - <std[70759c8f55707aa4]::sys::thread::unix::Thread>::new::thread_start
[INFO] [stdout]   20:     0x741e6cc3adfa - <unknown>
[INFO] [stdout]   21:     0x741e6ccce3d4 - clone
[INFO] [stdout]   22:                0x0 - <unknown>
[INFO] [stdout] 
[INFO] [stdout] ---- verify::tests::only_entries_with_a_sigma_claim_are_verified stdout ----
[INFO] [stdout] 
[INFO] [stdout] thread 'verify::tests::only_entries_with_a_sigma_claim_are_verified' (632) panicked at src/verify.rs:691:45:
[INFO] [stdout] index loads: Os { code: 2, kind: NotFound, message: "No such file or directory" }
[INFO] [stdout] stack backtrace:
[INFO] [stdout]    0:     0x593a2420e691 - <<std[70759c8f55707aa4]::sys::backtrace::BacktraceLock>::print::DisplayBacktrace as core[df12db4294e9bfd3]::fmt::Display>::fmt
[INFO] [stdout]    1:     0x593a2422667a - core[df12db4294e9bfd3]::fmt::write
[INFO] [stdout]    2:     0x593a24212dfc - <alloc[2182bb758b4b3781]::vec::Vec<u8> as core[df12db4294e9bfd3]::io::write::Write>::write_fmt
[INFO] [stdout]    3:     0x593a241ea2f6 - std[70759c8f55707aa4]::panicking::default_hook::{closure#0}
[INFO] [stdout]    4:     0x593a24206879 - std[70759c8f55707aa4]::panicking::default_hook
[INFO] [stdout]    5:     0x593a24069fb0 - test[9d35eded1c95d3be]::test_main_inner::<test[9d35eded1c95d3be]::test_main_static::{closure#0}>::{closure#0}
[INFO] [stdout]    6:     0x593a24206a32 - std[70759c8f55707aa4]::panicking::panic_with_hook
[INFO] [stdout]    7:     0x593a241ea3a2 - std[70759c8f55707aa4]::panicking::panic_handler::{closure#0}
[INFO] [stdout]    8:     0x593a241e2ef9 - std[70759c8f55707aa4]::sys::backtrace::__rust_end_short_backtrace::<std[70759c8f55707aa4]::panicking::panic_handler::{closure#0}, !>
[INFO] [stdout]    9:     0x593a241eaf9d - __rustc[8fa7c3cbc660c2b3]::rust_begin_unwind
[INFO] [stdout]   10:     0x593a24226e5c - core[df12db4294e9bfd3]::panicking::panic_fmt
[INFO] [stdout]   11:     0x593a24226c32 - core[df12db4294e9bfd3]::result::unwrap_failed
[INFO] [stdout]   12:     0x593a24038671 - opseclint[b59b1ef6181ad2e2]::verify::tests::index
[INFO] [stdout]   13:     0x593a2403a4c7 - opseclint[b59b1ef6181ad2e2]::verify::tests::only_entries_with_a_sigma_claim_are_verified
[INFO] [stdout]   14:     0x593a240515c9 - <opseclint[b59b1ef6181ad2e2]::verify::tests::only_entries_with_a_sigma_claim_are_verified::{closure#0} as core[df12db4294e9bfd3]::ops::function::FnOnce<()>>::call_once
[INFO] [stdout]   15:     0x593a2405d29b - test[9d35eded1c95d3be]::__rust_begin_short_backtrace::<core[df12db4294e9bfd3]::result::Result<(), alloc[2182bb758b4b3781]::string::String>, fn() -> core[df12db4294e9bfd3]::result::Result<(), alloc[2182bb758b4b3781]::string::String>>
[INFO] [stdout]   16:     0x593a2406a905 - test[9d35eded1c95d3be]::run_test::{closure#0}
[INFO] [stdout]   17:     0x593a240641c4 - std[70759c8f55707aa4]::sys::backtrace::__rust_begin_short_backtrace::<test[9d35eded1c95d3be]::run_test::{closure#1}, ()>
[INFO] [stdout]   18:     0x593a2406da62 - <std[70759c8f55707aa4]::thread::lifecycle::spawn_unchecked<test[9d35eded1c95d3be]::run_test::{closure#1}, ()>::{closure#1} as core[df12db4294e9bfd3]::ops::function::FnOnce<()>>::call_once::{shim:vtable#0}
[INFO] [stdout]   19:     0x593a2420dbf9 - <std[70759c8f55707aa4]::sys::thread::unix::Thread>::new::thread_start
[INFO] [stdout]   20:     0x741e6cc3adfa - <unknown>
[INFO] [stdout]   21:     0x741e6ccce3d4 - clone
[INFO] [stdout]   22:                0x0 - <unknown>
[INFO] [stdout] 
[INFO] [stdout] ---- verify::tests::verified_when_a_real_rule_fires stdout ----
[INFO] [stdout] 
[INFO] [stdout] thread 'verify::tests::verified_when_a_real_rule_fires' (636) panicked at src/verify.rs:691:45:
[INFO] [stdout] index loads: Os { code: 2, kind: NotFound, message: "No such file or directory" }
[INFO] [stdout] stack backtrace:
[INFO] [stdout]    0:     0x593a2420e691 - <<std[70759c8f55707aa4]::sys::backtrace::BacktraceLock>::print::DisplayBacktrace as core[df12db4294e9bfd3]::fmt::Display>::fmt
[INFO] [stdout]    1:     0x593a2422667a - core[df12db4294e9bfd3]::fmt::write
[INFO] [stdout]    2:     0x593a24212dfc - <alloc[2182bb758b4b3781]::vec::Vec<u8> as core[df12db4294e9bfd3]::io::write::Write>::write_fmt
[INFO] [stdout]    3:     0x593a241ea2f6 - std[70759c8f55707aa4]::panicking::default_hook::{closure#0}
[INFO] [stdout]    4:     0x593a24206879 - std[70759c8f55707aa4]::panicking::default_hook
[INFO] [stdout]    5:     0x593a24069fb0 - test[9d35eded1c95d3be]::test_main_inner::<test[9d35eded1c95d3be]::test_main_static::{closure#0}>::{closure#0}
[INFO] [stdout]    6:     0x593a24206a32 - std[70759c8f55707aa4]::panicking::panic_with_hook
[INFO] [stdout]    7:     0x593a241ea3a2 - std[70759c8f55707aa4]::panicking::panic_handler::{closure#0}
[INFO] [stdout]    8:     0x593a241e2ef9 - std[70759c8f55707aa4]::sys::backtrace::__rust_end_short_backtrace::<std[70759c8f55707aa4]::panicking::panic_handler::{closure#0}, !>
[INFO] [stdout]    9:     0x593a241eaf9d - __rustc[8fa7c3cbc660c2b3]::rust_begin_unwind
[INFO] [stdout]   10:     0x593a24226e5c - core[df12db4294e9bfd3]::panicking::panic_fmt
[INFO] [stdout]   11:     0x593a24226c32 - core[df12db4294e9bfd3]::result::unwrap_failed
[INFO] [stdout]   12:     0x593a24038671 - opseclint[b59b1ef6181ad2e2]::verify::tests::index
[INFO] [stdout]   13:     0x593a240387ff - opseclint[b59b1ef6181ad2e2]::verify::tests::verified_when_a_real_rule_fires
[INFO] [stdout]   14:     0x593a24051509 - <opseclint[b59b1ef6181ad2e2]::verify::tests::verified_when_a_real_rule_fires::{closure#0} as core[df12db4294e9bfd3]::ops::function::FnOnce<()>>::call_once
[INFO] [stdout]   15:     0x593a2405d29b - test[9d35eded1c95d3be]::__rust_begin_short_backtrace::<core[df12db4294e9bfd3]::result::Result<(), alloc[2182bb758b4b3781]::string::String>, fn() -> core[df12db4294e9bfd3]::result::Result<(), alloc[2182bb758b4b3781]::string::String>>
[INFO] [stdout]   16:     0x593a2406a905 - test[9d35eded1c95d3be]::run_test::{closure#0}
[INFO] [stdout]   17:     0x593a240641c4 - std[70759c8f55707aa4]::sys::backtrace::__rust_begin_short_backtrace::<test[9d35eded1c95d3be]::run_test::{closure#1}, ()>
[INFO] [stdout]   18:     0x593a2406da62 - <std[70759c8f55707aa4]::thread::lifecycle::spawn_unchecked<test[9d35eded1c95d3be]::run_test::{closure#1}, ()>::{closure#1} as core[df12db4294e9bfd3]::ops::function::FnOnce<()>>::call_once::{shim:vtable#0}
[INFO] [stdout]   19:     0x593a2420dbf9 - <std[70759c8f55707aa4]::sys::thread::unix::Thread>::new::thread_start
[INFO] [stdout]   20:     0x741e6cc3adfa - <unknown>
[INFO] [stdout]   21:     0x741e6ccce3d4 - clone
[INFO] [stdout]   22:                0x0 - <unknown>
[INFO] [stdout] 
[INFO] [stdout] 
[INFO] [stdout] failures:
[INFO] [stdout]     coverage::tests::a_rule_for_another_event_class_does_not_count_as_coverage
[INFO] [stdout]     coverage::tests::covered_when_a_rule_fires
[INFO] [stdout]     coverage::tests::no_rules_when_technique_absent_from_ruleset
[INFO] [stdout]     verify::tests::a_process_creation_rule_needing_a_field_stays_indeterminate
[INFO] [stdout]     verify::tests::a_rule_for_another_event_class_is_not_applicable_not_indeterminate
[INFO] [stdout]     verify::tests::a_rule_of_another_event_class_is_still_set_aside
[INFO] [stdout]     verify::tests::a_rule_past_the_display_cap_still_verifies_the_claim
[INFO] [stdout]     verify::tests::an_event_axis_the_rule_does_not_match_is_unverified
[INFO] [stdout]     verify::tests::an_event_axis_verifies_a_rule_in_its_own_logsource
[INFO] [stdout]     verify::tests::an_event_only_entry_is_answerable
[INFO] [stdout]     verify::tests::an_event_rule_needing_a_field_the_record_lacks_stays_indeterminate
[INFO] [stdout]     verify::tests::no_rule_when_technique_absent_from_ruleset
[INFO] [stdout]     verify::tests::only_entries_with_a_sigma_claim_are_verified
[INFO] [stdout]     verify::tests::real_kb_verifies_without_panicking
[INFO] [stdout]     verify::tests::unverified_when_rule_exists_but_does_not_fire
[INFO] [stdout]     verify::tests::verified_when_a_real_rule_fires
[INFO] [stdout] 
[INFO] [stdout] test result: FAILED. 38 passed; 16 failed; 0 ignored; 0 measured; 0 filtered out; finished in 0.02s
[INFO] [stdout] 
[INFO] [stderr] error: test failed, to rerun pass `--bin opseclint`
[INFO] running `Command { std: "docker" "inspect" "3d55eb0f033e2402e61f2dd5204094472789d7cf34850ce5c6e50b11b7eed698", kill_on_drop: false }`
[INFO] running `Command { std: "docker" "rm" "-f" "3d55eb0f033e2402e61f2dd5204094472789d7cf34850ce5c6e50b11b7eed698", kill_on_drop: false }`
[INFO] [stdout] 3d55eb0f033e2402e61f2dd5204094472789d7cf34850ce5c6e50b11b7eed698
