[INFO] fetching crate opseclint-core 1.4.0...
[INFO] testing opseclint-core-1.4.0 against 1.100.0-beta.1+cargoflags=--release for beta-release-1.100-2
[INFO] extracting crate opseclint-core 1.4.0 into /workspace/builds/worker-7-tc2/source
[INFO] started tweaking crates.io crate opseclint-core 1.4.0
[INFO] finished tweaking crates.io crate opseclint-core 1.4.0
[INFO] tweaked toml for crates.io crate opseclint-core 1.4.0 written to /workspace/builds/worker-7-tc2/source/Cargo.toml
[INFO] validating manifest of crates.io crate opseclint-core 1.4.0 on toolchain 1.100.0-beta.1
[INFO] running `Command { std: CARGO_HOME="/workspace/cargo-home" RUSTUP_HOME="/workspace/rustup-home" "/workspace/cargo-home/bin/cargo" "+1.100.0-beta.1" "metadata" "--manifest-path" "Cargo.toml" "--no-deps", kill_on_drop: false }`
[INFO] crate crates.io crate opseclint-core 1.4.0 already has a lockfile, it will not be regenerated
[INFO] running `Command { std: CARGO_HOME="/workspace/cargo-home" RUSTUP_HOME="/workspace/rustup-home" "/workspace/cargo-home/bin/cargo" "+1.100.0-beta.1" "fetch" "--manifest-path" "Cargo.toml", kill_on_drop: false }`
[INFO] [stderr] warning: `package.homepage` is redundant with `package.repository`
[INFO] [stderr]   --> Cargo.toml:36:12
[INFO] [stderr]    |
[INFO] [stderr] 36 | homepage = "https://github.com/ezekiellabs/opseclint"
[INFO] [stderr]    |            ^^^^^^^^^^^^^^^^^^^^^^^^^^^^^^^^^^^^^^^^^^
[INFO] [stderr] ...
[INFO] [stderr] 41 | repository = "https://github.com/ezekiellabs/opseclint"
[INFO] [stderr]    |              ------------------------------------------
[INFO] [stderr]    |
[INFO] [stderr]    = note: `cargo::redundant_homepage` is set to `warn` by default
[INFO] [stderr] help: consider removing `package.homepage`
[INFO] [stderr] warning: `opseclint-core` (manifest) generated 1 warning
[INFO] running `Command { std: "docker" "create" "-v" "/var/lib/crater-agent-workspace/builds/worker-7-tc2/source:/opt/rustwide/workdir:ro,Z" "-v" "/var/lib/crater-agent-workspace/builds/worker-7-tc2/target:/opt/rustwide/target:rw,Z" "-v" "/var/lib/crater-agent-workspace/cargo-home:/opt/rustwide/cargo-home:ro,Z" "-v" "/var/lib/crater-agent-workspace/rustup-home:/opt/rustwide/rustup-home:ro,Z" "-m" "1610612736" "--network" "none" "ghcr.io/rust-lang/crates-build-env/linux@sha256:77db811e55d90add9212f6832c23229e3de5f1c1f9905e8cb07319ea15df73ac" "sleep" "infinity", kill_on_drop: false }`
[INFO] [stdout] 250021c8cf454d7a783ecdd75f7623badcd2efc737b5be7570efb85864011773
[INFO] running `Command { std: "docker" "start" "250021c8cf454d7a783ecdd75f7623badcd2efc737b5be7570efb85864011773", kill_on_drop: false }`
[INFO] running `Command { std: "docker" "inspect" "250021c8cf454d7a783ecdd75f7623badcd2efc737b5be7570efb85864011773", kill_on_drop: false }`
[INFO] running `Command { std: "docker" "exec" "-e" "SOURCE_DIR=/opt/rustwide/workdir" "-e" "CARGO_HOME=/opt/rustwide/cargo-home" "-e" "RUSTUP_HOME=/opt/rustwide/rustup-home" "-e" "CARGO_TARGET_DIR=/opt/rustwide/target" "-w" "/opt/rustwide/workdir" "--user" "0:0" "250021c8cf454d7a783ecdd75f7623badcd2efc737b5be7570efb85864011773" "/opt/rustwide/cargo-home/bin/cargo" "+1.100.0-beta.1" "metadata" "--no-deps" "--format-version=1", kill_on_drop: false }`
[INFO] running `Command { std: "docker" "inspect" "250021c8cf454d7a783ecdd75f7623badcd2efc737b5be7570efb85864011773", kill_on_drop: false }`
[INFO] running `Command { std: "docker" "exec" "-e" "SOURCE_DIR=/opt/rustwide/workdir" "-e" "CARGO_HOME=/opt/rustwide/cargo-home" "-e" "RUSTUP_HOME=/opt/rustwide/rustup-home" "-e" "CARGO_TARGET_DIR=/opt/rustwide/target" "-e" "CARGO_INCREMENTAL=0" "-e" "RUST_BACKTRACE=full" "-e" "RUSTFLAGS=--cap-lints=warn" "-e" "RUSTDOCFLAGS=--cap-lints=warn" "-w" "/opt/rustwide/workdir" "--user" "0:0" "250021c8cf454d7a783ecdd75f7623badcd2efc737b5be7570efb85864011773" "/opt/rustwide/cargo-home/bin/cargo" "+1.100.0-beta.1" "build" "--frozen" "--message-format=json" "--release", kill_on_drop: false }`
[INFO] [stderr] warning: `package.homepage` is redundant with `package.repository`
[INFO] [stderr]   --> Cargo.toml:36:12
[INFO] [stderr]    |
[INFO] [stderr] 36 | homepage = "https://github.com/ezekiellabs/opseclint"
[INFO] [stderr]    |            ^^^^^^^^^^^^^^^^^^^^^^^^^^^^^^^^^^^^^^^^^^
[INFO] [stderr] ...
[INFO] [stderr] 41 | repository = "https://github.com/ezekiellabs/opseclint"
[INFO] [stderr]    |              ------------------------------------------
[INFO] [stderr]    |
[INFO] [stderr]    = note: `cargo::redundant_homepage` is set to `warn` by default
[INFO] [stderr] help: consider removing `package.homepage`
[INFO] [stderr] warning: `opseclint-core` (manifest) generated 1 warning
[INFO] [stderr]    Compiling proc-macro2 v1.0.107
[INFO] [stderr]    Compiling quote v1.0.47
[INFO] [stderr]    Compiling memchr v2.8.3
[INFO] [stderr]    Compiling serde v1.0.229
[INFO] [stderr]    Compiling serde_core v1.0.229
[INFO] [stderr]    Compiling serde_json v1.0.151
[INFO] [stderr]    Compiling indexmap v2.14.0
[INFO] [stderr]    Compiling unsafe-libyaml-norway v0.2.15
[INFO] [stderr]    Compiling aho-corasick v1.1.4
[INFO] [stderr]    Compiling syn v3.0.3
[INFO] [stderr]    Compiling regex-automata v0.4.16
[INFO] [stderr]    Compiling serde_derive v1.0.229
[INFO] [stderr]    Compiling regex v1.13.1
[INFO] [stderr]    Compiling serde_norway v0.9.42
[INFO] [stderr]    Compiling opseclint-core v1.4.0 (/opt/rustwide/workdir)
[INFO] [stderr]     Finished `release` profile [optimized] target(s) in 52.65s
[INFO] running `Command { std: "docker" "inspect" "250021c8cf454d7a783ecdd75f7623badcd2efc737b5be7570efb85864011773", kill_on_drop: false }`
[INFO] running `Command { std: "docker" "exec" "-e" "SOURCE_DIR=/opt/rustwide/workdir" "-e" "CARGO_HOME=/opt/rustwide/cargo-home" "-e" "RUSTUP_HOME=/opt/rustwide/rustup-home" "-e" "CARGO_TARGET_DIR=/opt/rustwide/target" "-e" "CARGO_INCREMENTAL=0" "-e" "RUST_BACKTRACE=full" "-e" "RUSTFLAGS=--cap-lints=warn" "-e" "RUSTDOCFLAGS=--cap-lints=warn" "-w" "/opt/rustwide/workdir" "--user" "0:0" "250021c8cf454d7a783ecdd75f7623badcd2efc737b5be7570efb85864011773" "/opt/rustwide/cargo-home/bin/cargo" "+1.100.0-beta.1" "test" "--frozen" "--no-run" "--message-format=json" "--release", kill_on_drop: false }`
[INFO] [stderr] warning: `package.homepage` is redundant with `package.repository`
[INFO] [stderr]   --> Cargo.toml:36:12
[INFO] [stderr]    |
[INFO] [stderr] 36 | homepage = "https://github.com/ezekiellabs/opseclint"
[INFO] [stderr]    |            ^^^^^^^^^^^^^^^^^^^^^^^^^^^^^^^^^^^^^^^^^^
[INFO] [stderr] ...
[INFO] [stderr] 41 | repository = "https://github.com/ezekiellabs/opseclint"
[INFO] [stderr]    |              ------------------------------------------
[INFO] [stderr]    |
[INFO] [stderr]    = note: `cargo::redundant_homepage` is set to `warn` by default
[INFO] [stderr] help: consider removing `package.homepage`
[INFO] [stderr] warning: `opseclint-core` (manifest) generated 1 warning
[INFO] [stderr]    Compiling opseclint-core v1.4.0 (/opt/rustwide/workdir)
[INFO] [stderr]     Finished `release` profile [optimized] target(s) in 20.46s
[INFO] running `Command { std: "docker" "inspect" "250021c8cf454d7a783ecdd75f7623badcd2efc737b5be7570efb85864011773", kill_on_drop: false }`
[INFO] running `Command { std: "docker" "exec" "-e" "SOURCE_DIR=/opt/rustwide/workdir" "-e" "CARGO_HOME=/opt/rustwide/cargo-home" "-e" "RUSTUP_HOME=/opt/rustwide/rustup-home" "-e" "CARGO_TARGET_DIR=/opt/rustwide/target" "-e" "CARGO_INCREMENTAL=0" "-e" "RUST_BACKTRACE=full" "-e" "RUSTFLAGS=--cap-lints=warn" "-e" "RUSTDOCFLAGS=--cap-lints=warn" "-w" "/opt/rustwide/workdir" "--user" "0:0" "250021c8cf454d7a783ecdd75f7623badcd2efc737b5be7570efb85864011773" "/opt/rustwide/cargo-home/bin/cargo" "+1.100.0-beta.1" "test" "--frozen" "--release", kill_on_drop: false }`
[INFO] [stderr] warning: `package.homepage` is redundant with `package.repository`
[INFO] [stderr]   --> Cargo.toml:36:12
[INFO] [stderr]    |
[INFO] [stderr] 36 | homepage = "https://github.com/ezekiellabs/opseclint"
[INFO] [stderr]    |            ^^^^^^^^^^^^^^^^^^^^^^^^^^^^^^^^^^^^^^^^^^
[INFO] [stderr] ...
[INFO] [stderr] 41 | repository = "https://github.com/ezekiellabs/opseclint"
[INFO] [stderr]    |              ------------------------------------------
[INFO] [stderr]    |
[INFO] [stderr]    = note: `cargo::redundant_homepage` is set to `warn` by default
[INFO] [stderr] help: consider removing `package.homepage`
[INFO] [stderr] warning: `opseclint-core` (manifest) generated 1 warning
[INFO] [stderr]     Finished `release` profile [optimized] target(s) in 0.07s
[INFO] [stderr]      Running unittests src/lib.rs (/opt/rustwide/target/release/build/opseclint-core/0ca3fdc271b917e0/out/opseclint_core-0ca3fdc271b917e0)
[INFO] [stdout] 
[INFO] [stdout] running 194 tests
[INFO] [stdout] test analyzer::tests::analyzes_shell_heredoc_body_at_correct_line ... ok
[INFO] [stdout] test analyzer::tests::benign_corpus_macos_is_silent ... ok
[INFO] [stdout] test analyzer::tests::benign_corpus_windows_is_silent ... ok
[INFO] [stdout] test analyzer::tests::benign_line_is_quiet ... ok
[INFO] [stdout] test analyzer::tests::detects_docker_socket_escape ... ok
[INFO] [stdout] test analyzer::tests::detects_curl_pipe_bash ... ok
[INFO] [stdout] test analyzer::tests::benign_corpus_linux_is_silent ... ok
[INFO] [stdout] test analyzer::tests::clear_syslog_still_detects_real_clearing ... ok
[INFO] [stdout] test analyzer::tests::detects_shadow_read ... ok
[INFO] [stdout] test analyzer::tests::detects_private_key_theft ... ok
[INFO] [stdout] test analyzer::tests::ignores_data_heredoc_body ... ok
[INFO] [stdout] test analyzer::tests::linux_kb_detects_cloud_and_container_tradecraft ... ok
[INFO] [stdout] test analyzer::tests::detects_reverse_shell ... ok
[INFO] [stdout] test analyzer::tests::journal_vacuum_is_scoped_to_journalctl ... ok
[INFO] [stdout] test analyzer::tests::kb_all_entries_parse ... ok
[INFO] [stdout] test analyzer::tests::linux_structured_tightenings_kill_fps ... ok
[INFO] [stdout] test analyzer::tests::macos_kb_detects_macos_specific_tradecraft ... ok
[INFO] [stdout] test analyzer::tests::entry_order_does_not_affect_findings ... ok
[INFO] [stdout] test analyzer::tests::macos_kb_detects_keychain_and_gatekeeper ... ok
[INFO] [stdout] test analyzer::tests::macos_kb_has_reached_platform_parity ... ok
[INFO] [stdout] test analyzer::tests::net_localgroup_is_covered ... ok
[INFO] [stdout] test analyzer::tests::macos_multiword_args_match_via_joined ... ok
[INFO] [stdout] test analyzer::tests::macos_private_key_tightening ... ok
[INFO] [stdout] test analyzer::tests::the_event_self_consistency_guard_catches_a_contradictory_entry ... ok
[INFO] [stdout] test analyzer::tests::net_user_requires_user_subcommand ... ok
[INFO] [stdout] test analyzer::tests::no_double_count_per_line ... ok
[INFO] [stdout] test analyzer::tests::powershell_hidden_is_scoped_to_window_style ... ok
[INFO] [stdout] test analyzer::tests::resolves_command_in_substitution ... ok
[INFO] [stdout] test analyzer::tests::every_entry_matches_its_own_representative ... ok
[INFO] [stdout] test analyzer::tests::the_ifeo_debugger_claim_stays_withdrawn ... ok
[INFO] [stdout] test analyzer::tests::tightened_entries_keep_their_legacy_representative ... ok
[INFO] [stdout] test edr::tests::annotate_populates_and_dedups_events ... ok
[INFO] [stdout] test analyzer::tests::windows_kb_detects_lsass_dump ... ok
[INFO] [stdout] test edr::tests::embedded_data_parses_and_covers_all_classes ... ok
[INFO] [stdout] test edr::tests::empty_telemetry_defaults_to_process_creation ... ok
[INFO] [stdout] test edr::tests::classifies_representative_lines ... ok
[INFO] [stdout] test analyzer::tests::windows_kb_detects_ad_tradecraft ... ok
[INFO] [stdout] test analyzer::tests::windows_kb_detects_lolbin_and_normalizes_exe_path ... ok
[INFO] [stdout] test analyzer::tests::windows_multiword_args_match_via_joined ... ok
[INFO] [stdout] test edr::tests::tightened_patterns_avoid_known_false_matches ... ok
[INFO] [stdout] test edr::tests::vendor_all_expands_to_four_unique ... ok
[INFO] [stdout] test matcher::tests::a_bare_regex_event_predicate_has_no_representative ... ok
[INFO] [stdout] test matcher::tests::event_axis_supports_any_not_and_boundary_aware_leaves ... ok
[INFO] [stdout] test matcher::tests::event_field_names_are_matched_case_insensitively ... ok
[INFO] [stdout] test analyzer::tests::windows_kb_detects_lolbins_and_uac_bypass ... ok
[INFO] [stdout] test matcher::tests::event_representative_round_trips_through_the_engine ... ok
[INFO] [stdout] test matcher::tests::flags_and_alternation ... ok
[INFO] [stdout] test matcher::tests::invalid_regex_is_a_load_time_error ... ok
[INFO] [stdout] test edr::tests::no_kb_entry_silently_defaults_to_process_creation ... ok
[INFO] [stdout] test matcher::tests::line_predicate_contains ... ok
[INFO] [stdout] test edr::tests::single_vendor_maps_only_that_vendor ... ok
[INFO] [stdout] test matcher::tests::event_axis_tests_several_fields_at_once ... ok
[INFO] [stdout] test matcher::tests::a_path_under_representative_is_a_file_in_the_directory ... ok
[INFO] [stdout] test matcher::tests::positional_argument ... ok
[INFO] [stdout] test matcher::tests::program_exact_and_any_of ... ok
[INFO] [stdout] test matcher::tests::representative_round_trips_through_the_engine ... ok
[INFO] [stdout] test matcher::tests::sigma_category_covers_every_event_class ... ok
[INFO] [stdout] test matcher::tests::sigma_event_distributes_an_all_over_a_heterogeneous_any ... ok
[INFO] [stdout] test matcher::tests::regex_composes_with_other_leaves ... ok
[INFO] [stdout] test matcher::tests::negation_of_a_flag ... ok
[INFO] [stdout] test matcher::tests::path_under_is_segment_aware ... ok
[INFO] [stdout] test matcher::tests::sigma_event_drops_a_negation_with_a_note ... ok
[INFO] [stdout] test matcher::tests::event_match_rejects_empty_or_ambiguous_predicate ... ok
[INFO] [stdout] test matcher::tests::event_axis_matches_class_and_field ... ok
[INFO] [stdout] test matcher::tests::sigma_event_folds_a_same_key_any_into_one_value_list ... ok
[INFO] [stdout] test matcher::tests::sigma_event_is_none_when_nothing_positive_survives ... ok
[INFO] [stdout] test matcher::tests::sigma_event_ands_a_repeated_key_with_all ... ok
[INFO] [stdout] test matcher::tests::sigma_event_keeps_a_nested_homogeneous_any_in_one_block ... ok
[INFO] [stdout] test matcher::tests::regex_leaf_on_line_and_args ... ok
[INFO] [stdout] test matcher::tests::sigma_event_lowers_each_leaf_to_its_sigma_modifier ... ok
[INFO] [stdout] test matcher::tests::sigma_event_selection_is_none_without_an_event_axis ... ok
[INFO] [stdout] test matcher::tests::sigma_selection_flags_a_dropped_negation ... ok
[INFO] [stdout] test matcher::tests::unknown_field_is_rejected ... ok
[INFO] [stdout] test matcher::tests::unknown_event_class_or_leaf_is_a_load_time_error ... ok
[INFO] [stdout] test matcher::tests::sigma_selection_surfaces_regexes_and_contains ... ok
[INFO] [stdout] test parser::tests::backslash_continuation_joins_lines ... ok
[INFO] [stdout] test parser::tests::basename_resolves_path ... ok
[INFO] [stdout] test model::tests::validate_requires_example_for_regex_entries ... ok
[INFO] [stdout] test matcher::tests::word_boundary_kills_substring_fp ... ok
[INFO] [stdout] test parser::tests::extracts_command_substitutions ... ok
[INFO] [stdout] test matcher::tests::sigma_event_splits_a_heterogeneous_any_into_alternatives ... ok
[INFO] [stdout] test model::tests::validate_requires_a_derivable_event_representative ... ok
[INFO] [stdout] test parser::tests::hash_inside_quotes_is_kept ... ok
[INFO] [stdout] test parser::tests::splits_on_pipe_and_semicolon ... ok
[INFO] [stdout] test parser::tests::trailing_pipe_continues_to_next_line ... ok
[INFO] [stdout] test matcher::tests::sigma_selection_flags_unrepresentable_nesting ... ok
[INFO] [stdout] test matcher::tests::sigma_selection_lowers_alternation_to_or_groups ... ok
[INFO] [stdout] test matcher::tests::sigma_selection_program_and_anded_terms ... ok
[INFO] [stdout] test parser::tests::heredoc_data_body_is_skipped_but_shell_body_is_kept ... ok
[INFO] [stdout] test parser::tests::comment_is_ignored ... ok
[INFO] [stdout] test parser::tests::strips_sudo_and_assignments ... ok
[INFO] [stdout] test parser::tests::raw_is_preserved_for_redirect ... ok
[INFO] [stdout] test sigma::tests::cache_round_trips_and_reports_hit ... FAILED
[INFO] [stdout] test sigma::tests::a_modifier_rule_survives_the_cache_round_trip ... FAILED
[INFO] [stdout] test sigma::tests::enrichment_carries_a_verdict ... FAILED
[INFO] [stdout] test sigma::tests::esf_parent_image_resolves_a_macos_parent_keyed_verdict ... FAILED
[INFO] [stdout] test sigma::tests::esf_signing_field_resolves_a_macos_platform_binary_verdict ... FAILED
[INFO] [stdout] test sigma::tests::modifier_rules_resolve_through_the_full_index ... FAILED
[INFO] [stdout] test sigma::tests::real_event_fields_resolve_a_parent_keyed_verdict ... FAILED
[INFO] [stdout] test sigma::tests::the_logsource_predicates_never_claim_the_same_rule ... ok
[INFO] [stdout] test sigma::tests::indexes_and_enriches_from_fixtures ... FAILED
[INFO] [stdout] test sigma::tests::non_linux_rules_are_skipped ... FAILED
[INFO] [stdout] test sigma::tests::technique_tag_parsing ... ok
[INFO] [stdout] test sigma_eval::tests::a_null_filter_under_a_negation_abstains_however_complete_the_record ... ok
[INFO] [stdout] test sigma::tests::windows_product_selects_windows_rules ... FAILED
[INFO] [stdout] test sigma_eval::tests::a_short_base64offset_value_stays_indeterminate ... ok
[INFO] [stdout] test sigma::tests::stale_cache_is_rejected_by_fingerprint ... FAILED
[INFO] [stdout] test sigma_eval::tests::a_resolved_verdict_reports_no_causes ... ok
[INFO] [stdout] test sigma::tests::the_display_cap_hides_a_rule_the_candidate_set_keeps ... FAILED
[INFO] [stdout] test sigma_eval::tests::a_malformed_cidr_stays_indeterminate ... ok
[INFO] [stdout] test sigma_eval::tests::an_unsupported_token_in_a_chain_suppresses_the_supported_ones ... ok
[INFO] [stdout] test sigma_eval::tests::base64offset_does_not_match_an_unrelated_payload ... ok
[INFO] [stdout] test sigma_eval::tests::cidr_across_address_families_does_not_match ... ok
[INFO] [stdout] test sigma_eval::tests::cidr_bare_address_is_a_host_route ... ok
[INFO] [stdout] test sigma_eval::tests::cidr_ignores_a_port_suffix ... ok
[INFO] [stdout] test sigma_eval::tests::cidr_no_fire_outside_the_network ... ok
[INFO] [stdout] test sigma_eval::tests::an_uncompilable_regex_stays_indeterminate ... ok
[INFO] [stdout] test sigma_eval::tests::base64offset_expansion_matches_pysigma ... ok
[INFO] [stdout] test sigma_eval::tests::a_non_ip_field_value_stays_indeterminate ... ok
[INFO] [stdout] test sigma_eval::tests::base64offset_matches_each_of_the_three_offsets ... ok
[INFO] [stdout] test sigma_eval::tests::base64offset_needles_are_case_sensitive ... ok
[INFO] [stdout] test sigma_eval::tests::cidr_prefix_zero_matches_everything ... ok
[INFO] [stdout] test sigma_eval::tests::cidr_v6_containment ... ok
[INFO] [stdout] test sigma_eval::tests::empty_observed_value_does_not_mask_the_synthesized_base ... ok
[INFO] [stdout] test sigma_eval::tests::condition_parser_handles_parens_and_not ... ok
[INFO] [stdout] test sigma_eval::tests::every_unsupported_modifier_in_a_rule_is_named ... ok
[INFO] [stdout] test sigma_eval::tests::field_absent_semantics_are_tracked_apart_from_modifiers ... ok
[INFO] [stdout] test sigma_eval::tests::modifier_block_is_reported_and_distinct_from_a_missing_field ... ok
[INFO] [stdout] test sigma_eval::tests::no_fire_when_filter_excludes ... ok
[INFO] [stdout] test sigma_eval::tests::observed_parent_field_can_also_exclude_a_fire ... ok
[INFO] [stdout] test sigma_eval::tests::one_of_pattern ... ok
[INFO] [stdout] test sigma_eval::tests::an_oversized_regex_stays_indeterminate ... ok
[INFO] [stdout] test sigma_eval::tests::re_i_sub_modifier_is_accepted ... ok
[INFO] [stdout] test sigma_eval::tests::fires_on_direct_match ... ok
[INFO] [stdout] test sigma_eval::tests::cidr_matches_an_address_inside_the_network ... ok
[INFO] [stdout] test sigma_eval::tests::indeterminate_when_field_unavailable ... ok
[INFO] [stdout] test sigma_eval::tests::observed_parent_field_resolves_indeterminate_to_fires ... ok
[INFO] [stdout] test sigma_eval::tests::re_is_unanchored ... ok
[INFO] [stdout] test sigma_eval::tests::re_no_fire_on_a_non_match ... ok
[INFO] [stdout] test sigma_eval::tests::unsupported_modifier_is_indeterminate ... ok
[INFO] [stdout] test sigma_eval::tests::re_matches_and_is_case_insensitive ... ok
[INFO] [stdout] test sigma_eval::tests::re_matches_the_raw_value_not_a_lowercased_one ... ok
[INFO] [stdout] test sigma_eval::tests::wildcard_value_matches ... ok
[INFO] [stdout] test sigma_eval::tests::windash_does_not_match_an_unrelated_command ... ok
[INFO] [stdout] test sigma_eval::tests::windash_expansion_is_five_variants_deduplicated ... ok
[INFO] [stdout] test sigma_eval::tests::windash_matches_a_forward_slash_variant ... ok
[INFO] [stdout] test sigma_eval::tests::windash_matches_a_unicode_dash_variant ... ok
[INFO] [stdout] test sigma_eval::tests::windash_only_rewrites_a_dash_at_a_word_boundary ... ok
[INFO] [stdout] test telemetry::tests::analyzes_ingested_sysmon_events_via_the_existing_matcher ... FAILED
[INFO] [stdout] test telemetry::tests::analyzes_ingested_auditd_events_via_the_existing_matcher ... FAILED
[INFO] [stdout] test sigma_eval::tests::windash_with_all_requires_every_authored_value ... ok
[INFO] [stdout] test telemetry::tests::auditd_carries_tty_and_key ... ok
[INFO] [stdout] test telemetry::tests::a_metadata_connect_matches_on_address_and_port_together ... ok
[INFO] [stdout] test telemetry::tests::auditd_correlates_a_connect_to_the_execution_that_made_it ... FAILED
[INFO] [stdout] test telemetry::tests::auditd_does_not_report_a_failed_syscall_as_observed ... FAILED
[INFO] [stdout] test telemetry::tests::auditd_decodes_sockaddr_into_a_standalone_network_event ... FAILED
[INFO] [stdout] test telemetry::tests::analyzes_ingested_esf_events_via_the_existing_matcher ... FAILED
[INFO] [stdout] test telemetry::tests::auditd_preserves_argv_boundaries_across_whitespace_and_metachars ... ok
[INFO] [stdout] test telemetry::tests::auditd_reads_path_records_as_file_events ... FAILED
[INFO] [stdout] test telemetry::tests::auditd_reassembles_records_out_of_order ... ok
[INFO] [stdout] test telemetry::tests::correlated_registry_event_is_not_also_matched_standalone ... ok
[INFO] [stdout] test telemetry::tests::decode_value_handles_quoted_hex_and_literal ... ok
[INFO] [stdout] test telemetry::tests::auditd_rebuilds_argv_and_decodes_hex_and_quoted_values ... FAILED
[INFO] [stdout] test telemetry::tests::auditd_resolves_user_only_with_a_mapping ... ok
[INFO] [stdout] test telemetry::tests::empty_esf_input_is_a_clear_error ... ok
[INFO] [stdout] test telemetry::tests::esf_carries_code_signing_fields ... ok
[INFO] [stdout] test telemetry::tests::esf_correlates_a_connect_by_audit_token_pid ... FAILED
[INFO] [stdout] test telemetry::tests::esf_open_without_an_audit_token_still_becomes_an_observation ... FAILED
[INFO] [stdout] test telemetry::tests::esf_reads_open_and_create_as_standalone_file_events ... FAILED
[INFO] [stdout] test telemetry::tests::esf_reduces_target_argv_and_carries_the_calling_parent ... FAILED
[INFO] [stdout] test telemetry::tests::decode_saddr_reads_ipv4_and_ipv6_and_abstains_otherwise ... ok
[INFO] [stdout] test telemetry::tests::ingests_auditd_execve_and_skips_non_exec ... FAILED
[INFO] [stdout] test telemetry::tests::ingests_esf_exec_and_skips_non_exec ... FAILED
[INFO] [stdout] test telemetry::tests::ingests_jsonl_with_nested_event_data ... FAILED
[INFO] [stdout] test telemetry::tests::image_is_authoritative_for_the_program_basename ... ok
[INFO] [stdout] test telemetry::tests::ingests_sysmon_array_and_skips_non_process_events ... FAILED
[INFO] [stdout] test telemetry::tests::invalid_json_is_a_clear_error ... ok
[INFO] [stdout] test telemetry::tests::emond_rule_writes_match_both_claimed_directories ... ok
[INFO] [stdout] test telemetry::tests::empty_auditd_input_is_a_clear_error ... ok
[INFO] [stdout] test telemetry::tests::auditd_execve_path_records_are_not_mistaken_for_file_events ... ok
[INFO] [stdout] test telemetry::tests::side_effects_correlate_to_the_latest_execution_of_a_reused_pid ... ok
[INFO] [stdout] test telemetry::tests::auditd_omits_placeholder_tty ... ok
[INFO] [stdout] test telemetry::tests::network_event_without_a_command_line_is_not_a_process_create ... ok
[INFO] [stdout] test telemetry::tests::side_effects_reach_the_finding ... FAILED
[INFO] [stdout] test telemetry::tests::standalone_auditd_events_match_the_linux_event_axis ... FAILED
[INFO] [stdout] test telemetry::tests::standalone_registry_event_matches_the_event_axis ... ok
[INFO] [stdout] test telemetry::tests::sysmon_correlates_network_and_file_side_effects ... FAILED
[INFO] [stdout] test telemetry::tests::top_level_field_wins_over_a_nested_duplicate ... ok
[INFO] [stdout] test telemetry::tests::observation_carries_canonical_event_fields ... ok
[INFO] [stdout] test telemetry::tests::windows_registry_persistence_matches_the_value_not_just_the_key ... ok
[INFO] [stdout] test telemetry::tests::passwd_maps_uid_to_name ... ok
[INFO] [stdout] test telemetry::tests::standalone_esf_events_match_the_macos_event_axis ... FAILED
[INFO] [stdout] test telemetry::tests::sudoers_access_matches_the_file_and_the_include_directory ... ok
[INFO] [stdout] test telemetry::tests::observed_mode_agrees_with_predictive_mode ... ok
[INFO] [stdout] 
[INFO] [stdout] failures:
[INFO] [stdout] 
[INFO] [stdout] ---- sigma::tests::cache_round_trips_and_reports_hit stdout ----
[INFO] [stdout] 
[INFO] [stdout] thread 'sigma::tests::cache_round_trips_and_reports_hit' (663) panicked at src/sigma.rs:787:65:
[INFO] [stdout] fresh load: Os { code: 2, kind: NotFound, message: "No such file or directory" }
[INFO] [stdout] stack backtrace:
[INFO] [stdout]    0:     0x5e200dff1211 - <<std[617be2ca0a6fd877]::sys::backtrace::BacktraceLock>::print::DisplayBacktrace as core[a373ad73a504971]::fmt::Display>::fmt
[INFO] [stdout]    1:     0x5e200e00895a - core[a373ad73a504971]::fmt::write
[INFO] [stdout]    2:     0x5e200dff571c - <alloc[2e1b2a31b91974c5]::vec::Vec<u8> as core[a373ad73a504971]::io::write::Write>::write_fmt
[INFO] [stdout]    3:     0x5e200dfcc756 - std[617be2ca0a6fd877]::panicking::default_hook::{closure#0}
[INFO] [stdout]    4:     0x5e200dfe9079 - std[617be2ca0a6fd877]::panicking::default_hook
[INFO] [stdout]    5:     0x5e200df65380 - test[aada8e7e76ba119b]::test_main_inner::{closure#0}
[INFO] [stdout]    6:     0x5e200dfe9232 - std[617be2ca0a6fd877]::panicking::panic_with_hook
[INFO] [stdout]    7:     0x5e200dfcc802 - std[617be2ca0a6fd877]::panicking::panic_handler::{closure#0}
[INFO] [stdout]    8:     0x5e200dfc5239 - std[617be2ca0a6fd877]::sys::backtrace::__rust_end_short_backtrace::<std[617be2ca0a6fd877]::panicking::panic_handler::{closure#0}, !>
[INFO] [stdout]    9:     0x5e200dfcd40d - __rustc[ea4f61d10b84890b]::rust_begin_unwind
[INFO] [stdout]   10:     0x5e200e00913c - core[a373ad73a504971]::panicking::panic_fmt
[INFO] [stdout]   11:     0x5e200e008f12 - core[a373ad73a504971]::result::unwrap_failed
[INFO] [stdout]   12:     0x5e200de7a14d - <opseclint_core[b019e9e5d0de47cb]::sigma::tests::cache_round_trips_and_reports_hit::{closure#0} as core[a373ad73a504971]::ops::function::FnOnce<()>>::call_once
[INFO] [stdout]   13:     0x5e200df587cb - test[aada8e7e76ba119b]::__rust_begin_short_backtrace::<core[a373ad73a504971]::result::Result<(), alloc[2e1b2a31b91974c5]::string::String>, fn() -> core[a373ad73a504971]::result::Result<(), alloc[2e1b2a31b91974c5]::string::String>>
[INFO] [stdout]   14:     0x5e200df659a5 - test[aada8e7e76ba119b]::run_test::{closure#0}
[INFO] [stdout]   15:     0x5e200df5f294 - std[617be2ca0a6fd877]::sys::backtrace::__rust_begin_short_backtrace::<test[aada8e7e76ba119b]::run_test::{closure#1}, ()>
[INFO] [stdout]   16:     0x5e200df68a32 - <std[617be2ca0a6fd877]::thread::lifecycle::spawn_unchecked<test[aada8e7e76ba119b]::run_test::{closure#1}, ()>::{closure#1} as core[a373ad73a504971]::ops::function::FnOnce<()>>::call_once::{shim:vtable#0}
[INFO] [stdout]   17:     0x5e200dff052f - <std[617be2ca0a6fd877]::sys::thread::unix::Thread>::new::thread_start
[INFO] [stdout]   18:     0x70a99153adfa - <unknown>
[INFO] [stdout]   19:     0x70a9915ce3d4 - clone
[INFO] [stdout]   20:                0x0 - <unknown>
[INFO] [stdout] 
[INFO] [stdout] ---- sigma::tests::a_modifier_rule_survives_the_cache_round_trip stdout ----
[INFO] [stdout] 
[INFO] [stdout] thread 'sigma::tests::a_modifier_rule_survives_the_cache_round_trip' (662) panicked at src/sigma.rs:521:74:
[INFO] [stdout] fresh load: Os { code: 2, kind: NotFound, message: "No such file or directory" }
[INFO] [stdout] stack backtrace:
[INFO] [stdout]    0:     0x5e200dff1211 - <<std[617be2ca0a6fd877]::sys::backtrace::BacktraceLock>::print::DisplayBacktrace as core[a373ad73a504971]::fmt::Display>::fmt
[INFO] [stdout]    1:     0x5e200e00895a - core[a373ad73a504971]::fmt::write
[INFO] [stdout]    2:     0x5e200dff571c - <alloc[2e1b2a31b91974c5]::vec::Vec<u8> as core[a373ad73a504971]::io::write::Write>::write_fmt
[INFO] [stdout]    3:     0x5e200dfcc756 - std[617be2ca0a6fd877]::panicking::default_hook::{closure#0}
[INFO] [stdout]    4:     0x5e200dfe9079 - std[617be2ca0a6fd877]::panicking::default_hook
[INFO] [stdout]    5:     0x5e200df65380 - test[aada8e7e76ba119b]::test_main_inner::{closure#0}
[INFO] [stdout]    6:     0x5e200dfe9232 - std[617be2ca0a6fd877]::panicking::panic_with_hook
[INFO] [stdout]    7:     0x5e200dfcc802 - std[617be2ca0a6fd877]::panicking::panic_handler::{closure#0}
[INFO] [stdout]    8:     0x5e200dfc5239 - std[617be2ca0a6fd877]::sys::backtrace::__rust_end_short_backtrace::<std[617be2ca0a6fd877]::panicking::panic_handler::{closure#0}, !>
[INFO] [stdout]    9:     0x5e200dfcd40d - __rustc[ea4f61d10b84890b]::rust_begin_unwind
[INFO] [stdout]   10:     0x5e200e00913c - core[a373ad73a504971]::panicking::panic_fmt
[INFO] [stdout]   11:     0x5e200e008f12 - core[a373ad73a504971]::result::unwrap_failed
[INFO] [stdout]   12:     0x5e200de7bf77 - <opseclint_core[b019e9e5d0de47cb]::sigma::tests::a_modifier_rule_survives_the_cache_round_trip::{closure#0} as core[a373ad73a504971]::ops::function::FnOnce<()>>::call_once
[INFO] [stdout]   13:     0x5e200df587cb - test[aada8e7e76ba119b]::__rust_begin_short_backtrace::<core[a373ad73a504971]::result::Result<(), alloc[2e1b2a31b91974c5]::string::String>, fn() -> core[a373ad73a504971]::result::Result<(), alloc[2e1b2a31b91974c5]::string::String>>
[INFO] [stdout]   14:     0x5e200df659a5 - test[aada8e7e76ba119b]::run_test::{closure#0}
[INFO] [stdout]   15:     0x5e200df5f294 - std[617be2ca0a6fd877]::sys::backtrace::__rust_begin_short_backtrace::<test[aada8e7e76ba119b]::run_test::{closure#1}, ()>
[INFO] [stdout]   16:     0x5e200df68a32 - <std[617be2ca0a6fd877]::thread::lifecycle::spawn_unchecked<test[aada8e7e76ba119b]::run_test::{closure#1}, ()>::{closure#1} as core[a373ad73a504971]::ops::function::FnOnce<()>>::call_once::{shim:vtable#0}
[INFO] [stdout]   17:     0x5e200dff052f - <std[617be2ca0a6fd877]::sys::thread::unix::Thread>::new::thread_start
[INFO] [stdout]   18:     0x70a99153adfa - <unknown>
[INFO] [stdout]   19:     0x70a9915ce3d4 - clone
[INFO] [stdout]   20:                0x0 - <unknown>
[INFO] [stdout] 
[INFO] [stdout] ---- sigma::tests::enrichment_carries_a_verdict stdout ----
[INFO] [stdout] 
[INFO] [stdout] thread 'sigma::tests::enrichment_carries_a_verdict' (664) panicked at src/sigma.rs:579:64:
[INFO] [stdout] fixtures load: Os { code: 2, kind: NotFound, message: "No such file or directory" }
[INFO] [stdout] stack backtrace:
[INFO] [stdout]    0:     0x5e200dff1211 - <<std[617be2ca0a6fd877]::sys::backtrace::BacktraceLock>::print::DisplayBacktrace as core[a373ad73a504971]::fmt::Display>::fmt
[INFO] [stdout]    1:     0x5e200e00895a - core[a373ad73a504971]::fmt::write
[INFO] [stdout]    2:     0x5e200dff571c - <alloc[2e1b2a31b91974c5]::vec::Vec<u8> as core[a373ad73a504971]::io::write::Write>::write_fmt
[INFO] [stdout]    3:     0x5e200dfcc756 - std[617be2ca0a6fd877]::panicking::default_hook::{closure#0}
[INFO] [stdout]    4:     0x5e200dfe9079 - std[617be2ca0a6fd877]::panicking::default_hook
[INFO] [stdout]    5:     0x5e200df65380 - test[aada8e7e76ba119b]::test_main_inner::{closure#0}
[INFO] [stdout]    6:     0x5e200dfe9232 - std[617be2ca0a6fd877]::panicking::panic_with_hook
[INFO] [stdout]    7:     0x5e200dfcc802 - std[617be2ca0a6fd877]::panicking::panic_handler::{closure#0}
[INFO] [stdout]    8:     0x5e200dfc5239 - std[617be2ca0a6fd877]::sys::backtrace::__rust_end_short_backtrace::<std[617be2ca0a6fd877]::panicking::panic_handler::{closure#0}, !>
[INFO] [stdout]    9:     0x5e200dfcd40d - __rustc[ea4f61d10b84890b]::rust_begin_unwind
[INFO] [stdout]   10:     0x5e200e00913c - core[a373ad73a504971]::panicking::panic_fmt
[INFO] [stdout]   11:     0x5e200e008f12 - core[a373ad73a504971]::result::unwrap_failed
[INFO] [stdout]   12:     0x5e200de79940 - <opseclint_core[b019e9e5d0de47cb]::sigma::tests::enrichment_carries_a_verdict::{closure#0} as core[a373ad73a504971]::ops::function::FnOnce<()>>::call_once
[INFO] [stdout]   13:     0x5e200df587cb - test[aada8e7e76ba119b]::__rust_begin_short_backtrace::<core[a373ad73a504971]::result::Result<(), alloc[2e1b2a31b91974c5]::string::String>, fn() -> core[a373ad73a504971]::result::Result<(), alloc[2e1b2a31b91974c5]::string::String>>
[INFO] [stdout]   14:     0x5e200df659a5 - test[aada8e7e76ba119b]::run_test::{closure#0}
[INFO] [stdout]   15:     0x5e200df5f294 - std[617be2ca0a6fd877]::sys::backtrace::__rust_begin_short_backtrace::<test[aada8e7e76ba119b]::run_test::{closure#1}, ()>
[INFO] [stdout]   16:     0x5e200df68a32 - <std[617be2ca0a6fd877]::thread::lifecycle::spawn_unchecked<test[aada8e7e76ba119b]::run_test::{closure#1}, ()>::{closure#1} as core[a373ad73a504971]::ops::function::FnOnce<()>>::call_once::{shim:vtable#0}
[INFO] [stdout]   17:     0x5e200dff052f - <std[617be2ca0a6fd877]::sys::thread::unix::Thread>::new::thread_start
[INFO] [stdout]   18:     0x70a99153adfa - <unknown>
[INFO] [stdout]   19:     0x70a9915ce3d4 - clone
[INFO] [stdout]   20:                0x0 - <unknown>
[INFO] [stdout] 
[INFO] [stdout] ---- sigma::tests::esf_parent_image_resolves_a_macos_parent_keyed_verdict stdout ----
[INFO] [stdout] 
[INFO] [stdout] thread 'sigma::tests::esf_parent_image_resolves_a_macos_parent_keyed_verdict' (665) panicked at src/sigma.rs:644:57:
[INFO] [stdout] fixtures load: Os { code: 2, kind: NotFound, message: "No such file or directory" }
[INFO] [stdout] stack backtrace:
[INFO] [stdout]    0:     0x5e200dff1211 - <<std[617be2ca0a6fd877]::sys::backtrace::BacktraceLock>::print::DisplayBacktrace as core[a373ad73a504971]::fmt::Display>::fmt
[INFO] [stdout]    1:     0x5e200e00895a - core[a373ad73a504971]::fmt::write
[INFO] [stdout]    2:     0x5e200dff571c - <alloc[2e1b2a31b91974c5]::vec::Vec<u8> as core[a373ad73a504971]::io::write::Write>::write_fmt
[INFO] [stdout]    3:     0x5e200dfcc756 - std[617be2ca0a6fd877]::panicking::default_hook::{closure#0}
[INFO] [stdout]    4:     0x5e200dfe9079 - std[617be2ca0a6fd877]::panicking::default_hook
[INFO] [stdout]    5:     0x5e200df65380 - test[aada8e7e76ba119b]::test_main_inner::{closure#0}
[INFO] [stdout]    6:     0x5e200dfe9232 - std[617be2ca0a6fd877]::panicking::panic_with_hook
[INFO] [stdout]    7:     0x5e200dfcc802 - std[617be2ca0a6fd877]::panicking::panic_handler::{closure#0}
[INFO] [stdout]    8:     0x5e200dfc5239 - std[617be2ca0a6fd877]::sys::backtrace::__rust_end_short_backtrace::<std[617be2ca0a6fd877]::panicking::panic_handler::{closure#0}, !>
[INFO] [stdout]    9:     0x5e200dfcd40d - __rustc[ea4f61d10b84890b]::rust_begin_unwind
[INFO] [stdout]   10:     0x5e200e00913c - core[a373ad73a504971]::panicking::panic_fmt
[INFO] [stdout]   11:     0x5e200e008f12 - core[a373ad73a504971]::result::unwrap_failed
[INFO] [stdout]   12:     0x5e200de7ee62 - <opseclint_core[b019e9e5d0de47cb]::sigma::tests::esf_parent_image_resolves_a_macos_parent_keyed_verdict::{closure#0} as core[a373ad73a504971]::ops::function::FnOnce<()>>::call_once
[INFO] [stdout]   13:     0x5e200df587cb - test[aada8e7e76ba119b]::__rust_begin_short_backtrace::<core[a373ad73a504971]::result::Result<(), alloc[2e1b2a31b91974c5]::string::String>, fn() -> core[a373ad73a504971]::result::Result<(), alloc[2e1b2a31b91974c5]::string::String>>
[INFO] [stdout]   14:     0x5e200df659a5 - test[aada8e7e76ba119b]::run_test::{closure#0}
[INFO] [stdout]   15:     0x5e200df5f294 - std[617be2ca0a6fd877]::sys::backtrace::__rust_begin_short_backtrace::<test[aada8e7e76ba119b]::run_test::{closure#1}, ()>
[INFO] [stdout]   16:     0x5e200df68a32 - <std[617be2ca0a6fd877]::thread::lifecycle::spawn_unchecked<test[aada8e7e76ba119b]::run_test::{closure#1}, ()>::{closure#1} as core[a373ad73a504971]::ops::function::FnOnce<()>>::call_once::{shim:vtable#0}
[INFO] [stdout]   17:     0x5e200dff052f - <std[617be2ca0a6fd877]::sys::thread::unix::Thread>::new::thread_start
[INFO] [stdout]   18:     0x70a99153adfa - <unknown>
[INFO] [stdout]   19:     0x70a9915ce3d4 - clone
[INFO] [stdout]   20:                0x0 - <unknown>
[INFO] [stdout] 
[INFO] [stdout] ---- sigma::tests::esf_signing_field_resolves_a_macos_platform_binary_verdict stdout ----
[INFO] [stdout] 
[INFO] [stdout] thread 'sigma::tests::esf_signing_field_resolves_a_macos_platform_binary_verdict' (666) panicked at src/sigma.rs:677:57:
[INFO] [stdout] fixtures load: Os { code: 2, kind: NotFound, message: "No such file or directory" }
[INFO] [stdout] stack backtrace:
[INFO] [stdout]    0:     0x5e200dff1211 - <<std[617be2ca0a6fd877]::sys::backtrace::BacktraceLock>::print::DisplayBacktrace as core[a373ad73a504971]::fmt::Display>::fmt
[INFO] [stdout]    1:     0x5e200e00895a - core[a373ad73a504971]::fmt::write
[INFO] [stdout]    2:     0x5e200dff571c - <alloc[2e1b2a31b91974c5]::vec::Vec<u8> as core[a373ad73a504971]::io::write::Write>::write_fmt
[INFO] [stdout]    3:     0x5e200dfcc756 - std[617be2ca0a6fd877]::panicking::default_hook::{closure#0}
[INFO] [stdout]    4:     0x5e200dfe9079 - std[617be2ca0a6fd877]::panicking::default_hook
[INFO] [stdout]    5:     0x5e200df65380 - test[aada8e7e76ba119b]::test_main_inner::{closure#0}
[INFO] [stdout]    6:     0x5e200dfe9232 - std[617be2ca0a6fd877]::panicking::panic_with_hook
[INFO] [stdout]    7:     0x5e200dfcc802 - std[617be2ca0a6fd877]::panicking::panic_handler::{closure#0}
[INFO] [stdout]    8:     0x5e200dfc5239 - std[617be2ca0a6fd877]::sys::backtrace::__rust_end_short_backtrace::<std[617be2ca0a6fd877]::panicking::panic_handler::{closure#0}, !>
[INFO] [stdout]    9:     0x5e200dfcd40d - __rustc[ea4f61d10b84890b]::rust_begin_unwind
[INFO] [stdout]   10:     0x5e200e00913c - core[a373ad73a504971]::panicking::panic_fmt
[INFO] [stdout]   11:     0x5e200e008f12 - core[a373ad73a504971]::result::unwrap_failed
[INFO] [stdout]   12:     0x5e200de7f792 - <opseclint_core[b019e9e5d0de47cb]::sigma::tests::esf_signing_field_resolves_a_macos_platform_binary_verdict::{closure#0} as core[a373ad73a504971]::ops::function::FnOnce<()>>::call_once
[INFO] [stdout]   13:     0x5e200df587cb - test[aada8e7e76ba119b]::__rust_begin_short_backtrace::<core[a373ad73a504971]::result::Result<(), alloc[2e1b2a31b91974c5]::string::String>, fn() -> core[a373ad73a504971]::result::Result<(), alloc[2e1b2a31b91974c5]::string::String>>
[INFO] [stdout]   14:     0x5e200df659a5 - test[aada8e7e76ba119b]::run_test::{closure#0}
[INFO] [stdout]   15:     0x5e200df5f294 - std[617be2ca0a6fd877]::sys::backtrace::__rust_begin_short_backtrace::<test[aada8e7e76ba119b]::run_test::{closure#1}, ()>
[INFO] [stdout]   16:     0x5e200df68a32 - <std[617be2ca0a6fd877]::thread::lifecycle::spawn_unchecked<test[aada8e7e76ba119b]::run_test::{closure#1}, ()>::{closure#1} as core[a373ad73a504971]::ops::function::FnOnce<()>>::call_once::{shim:vtable#0}
[INFO] [stdout]   17:     0x5e200dff052f - <std[617be2ca0a6fd877]::sys::thread::unix::Thread>::new::thread_start
[INFO] [stdout]   18:     0x70a99153adfa - <unknown>
[INFO] [stdout]   19:     0x70a9915ce3d4 - clone
[INFO] [stdout]   20:                0x0 - <unknown>
[INFO] [stdout] 
[INFO] [stdout] ---- sigma::tests::modifier_rules_resolve_through_the_full_index stdout ----
[INFO] [stdout] 
[INFO] [stdout] thread 'sigma::tests::modifier_rules_resolve_through_the_full_index' (668) panicked at src/sigma.rs:486:73:
[INFO] [stdout] fixtures load: Os { code: 2, kind: NotFound, message: "No such file or directory" }
[INFO] [stdout] stack backtrace:
[INFO] [stdout]    0:     0x5e200dff1211 - <<std[617be2ca0a6fd877]::sys::backtrace::BacktraceLock>::print::DisplayBacktrace as core[a373ad73a504971]::fmt::Display>::fmt
[INFO] [stdout]    1:     0x5e200e00895a - core[a373ad73a504971]::fmt::write
[INFO] [stdout]    2:     0x5e200dff571c - <alloc[2e1b2a31b91974c5]::vec::Vec<u8> as core[a373ad73a504971]::io::write::Write>::write_fmt
[INFO] [stdout]    3:     0x5e200dfcc756 - std[617be2ca0a6fd877]::panicking::default_hook::{closure#0}
[INFO] [stdout]    4:     0x5e200dfe9079 - std[617be2ca0a6fd877]::panicking::default_hook
[INFO] [stdout]    5:     0x5e200df65380 - test[aada8e7e76ba119b]::test_main_inner::{closure#0}
[INFO] [stdout]    6:     0x5e200dfe9232 - std[617be2ca0a6fd877]::panicking::panic_with_hook
[INFO] [stdout]    7:     0x5e200dfcc802 - std[617be2ca0a6fd877]::panicking::panic_handler::{closure#0}
[INFO] [stdout]    8:     0x5e200dfc5239 - std[617be2ca0a6fd877]::sys::backtrace::__rust_end_short_backtrace::<std[617be2ca0a6fd877]::panicking::panic_handler::{closure#0}, !>
[INFO] [stdout]    9:     0x5e200dfcd40d - __rustc[ea4f61d10b84890b]::rust_begin_unwind
[INFO] [stdout]   10:     0x5e200e00913c - core[a373ad73a504971]::panicking::panic_fmt
[INFO] [stdout]   11:     0x5e200e008f12 - core[a373ad73a504971]::result::unwrap_failed
[INFO] [stdout]   12:     0x5e200de7c8c1 - <opseclint_core[b019e9e5d0de47cb]::sigma::tests::modifier_rules_resolve_through_the_full_index::{closure#0} as core[a373ad73a504971]::ops::function::FnOnce<()>>::call_once
[INFO] [stdout]   13:     0x5e200df587cb - test[aada8e7e76ba119b]::__rust_begin_short_backtrace::<core[a373ad73a504971]::result::Result<(), alloc[2e1b2a31b91974c5]::string::String>, fn() -> core[a373ad73a504971]::result::Result<(), alloc[2e1b2a31b91974c5]::string::String>>
[INFO] [stdout]   14:     0x5e200df659a5 - test[aada8e7e76ba119b]::run_test::{closure#0}
[INFO] [stdout]   15:     0x5e200df5f294 - std[617be2ca0a6fd877]::sys::backtrace::__rust_begin_short_backtrace::<test[aada8e7e76ba119b]::run_test::{closure#1}, ()>
[INFO] [stdout]   16:     0x5e200df68a32 - <std[617be2ca0a6fd877]::thread::lifecycle::spawn_unchecked<test[aada8e7e76ba119b]::run_test::{closure#1}, ()>::{closure#1} as core[a373ad73a504971]::ops::function::FnOnce<()>>::call_once::{shim:vtable#0}
[INFO] [stdout]   17:     0x5e200dff052f - <std[617be2ca0a6fd877]::sys::thread::unix::Thread>::new::thread_start
[INFO] [stdout]   18:     0x70a99153adfa - <unknown>
[INFO] [stdout]   19:     0x70a9915ce3d4 - clone
[INFO] [stdout]   20:                0x0 - <unknown>
[INFO] [stdout] 
[INFO] [stdout] ---- sigma::tests::real_event_fields_resolve_a_parent_keyed_verdict stdout ----
[INFO] [stdout] 
[INFO] [stdout] thread 'sigma::tests::real_event_fields_resolve_a_parent_keyed_verdict' (670) panicked at src/sigma.rs:604:59:
[INFO] [stdout] fixtures load: Os { code: 2, kind: NotFound, message: "No such file or directory" }
[INFO] [stdout] stack backtrace:
[INFO] [stdout]    0:     0x5e200dff1211 - <<std[617be2ca0a6fd877]::sys::backtrace::BacktraceLock>::print::DisplayBacktrace as core[a373ad73a504971]::fmt::Display>::fmt
[INFO] [stdout]    1:     0x5e200e00895a - core[a373ad73a504971]::fmt::write
[INFO] [stdout]    2:     0x5e200dff571c - <alloc[2e1b2a31b91974c5]::vec::Vec<u8> as core[a373ad73a504971]::io::write::Write>::write_fmt
[INFO] [stdout]    3:     0x5e200dfcc756 - std[617be2ca0a6fd877]::panicking::default_hook::{closure#0}
[INFO] [stdout]    4:     0x5e200dfe9079 - std[617be2ca0a6fd877]::panicking::default_hook
[INFO] [stdout]    5:     0x5e200df65380 - test[aada8e7e76ba119b]::test_main_inner::{closure#0}
[INFO] [stdout]    6:     0x5e200dfe9232 - std[617be2ca0a6fd877]::panicking::panic_with_hook
[INFO] [stdout]    7:     0x5e200dfcc802 - std[617be2ca0a6fd877]::panicking::panic_handler::{closure#0}
[INFO] [stdout]    8:     0x5e200dfc5239 - std[617be2ca0a6fd877]::sys::backtrace::__rust_end_short_backtrace::<std[617be2ca0a6fd877]::panicking::panic_handler::{closure#0}, !>
[INFO] [stdout]    9:     0x5e200dfcd40d - __rustc[ea4f61d10b84890b]::rust_begin_unwind
[INFO] [stdout]   10:     0x5e200e00913c - core[a373ad73a504971]::panicking::panic_fmt
[INFO] [stdout]   11:     0x5e200e008f12 - core[a373ad73a504971]::result::unwrap_failed
[INFO] [stdout]   12:     0x5e200de7d222 - <opseclint_core[b019e9e5d0de47cb]::sigma::tests::real_event_fields_resolve_a_parent_keyed_verdict::{closure#0} as core[a373ad73a504971]::ops::function::FnOnce<()>>::call_once
[INFO] [stdout]   13:     0x5e200df587cb - test[aada8e7e76ba119b]::__rust_begin_short_backtrace::<core[a373ad73a504971]::result::Result<(), alloc[2e1b2a31b91974c5]::string::String>, fn() -> core[a373ad73a504971]::result::Result<(), alloc[2e1b2a31b91974c5]::string::String>>
[INFO] [stdout]   14:     0x5e200df659a5 - test[aada8e7e76ba119b]::run_test::{closure#0}
[INFO] [stdout]   15:     0x5e200df5f294 - std[617be2ca0a6fd877]::sys::backtrace::__rust_begin_short_backtrace::<test[aada8e7e76ba119b]::run_test::{closure#1}, ()>
[INFO] [stdout]   16:     0x5e200df68a32 - <std[617be2ca0a6fd877]::thread::lifecycle::spawn_unchecked<test[aada8e7e76ba119b]::run_test::{closure#1}, ()>::{closure#1} as core[a373ad73a504971]::ops::function::FnOnce<()>>::call_once::{shim:vtable#0}
[INFO] [stdout]   17:     0x5e200dff052f - <std[617be2ca0a6fd877]::sys::thread::unix::Thread>::new::thread_start
[INFO] [stdout]   18:     0x70a99153adfa - <unknown>
[INFO] [stdout]   19:     0x70a9915ce3d4 - clone
[INFO] [stdout]   20:                0x0 - <unknown>
[INFO] [stdout] 
[INFO] [stdout] ---- sigma::tests::indexes_and_enriches_from_fixtures stdout ----
[INFO] [stdout] 
[INFO] [stdout] thread 'sigma::tests::indexes_and_enriches_from_fixtures' (667) panicked at src/sigma.rs:555:64:
[INFO] [stdout] fixtures load: Os { code: 2, kind: NotFound, message: "No such file or directory" }
[INFO] [stdout] stack backtrace:
[INFO] [stdout]    0:     0x5e200dff1211 - <<std[617be2ca0a6fd877]::sys::backtrace::BacktraceLock>::print::DisplayBacktrace as core[a373ad73a504971]::fmt::Display>::fmt
[INFO] [stdout]    1:     0x5e200e00895a - core[a373ad73a504971]::fmt::write
[INFO] [stdout]    2:     0x5e200dff571c - <alloc[2e1b2a31b91974c5]::vec::Vec<u8> as core[a373ad73a504971]::io::write::Write>::write_fmt
[INFO] [stdout]    3:     0x5e200dfcc756 - std[617be2ca0a6fd877]::panicking::default_hook::{closure#0}
[INFO] [stdout]    4:     0x5e200dfe9079 - std[617be2ca0a6fd877]::panicking::default_hook
[INFO] [stdout]    5:     0x5e200df65380 - test[aada8e7e76ba119b]::test_main_inner::{closure#0}
[INFO] [stdout]    6:     0x5e200dfe9232 - std[617be2ca0a6fd877]::panicking::panic_with_hook
[INFO] [stdout]    7:     0x5e200dfcc802 - std[617be2ca0a6fd877]::panicking::panic_handler::{closure#0}
[INFO] [stdout]    8:     0x5e200dfc5239 - std[617be2ca0a6fd877]::sys::backtrace::__rust_end_short_backtrace::<std[617be2ca0a6fd877]::panicking::panic_handler::{closure#0}, !>
[INFO] [stdout]    9:     0x5e200dfcd40d - __rustc[ea4f61d10b84890b]::rust_begin_unwind
[INFO] [stdout]   10:     0x5e200e00913c - core[a373ad73a504971]::panicking::panic_fmt
[INFO] [stdout]   11:     0x5e200e008f12 - core[a373ad73a504971]::result::unwrap_failed
[INFO] [stdout]   12:     0x5e200de7a823 - <opseclint_core[b019e9e5d0de47cb]::sigma::tests::indexes_and_enriches_from_fixtures::{closure#0} as core[a373ad73a504971]::ops::function::FnOnce<()>>::call_once
[INFO] [stdout]   13:     0x5e200df587cb - test[aada8e7e76ba119b]::__rust_begin_short_backtrace::<core[a373ad73a504971]::result::Result<(), alloc[2e1b2a31b91974c5]::string::String>, fn() -> core[a373ad73a504971]::result::Result<(), alloc[2e1b2a31b91974c5]::string::String>>
[INFO] [stdout]   14:     0x5e200df659a5 - test[aada8e7e76ba119b]::run_test::{closure#0}
[INFO] [stdout]   15:     0x5e200df5f294 - std[617be2ca0a6fd877]::sys::backtrace::__rust_begin_short_backtrace::<test[aada8e7e76ba119b]::run_test::{closure#1}, ()>
[INFO] [stdout]   16:     0x5e200df68a32 - <std[617be2ca0a6fd877]::thread::lifecycle::spawn_unchecked<test[aada8e7e76ba119b]::run_test::{closure#1}, ()>::{closure#1} as core[a373ad73a504971]::ops::function::FnOnce<()>>::call_once::{shim:vtable#0}
[INFO] [stdout]   17:     0x5e200dff052f - <std[617be2ca0a6fd877]::sys::thread::unix::Thread>::new::thread_start
[INFO] [stdout]   18:     0x70a99153adfa - <unknown>
[INFO] [stdout]   19:     0x70a9915ce3d4 - clone
[INFO] [stdout]   20:                0x0 - <unknown>
[INFO] [stdout] 
[INFO] [stdout] ---- sigma::tests::non_linux_rules_are_skipped stdout ----
[INFO] [stdout] 
[INFO] [stdout] thread 'sigma::tests::non_linux_rules_are_skipped' (669) panicked at src/sigma.rs:725:64:
[INFO] [stdout] fixtures load: Os { code: 2, kind: NotFound, message: "No such file or directory" }
[INFO] [stdout] stack backtrace:
[INFO] [stdout]    0:     0x5e200dff1211 - <<std[617be2ca0a6fd877]::sys::backtrace::BacktraceLock>::print::DisplayBacktrace as core[a373ad73a504971]::fmt::Display>::fmt
[INFO] [stdout]    1:     0x5e200e00895a - core[a373ad73a504971]::fmt::write
[INFO] [stdout]    2:     0x5e200dff571c - <alloc[2e1b2a31b91974c5]::vec::Vec<u8> as core[a373ad73a504971]::io::write::Write>::write_fmt
[INFO] [stdout]    3:     0x5e200dfcc756 - std[617be2ca0a6fd877]::panicking::default_hook::{closure#0}
[INFO] [stdout]    4:     0x5e200dfe9079 - std[617be2ca0a6fd877]::panicking::default_hook
[INFO] [stdout]    5:     0x5e200df65380 - test[aada8e7e76ba119b]::test_main_inner::{closure#0}
[INFO] [stdout]    6:     0x5e200dfe9232 - std[617be2ca0a6fd877]::panicking::panic_with_hook
[INFO] [stdout]    7:     0x5e200dfcc802 - std[617be2ca0a6fd877]::panicking::panic_handler::{closure#0}
[INFO] [stdout]    8:     0x5e200dfc5239 - std[617be2ca0a6fd877]::sys::backtrace::__rust_end_short_backtrace::<std[617be2ca0a6fd877]::panicking::panic_handler::{closure#0}, !>
[INFO] [stdout]    9:     0x5e200dfcd40d - __rustc[ea4f61d10b84890b]::rust_begin_unwind
[INFO] [stdout]   10:     0x5e200e00913c - core[a373ad73a504971]::panicking::panic_fmt
[INFO] [stdout]   11:     0x5e200e008f12 - core[a373ad73a504971]::result::unwrap_failed
[INFO] [stdout]   12:     0x5e200de794c6 - <opseclint_core[b019e9e5d0de47cb]::sigma::tests::non_linux_rules_are_skipped::{closure#0} as core[a373ad73a504971]::ops::function::FnOnce<()>>::call_once
[INFO] [stdout]   13:     0x5e200df587cb - test[aada8e7e76ba119b]::__rust_begin_short_backtrace::<core[a373ad73a504971]::result::Result<(), alloc[2e1b2a31b91974c5]::string::String>, fn() -> core[a373ad73a504971]::result::Result<(), alloc[2e1b2a31b91974c5]::string::String>>
[INFO] [stdout]   14:     0x5e200df659a5 - test[aada8e7e76ba119b]::run_test::{closure#0}
[INFO] [stdout]   15:     0x5e200df5f294 - std[617be2ca0a6fd877]::sys::backtrace::__rust_begin_short_backtrace::<test[aada8e7e76ba119b]::run_test::{closure#1}, ()>
[INFO] [stdout]   16:     0x5e200df68a32 - <std[617be2ca0a6fd877]::thread::lifecycle::spawn_unchecked<test[aada8e7e76ba119b]::run_test::{closure#1}, ()>::{closure#1} as core[a373ad73a504971]::ops::function::FnOnce<()>>::call_once::{shim:vtable#0}
[INFO] [stdout]   17:     0x5e200dff052f - <std[617be2ca0a6fd877]::sys::thread::unix::Thread>::new::thread_start
[INFO] [stdout]   18:     0x70a99153adfa - <unknown>
[INFO] [stdout]   19:     0x70a9915ce3d4 - clone
[INFO] [stdout]   20:                0x0 - <unknown>
[INFO] [stdout] 
[INFO] [stdout] ---- sigma::tests::windows_product_selects_windows_rules stdout ----
[INFO] [stdout] 
[INFO] [stdout] thread 'sigma::tests::windows_product_selects_windows_rules' (675) panicked at src/sigma.rs:769:66:
[INFO] [stdout] fixtures load: Os { code: 2, kind: NotFound, message: "No such file or directory" }
[INFO] [stdout] stack backtrace:
[INFO] [stdout]    0:     0x5e200dff1211 - <<std[617be2ca0a6fd877]::sys::backtrace::BacktraceLock>::print::DisplayBacktrace as core[a373ad73a504971]::fmt::Display>::fmt
[INFO] [stdout]    1:     0x5e200e00895a - core[a373ad73a504971]::fmt::write
[INFO] [stdout]    2:     0x5e200dff571c - <alloc[2e1b2a31b91974c5]::vec::Vec<u8> as core[a373ad73a504971]::io::write::Write>::write_fmt
[INFO] [stdout]    3:     0x5e200dfcc756 - std[617be2ca0a6fd877]::panicking::default_hook::{closure#0}
[INFO] [stdout]    4:     0x5e200dfe9079 - std[617be2ca0a6fd877]::panicking::default_hook
[INFO] [stdout]    5:     0x5e200df65380 - test[aada8e7e76ba119b]::test_main_inner::{closure#0}
[INFO] [stdout]    6:     0x5e200dfe9232 - std[617be2ca0a6fd877]::panicking::panic_with_hook
[INFO] [stdout]    7:     0x5e200dfcc802 - std[617be2ca0a6fd877]::panicking::panic_handler::{closure#0}
[INFO] [stdout]    8:     0x5e200dfc5239 - std[617be2ca0a6fd877]::sys::backtrace::__rust_end_short_backtrace::<std[617be2ca0a6fd877]::panicking::panic_handler::{closure#0}, !>
[INFO] [stdout]    9:     0x5e200dfcd40d - __rustc[ea4f61d10b84890b]::rust_begin_unwind
[INFO] [stdout]   10:     0x5e200e00913c - core[a373ad73a504971]::panicking::panic_fmt
[INFO] [stdout]   11:     0x5e200e008f12 - core[a373ad73a504971]::result::unwrap_failed
[INFO] [stdout]   12:     0x5e200de7ad16 - <opseclint_core[b019e9e5d0de47cb]::sigma::tests::windows_product_selects_windows_rules::{closure#0} as core[a373ad73a504971]::ops::function::FnOnce<()>>::call_once
[INFO] [stdout]   13:     0x5e200df587cb - test[aada8e7e76ba119b]::__rust_begin_short_backtrace::<core[a373ad73a504971]::result::Result<(), alloc[2e1b2a31b91974c5]::string::String>, fn() -> core[a373ad73a504971]::result::Result<(), alloc[2e1b2a31b91974c5]::string::String>>
[INFO] [stdout]   14:     0x5e200df659a5 - test[aada8e7e76ba119b]::run_test::{closure#0}
[INFO] [stdout]   15:     0x5e200df5f294 - std[617be2ca0a6fd877]::sys::backtrace::__rust_begin_short_backtrace::<test[aada8e7e76ba119b]::run_test::{closure#1}, ()>
[INFO] [stdout]   16:     0x5e200df68a32 - <std[617be2ca0a6fd877]::thread::lifecycle::spawn_unchecked<test[aada8e7e76ba119b]::run_test::{closure#1}, ()>::{closure#1} as core[a373ad73a504971]::ops::function::FnOnce<()>>::call_once::{shim:vtable#0}
[INFO] [stdout]   17:     0x5e200dff052f - <std[617be2ca0a6fd877]::sys::thread::unix::Thread>::new::thread_start
[INFO] [stdout]   18:     0x70a99153adfa - <unknown>
[INFO] [stdout]   19:     0x70a9915ce3d4 - clone
[INFO] [stdout]   20:                0x0 - <unknown>
[INFO] [stdout] 
[INFO] [stdout] ---- sigma::tests::stale_cache_is_rejected_by_fingerprint stdout ----
[INFO] [stdout] 
[INFO] [stdout] thread 'sigma::tests::stale_cache_is_rejected_by_fingerprint' (671) panicked at src/sigma.rs:819:65:
[INFO] [stdout] load: Os { code: 2, kind: NotFound, message: "No such file or directory" }
[INFO] [stdout] stack backtrace:
[INFO] [stdout]    0:     0x5e200dff1211 - <<std[617be2ca0a6fd877]::sys::backtrace::BacktraceLock>::print::DisplayBacktrace as core[a373ad73a504971]::fmt::Display>::fmt
[INFO] [stdout]    1:     0x5e200e00895a - core[a373ad73a504971]::fmt::write
[INFO] [stdout]    2:     0x5e200dff571c - <alloc[2e1b2a31b91974c5]::vec::Vec<u8> as core[a373ad73a504971]::io::write::Write>::write_fmt
[INFO] [stdout]    3:     0x5e200dfcc756 - std[617be2ca0a6fd877]::panicking::default_hook::{closure#0}
[INFO] [stdout]    4:     0x5e200dfe9079 - std[617be2ca0a6fd877]::panicking::default_hook
[INFO] [stdout]    5:     0x5e200df65380 - test[aada8e7e76ba119b]::test_main_inner::{closure#0}
[INFO] [stdout]    6:     0x5e200dfe9232 - std[617be2ca0a6fd877]::panicking::panic_with_hook
[INFO] [stdout]    7:     0x5e200dfcc802 - std[617be2ca0a6fd877]::panicking::panic_handler::{closure#0}
[INFO] [stdout]    8:     0x5e200dfc5239 - std[617be2ca0a6fd877]::sys::backtrace::__rust_end_short_backtrace::<std[617be2ca0a6fd877]::panicking::panic_handler::{closure#0}, !>
[INFO] [stdout]    9:     0x5e200dfcd40d - __rustc[ea4f61d10b84890b]::rust_begin_unwind
[INFO] [stdout]   10:     0x5e200e00913c - core[a373ad73a504971]::panicking::panic_fmt
[INFO] [stdout]   11:     0x5e200e008f12 - core[a373ad73a504971]::result::unwrap_failed
[INFO] [stdout]   12:     0x5e200de7b44c - <opseclint_core[b019e9e5d0de47cb]::sigma::tests::stale_cache_is_rejected_by_fingerprint::{closure#0} as core[a373ad73a504971]::ops::function::FnOnce<()>>::call_once
[INFO] [stdout]   13:     0x5e200df587cb - test[aada8e7e76ba119b]::__rust_begin_short_backtrace::<core[a373ad73a504971]::result::Result<(), alloc[2e1b2a31b91974c5]::string::String>, fn() -> core[a373ad73a504971]::result::Result<(), alloc[2e1b2a31b91974c5]::string::String>>
[INFO] [stdout]   14:     0x5e200df659a5 - test[aada8e7e76ba119b]::run_test::{closure#0}
[INFO] [stdout]   15:     0x5e200df5f294 - std[617be2ca0a6fd877]::sys::backtrace::__rust_begin_short_backtrace::<test[aada8e7e76ba119b]::run_test::{closure#1}, ()>
[INFO] [stdout]   16:     0x5e200df68a32 - <std[617be2ca0a6fd877]::thread::lifecycle::spawn_unchecked<test[aada8e7e76ba119b]::run_test::{closure#1}, ()>::{closure#1} as core[a373ad73a504971]::ops::function::FnOnce<()>>::call_once::{shim:vtable#0}
[INFO] [stdout]   17:     0x5e200dff052f - <std[617be2ca0a6fd877]::sys::thread::unix::Thread>::new::thread_start
[INFO] [stdout]   18:     0x70a99153adfa - <unknown>
[INFO] [stdout]   19:     0x70a9915ce3d4 - clone
[INFO] [stdout]   20:                0x0 - <unknown>
[INFO] [stdout] 
[INFO] [stdout] ---- sigma::tests::the_display_cap_hides_a_rule_the_candidate_set_keeps stdout ----
[INFO] [stdout] 
[INFO] [stdout] thread 'sigma::tests::the_display_cap_hides_a_rule_the_candidate_set_keeps' (673) panicked at src/sigma.rs:708:64:
[INFO] [stdout] fixtures load: Os { code: 2, kind: NotFound, message: "No such file or directory" }
[INFO] [stdout] stack backtrace:
[INFO] [stdout]    0:     0x5e200dff1211 - <<std[617be2ca0a6fd877]::sys::backtrace::BacktraceLock>::print::DisplayBacktrace as core[a373ad73a504971]::fmt::Display>::fmt
[INFO] [stdout]    1:     0x5e200e00895a - core[a373ad73a504971]::fmt::write
[INFO] [stdout]    2:     0x5e200dff571c - <alloc[2e1b2a31b91974c5]::vec::Vec<u8> as core[a373ad73a504971]::io::write::Write>::write_fmt
[INFO] [stdout]    3:     0x5e200dfcc756 - std[617be2ca0a6fd877]::panicking::default_hook::{closure#0}
[INFO] [stdout]    4:     0x5e200dfe9079 - std[617be2ca0a6fd877]::panicking::default_hook
[INFO] [stdout]    5:     0x5e200df65380 - test[aada8e7e76ba119b]::test_main_inner::{closure#0}
[INFO] [stdout]    6:     0x5e200dfe9232 - std[617be2ca0a6fd877]::panicking::panic_with_hook
[INFO] [stdout]    7:     0x5e200dfcc802 - std[617be2ca0a6fd877]::panicking::panic_handler::{closure#0}
[INFO] [stdout]    8:     0x5e200dfc5239 - std[617be2ca0a6fd877]::sys::backtrace::__rust_end_short_backtrace::<std[617be2ca0a6fd877]::panicking::panic_handler::{closure#0}, !>
[INFO] [stdout]    9:     0x5e200dfcd40d - __rustc[ea4f61d10b84890b]::rust_begin_unwind
[INFO] [stdout]   10:     0x5e200e00913c - core[a373ad73a504971]::panicking::panic_fmt
[INFO] [stdout]   11:     0x5e200e008f12 - core[a373ad73a504971]::result::unwrap_failed
[INFO] [stdout]   12:     0x5e200de7e60d - <opseclint_core[b019e9e5d0de47cb]::sigma::tests::the_display_cap_hides_a_rule_the_candidate_set_keeps::{closure#0} as core[a373ad73a504971]::ops::function::FnOnce<()>>::call_once
[INFO] [stdout]   13:     0x5e200df587cb - test[aada8e7e76ba119b]::__rust_begin_short_backtrace::<core[a373ad73a504971]::result::Result<(), alloc[2e1b2a31b91974c5]::string::String>, fn() -> core[a373ad73a504971]::result::Result<(), alloc[2e1b2a31b91974c5]::string::String>>
[INFO] [stdout]   14:     0x5e200df659a5 - test[aada8e7e76ba119b]::run_test::{closure#0}
[INFO] [stdout]   15:     0x5e200df5f294 - std[617be2ca0a6fd877]::sys::backtrace::__rust_begin_short_backtrace::<test[aada8e7e76ba119b]::run_test::{closure#1}, ()>
[INFO] [stdout]   16:     0x5e200df68a32 - <std[617be2ca0a6fd877]::thread::lifecycle::spawn_unchecked<test[aada8e7e76ba119b]::run_test::{closure#1}, ()>::{closure#1} as core[a373ad73a504971]::ops::function::FnOnce<()>>::call_once::{shim:vtable#0}
[INFO] [stdout]   17:     0x5e200dff052f - <std[617be2ca0a6fd877]::sys::thread::unix::Thread>::new::thread_start
[INFO] [stdout]   18:     0x70a99153adfa - <unknown>
[INFO] [stdout]   19:     0x70a9915ce3d4 - clone
[INFO] [stdout]   20:                0x0 - <unknown>
[INFO] [stdout] 
[INFO] [stdout] ---- telemetry::tests::analyzes_ingested_sysmon_events_via_the_existing_matcher stdout ----
[INFO] [stdout] 
[INFO] [stdout] thread 'telemetry::tests::analyzes_ingested_sysmon_events_via_the_existing_matcher' (722) panicked at src/telemetry.rs:1092:59:
[INFO] [stdout] read /opt/rustwide/workdir/../../tests/fixtures/telemetry/sysmon-eid1.json: No such file or directory (os error 2)
[INFO] [stdout] stack backtrace:
[INFO] [stdout]    0:     0x5e200dff1211 - <<std[617be2ca0a6fd877]::sys::backtrace::BacktraceLock>::print::DisplayBacktrace as core[a373ad73a504971]::fmt::Display>::fmt
[INFO] [stdout]    1:     0x5e200e00895a - core[a373ad73a504971]::fmt::write
[INFO] [stdout]    2:     0x5e200dff571c - <alloc[2e1b2a31b91974c5]::vec::Vec<u8> as core[a373ad73a504971]::io::write::Write>::write_fmt
[INFO] [stdout]    3:     0x5e200dfcc756 - std[617be2ca0a6fd877]::panicking::default_hook::{closure#0}
[INFO] [stdout]    4:     0x5e200dfe9079 - std[617be2ca0a6fd877]::panicking::default_hook
[INFO] [stdout]    5:     0x5e200df65380 - test[aada8e7e76ba119b]::test_main_inner::{closure#0}
[INFO] [stdout]    6:     0x5e200dfe9232 - std[617be2ca0a6fd877]::panicking::panic_with_hook
[INFO] [stdout]    7:     0x5e200dfcc802 - std[617be2ca0a6fd877]::panicking::panic_handler::{closure#0}
[INFO] [stdout]    8:     0x5e200dfc5239 - std[617be2ca0a6fd877]::sys::backtrace::__rust_end_short_backtrace::<std[617be2ca0a6fd877]::panicking::panic_handler::{closure#0}, !>
[INFO] [stdout]    9:     0x5e200dfcd40d - __rustc[ea4f61d10b84890b]::rust_begin_unwind
[INFO] [stdout]   10:     0x5e200e00913c - core[a373ad73a504971]::panicking::panic_fmt
[INFO] [stdout]   11:     0x5e200de302b9 - opseclint_core[b019e9e5d0de47cb]::telemetry::tests::fixture::{closure#0}
[INFO] [stdout]   12:     0x5e200de3096a - opseclint_core[b019e9e5d0de47cb]::telemetry::tests::fixture
[INFO] [stdout]   13:     0x5e200de3aecd - <opseclint_core[b019e9e5d0de47cb]::telemetry::tests::analyzes_ingested_sysmon_events_via_the_existing_matcher::{closure#0} as core[a373ad73a504971]::ops::function::FnOnce<()>>::call_once
[INFO] [stdout]   14:     0x5e200df587cb - test[aada8e7e76ba119b]::__rust_begin_short_backtrace::<core[a373ad73a504971]::result::Result<(), alloc[2e1b2a31b91974c5]::string::String>, fn() -> core[a373ad73a504971]::result::Result<(), alloc[2e1b2a31b91974c5]::string::String>>
[INFO] [stdout]   15:     0x5e200df659a5 - test[aada8e7e76ba119b]::run_test::{closure#0}
[INFO] [stdout]   16:     0x5e200df5f294 - std[617be2ca0a6fd877]::sys::backtrace::__rust_begin_short_backtrace::<test[aada8e7e76ba119b]::run_test::{closure#1}, ()>
[INFO] [stdout]   17:     0x5e200df68a32 - <std[617be2ca0a6fd877]::thread::lifecycle::spawn_unchecked<test[aada8e7e76ba119b]::run_test::{closure#1}, ()>::{closure#1} as core[a373ad73a504971]::ops::function::FnOnce<()>>::call_once::{shim:vtable#0}
[INFO] [stdout]   18:     0x5e200dff052f - <std[617be2ca0a6fd877]::sys::thread::unix::Thread>::new::thread_start
[INFO] [stdout]   19:     0x70a99153adfa - <unknown>
[INFO] [stdout]   20:     0x70a9915ce3d4 - clone
[INFO] [stdout]   21:                0x0 - <unknown>
[INFO] [stdout] 
[INFO] [stdout] ---- telemetry::tests::analyzes_ingested_auditd_events_via_the_existing_matcher stdout ----
[INFO] [stdout] 
[INFO] [stdout] thread 'telemetry::tests::analyzes_ingested_auditd_events_via_the_existing_matcher' (720) panicked at src/telemetry.rs:1092:59:
[INFO] [stdout] read /opt/rustwide/workdir/../../tests/fixtures/telemetry/auditd-execve.log: No such file or directory (os error 2)
[INFO] [stdout] stack backtrace:
[INFO] [stdout]    0:     0x5e200dff1211 - <<std[617be2ca0a6fd877]::sys::backtrace::BacktraceLock>::print::DisplayBacktrace as core[a373ad73a504971]::fmt::Display>::fmt
[INFO] [stdout]    1:     0x5e200e00895a - core[a373ad73a504971]::fmt::write
[INFO] [stdout]    2:     0x5e200dff571c - <alloc[2e1b2a31b91974c5]::vec::Vec<u8> as core[a373ad73a504971]::io::write::Write>::write_fmt
[INFO] [stdout]    3:     0x5e200dfcc756 - std[617be2ca0a6fd877]::panicking::default_hook::{closure#0}
[INFO] [stdout]    4:     0x5e200dfe9079 - std[617be2ca0a6fd877]::panicking::default_hook
[INFO] [stdout]    5:     0x5e200df65380 - test[aada8e7e76ba119b]::test_main_inner::{closure#0}
[INFO] [stdout]    6:     0x5e200dfe9232 - std[617be2ca0a6fd877]::panicking::panic_with_hook
[INFO] [stdout]    7:     0x5e200dfcc802 - std[617be2ca0a6fd877]::panicking::panic_handler::{closure#0}
[INFO] [stdout]    8:     0x5e200dfc5239 - std[617be2ca0a6fd877]::sys::backtrace::__rust_end_short_backtrace::<std[617be2ca0a6fd877]::panicking::panic_handler::{closure#0}, !>
[INFO] [stdout]    9:     0x5e200dfcd40d - __rustc[ea4f61d10b84890b]::rust_begin_unwind
[INFO] [stdout]   10:     0x5e200e00913c - core[a373ad73a504971]::panicking::panic_fmt
[INFO] [stdout]   11:     0x5e200de302b9 - opseclint_core[b019e9e5d0de47cb]::telemetry::tests::fixture::{closure#0}
[INFO] [stdout]   12:     0x5e200de3096a - opseclint_core[b019e9e5d0de47cb]::telemetry::tests::fixture
[INFO] [stdout]   13:     0x5e200de3a97c - <opseclint_core[b019e9e5d0de47cb]::telemetry::tests::analyzes_ingested_auditd_events_via_the_existing_matcher::{closure#0} as core[a373ad73a504971]::ops::function::FnOnce<()>>::call_once
[INFO] [stdout]   14:     0x5e200df587cb - test[aada8e7e76ba119b]::__rust_begin_short_backtrace::<core[a373ad73a504971]::result::Result<(), alloc[2e1b2a31b91974c5]::string::String>, fn() -> core[a373ad73a504971]::result::Result<(), alloc[2e1b2a31b91974c5]::string::String>>
[INFO] [stdout]   15:     0x5e200df659a5 - test[aada8e7e76ba119b]::run_test::{closure#0}
[INFO] [stdout]   16:     0x5e200df5f294 - std[617be2ca0a6fd877]::sys::backtrace::__rust_begin_short_backtrace::<test[aada8e7e76ba119b]::run_test::{closure#1}, ()>
[INFO] [stdout]   17:     0x5e200df68a32 - <std[617be2ca0a6fd877]::thread::lifecycle::spawn_unchecked<test[aada8e7e76ba119b]::run_test::{closure#1}, ()>::{closure#1} as core[a373ad73a504971]::ops::function::FnOnce<()>>::call_once::{shim:vtable#0}
[INFO] [stdout]   18:     0x5e200dff052f - <std[617be2ca0a6fd877]::sys::thread::unix::Thread>::new::thread_start
[INFO] [stdout]   19:     0x70a99153adfa - <unknown>
[INFO] [stdout]   20:     0x70a9915ce3d4 - clone
[INFO] [stdout]   21:                0x0 - <unknown>
[INFO] [stdout] 
[INFO] [stdout] ---- telemetry::tests::auditd_correlates_a_connect_to_the_execution_that_made_it stdout ----
[INFO] [stdout] 
[INFO] [stdout] thread 'telemetry::tests::auditd_correlates_a_connect_to_the_execution_that_made_it' (724) panicked at src/telemetry.rs:1092:59:
[INFO] [stdout] read /opt/rustwide/workdir/../../tests/fixtures/telemetry/auditd-with-side-effects.log: No such file or directory (os error 2)
[INFO] [stdout] stack backtrace:
[INFO] [stdout]    0:     0x5e200dff1211 - <<std[617be2ca0a6fd877]::sys::backtrace::BacktraceLock>::print::DisplayBacktrace as core[a373ad73a504971]::fmt::Display>::fmt
[INFO] [stdout]    1:     0x5e200e00895a - core[a373ad73a504971]::fmt::write
[INFO] [stdout]    2:     0x5e200dff571c - <alloc[2e1b2a31b91974c5]::vec::Vec<u8> as core[a373ad73a504971]::io::write::Write>::write_fmt
[INFO] [stdout]    3:     0x5e200dfcc756 - std[617be2ca0a6fd877]::panicking::default_hook::{closure#0}
[INFO] [stdout]    4:     0x5e200dfe9079 - std[617be2ca0a6fd877]::panicking::default_hook
[INFO] [stdout]    5:     0x5e200df65380 - test[aada8e7e76ba119b]::test_main_inner::{closure#0}
[INFO] [stdout]    6:     0x5e200dfe9232 - std[617be2ca0a6fd877]::panicking::panic_with_hook
[INFO] [stdout]    7:     0x5e200dfcc802 - std[617be2ca0a6fd877]::panicking::panic_handler::{closure#0}
[INFO] [stdout]    8:     0x5e200dfc5239 - std[617be2ca0a6fd877]::sys::backtrace::__rust_end_short_backtrace::<std[617be2ca0a6fd877]::panicking::panic_handler::{closure#0}, !>
[INFO] [stdout]    9:     0x5e200dfcd40d - __rustc[ea4f61d10b84890b]::rust_begin_unwind
[INFO] [stdout]   10:     0x5e200e00913c - core[a373ad73a504971]::panicking::panic_fmt
[INFO] [stdout]   11:     0x5e200de302b9 - opseclint_core[b019e9e5d0de47cb]::telemetry::tests::fixture::{closure#0}
[INFO] [stdout]   12:     0x5e200de3096a - opseclint_core[b019e9e5d0de47cb]::telemetry::tests::fixture
[INFO] [stdout]   13:     0x5e200de3b659 - <opseclint_core[b019e9e5d0de47cb]::telemetry::tests::auditd_correlates_a_connect_to_the_execution_that_made_it::{closure#0} as core[a373ad73a504971]::ops::function::FnOnce<()>>::call_once
[INFO] [stdout]   14:     0x5e200df587cb - test[aada8e7e76ba119b]::__rust_begin_short_backtrace::<core[a373ad73a504971]::result::Result<(), alloc[2e1b2a31b91974c5]::string::String>, fn() -> core[a373ad73a504971]::result::Result<(), alloc[2e1b2a31b91974c5]::string::String>>
[INFO] [stdout]   15:     0x5e200df659a5 - test[aada8e7e76ba119b]::run_test::{closure#0}
[INFO] [stdout]   16:     0x5e200df5f294 - std[617be2ca0a6fd877]::sys::backtrace::__rust_begin_short_backtrace::<test[aada8e7e76ba119b]::run_test::{closure#1}, ()>
[INFO] [stdout]   17:     0x5e200df68a32 - <std[617be2ca0a6fd877]::thread::lifecycle::spawn_unchecked<test[aada8e7e76ba119b]::run_test::{closure#1}, ()>::{closure#1} as core[a373ad73a504971]::ops::function::FnOnce<()>>::call_once::{shim:vtable#0}
[INFO] [stdout]   18:     0x5e200dff052f - <std[617be2ca0a6fd877]::sys::thread::unix::Thread>::new::thread_start
[INFO] [stdout]   19:     0x70a99153adfa - <unknown>
[INFO] [stdout]   20:     0x70a9915ce3d4 - clone
[INFO] [stdout]   21:                0x0 - <unknown>
[INFO] [stdout] 
[INFO] [stdout] ---- telemetry::tests::auditd_does_not_report_a_failed_syscall_as_observed stdout ----
[INFO] [stdout] 
[INFO] [stdout] thread 'telemetry::tests::auditd_does_not_report_a_failed_syscall_as_observed' (726) panicked at src/telemetry.rs:1092:59:
[INFO] [stdout] read /opt/rustwide/workdir/../../tests/fixtures/telemetry/auditd-with-side-effects.log: No such file or directory (os error 2)
[INFO] [stdout] stack backtrace:
[INFO] [stdout]    0:     0x5e200dff1211 - <<std[617be2ca0a6fd877]::sys::backtrace::BacktraceLock>::print::DisplayBacktrace as core[a373ad73a504971]::fmt::Display>::fmt
[INFO] [stdout]    1:     0x5e200e00895a - core[a373ad73a504971]::fmt::write
[INFO] [stdout]    2:     0x5e200dff571c - <alloc[2e1b2a31b91974c5]::vec::Vec<u8> as core[a373ad73a504971]::io::write::Write>::write_fmt
[INFO] [stdout]    3:     0x5e200dfcc756 - std[617be2ca0a6fd877]::panicking::default_hook::{closure#0}
[INFO] [stdout]    4:     0x5e200dfe9079 - std[617be2ca0a6fd877]::panicking::default_hook
[INFO] [stdout]    5:     0x5e200df65380 - test[aada8e7e76ba119b]::test_main_inner::{closure#0}
[INFO] [stdout]    6:     0x5e200dfe9232 - std[617be2ca0a6fd877]::panicking::panic_with_hook
[INFO] [stdout]    7:     0x5e200dfcc802 - std[617be2ca0a6fd877]::panicking::panic_handler::{closure#0}
[INFO] [stdout]    8:     0x5e200dfc5239 - std[617be2ca0a6fd877]::sys::backtrace::__rust_end_short_backtrace::<std[617be2ca0a6fd877]::panicking::panic_handler::{closure#0}, !>
[INFO] [stdout]    9:     0x5e200dfcd40d - __rustc[ea4f61d10b84890b]::rust_begin_unwind
[INFO] [stdout]   10:     0x5e200e00913c - core[a373ad73a504971]::panicking::panic_fmt
[INFO] [stdout]   11:     0x5e200de302b9 - opseclint_core[b019e9e5d0de47cb]::telemetry::tests::fixture::{closure#0}
[INFO] [stdout]   12:     0x5e200de3096a - opseclint_core[b019e9e5d0de47cb]::telemetry::tests::fixture
[INFO] [stdout]   13:     0x5e200de37b89 - <opseclint_core[b019e9e5d0de47cb]::telemetry::tests::auditd_does_not_report_a_failed_syscall_as_observed::{closure#0} as core[a373ad73a504971]::ops::function::FnOnce<()>>::call_once
[INFO] [stdout]   14:     0x5e200df587cb - test[aada8e7e76ba119b]::__rust_begin_short_backtrace::<core[a373ad73a504971]::result::Result<(), alloc[2e1b2a31b91974c5]::string::String>, fn() -> core[a373ad73a504971]::result::Result<(), alloc[2e1b2a31b91974c5]::string::String>>
[INFO] [stdout]   15:     0x5e200df659a5 - test[aada8e7e76ba119b]::run_test::{closure#0}
[INFO] [stdout]   16:     0x5e200df5f294 - std[617be2ca0a6fd877]::sys::backtrace::__rust_begin_short_backtrace::<test[aada8e7e76ba119b]::run_test::{closure#1}, ()>
[INFO] [stdout]   17:     0x5e200df68a32 - <std[617be2ca0a6fd877]::thread::lifecycle::spawn_unchecked<test[aada8e7e76ba119b]::run_test::{closure#1}, ()>::{closure#1} as core[a373ad73a504971]::ops::function::FnOnce<()>>::call_once::{shim:vtable#0}
[INFO] [stdout]   18:     0x5e200dff052f - <std[617be2ca0a6fd877]::sys::thread::unix::Thread>::new::thread_start
[INFO] [stdout]   19:     0x70a99153adfa - <unknown>
[INFO] [stdout]   20:     0x70a9915ce3d4 - clone
[INFO] [stdout]   21:                0x0 - <unknown>
[INFO] [stdout] 
[INFO] [stdout] ---- telemetry::tests::auditd_decodes_sockaddr_into_a_standalone_network_event stdout ----
[INFO] [stdout] 
[INFO] [stdout] thread 'telemetry::tests::auditd_decodes_sockaddr_into_a_standalone_network_event' (725) panicked at src/telemetry.rs:1092:59:
[INFO] [stdout] read /opt/rustwide/workdir/../../tests/fixtures/telemetry/auditd-execve.log: No such file or directory (os error 2)
[INFO] [stdout] stack backtrace:
[INFO] [stdout]    0:     0x5e200dff1211 - <<std[617be2ca0a6fd877]::sys::backtrace::BacktraceLock>::print::DisplayBacktrace as core[a373ad73a504971]::fmt::Display>::fmt
[INFO] [stdout]    1:     0x5e200e00895a - core[a373ad73a504971]::fmt::write
[INFO] [stdout]    2:     0x5e200dff571c - <alloc[2e1b2a31b91974c5]::vec::Vec<u8> as core[a373ad73a504971]::io::write::Write>::write_fmt
[INFO] [stdout]    3:     0x5e200dfcc756 - std[617be2ca0a6fd877]::panicking::default_hook::{closure#0}
[INFO] [stdout]    4:     0x5e200dfe9079 - std[617be2ca0a6fd877]::panicking::default_hook
[INFO] [stdout]    5:     0x5e200df65380 - test[aada8e7e76ba119b]::test_main_inner::{closure#0}
[INFO] [stdout]    6:     0x5e200dfe9232 - std[617be2ca0a6fd877]::panicking::panic_with_hook
[INFO] [stdout]    7:     0x5e200dfcc802 - std[617be2ca0a6fd877]::panicking::panic_handler::{closure#0}
[INFO] [stdout]    8:     0x5e200dfc5239 - std[617be2ca0a6fd877]::sys::backtrace::__rust_end_short_backtrace::<std[617be2ca0a6fd877]::panicking::panic_handler::{closure#0}, !>
[INFO] [stdout]    9:     0x5e200dfcd40d - __rustc[ea4f61d10b84890b]::rust_begin_unwind
[INFO] [stdout]   10:     0x5e200e00913c - core[a373ad73a504971]::panicking::panic_fmt
[INFO] [stdout]   11:     0x5e200de302b9 - opseclint_core[b019e9e5d0de47cb]::telemetry::tests::fixture::{closure#0}
[INFO] [stdout]   12:     0x5e200de3096a - opseclint_core[b019e9e5d0de47cb]::telemetry::tests::fixture
[INFO] [stdout]   13:     0x5e200de39e9d - <opseclint_core[b019e9e5d0de47cb]::telemetry::tests::auditd_decodes_sockaddr_into_a_standalone_network_event::{closure#0} as core[a373ad73a504971]::ops::function::FnOnce<()>>::call_once
[INFO] [stdout]   14:     0x5e200df587cb - test[aada8e7e76ba119b]::__rust_begin_short_backtrace::<core[a373ad73a504971]::result::Result<(), alloc[2e1b2a31b91974c5]::string::String>, fn() -> core[a373ad73a504971]::result::Result<(), alloc[2e1b2a31b91974c5]::string::String>>
[INFO] [stdout]   15:     0x5e200df659a5 - test[aada8e7e76ba119b]::run_test::{closure#0}
[INFO] [stdout]   16:     0x5e200df5f294 - std[617be2ca0a6fd877]::sys::backtrace::__rust_begin_short_backtrace::<test[aada8e7e76ba119b]::run_test::{closure#1}, ()>
[INFO] [stdout]   17:     0x5e200df68a32 - <std[617be2ca0a6fd877]::thread::lifecycle::spawn_unchecked<test[aada8e7e76ba119b]::run_test::{closure#1}, ()>::{closure#1} as core[a373ad73a504971]::ops::function::FnOnce<()>>::call_once::{shim:vtable#0}
[INFO] [stdout]   18:     0x5e200dff052f - <std[617be2ca0a6fd877]::sys::thread::unix::Thread>::new::thread_start
[INFO] [stdout]   19:     0x70a99153adfa - <unknown>
[INFO] [stdout]   20:     0x70a9915ce3d4 - clone
[INFO] [stdout]   21:                0x0 - <unknown>
[INFO] [stdout] 
[INFO] [stdout] ---- telemetry::tests::analyzes_ingested_esf_events_via_the_existing_matcher stdout ----
[INFO] [stdout] 
[INFO] [stdout] thread 'telemetry::tests::analyzes_ingested_esf_events_via_the_existing_matcher' (721) panicked at src/telemetry.rs:1092:59:
[INFO] [stdout] read /opt/rustwide/workdir/../../tests/fixtures/telemetry/esf-exec.jsonl: No such file or directory (os error 2)
[INFO] [stdout] stack backtrace:
[INFO] [stdout]    0:     0x5e200dff1211 - <<std[617be2ca0a6fd877]::sys::backtrace::BacktraceLock>::print::DisplayBacktrace as core[a373ad73a504971]::fmt::Display>::fmt
[INFO] [stdout]    1:     0x5e200e00895a - core[a373ad73a504971]::fmt::write
[INFO] [stdout]    2:     0x5e200dff571c - <alloc[2e1b2a31b91974c5]::vec::Vec<u8> as core[a373ad73a504971]::io::write::Write>::write_fmt
[INFO] [stdout]    3:     0x5e200dfcc756 - std[617be2ca0a6fd877]::panicking::default_hook::{closure#0}
[INFO] [stdout]    4:     0x5e200dfe9079 - std[617be2ca0a6fd877]::panicking::default_hook
[INFO] [stdout]    5:     0x5e200df65380 - test[aada8e7e76ba119b]::test_main_inner::{closure#0}
[INFO] [stdout]    6:     0x5e200dfe9232 - std[617be2ca0a6fd877]::panicking::panic_with_hook
[INFO] [stdout]    7:     0x5e200dfcc802 - std[617be2ca0a6fd877]::panicking::panic_handler::{closure#0}
[INFO] [stdout]    8:     0x5e200dfc5239 - std[617be2ca0a6fd877]::sys::backtrace::__rust_end_short_backtrace::<std[617be2ca0a6fd877]::panicking::panic_handler::{closure#0}, !>
[INFO] [stdout]    9:     0x5e200dfcd40d - __rustc[ea4f61d10b84890b]::rust_begin_unwind
[INFO] [stdout]   10:     0x5e200e00913c - core[a373ad73a504971]::panicking::panic_fmt
[INFO] [stdout]   11:     0x5e200de302b9 - opseclint_core[b019e9e5d0de47cb]::telemetry::tests::fixture::{closure#0}
[INFO] [stdout]   12:     0x5e200de3096a - opseclint_core[b019e9e5d0de47cb]::telemetry::tests::fixture
[INFO] [stdout]   13:     0x5e200de3891c - <opseclint_core[b019e9e5d0de47cb]::telemetry::tests::analyzes_ingested_esf_events_via_the_existing_matcher::{closure#0} as core[a373ad73a504971]::ops::function::FnOnce<()>>::call_once
[INFO] [stdout]   14:     0x5e200df587cb - test[aada8e7e76ba119b]::__rust_begin_short_backtrace::<core[a373ad73a504971]::result::Result<(), alloc[2e1b2a31b91974c5]::string::String>, fn() -> core[a373ad73a504971]::result::Result<(), alloc[2e1b2a31b91974c5]::string::String>>
[INFO] [stdout]   15:     0x5e200df659a5 - test[aada8e7e76ba119b]::run_test::{closure#0}
[INFO] [stdout]   16:     0x5e200df5f294 - std[617be2ca0a6fd877]::sys::backtrace::__rust_begin_short_backtrace::<test[aada8e7e76ba119b]::run_test::{closure#1}, ()>
[INFO] [stdout]   17:     0x5e200df68a32 - <std[617be2ca0a6fd877]::thread::lifecycle::spawn_unchecked<test[aada8e7e76ba119b]::run_test::{closure#1}, ()>::{closure#1} as core[a373ad73a504971]::ops::function::FnOnce<()>>::call_once::{shim:vtable#0}
[INFO] [stdout]   18:     0x5e200dff052f - <std[617be2ca0a6fd877]::sys::thread::unix::Thread>::new::thread_start
[INFO] [stdout]   19:     0x70a99153adfa - <unknown>
[INFO] [stdout]   20:     0x70a9915ce3d4 - clone
[INFO] [stdout]   21:                0x0 - <unknown>
[INFO] [stdout] 
[INFO] [stdout] ---- telemetry::tests::auditd_reads_path_records_as_file_events stdout ----
[INFO] [stdout] 
[INFO] [stdout] thread 'telemetry::tests::auditd_reads_path_records_as_file_events' (730) panicked at src/telemetry.rs:1092:59:
[INFO] [stdout] read /opt/rustwide/workdir/../../tests/fixtures/telemetry/auditd-with-side-effects.log: No such file or directory (os error 2)
[INFO] [stdout] stack backtrace:
[INFO] [stdout]    0:     0x5e200dff1211 - <<std[617be2ca0a6fd877]::sys::backtrace::BacktraceLock>::print::DisplayBacktrace as core[a373ad73a504971]::fmt::Display>::fmt
[INFO] [stdout]    1:     0x5e200e00895a - core[a373ad73a504971]::fmt::write
[INFO] [stdout]    2:     0x5e200dff571c - <alloc[2e1b2a31b91974c5]::vec::Vec<u8> as core[a373ad73a504971]::io::write::Write>::write_fmt
[INFO] [stdout]    3:     0x5e200dfcc756 - std[617be2ca0a6fd877]::panicking::default_hook::{closure#0}
[INFO] [stdout]    4:     0x5e200dfe9079 - std[617be2ca0a6fd877]::panicking::default_hook
[INFO] [stdout]    5:     0x5e200df65380 - test[aada8e7e76ba119b]::test_main_inner::{closure#0}
[INFO] [stdout]    6:     0x5e200dfe9232 - std[617be2ca0a6fd877]::panicking::panic_with_hook
[INFO] [stdout]    7:     0x5e200dfcc802 - std[617be2ca0a6fd877]::panicking::panic_handler::{closure#0}
[INFO] [stdout]    8:     0x5e200dfc5239 - std[617be2ca0a6fd877]::sys::backtrace::__rust_end_short_backtrace::<std[617be2ca0a6fd877]::panicking::panic_handler::{closure#0}, !>
[INFO] [stdout]    9:     0x5e200dfcd40d - __rustc[ea4f61d10b84890b]::rust_begin_unwind
[INFO] [stdout]   10:     0x5e200e00913c - core[a373ad73a504971]::panicking::panic_fmt
[INFO] [stdout]   11:     0x5e200de302b9 - opseclint_core[b019e9e5d0de47cb]::telemetry::tests::fixture::{closure#0}
[INFO] [stdout]   12:     0x5e200de3096a - opseclint_core[b019e9e5d0de47cb]::telemetry::tests::fixture
[INFO] [stdout]   13:     0x5e200de3355d - <opseclint_core[b019e9e5d0de47cb]::telemetry::tests::auditd_reads_path_records_as_file_events::{closure#0} as core[a373ad73a504971]::ops::function::FnOnce<()>>::call_once
[INFO] [stdout]   14:     0x5e200df587cb - test[aada8e7e76ba119b]::__rust_begin_short_backtrace::<core[a373ad73a504971]::result::Result<(), alloc[2e1b2a31b91974c5]::string::String>, fn() -> core[a373ad73a504971]::result::Result<(), alloc[2e1b2a31b91974c5]::string::String>>
[INFO] [stdout]   15:     0x5e200df659a5 - test[aada8e7e76ba119b]::run_test::{closure#0}
[INFO] [stdout]   16:     0x5e200df5f294 - std[617be2ca0a6fd877]::sys::backtrace::__rust_begin_short_backtrace::<test[aada8e7e76ba119b]::run_test::{closure#1}, ()>
[INFO] [stdout]   17:     0x5e200df68a32 - <std[617be2ca0a6fd877]::thread::lifecycle::spawn_unchecked<test[aada8e7e76ba119b]::run_test::{closure#1}, ()>::{closure#1} as core[a373ad73a504971]::ops::function::FnOnce<()>>::call_once::{shim:vtable#0}
[INFO] [stdout]   18:     0x5e200dff052f - <std[617be2ca0a6fd877]::sys::thread::unix::Thread>::new::thread_start
[INFO] [stdout]   19:     0x70a99153adfa - <unknown>
[INFO] [stdout]   20:     0x70a9915ce3d4 - clone
[INFO] [stdout]   21:                0x0 - <unknown>
[INFO] [stdout] 
[INFO] [stdout] ---- telemetry::tests::auditd_rebuilds_argv_and_decodes_hex_and_quoted_values stdout ----
[INFO] [stdout] 
[INFO] [stdout] thread 'telemetry::tests::auditd_rebuilds_argv_and_decodes_hex_and_quoted_values' (732) panicked at src/telemetry.rs:1092:59:
[INFO] [stdout] read /opt/rustwide/workdir/../../tests/fixtures/telemetry/auditd-execve.log: No such file or directory (os error 2)
[INFO] [stdout] stack backtrace:
[INFO] [stdout]    0:     0x5e200dff1211 - <<std[617be2ca0a6fd877]::sys::backtrace::BacktraceLock>::print::DisplayBacktrace as core[a373ad73a504971]::fmt::Display>::fmt
[INFO] [stdout]    1:     0x5e200e00895a - core[a373ad73a504971]::fmt::write
[INFO] [stdout]    2:     0x5e200dff571c - <alloc[2e1b2a31b91974c5]::vec::Vec<u8> as core[a373ad73a504971]::io::write::Write>::write_fmt
[INFO] [stdout]    3:     0x5e200dfcc756 - std[617be2ca0a6fd877]::panicking::default_hook::{closure#0}
[INFO] [stdout]    4:     0x5e200dfe9079 - std[617be2ca0a6fd877]::panicking::default_hook
[INFO] [stdout]    5:     0x5e200df65380 - test[aada8e7e76ba119b]::test_main_inner::{closure#0}
[INFO] [stdout]    6:     0x5e200dfe9232 - std[617be2ca0a6fd877]::panicking::panic_with_hook
[INFO] [stdout]    7:     0x5e200dfcc802 - std[617be2ca0a6fd877]::panicking::panic_handler::{closure#0}
[INFO] [stdout]    8:     0x5e200dfc5239 - std[617be2ca0a6fd877]::sys::backtrace::__rust_end_short_backtrace::<std[617be2ca0a6fd877]::panicking::panic_handler::{closure#0}, !>
[INFO] [stdout]    9:     0x5e200dfcd40d - __rustc[ea4f61d10b84890b]::rust_begin_unwind
[INFO] [stdout]   10:     0x5e200e00913c - core[a373ad73a504971]::panicking::panic_fmt
[INFO] [stdout]   11:     0x5e200de302b9 - opseclint_core[b019e9e5d0de47cb]::telemetry::tests::fixture::{closure#0}
[INFO] [stdout]   12:     0x5e200de3096a - opseclint_core[b019e9e5d0de47cb]::telemetry::tests::fixture
[INFO] [stdout]   13:     0x5e200de38e6d - <opseclint_core[b019e9e5d0de47cb]::telemetry::tests::auditd_rebuilds_argv_and_decodes_hex_and_quoted_values::{closure#0} as core[a373ad73a504971]::ops::function::FnOnce<()>>::call_once
[INFO] [stdout]   14:     0x5e200df587cb - test[aada8e7e76ba119b]::__rust_begin_short_backtrace::<core[a373ad73a504971]::result::Result<(), alloc[2e1b2a31b91974c5]::string::String>, fn() -> core[a373ad73a504971]::result::Result<(), alloc[2e1b2a31b91974c5]::string::String>>
[INFO] [stdout]   15:     0x5e200df659a5 - test[aada8e7e76ba119b]::run_test::{closure#0}
[INFO] [stdout]   16:     0x5e200df5f294 - std[617be2ca0a6fd877]::sys::backtrace::__rust_begin_short_backtrace::<test[aada8e7e76ba119b]::run_test::{closure#1}, ()>
[INFO] [stdout]   17:     0x5e200df68a32 - <std[617be2ca0a6fd877]::thread::lifecycle::spawn_unchecked<test[aada8e7e76ba119b]::run_test::{closure#1}, ()>::{closure#1} as core[a373ad73a504971]::ops::function::FnOnce<()>>::call_once::{shim:vtable#0}
[INFO] [stdout]   18:     0x5e200dff052f - <std[617be2ca0a6fd877]::sys::thread::unix::Thread>::new::thread_start
[INFO] [stdout]   19:     0x70a99153adfa - <unknown>
[INFO] [stdout]   20:     0x70a9915ce3d4 - clone
[INFO] [stdout]   21:                0x0 - <unknown>
[INFO] [stdout] 
[INFO] [stdout] ---- telemetry::tests::esf_correlates_a_connect_by_audit_token_pid stdout ----
[INFO] [stdout] 
[INFO] [stdout] thread 'telemetry::tests::esf_correlates_a_connect_by_audit_token_pid' (741) panicked at src/telemetry.rs:1092:59:
[INFO] [stdout] read /opt/rustwide/workdir/../../tests/fixtures/telemetry/esf-with-side-effects.jsonl: No such file or directory (os error 2)
[INFO] [stdout] stack backtrace:
[INFO] [stdout]    0:     0x5e200dff1211 - <<std[617be2ca0a6fd877]::sys::backtrace::BacktraceLock>::print::DisplayBacktrace as core[a373ad73a504971]::fmt::Display>::fmt
[INFO] [stdout]    1:     0x5e200e00895a - core[a373ad73a504971]::fmt::write
[INFO] [stdout]    2:     0x5e200dff571c - <alloc[2e1b2a31b91974c5]::vec::Vec<u8> as core[a373ad73a504971]::io::write::Write>::write_fmt
[INFO] [stdout]    3:     0x5e200dfcc756 - std[617be2ca0a6fd877]::panicking::default_hook::{closure#0}
[INFO] [stdout]    4:     0x5e200dfe9079 - std[617be2ca0a6fd877]::panicking::default_hook
[INFO] [stdout]    5:     0x5e200df65380 - test[aada8e7e76ba119b]::test_main_inner::{closure#0}
[INFO] [stdout]    6:     0x5e200dfe9232 - std[617be2ca0a6fd877]::panicking::panic_with_hook
[INFO] [stdout]    7:     0x5e200dfcc802 - std[617be2ca0a6fd877]::panicking::panic_handler::{closure#0}
[INFO] [stdout]    8:     0x5e200dfc5239 - std[617be2ca0a6fd877]::sys::backtrace::__rust_end_short_backtrace::<std[617be2ca0a6fd877]::panicking::panic_handler::{closure#0}, !>
[INFO] [stdout]    9:     0x5e200dfcd40d - __rustc[ea4f61d10b84890b]::rust_begin_unwind
[INFO] [stdout]   10:     0x5e200e00913c - core[a373ad73a504971]::panicking::panic_fmt
[INFO] [stdout]   11:     0x5e200de302b9 - opseclint_core[b019e9e5d0de47cb]::telemetry::tests::fixture::{closure#0}
[INFO] [stdout]   12:     0x5e200de3096a - opseclint_core[b019e9e5d0de47cb]::telemetry::tests::fixture
[INFO] [stdout]   13:     0x5e200de35247 - <opseclint_core[b019e9e5d0de47cb]::telemetry::tests::esf_correlates_a_connect_by_audit_token_pid::{closure#0} as core[a373ad73a504971]::ops::function::FnOnce<()>>::call_once
[INFO] [stdout]   14:     0x5e200df587cb - test[aada8e7e76ba119b]::__rust_begin_short_backtrace::<core[a373ad73a504971]::result::Result<(), alloc[2e1b2a31b91974c5]::string::String>, fn() -> core[a373ad73a504971]::result::Result<(), alloc[2e1b2a31b91974c5]::string::String>>
[INFO] [stdout]   15:     0x5e200df659a5 - test[aada8e7e76ba119b]::run_test::{closure#0}
[INFO] [stdout]   16:     0x5e200df5f294 - std[617be2ca0a6fd877]::sys::backtrace::__rust_begin_short_backtrace::<test[aada8e7e76ba119b]::run_test::{closure#1}, ()>
[INFO] [stdout]   17:     0x5e200df68a32 - <std[617be2ca0a6fd877]::thread::lifecycle::spawn_unchecked<test[aada8e7e76ba119b]::run_test::{closure#1}, ()>::{closure#1} as core[a373ad73a504971]::ops::function::FnOnce<()>>::call_once::{shim:vtable#0}
[INFO] [stdout]   18:     0x5e200dff052f - <std[617be2ca0a6fd877]::sys::thread::unix::Thread>::new::thread_start
[INFO] [stdout]   19:     0x70a99153adfa - <unknown>
[INFO] [stdout]   20:     0x70a9915ce3d4 - clone
[INFO] [stdout]   21:                0x0 - <unknown>
[INFO] [stdout] 
[INFO] [stdout] ---- telemetry::tests::esf_open_without_an_audit_token_still_becomes_an_observation stdout ----
[INFO] [stdout] 
[INFO] [stdout] thread 'telemetry::tests::esf_open_without_an_audit_token_still_becomes_an_observation' (742) panicked at src/telemetry.rs:1092:59:
[INFO] [stdout] read /opt/rustwide/workdir/../../tests/fixtures/telemetry/esf-exec.jsonl: No such file or directory (os error 2)
[INFO] [stdout] stack backtrace:
[INFO] [stdout]    0:     0x5e200dff1211 - <<std[617be2ca0a6fd877]::sys::backtrace::BacktraceLock>::print::DisplayBacktrace as core[a373ad73a504971]::fmt::Display>::fmt
[INFO] [stdout]    1:     0x5e200e00895a - core[a373ad73a504971]::fmt::write
[INFO] [stdout]    2:     0x5e200dff571c - <alloc[2e1b2a31b91974c5]::vec::Vec<u8> as core[a373ad73a504971]::io::write::Write>::write_fmt
[INFO] [stdout]    3:     0x5e200dfcc756 - std[617be2ca0a6fd877]::panicking::default_hook::{closure#0}
[INFO] [stdout]    4:     0x5e200dfe9079 - std[617be2ca0a6fd877]::panicking::default_hook
[INFO] [stdout]    5:     0x5e200df65380 - test[aada8e7e76ba119b]::test_main_inner::{closure#0}
[INFO] [stdout]    6:     0x5e200dfe9232 - std[617be2ca0a6fd877]::panicking::panic_with_hook
[INFO] [stdout]    7:     0x5e200dfcc802 - std[617be2ca0a6fd877]::panicking::panic_handler::{closure#0}
[INFO] [stdout]    8:     0x5e200dfc5239 - std[617be2ca0a6fd877]::sys::backtrace::__rust_end_short_backtrace::<std[617be2ca0a6fd877]::panicking::panic_handler::{closure#0}, !>
[INFO] [stdout]    9:     0x5e200dfcd40d - __rustc[ea4f61d10b84890b]::rust_begin_unwind
[INFO] [stdout]   10:     0x5e200e00913c - core[a373ad73a504971]::panicking::panic_fmt
[INFO] [stdout]   11:     0x5e200de302b9 - opseclint_core[b019e9e5d0de47cb]::telemetry::tests::fixture::{closure#0}
[INFO] [stdout]   12:     0x5e200de3096a - opseclint_core[b019e9e5d0de47cb]::telemetry::tests::fixture
[INFO] [stdout]   13:     0x5e200de3c795 - <opseclint_core[b019e9e5d0de47cb]::telemetry::tests::esf_open_without_an_audit_token_still_becomes_an_observation::{closure#0} as core[a373ad73a504971]::ops::function::FnOnce<()>>::call_once
[INFO] [stdout]   14:     0x5e200df587cb - test[aada8e7e76ba119b]::__rust_begin_short_backtrace::<core[a373ad73a504971]::result::Result<(), alloc[2e1b2a31b91974c5]::string::String>, fn() -> core[a373ad73a504971]::result::Result<(), alloc[2e1b2a31b91974c5]::string::String>>
[INFO] [stdout]   15:     0x5e200df659a5 - test[aada8e7e76ba119b]::run_test::{closure#0}
[INFO] [stdout]   16:     0x5e200df5f294 - std[617be2ca0a6fd877]::sys::backtrace::__rust_begin_short_backtrace::<test[aada8e7e76ba119b]::run_test::{closure#1}, ()>
[INFO] [stdout]   17:     0x5e200df68a32 - <std[617be2ca0a6fd877]::thread::lifecycle::spawn_unchecked<test[aada8e7e76ba119b]::run_test::{closure#1}, ()>::{closure#1} as core[a373ad73a504971]::ops::function::FnOnce<()>>::call_once::{shim:vtable#0}
[INFO] [stdout]   18:     0x5e200dff052f - <std[617be2ca0a6fd877]::sys::thread::unix::Thread>::new::thread_start
[INFO] [stdout]   19:     0x70a99153adfa - <unknown>
[INFO] [stdout]   20:     0x70a9915ce3d4 - clone
[INFO] [stdout]   21:                0x0 - <unknown>
[INFO] [stdout] 
[INFO] [stdout] ---- telemetry::tests::esf_reads_open_and_create_as_standalone_file_events stdout ----
[INFO] [stdout] 
[INFO] [stdout] thread 'telemetry::tests::esf_reads_open_and_create_as_standalone_file_events' (743) panicked at src/telemetry.rs:1092:59:
[INFO] [stdout] read /opt/rustwide/workdir/../../tests/fixtures/telemetry/esf-with-side-effects.jsonl: No such file or directory (os error 2)
[INFO] [stdout] stack backtrace:
[INFO] [stdout]    0:     0x5e200dff1211 - <<std[617be2ca0a6fd877]::sys::backtrace::BacktraceLock>::print::DisplayBacktrace as core[a373ad73a504971]::fmt::Display>::fmt
[INFO] [stdout]    1:     0x5e200e00895a - core[a373ad73a504971]::fmt::write
[INFO] [stdout]    2:     0x5e200dff571c - <alloc[2e1b2a31b91974c5]::vec::Vec<u8> as core[a373ad73a504971]::io::write::Write>::write_fmt
[INFO] [stdout]    3:     0x5e200dfcc756 - std[617be2ca0a6fd877]::panicking::default_hook::{closure#0}
[INFO] [stdout]    4:     0x5e200dfe9079 - std[617be2ca0a6fd877]::panicking::default_hook
[INFO] [stdout]    5:     0x5e200df65380 - test[aada8e7e76ba119b]::test_main_inner::{closure#0}
[INFO] [stdout]    6:     0x5e200dfe9232 - std[617be2ca0a6fd877]::panicking::panic_with_hook
[INFO] [stdout]    7:     0x5e200dfcc802 - std[617be2ca0a6fd877]::panicking::panic_handler::{closure#0}
[INFO] [stdout]    8:     0x5e200dfc5239 - std[617be2ca0a6fd877]::sys::backtrace::__rust_end_short_backtrace::<std[617be2ca0a6fd877]::panicking::panic_handler::{closure#0}, !>
[INFO] [stdout]    9:     0x5e200dfcd40d - __rustc[ea4f61d10b84890b]::rust_begin_unwind
[INFO] [stdout]   10:     0x5e200e00913c - core[a373ad73a504971]::panicking::panic_fmt
[INFO] [stderr] error: test failed, to rerun pass `--lib`
[INFO] [stdout]   11:     0x5e200de302b9 - opseclint_core[b019e9e5d0de47cb]::telemetry::tests::fixture::{closure#0}
[INFO] [stdout]   12:     0x5e200de3096a - opseclint_core[b019e9e5d0de47cb]::telemetry::tests::fixture
[INFO] [stdout]   13:     0x5e200de37d9d - <opseclint_core[b019e9e5d0de47cb]::telemetry::tests::esf_reads_open_and_create_as_standalone_file_events::{closure#0} as core[a373ad73a504971]::ops::function::FnOnce<()>>::call_once
[INFO] [stdout]   14:     0x5e200df587cb - test[aada8e7e76ba119b]::__rust_begin_short_backtrace::<core[a373ad73a504971]::result::Result<(), alloc[2e1b2a31b91974c5]::string::String>, fn() -> core[a373ad73a504971]::result::Result<(), alloc[2e1b2a31b91974c5]::string::String>>
[INFO] [stdout]   15:     0x5e200df659a5 - test[aada8e7e76ba119b]::run_test::{closure#0}
[INFO] [stdout]   16:     0x5e200df5f294 - std[617be2ca0a6fd877]::sys::backtrace::__rust_begin_short_backtrace::<test[aada8e7e76ba119b]::run_test::{closure#1}, ()>
[INFO] [stdout]   17:     0x5e200df68a32 - <std[617be2ca0a6fd877]::thread::lifecycle::spawn_unchecked<test[aada8e7e76ba119b]::run_test::{closure#1}, ()>::{closure#1} as core[a373ad73a504971]::ops::function::FnOnce<()>>::call_once::{shim:vtable#0}
[INFO] [stdout]   18:     0x5e200dff052f - <std[617be2ca0a6fd877]::sys::thread::unix::Thread>::new::thread_start
[INFO] [stdout]   19:     0x70a99153adfa - <unknown>
[INFO] [stdout]   20:     0x70a9915ce3d4 - clone
[INFO] [stdout]   21:                0x0 - <unknown>
[INFO] [stdout] 
[INFO] [stdout] ---- telemetry::tests::esf_reduces_target_argv_and_carries_the_calling_parent stdout ----
[INFO] [stdout] 
[INFO] [stdout] thread 'telemetry::tests::esf_reduces_target_argv_and_carries_the_calling_parent' (744) panicked at src/telemetry.rs:1092:59:
[INFO] [stdout] read /opt/rustwide/workdir/../../tests/fixtures/telemetry/esf-exec.jsonl: No such file or directory (os error 2)
[INFO] [stdout] stack backtrace:
[INFO] [stdout]    0:     0x5e200dff1211 - <<std[617be2ca0a6fd877]::sys::backtrace::BacktraceLock>::print::DisplayBacktrace as core[a373ad73a504971]::fmt::Display>::fmt
[INFO] [stdout]    1:     0x5e200e00895a - core[a373ad73a504971]::fmt::write
[INFO] [stdout]    2:     0x5e200dff571c - <alloc[2e1b2a31b91974c5]::vec::Vec<u8> as core[a373ad73a504971]::io::write::Write>::write_fmt
[INFO] [stdout]    3:     0x5e200dfcc756 - std[617be2ca0a6fd877]::panicking::default_hook::{closure#0}
[INFO] [stdout]    4:     0x5e200dfe9079 - std[617be2ca0a6fd877]::panicking::default_hook
[INFO] [stdout]    5:     0x5e200df65380 - test[aada8e7e76ba119b]::test_main_inner::{closure#0}
[INFO] [stdout]    6:     0x5e200dfe9232 - std[617be2ca0a6fd877]::panicking::panic_with_hook
[INFO] [stdout]    7:     0x5e200dfcc802 - std[617be2ca0a6fd877]::panicking::panic_handler::{closure#0}
[INFO] [stdout]    8:     0x5e200dfc5239 - std[617be2ca0a6fd877]::sys::backtrace::__rust_end_short_backtrace::<std[617be2ca0a6fd877]::panicking::panic_handler::{closure#0}, !>
[INFO] [stdout]    9:     0x5e200dfcd40d - __rustc[ea4f61d10b84890b]::rust_begin_unwind
[INFO] [stdout]   10:     0x5e200e00913c - core[a373ad73a504971]::panicking::panic_fmt
[INFO] [stdout]   11:     0x5e200de302b9 - opseclint_core[b019e9e5d0de47cb]::telemetry::tests::fixture::{closure#0}
[INFO] [stdout]   12:     0x5e200de3096a - opseclint_core[b019e9e5d0de47cb]::telemetry::tests::fixture
[INFO] [stdout]   13:     0x5e200de3940d - <opseclint_core[b019e9e5d0de47cb]::telemetry::tests::esf_reduces_target_argv_and_carries_the_calling_parent::{closure#0} as core[a373ad73a504971]::ops::function::FnOnce<()>>::call_once
[INFO] [stdout]   14:     0x5e200df587cb - test[aada8e7e76ba119b]::__rust_begin_short_backtrace::<core[a373ad73a504971]::result::Result<(), alloc[2e1b2a31b91974c5]::string::String>, fn() -> core[a373ad73a504971]::result::Result<(), alloc[2e1b2a31b91974c5]::string::String>>
[INFO] [stdout]   15:     0x5e200df659a5 - test[aada8e7e76ba119b]::run_test::{closure#0}
[INFO] [stdout]   16:     0x5e200df5f294 - std[617be2ca0a6fd877]::sys::backtrace::__rust_begin_short_backtrace::<test[aada8e7e76ba119b]::run_test::{closure#1}, ()>
[INFO] [stdout]   17:     0x5e200df68a32 - <std[617be2ca0a6fd877]::thread::lifecycle::spawn_unchecked<test[aada8e7e76ba119b]::run_test::{closure#1}, ()>::{closure#1} as core[a373ad73a504971]::ops::function::FnOnce<()>>::call_once::{shim:vtable#0}
[INFO] [stdout]   18:     0x5e200dff052f - <std[617be2ca0a6fd877]::sys::thread::unix::Thread>::new::thread_start
[INFO] [stdout]   19:     0x70a99153adfa - <unknown>
[INFO] [stdout]   20:     0x70a9915ce3d4 - clone
[INFO] [stdout]   21:                0x0 - <unknown>
[INFO] [stdout] 
[INFO] [stdout] ---- telemetry::tests::ingests_auditd_execve_and_skips_non_exec stdout ----
[INFO] [stdout] 
[INFO] [stdout] thread 'telemetry::tests::ingests_auditd_execve_and_skips_non_exec' (746) panicked at src/telemetry.rs:1092:59:
[INFO] [stdout] read /opt/rustwide/workdir/../../tests/fixtures/telemetry/auditd-execve.log: No such file or directory (os error 2)
[INFO] [stdout] stack backtrace:
[INFO] [stdout]    0:     0x5e200dff1211 - <<std[617be2ca0a6fd877]::sys::backtrace::BacktraceLock>::print::DisplayBacktrace as core[a373ad73a504971]::fmt::Display>::fmt
[INFO] [stdout]    1:     0x5e200e00895a - core[a373ad73a504971]::fmt::write
[INFO] [stdout]    2:     0x5e200dff571c - <alloc[2e1b2a31b91974c5]::vec::Vec<u8> as core[a373ad73a504971]::io::write::Write>::write_fmt
[INFO] [stdout]    3:     0x5e200dfcc756 - std[617be2ca0a6fd877]::panicking::default_hook::{closure#0}
[INFO] [stdout]    4:     0x5e200dfe9079 - std[617be2ca0a6fd877]::panicking::default_hook
[INFO] [stdout]    5:     0x5e200df65380 - test[aada8e7e76ba119b]::test_main_inner::{closure#0}
[INFO] [stdout]    6:     0x5e200dfe9232 - std[617be2ca0a6fd877]::panicking::panic_with_hook
[INFO] [stdout]    7:     0x5e200dfcc802 - std[617be2ca0a6fd877]::panicking::panic_handler::{closure#0}
[INFO] [stdout]    8:     0x5e200dfc5239 - std[617be2ca0a6fd877]::sys::backtrace::__rust_end_short_backtrace::<std[617be2ca0a6fd877]::panicking::panic_handler::{closure#0}, !>
[INFO] [stdout]    9:     0x5e200dfcd40d - __rustc[ea4f61d10b84890b]::rust_begin_unwind
[INFO] [stdout]   10:     0x5e200e00913c - core[a373ad73a504971]::panicking::panic_fmt
[INFO] [stdout]   11:     0x5e200de302b9 - opseclint_core[b019e9e5d0de47cb]::telemetry::tests::fixture::{closure#0}
[INFO] [stdout]   12:     0x5e200de3096a - opseclint_core[b019e9e5d0de47cb]::telemetry::tests::fixture
[INFO] [stdout]   13:     0x5e200de33fa7 - <opseclint_core[b019e9e5d0de47cb]::telemetry::tests::ingests_auditd_execve_and_skips_non_exec::{closure#0} as core[a373ad73a504971]::ops::function::FnOnce<()>>::call_once
[INFO] [stdout]   14:     0x5e200df587cb - test[aada8e7e76ba119b]::__rust_begin_short_backtrace::<core[a373ad73a504971]::result::Result<(), alloc[2e1b2a31b91974c5]::string::String>, fn() -> core[a373ad73a504971]::result::Result<(), alloc[2e1b2a31b91974c5]::string::String>>
[INFO] [stdout]   15:     0x5e200df659a5 - test[aada8e7e76ba119b]::run_test::{closure#0}
[INFO] [stdout]   16:     0x5e200df5f294 - std[617be2ca0a6fd877]::sys::backtrace::__rust_begin_short_backtrace::<test[aada8e7e76ba119b]::run_test::{closure#1}, ()>
[INFO] [stdout]   17:     0x5e200df68a32 - <std[617be2ca0a6fd877]::thread::lifecycle::spawn_unchecked<test[aada8e7e76ba119b]::run_test::{closure#1}, ()>::{closure#1} as core[a373ad73a504971]::ops::function::FnOnce<()>>::call_once::{shim:vtable#0}
[INFO] [stdout]   18:     0x5e200dff052f - <std[617be2ca0a6fd877]::sys::thread::unix::Thread>::new::thread_start
[INFO] [stdout]   19:     0x70a99153adfa - <unknown>
[INFO] [stdout]   20:     0x70a9915ce3d4 - clone
[INFO] [stdout]   21:                0x0 - <unknown>
[INFO] [stdout] 
[INFO] [stdout] ---- telemetry::tests::ingests_esf_exec_and_skips_non_exec stdout ----
[INFO] [stdout] 
[INFO] [stdout] thread 'telemetry::tests::ingests_esf_exec_and_skips_non_exec' (747) panicked at src/telemetry.rs:1092:59:
[INFO] [stdout] read /opt/rustwide/workdir/../../tests/fixtures/telemetry/esf-exec.jsonl: No such file or directory (os error 2)
[INFO] [stdout] stack backtrace:
[INFO] [stdout]    0:     0x5e200dff1211 - <<std[617be2ca0a6fd877]::sys::backtrace::BacktraceLock>::print::DisplayBacktrace as core[a373ad73a504971]::fmt::Display>::fmt
[INFO] [stdout]    1:     0x5e200e00895a - core[a373ad73a504971]::fmt::write
[INFO] [stdout]    2:     0x5e200dff571c - <alloc[2e1b2a31b91974c5]::vec::Vec<u8> as core[a373ad73a504971]::io::write::Write>::write_fmt
[INFO] [stdout]    3:     0x5e200dfcc756 - std[617be2ca0a6fd877]::panicking::default_hook::{closure#0}
[INFO] [stdout]    4:     0x5e200dfe9079 - std[617be2ca0a6fd877]::panicking::default_hook
[INFO] [stdout]    5:     0x5e200df65380 - test[aada8e7e76ba119b]::test_main_inner::{closure#0}
[INFO] [stdout]    6:     0x5e200dfe9232 - std[617be2ca0a6fd877]::panicking::panic_with_hook
[INFO] [stdout]    7:     0x5e200dfcc802 - std[617be2ca0a6fd877]::panicking::panic_handler::{closure#0}
[INFO] [stdout]    8:     0x5e200dfc5239 - std[617be2ca0a6fd877]::sys::backtrace::__rust_end_short_backtrace::<std[617be2ca0a6fd877]::panicking::panic_handler::{closure#0}, !>
[INFO] [stdout]    9:     0x5e200dfcd40d - __rustc[ea4f61d10b84890b]::rust_begin_unwind
[INFO] [stdout]   10:     0x5e200e00913c - core[a373ad73a504971]::panicking::panic_fmt
[INFO] [stdout]   11:     0x5e200de302b9 - opseclint_core[b019e9e5d0de47cb]::telemetry::tests::fixture::{closure#0}
[INFO] [stdout]   12:     0x5e200de3096a - opseclint_core[b019e9e5d0de47cb]::telemetry::tests::fixture
[INFO] [stdout]   13:     0x5e200de32957 - <opseclint_core[b019e9e5d0de47cb]::telemetry::tests::ingests_esf_exec_and_skips_non_exec::{closure#0} as core[a373ad73a504971]::ops::function::FnOnce<()>>::call_once
[INFO] [stdout]   14:     0x5e200df587cb - test[aada8e7e76ba119b]::__rust_begin_short_backtrace::<core[a373ad73a504971]::result::Result<(), alloc[2e1b2a31b91974c5]::string::String>, fn() -> core[a373ad73a504971]::result::Result<(), alloc[2e1b2a31b91974c5]::string::String>>
[INFO] [stdout]   15:     0x5e200df659a5 - test[aada8e7e76ba119b]::run_test::{closure#0}
[INFO] [stdout]   16:     0x5e200df5f294 - std[617be2ca0a6fd877]::sys::backtrace::__rust_begin_short_backtrace::<test[aada8e7e76ba119b]::run_test::{closure#1}, ()>
[INFO] [stdout]   17:     0x5e200df68a32 - <std[617be2ca0a6fd877]::thread::lifecycle::spawn_unchecked<test[aada8e7e76ba119b]::run_test::{closure#1}, ()>::{closure#1} as core[a373ad73a504971]::ops::function::FnOnce<()>>::call_once::{shim:vtable#0}
[INFO] [stdout]   18:     0x5e200dff052f - <std[617be2ca0a6fd877]::sys::thread::unix::Thread>::new::thread_start
[INFO] [stdout]   19:     0x70a99153adfa - <unknown>
[INFO] [stdout]   20:     0x70a9915ce3d4 - clone
[INFO] [stdout]   21:                0x0 - <unknown>
[INFO] [stdout] 
[INFO] [stdout] ---- telemetry::tests::ingests_jsonl_with_nested_event_data stdout ----
[INFO] [stdout] 
[INFO] [stdout] thread 'telemetry::tests::ingests_jsonl_with_nested_event_data' (748) panicked at src/telemetry.rs:1092:59:
[INFO] [stdout] read /opt/rustwide/workdir/../../tests/fixtures/telemetry/sysmon-eid1.jsonl: No such file or directory (os error 2)
[INFO] [stdout] stack backtrace:
[INFO] [stdout]    0:     0x5e200dff1211 - <<std[617be2ca0a6fd877]::sys::backtrace::BacktraceLock>::print::DisplayBacktrace as core[a373ad73a504971]::fmt::Display>::fmt
[INFO] [stdout]    1:     0x5e200e00895a - core[a373ad73a504971]::fmt::write
[INFO] [stdout]    2:     0x5e200dff571c - <alloc[2e1b2a31b91974c5]::vec::Vec<u8> as core[a373ad73a504971]::io::write::Write>::write_fmt
[INFO] [stdout]    3:     0x5e200dfcc756 - std[617be2ca0a6fd877]::panicking::default_hook::{closure#0}
[INFO] [stdout]    4:     0x5e200dfe9079 - std[617be2ca0a6fd877]::panicking::default_hook
[INFO] [stdout]    5:     0x5e200df65380 - test[aada8e7e76ba119b]::test_main_inner::{closure#0}
[INFO] [stdout]    6:     0x5e200dfe9232 - std[617be2ca0a6fd877]::panicking::panic_with_hook
[INFO] [stdout]    7:     0x5e200dfcc802 - std[617be2ca0a6fd877]::panicking::panic_handler::{closure#0}
[INFO] [stdout]    8:     0x5e200dfc5239 - std[617be2ca0a6fd877]::sys::backtrace::__rust_end_short_backtrace::<std[617be2ca0a6fd877]::panicking::panic_handler::{closure#0}, !>
[INFO] [stdout]    9:     0x5e200dfcd40d - __rustc[ea4f61d10b84890b]::rust_begin_unwind
[INFO] [stdout]   10:     0x5e200e00913c - core[a373ad73a504971]::panicking::panic_fmt
[INFO] [stdout]   11:     0x5e200de302b9 - opseclint_core[b019e9e5d0de47cb]::telemetry::tests::fixture::{closure#0}
[INFO] [stdout]   12:     0x5e200de3096a - opseclint_core[b019e9e5d0de47cb]::telemetry::tests::fixture
[INFO] [stdout]   13:     0x5e200de32cfc - <opseclint_core[b019e9e5d0de47cb]::telemetry::tests::ingests_jsonl_with_nested_event_data::{closure#0} as core[a373ad73a504971]::ops::function::FnOnce<()>>::call_once
[INFO] [stdout]   14:     0x5e200df587cb - test[aada8e7e76ba119b]::__rust_begin_short_backtrace::<core[a373ad73a504971]::result::Result<(), alloc[2e1b2a31b91974c5]::string::String>, fn() -> core[a373ad73a504971]::result::Result<(), alloc[2e1b2a31b91974c5]::string::String>>
[INFO] [stdout]   15:     0x5e200df659a5 - test[aada8e7e76ba119b]::run_test::{closure#0}
[INFO] [stdout]   16:     0x5e200df5f294 - std[617be2ca0a6fd877]::sys::backtrace::__rust_begin_short_backtrace::<test[aada8e7e76ba119b]::run_test::{closure#1}, ()>
[INFO] [stdout]   17:     0x5e200df68a32 - <std[617be2ca0a6fd877]::thread::lifecycle::spawn_unchecked<test[aada8e7e76ba119b]::run_test::{closure#1}, ()>::{closure#1} as core[a373ad73a504971]::ops::function::FnOnce<()>>::call_once::{shim:vtable#0}
[INFO] [stdout]   18:     0x5e200dff052f - <std[617be2ca0a6fd877]::sys::thread::unix::Thread>::new::thread_start
[INFO] [stdout]   19:     0x70a99153adfa - <unknown>
[INFO] [stdout]   20:     0x70a9915ce3d4 - clone
[INFO] [stdout]   21:                0x0 - <unknown>
[INFO] [stdout] 
[INFO] [stdout] ---- telemetry::tests::ingests_sysmon_array_and_skips_non_process_events stdout ----
[INFO] [stdout] 
[INFO] [stdout] thread 'telemetry::tests::ingests_sysmon_array_and_skips_non_process_events' (749) panicked at src/telemetry.rs:1092:59:
[INFO] [stdout] read /opt/rustwide/workdir/../../tests/fixtures/telemetry/sysmon-eid1.json: No such file or directory (os error 2)
[INFO] [stdout] stack backtrace:
[INFO] [stdout]    0:     0x5e200dff1211 - <<std[617be2ca0a6fd877]::sys::backtrace::BacktraceLock>::print::DisplayBacktrace as core[a373ad73a504971]::fmt::Display>::fmt
[INFO] [stdout]    1:     0x5e200e00895a - core[a373ad73a504971]::fmt::write
[INFO] [stdout]    2:     0x5e200dff571c - <alloc[2e1b2a31b91974c5]::vec::Vec<u8> as core[a373ad73a504971]::io::write::Write>::write_fmt
[INFO] [stdout]    3:     0x5e200dfcc756 - std[617be2ca0a6fd877]::panicking::default_hook::{closure#0}
[INFO] [stdout]    4:     0x5e200dfe9079 - std[617be2ca0a6fd877]::panicking::default_hook
[INFO] [stdout]    5:     0x5e200df65380 - test[aada8e7e76ba119b]::test_main_inner::{closure#0}
[INFO] [stdout]    6:     0x5e200dfe9232 - std[617be2ca0a6fd877]::panicking::panic_with_hook
[INFO] [stdout]    7:     0x5e200dfcc802 - std[617be2ca0a6fd877]::panicking::panic_handler::{closure#0}
[INFO] [stdout]    8:     0x5e200dfc5239 - std[617be2ca0a6fd877]::sys::backtrace::__rust_end_short_backtrace::<std[617be2ca0a6fd877]::panicking::panic_handler::{closure#0}, !>
[INFO] [stdout]    9:     0x5e200dfcd40d - __rustc[ea4f61d10b84890b]::rust_begin_unwind
[INFO] [stdout]   10:     0x5e200e00913c - core[a373ad73a504971]::panicking::panic_fmt
[INFO] [stdout]   11:     0x5e200de302b9 - opseclint_core[b019e9e5d0de47cb]::telemetry::tests::fixture::{closure#0}
[INFO] [stdout]   12:     0x5e200de3096a - opseclint_core[b019e9e5d0de47cb]::telemetry::tests::fixture
[INFO] [stdout]   13:     0x5e200de37807 - <opseclint_core[b019e9e5d0de47cb]::telemetry::tests::ingests_sysmon_array_and_skips_non_process_events::{closure#0} as core[a373ad73a504971]::ops::function::FnOnce<()>>::call_once
[INFO] [stdout]   14:     0x5e200df587cb - test[aada8e7e76ba119b]::__rust_begin_short_backtrace::<core[a373ad73a504971]::result::Result<(), alloc[2e1b2a31b91974c5]::string::String>, fn() -> core[a373ad73a504971]::result::Result<(), alloc[2e1b2a31b91974c5]::string::String>>
[INFO] [stdout]   15:     0x5e200df659a5 - test[aada8e7e76ba119b]::run_test::{closure#0}
[INFO] [stdout]   16:     0x5e200df5f294 - std[617be2ca0a6fd877]::sys::backtrace::__rust_begin_short_backtrace::<test[aada8e7e76ba119b]::run_test::{closure#1}, ()>
[INFO] [stdout]   17:     0x5e200df68a32 - <std[617be2ca0a6fd877]::thread::lifecycle::spawn_unchecked<test[aada8e7e76ba119b]::run_test::{closure#1}, ()>::{closure#1} as core[a373ad73a504971]::ops::function::FnOnce<()>>::call_once::{shim:vtable#0}
[INFO] [stdout]   18:     0x5e200dff052f - <std[617be2ca0a6fd877]::sys::thread::unix::Thread>::new::thread_start
[INFO] [stdout]   19:     0x70a99153adfa - <unknown>
[INFO] [stdout]   20:     0x70a9915ce3d4 - clone
[INFO] [stdout]   21:                0x0 - <unknown>
[INFO] [stdout] 
[INFO] [stdout] ---- telemetry::tests::side_effects_reach_the_finding stdout ----
[INFO] [stdout] 
[INFO] [stdout] thread 'telemetry::tests::side_effects_reach_the_finding' (756) panicked at src/telemetry.rs:1092:59:
[INFO] [stdout] read /opt/rustwide/workdir/../../tests/fixtures/telemetry/sysmon-with-side-effects.json: No such file or directory (os error 2)
[INFO] [stdout] stack backtrace:
[INFO] [stdout]    0:     0x5e200dff1211 - <<std[617be2ca0a6fd877]::sys::backtrace::BacktraceLock>::print::DisplayBacktrace as core[a373ad73a504971]::fmt::Display>::fmt
[INFO] [stdout]    1:     0x5e200e00895a - core[a373ad73a504971]::fmt::write
[INFO] [stdout]    2:     0x5e200dff571c - <alloc[2e1b2a31b91974c5]::vec::Vec<u8> as core[a373ad73a504971]::io::write::Write>::write_fmt
[INFO] [stdout]    3:     0x5e200dfcc756 - std[617be2ca0a6fd877]::panicking::default_hook::{closure#0}
[INFO] [stdout]    4:     0x5e200dfe9079 - std[617be2ca0a6fd877]::panicking::default_hook
[INFO] [stdout]    5:     0x5e200df65380 - test[aada8e7e76ba119b]::test_main_inner::{closure#0}
[INFO] [stdout]    6:     0x5e200dfe9232 - std[617be2ca0a6fd877]::panicking::panic_with_hook
[INFO] [stdout]    7:     0x5e200dfcc802 - std[617be2ca0a6fd877]::panicking::panic_handler::{closure#0}
[INFO] [stdout]    8:     0x5e200dfc5239 - std[617be2ca0a6fd877]::sys::backtrace::__rust_end_short_backtrace::<std[617be2ca0a6fd877]::panicking::panic_handler::{closure#0}, !>
[INFO] [stdout]    9:     0x5e200dfcd40d - __rustc[ea4f61d10b84890b]::rust_begin_unwind
[INFO] [stdout]   10:     0x5e200e00913c - core[a373ad73a504971]::panicking::panic_fmt
[INFO] [stdout]   11:     0x5e200de302b9 - opseclint_core[b019e9e5d0de47cb]::telemetry::tests::fixture::{closure#0}
[INFO] [stdout]   12:     0x5e200de3096a - opseclint_core[b019e9e5d0de47cb]::telemetry::tests::fixture
[INFO] [stdout]   13:     0x5e200de31cb8 - <opseclint_core[b019e9e5d0de47cb]::telemetry::tests::side_effects_reach_the_finding::{closure#0} as core[a373ad73a504971]::ops::function::FnOnce<()>>::call_once
[INFO] [stdout]   14:     0x5e200df587cb - test[aada8e7e76ba119b]::__rust_begin_short_backtrace::<core[a373ad73a504971]::result::Result<(), alloc[2e1b2a31b91974c5]::string::String>, fn() -> core[a373ad73a504971]::result::Result<(), alloc[2e1b2a31b91974c5]::string::String>>
[INFO] [stdout]   15:     0x5e200df659a5 - test[aada8e7e76ba119b]::run_test::{closure#0}
[INFO] [stdout]   16:     0x5e200df5f294 - std[617be2ca0a6fd877]::sys::backtrace::__rust_begin_short_backtrace::<test[aada8e7e76ba119b]::run_test::{closure#1}, ()>
[INFO] [stdout]   17:     0x5e200df68a32 - <std[617be2ca0a6fd877]::thread::lifecycle::spawn_unchecked<test[aada8e7e76ba119b]::run_test::{closure#1}, ()>::{closure#1} as core[a373ad73a504971]::ops::function::FnOnce<()>>::call_once::{shim:vtable#0}
[INFO] [stdout]   18:     0x5e200dff052f - <std[617be2ca0a6fd877]::sys::thread::unix::Thread>::new::thread_start
[INFO] [stdout]   19:     0x70a99153adfa - <unknown>
[INFO] [stdout]   20:     0x70a9915ce3d4 - clone
[INFO] [stdout]   21:                0x0 - <unknown>
[INFO] [stdout] 
[INFO] [stdout] ---- telemetry::tests::standalone_auditd_events_match_the_linux_event_axis stdout ----
[INFO] [stdout] 
[INFO] [stdout] thread 'telemetry::tests::standalone_auditd_events_match_the_linux_event_axis' (757) panicked at src/telemetry.rs:1092:59:
[INFO] [stdout] read /opt/rustwide/workdir/../../tests/fixtures/telemetry/auditd-with-side-effects.log: No such file or directory (os error 2)
[INFO] [stdout] stack backtrace:
[INFO] [stdout]    0:     0x5e200dff1211 - <<std[617be2ca0a6fd877]::sys::backtrace::BacktraceLock>::print::DisplayBacktrace as core[a373ad73a504971]::fmt::Display>::fmt
[INFO] [stdout]    1:     0x5e200e00895a - core[a373ad73a504971]::fmt::write
[INFO] [stdout]    2:     0x5e200dff571c - <alloc[2e1b2a31b91974c5]::vec::Vec<u8> as core[a373ad73a504971]::io::write::Write>::write_fmt
[INFO] [stdout]    3:     0x5e200dfcc756 - std[617be2ca0a6fd877]::panicking::default_hook::{closure#0}
[INFO] [stdout]    4:     0x5e200dfe9079 - std[617be2ca0a6fd877]::panicking::default_hook
[INFO] [stdout]    5:     0x5e200df65380 - test[aada8e7e76ba119b]::test_main_inner::{closure#0}
[INFO] [stdout]    6:     0x5e200dfe9232 - std[617be2ca0a6fd877]::panicking::panic_with_hook
[INFO] [stdout]    7:     0x5e200dfcc802 - std[617be2ca0a6fd877]::panicking::panic_handler::{closure#0}
[INFO] [stdout]    8:     0x5e200dfc5239 - std[617be2ca0a6fd877]::sys::backtrace::__rust_end_short_backtrace::<std[617be2ca0a6fd877]::panicking::panic_handler::{closure#0}, !>
[INFO] [stdout]    9:     0x5e200dfcd40d - __rustc[ea4f61d10b84890b]::rust_begin_unwind
[INFO] [stdout]   10:     0x5e200e00913c - core[a373ad73a504971]::panicking::panic_fmt
[INFO] [stdout]   11:     0x5e200de302b9 - opseclint_core[b019e9e5d0de47cb]::telemetry::tests::fixture::{closure#0}
[INFO] [stdout]   12:     0x5e200de3096a - opseclint_core[b019e9e5d0de47cb]::telemetry::tests::fixture
[INFO] [stdout]   13:     0x5e200de382cd - <opseclint_core[b019e9e5d0de47cb]::telemetry::tests::standalone_auditd_events_match_the_linux_event_axis::{closure#0} as core[a373ad73a504971]::ops::function::FnOnce<()>>::call_once
[INFO] [stdout]   14:     0x5e200df587cb - test[aada8e7e76ba119b]::__rust_begin_short_backtrace::<core[a373ad73a504971]::result::Result<(), alloc[2e1b2a31b91974c5]::string::String>, fn() -> core[a373ad73a504971]::result::Result<(), alloc[2e1b2a31b91974c5]::string::String>>
[INFO] [stdout]   15:     0x5e200df659a5 - test[aada8e7e76ba119b]::run_test::{closure#0}
[INFO] [stdout]   16:     0x5e200df5f294 - std[617be2ca0a6fd877]::sys::backtrace::__rust_begin_short_backtrace::<test[aada8e7e76ba119b]::run_test::{closure#1}, ()>
[INFO] [stdout]   17:     0x5e200df68a32 - <std[617be2ca0a6fd877]::thread::lifecycle::spawn_unchecked<test[aada8e7e76ba119b]::run_test::{closure#1}, ()>::{closure#1} as core[a373ad73a504971]::ops::function::FnOnce<()>>::call_once::{shim:vtable#0}
[INFO] [stdout]   18:     0x5e200dff052f - <std[617be2ca0a6fd877]::sys::thread::unix::Thread>::new::thread_start
[INFO] [stdout]   19:     0x70a99153adfa - <unknown>
[INFO] [stdout]   20:     0x70a9915ce3d4 - clone
[INFO] [stdout]   21:                0x0 - <unknown>
[INFO] [stdout] 
[INFO] [stdout] ---- telemetry::tests::sysmon_correlates_network_and_file_side_effects stdout ----
[INFO] [stdout] 
[INFO] [stdout] thread 'telemetry::tests::sysmon_correlates_network_and_file_side_effects' (761) panicked at src/telemetry.rs:1092:59:
[INFO] [stdout] read /opt/rustwide/workdir/../../tests/fixtures/telemetry/sysmon-with-side-effects.json: No such file or directory (os error 2)
[INFO] [stdout] stack backtrace:
[INFO] [stdout]    0:     0x5e200dff1211 - <<std[617be2ca0a6fd877]::sys::backtrace::BacktraceLock>::print::DisplayBacktrace as core[a373ad73a504971]::fmt::Display>::fmt
[INFO] [stdout]    1:     0x5e200e00895a - core[a373ad73a504971]::fmt::write
[INFO] [stdout]    2:     0x5e200dff571c - <alloc[2e1b2a31b91974c5]::vec::Vec<u8> as core[a373ad73a504971]::io::write::Write>::write_fmt
[INFO] [stdout]    3:     0x5e200dfcc756 - std[617be2ca0a6fd877]::panicking::default_hook::{closure#0}
[INFO] [stdout]    4:     0x5e200dfe9079 - std[617be2ca0a6fd877]::panicking::default_hook
[INFO] [stdout]    5:     0x5e200df65380 - test[aada8e7e76ba119b]::test_main_inner::{closure#0}
[INFO] [stdout]    6:     0x5e200dfe9232 - std[617be2ca0a6fd877]::panicking::panic_with_hook
[INFO] [stdout]    7:     0x5e200dfcc802 - std[617be2ca0a6fd877]::panicking::panic_handler::{closure#0}
[INFO] [stdout]    8:     0x5e200dfc5239 - std[617be2ca0a6fd877]::sys::backtrace::__rust_end_short_backtrace::<std[617be2ca0a6fd877]::panicking::panic_handler::{closure#0}, !>
[INFO] [stdout]    9:     0x5e200dfcd40d - __rustc[ea4f61d10b84890b]::rust_begin_unwind
[INFO] [stdout]   10:     0x5e200e00913c - core[a373ad73a504971]::panicking::panic_fmt
[INFO] [stdout]   11:     0x5e200de302b9 - opseclint_core[b019e9e5d0de47cb]::telemetry::tests::fixture::{closure#0}
[INFO] [stdout]   12:     0x5e200de3096a - opseclint_core[b019e9e5d0de47cb]::telemetry::tests::fixture
[INFO] [stdout]   13:     0x5e200de35c5a - <opseclint_core[b019e9e5d0de47cb]::telemetry::tests::sysmon_correlates_network_and_file_side_effects::{closure#0} as core[a373ad73a504971]::ops::function::FnOnce<()>>::call_once
[INFO] [stdout]   14:     0x5e200df587cb - test[aada8e7e76ba119b]::__rust_begin_short_backtrace::<core[a373ad73a504971]::result::Result<(), alloc[2e1b2a31b91974c5]::string::String>, fn() -> core[a373ad73a504971]::result::Result<(), alloc[2e1b2a31b91974c5]::string::String>>
[INFO] [stdout]   15:     0x5e200df659a5 - test[aada8e7e76ba119b]::run_test::{closure#0}
[INFO] [stdout]   16:     0x5e200df5f294 - std[617be2ca0a6fd877]::sys::backtrace::__rust_begin_short_backtrace::<test[aada8e7e76ba119b]::run_test::{closure#1}, ()>
[INFO] [stdout]   17:     0x5e200df68a32 - <std[617be2ca0a6fd877]::thread::lifecycle::spawn_unchecked<test[aada8e7e76ba119b]::run_test::{closure#1}, ()>::{closure#1} as core[a373ad73a504971]::ops::function::FnOnce<()>>::call_once::{shim:vtable#0}
[INFO] [stdout]   18:     0x5e200dff052f - <std[617be2ca0a6fd877]::sys::thread::unix::Thread>::new::thread_start
[INFO] [stdout]   19:     0x70a99153adfa - <unknown>
[INFO] [stdout]   20:     0x70a9915ce3d4 - clone
[INFO] [stdout]   21:                0x0 - <unknown>
[INFO] [stdout] 
[INFO] [stdout] ---- telemetry::tests::standalone_esf_events_match_the_macos_event_axis stdout ----
[INFO] [stdout] 
[INFO] [stdout] thread 'telemetry::tests::standalone_esf_events_match_the_macos_event_axis' (758) panicked at src/telemetry.rs:1092:59:
[INFO] [stdout] read /opt/rustwide/workdir/../../tests/fixtures/telemetry/esf-with-side-effects.jsonl: No such file or directory (os error 2)
[INFO] [stdout] stack backtrace:
[INFO] [stdout]    0:     0x5e200dff1211 - <<std[617be2ca0a6fd877]::sys::backtrace::BacktraceLock>::print::DisplayBacktrace as core[a373ad73a504971]::fmt::Display>::fmt
[INFO] [stdout]    1:     0x5e200e00895a - core[a373ad73a504971]::fmt::write
[INFO] [stdout]    2:     0x5e200dff571c - <alloc[2e1b2a31b91974c5]::vec::Vec<u8> as core[a373ad73a504971]::io::write::Write>::write_fmt
[INFO] [stdout]    3:     0x5e200dfcc756 - std[617be2ca0a6fd877]::panicking::default_hook::{closure#0}
[INFO] [stdout]    4:     0x5e200dfe9079 - std[617be2ca0a6fd877]::panicking::default_hook
[INFO] [stdout]    5:     0x5e200df65380 - test[aada8e7e76ba119b]::test_main_inner::{closure#0}
[INFO] [stdout]    6:     0x5e200dfe9232 - std[617be2ca0a6fd877]::panicking::panic_with_hook
[INFO] [stdout]    7:     0x5e200dfcc802 - std[617be2ca0a6fd877]::panicking::panic_handler::{closure#0}
[INFO] [stdout]    8:     0x5e200dfc5239 - std[617be2ca0a6fd877]::sys::backtrace::__rust_end_short_backtrace::<std[617be2ca0a6fd877]::panicking::panic_handler::{closure#0}, !>
[INFO] [stdout]    9:     0x5e200dfcd40d - __rustc[ea4f61d10b84890b]::rust_begin_unwind
[INFO] [stdout]   10:     0x5e200e00913c - core[a373ad73a504971]::panicking::panic_fmt
[INFO] [stdout]   11:     0x5e200de302b9 - opseclint_core[b019e9e5d0de47cb]::telemetry::tests::fixture::{closure#0}
[INFO] [stdout]   12:     0x5e200de3096a - opseclint_core[b019e9e5d0de47cb]::telemetry::tests::fixture
[INFO] [stdout]   13:     0x5e200de36d7c - <opseclint_core[b019e9e5d0de47cb]::telemetry::tests::standalone_esf_events_match_the_macos_event_axis::{closure#0} as core[a373ad73a504971]::ops::function::FnOnce<()>>::call_once
[INFO] [stdout]   14:     0x5e200df587cb - test[aada8e7e76ba119b]::__rust_begin_short_backtrace::<core[a373ad73a504971]::result::Result<(), alloc[2e1b2a31b91974c5]::string::String>, fn() -> core[a373ad73a504971]::result::Result<(), alloc[2e1b2a31b91974c5]::string::String>>
[INFO] [stdout]   15:     0x5e200df659a5 - test[aada8e7e76ba119b]::run_test::{closure#0}
[INFO] [stdout]   16:     0x5e200df5f294 - std[617be2ca0a6fd877]::sys::backtrace::__rust_begin_short_backtrace::<test[aada8e7e76ba119b]::run_test::{closure#1}, ()>
[INFO] [stdout]   17:     0x5e200df68a32 - <std[617be2ca0a6fd877]::thread::lifecycle::spawn_unchecked<test[aada8e7e76ba119b]::run_test::{closure#1}, ()>::{closure#1} as core[a373ad73a504971]::ops::function::FnOnce<()>>::call_once::{shim:vtable#0}
[INFO] [stdout]   18:     0x5e200dff052f - <std[617be2ca0a6fd877]::sys::thread::unix::Thread>::new::thread_start
[INFO] [stdout]   19:     0x70a99153adfa - <unknown>
[INFO] [stdout]   20:     0x70a9915ce3d4 - clone
[INFO] [stdout]   21:                0x0 - <unknown>
[INFO] [stdout] 
[INFO] [stdout] 
[INFO] [stdout] failures:
[INFO] [stdout]     sigma::tests::a_modifier_rule_survives_the_cache_round_trip
[INFO] [stdout]     sigma::tests::cache_round_trips_and_reports_hit
[INFO] [stdout]     sigma::tests::enrichment_carries_a_verdict
[INFO] [stdout]     sigma::tests::esf_parent_image_resolves_a_macos_parent_keyed_verdict
[INFO] [stdout]     sigma::tests::esf_signing_field_resolves_a_macos_platform_binary_verdict
[INFO] [stdout]     sigma::tests::indexes_and_enriches_from_fixtures
[INFO] [stdout]     sigma::tests::modifier_rules_resolve_through_the_full_index
[INFO] [stdout]     sigma::tests::non_linux_rules_are_skipped
[INFO] [stdout]     sigma::tests::real_event_fields_resolve_a_parent_keyed_verdict
[INFO] [stdout]     sigma::tests::stale_cache_is_rejected_by_fingerprint
[INFO] [stdout]     sigma::tests::the_display_cap_hides_a_rule_the_candidate_set_keeps
[INFO] [stdout]     sigma::tests::windows_product_selects_windows_rules
[INFO] [stdout]     telemetry::tests::analyzes_ingested_auditd_events_via_the_existing_matcher
[INFO] [stdout]     telemetry::tests::analyzes_ingested_esf_events_via_the_existing_matcher
[INFO] [stdout]     telemetry::tests::analyzes_ingested_sysmon_events_via_the_existing_matcher
[INFO] [stdout]     telemetry::tests::auditd_correlates_a_connect_to_the_execution_that_made_it
[INFO] [stdout]     telemetry::tests::auditd_decodes_sockaddr_into_a_standalone_network_event
[INFO] [stdout]     telemetry::tests::auditd_does_not_report_a_failed_syscall_as_observed
[INFO] [stdout]     telemetry::tests::auditd_reads_path_records_as_file_events
[INFO] [stdout]     telemetry::tests::auditd_rebuilds_argv_and_decodes_hex_and_quoted_values
[INFO] [stdout]     telemetry::tests::esf_correlates_a_connect_by_audit_token_pid
[INFO] [stdout]     telemetry::tests::esf_open_without_an_audit_token_still_becomes_an_observation
[INFO] [stdout]     telemetry::tests::esf_reads_open_and_create_as_standalone_file_events
[INFO] [stdout]     telemetry::tests::esf_reduces_target_argv_and_carries_the_calling_parent
[INFO] [stdout]     telemetry::tests::ingests_auditd_execve_and_skips_non_exec
[INFO] [stdout]     telemetry::tests::ingests_esf_exec_and_skips_non_exec
[INFO] [stdout]     telemetry::tests::ingests_jsonl_with_nested_event_data
[INFO] [stdout]     telemetry::tests::ingests_sysmon_array_and_skips_non_process_events
[INFO] [stdout]     telemetry::tests::side_effects_reach_the_finding
[INFO] [stdout]     telemetry::tests::standalone_auditd_events_match_the_linux_event_axis
[INFO] [stdout]     telemetry::tests::standalone_esf_events_match_the_macos_event_axis
[INFO] [stdout]     telemetry::tests::sysmon_correlates_network_and_file_side_effects
[INFO] [stdout] 
[INFO] [stdout] test result: FAILED. 162 passed; 32 failed; 0 ignored; 0 measured; 0 filtered out; finished in 0.07s
[INFO] [stdout] 
[INFO] running `Command { std: "docker" "inspect" "250021c8cf454d7a783ecdd75f7623badcd2efc737b5be7570efb85864011773", kill_on_drop: false }`
[INFO] running `Command { std: "docker" "rm" "-f" "250021c8cf454d7a783ecdd75f7623badcd2efc737b5be7570efb85864011773", kill_on_drop: false }`
[INFO] [stdout] 250021c8cf454d7a783ecdd75f7623badcd2efc737b5be7570efb85864011773
