[INFO] fetching crate oppai-rs 0.2.3...
[INFO] testing oppai-rs-0.2.3 against 1.99.0-beta.8+cargoflags=--release for beta-release-1.100-2
[INFO] extracting crate oppai-rs 0.2.3 into /workspace/builds/worker-5-tc1/source
[INFO] started tweaking crates.io crate oppai-rs 0.2.3
[INFO] finished tweaking crates.io crate oppai-rs 0.2.3
[INFO] tweaked toml for crates.io crate oppai-rs 0.2.3 written to /workspace/builds/worker-5-tc1/source/Cargo.toml
[INFO] validating manifest of crates.io crate oppai-rs 0.2.3 on toolchain 1.99.0-beta.8
[INFO] running `Command { std: CARGO_HOME="/workspace/cargo-home" RUSTUP_HOME="/workspace/rustup-home" "/workspace/cargo-home/bin/cargo" "+1.99.0-beta.8" "metadata" "--manifest-path" "Cargo.toml" "--no-deps", kill_on_drop: false }`
[INFO] running `Command { std: CARGO_HOME="/workspace/cargo-home" RUSTUP_HOME="/workspace/rustup-home" "/workspace/cargo-home/bin/cargo" "+1.99.0-beta.8" "generate-lockfile" "--manifest-path" "Cargo.toml", kill_on_drop: false }`
[INFO] [stderr]     Updating crates.io index
[INFO] [stderr]      Locking 6 packages to highest compatible versions
[INFO] [stderr]       Adding bitflags v1.3.2 (available: v2.13.2)
[INFO] running `Command { std: CARGO_HOME="/workspace/cargo-home" RUSTUP_HOME="/workspace/rustup-home" "/workspace/cargo-home/bin/cargo" "+1.99.0-beta.8" "fetch" "--manifest-path" "Cargo.toml", kill_on_drop: false }`
[INFO] running `Command { std: "docker" "create" "-v" "/var/lib/crater-agent-workspace/builds/worker-5-tc1/source:/opt/rustwide/workdir:ro,Z" "-v" "/var/lib/crater-agent-workspace/builds/worker-5-tc1/target:/opt/rustwide/target:rw,Z" "-v" "/var/lib/crater-agent-workspace/cargo-home:/opt/rustwide/cargo-home:ro,Z" "-v" "/var/lib/crater-agent-workspace/rustup-home:/opt/rustwide/rustup-home:ro,Z" "-m" "1610612736" "--network" "none" "ghcr.io/rust-lang/crates-build-env/linux@sha256:77db811e55d90add9212f6832c23229e3de5f1c1f9905e8cb07319ea15df73ac" "sleep" "infinity", kill_on_drop: false }`
[INFO] [stdout] 50cd0c18d5e363b1cc100fc503a23676ef92d709426b456e528325062629ee0b
[INFO] running `Command { std: "docker" "start" "50cd0c18d5e363b1cc100fc503a23676ef92d709426b456e528325062629ee0b", kill_on_drop: false }`
[INFO] running `Command { std: "docker" "inspect" "50cd0c18d5e363b1cc100fc503a23676ef92d709426b456e528325062629ee0b", kill_on_drop: false }`
[INFO] running `Command { std: "docker" "exec" "-e" "SOURCE_DIR=/opt/rustwide/workdir" "-e" "CARGO_HOME=/opt/rustwide/cargo-home" "-e" "RUSTUP_HOME=/opt/rustwide/rustup-home" "-e" "CARGO_TARGET_DIR=/opt/rustwide/target" "-w" "/opt/rustwide/workdir" "--user" "0:0" "50cd0c18d5e363b1cc100fc503a23676ef92d709426b456e528325062629ee0b" "/opt/rustwide/cargo-home/bin/cargo" "+1.99.0-beta.8" "metadata" "--no-deps" "--format-version=1", kill_on_drop: false }`
[INFO] running `Command { std: "docker" "inspect" "50cd0c18d5e363b1cc100fc503a23676ef92d709426b456e528325062629ee0b", kill_on_drop: false }`
[INFO] running `Command { std: "docker" "exec" "-e" "SOURCE_DIR=/opt/rustwide/workdir" "-e" "CARGO_HOME=/opt/rustwide/cargo-home" "-e" "RUSTUP_HOME=/opt/rustwide/rustup-home" "-e" "CARGO_TARGET_DIR=/opt/rustwide/target" "-e" "CARGO_INCREMENTAL=0" "-e" "RUST_BACKTRACE=full" "-e" "RUSTFLAGS=--cap-lints=warn" "-e" "RUSTDOCFLAGS=--cap-lints=warn" "-w" "/opt/rustwide/workdir" "--user" "0:0" "50cd0c18d5e363b1cc100fc503a23676ef92d709426b456e528325062629ee0b" "/opt/rustwide/cargo-home/bin/cargo" "+1.99.0-beta.8" "build" "--frozen" "--message-format=json" "--release", kill_on_drop: false }`
[INFO] [stderr]    Compiling oppai-rs v0.2.3 (/opt/rustwide/workdir)
[INFO] [stderr] warning: oppai-rs@0.2.3: oppai/oppai.c: In function 'is_inf':
[INFO] [stderr] warning: oppai-rs@0.2.3: oppai/oppai.c:326:33: warning: comparison of integer expressions of different signedness: 'int' and 'unsigned int' [-Wsign-compare]
[INFO] [stderr] warning: oppai-rs@0.2.3:   326 |   return *p == 0x7F800000 || *p == 0xFF800000;
[INFO] [stderr] warning: oppai-rs@0.2.3:       |                                 ^~
[INFO] [stderr] warning: oppai-rs@0.2.3: oppai/oppai.c: In function 'ezpp_new':
[INFO] [stderr] warning: oppai-rs@0.2.3: oppai/oppai.c:2364:29: warning: 'calloc' sizes specified with 'sizeof' in the earlier argument and not in the later argument [-Wcalloc-transposed-args]
[INFO] [stderr] warning: oppai-rs@0.2.3:  2364 |   ezpp_t ez = calloc(sizeof(struct ezpp), 1);
[INFO] [stderr] warning: oppai-rs@0.2.3:       |                             ^~~~~~
[INFO] [stderr] warning: oppai-rs@0.2.3: oppai/oppai.c:2364:29: note: earlier argument should specify number of elements, later size of each element
[INFO] [stderr]     Finished `release` profile [optimized] target(s) in 1.80s
[INFO] running `Command { std: "docker" "inspect" "50cd0c18d5e363b1cc100fc503a23676ef92d709426b456e528325062629ee0b", kill_on_drop: false }`
[INFO] running `Command { std: "docker" "exec" "-e" "SOURCE_DIR=/opt/rustwide/workdir" "-e" "CARGO_HOME=/opt/rustwide/cargo-home" "-e" "RUSTUP_HOME=/opt/rustwide/rustup-home" "-e" "CARGO_TARGET_DIR=/opt/rustwide/target" "-e" "CARGO_INCREMENTAL=0" "-e" "RUST_BACKTRACE=full" "-e" "RUSTFLAGS=--cap-lints=warn" "-e" "RUSTDOCFLAGS=--cap-lints=warn" "-w" "/opt/rustwide/workdir" "--user" "0:0" "50cd0c18d5e363b1cc100fc503a23676ef92d709426b456e528325062629ee0b" "/opt/rustwide/cargo-home/bin/cargo" "+1.99.0-beta.8" "test" "--frozen" "--no-run" "--message-format=json" "--release", kill_on_drop: false }`
[INFO] [stderr] warning: oppai-rs@0.2.3: oppai/oppai.c: In function 'is_inf':
[INFO] [stderr] warning: oppai-rs@0.2.3: oppai/oppai.c:326:33: warning: comparison of integer expressions of different signedness: 'int' and 'unsigned int' [-Wsign-compare]
[INFO] [stderr] warning: oppai-rs@0.2.3:   326 |   return *p == 0x7F800000 || *p == 0xFF800000;
[INFO] [stderr] warning: oppai-rs@0.2.3:       |                                 ^~
[INFO] [stderr] warning: oppai-rs@0.2.3: oppai/oppai.c: In function 'ezpp_new':
[INFO] [stderr] warning: oppai-rs@0.2.3: oppai/oppai.c:2364:29: warning: 'calloc' sizes specified with 'sizeof' in the earlier argument and not in the later argument [-Wcalloc-transposed-args]
[INFO] [stderr] warning: oppai-rs@0.2.3:  2364 |   ezpp_t ez = calloc(sizeof(struct ezpp), 1);
[INFO] [stderr] warning: oppai-rs@0.2.3:       |                             ^~~~~~
[INFO] [stderr] warning: oppai-rs@0.2.3: oppai/oppai.c:2364:29: note: earlier argument should specify number of elements, later size of each element
[INFO] [stderr]    Compiling oppai-rs v0.2.3 (/opt/rustwide/workdir)
[INFO] [stderr]     Finished `release` profile [optimized] target(s) in 0.82s
[INFO] running `Command { std: "docker" "inspect" "50cd0c18d5e363b1cc100fc503a23676ef92d709426b456e528325062629ee0b", kill_on_drop: false }`
[INFO] running `Command { std: "docker" "exec" "-e" "SOURCE_DIR=/opt/rustwide/workdir" "-e" "CARGO_HOME=/opt/rustwide/cargo-home" "-e" "RUSTUP_HOME=/opt/rustwide/rustup-home" "-e" "CARGO_TARGET_DIR=/opt/rustwide/target" "-e" "CARGO_INCREMENTAL=0" "-e" "RUST_BACKTRACE=full" "-e" "RUSTFLAGS=--cap-lints=warn" "-e" "RUSTDOCFLAGS=--cap-lints=warn" "-w" "/opt/rustwide/workdir" "--user" "0:0" "50cd0c18d5e363b1cc100fc503a23676ef92d709426b456e528325062629ee0b" "/opt/rustwide/cargo-home/bin/cargo" "+1.99.0-beta.8" "test" "--frozen" "--release", kill_on_drop: false }`
[INFO] [stdout] 
[INFO] [stdout] running 1 test
[INFO] [stderr] warning: oppai-rs@0.2.3: oppai/oppai.c: In function 'is_inf':
[INFO] [stderr] warning: oppai-rs@0.2.3: oppai/oppai.c:326:33: warning: comparison of integer expressions of different signedness: 'int' and 'unsigned int' [-Wsign-compare]
[INFO] [stderr] warning: oppai-rs@0.2.3:   326 |   return *p == 0x7F800000 || *p == 0xFF800000;
[INFO] [stderr] warning: oppai-rs@0.2.3:       |                                 ^~
[INFO] [stderr] warning: oppai-rs@0.2.3: oppai/oppai.c: In function 'ezpp_new':
[INFO] [stderr] warning: oppai-rs@0.2.3: oppai/oppai.c:2364:29: warning: 'calloc' sizes specified with 'sizeof' in the earlier argument and not in the later argument [-Wcalloc-transposed-args]
[INFO] [stderr] warning: oppai-rs@0.2.3:  2364 |   ezpp_t ez = calloc(sizeof(struct ezpp), 1);
[INFO] [stderr] warning: oppai-rs@0.2.3:       |                             ^~~~~~
[INFO] [stderr] warning: oppai-rs@0.2.3: oppai/oppai.c:2364:29: note: earlier argument should specify number of elements, later size of each element
[INFO] [stderr]     Finished `release` profile [optimized] target(s) in 0.02s
[INFO] [stderr]      Running unittests src/lib.rs (/opt/rustwide/target/release/deps/oppai_rs-62e3ac974da95f5b)
[INFO] [stderr]   % Total    % Received % Xferd  Average Speed  Time    Time    Time   Current
[INFO] [stderr]                                  Dload  Upload  Total   Spent   Left   Speed
[INFO] [stderr] 
  0      0   0      0   0      0      0      0                              0curl: (6) Could not resolve host: github.com
[INFO] [stderr] error: test failed, to rerun pass `--lib`
[INFO] [stdout] test tests::run_tests ... FAILED
[INFO] [stdout] 
[INFO] [stdout] failures:
[INFO] [stdout] 
[INFO] [stdout] ---- tests::run_tests stdout ----
[INFO] [stdout] downloading test artifacts...
[INFO] [stdout] 
[INFO] [stdout] thread 'tests::run_tests' (175) panicked at src/tests.rs:50:9:
[INFO] [stdout] Download failed
[INFO] [stdout] stack backtrace:
[INFO] [stdout]    0:     0x62a007fb28f1 - <<std[70759c8f55707aa4]::sys::backtrace::BacktraceLock>::print::DisplayBacktrace as core[df12db4294e9bfd3]::fmt::Display>::fmt
[INFO] [stdout]    1:     0x62a007fc7c6a - core[df12db4294e9bfd3]::fmt::write
[INFO] [stdout]    2:     0x62a007fb6e3c - <alloc[2182bb758b4b3781]::vec::Vec<u8> as core[df12db4294e9bfd3]::io::write::Write>::write_fmt
[INFO] [stdout]    3:     0x62a007f8ea06 - std[70759c8f55707aa4]::panicking::default_hook::{closure#0}
[INFO] [stdout]    4:     0x62a007faad39 - std[70759c8f55707aa4]::panicking::default_hook
[INFO] [stdout]    5:     0x62a007f46a50 - test[9d35eded1c95d3be]::test_main_inner::<test[9d35eded1c95d3be]::test_main_static::{closure#0}>::{closure#0}
[INFO] [stdout]    6:     0x62a007faaef2 - std[70759c8f55707aa4]::panicking::panic_with_hook
[INFO] [stdout]    7:     0x62a007f8e06c - std[70759c8f55707aa4]::panicking::begin_panic::<&str>::{closure#0}
[INFO] [stdout]    8:     0x62a007f87659 - std[70759c8f55707aa4]::sys::backtrace::__rust_end_short_backtrace::<std[70759c8f55707aa4]::panicking::begin_panic<&str>::{closure#0}, !>
[INFO] [stdout]    9:     0x62a007f8412b - std[70759c8f55707aa4]::panicking::begin_panic::<&str>
[INFO] [stdout]   10:     0x62a007f33f7d - oppai_rs[a4c2647480c6d6ed]::tests::run_command
[INFO] [stdout]   11:     0x62a007f33aae - <std[70759c8f55707aa4]::sync::once::Once>::call_once::<<lazy_static[d708de45b64ffd20]::lazy::Lazy<()>>::get<<oppai_rs[a4c2647480c6d6ed]::tests::MUST_BE_PREPARED as core[df12db4294e9bfd3]::ops::deref::Deref>::deref::__static_ref_initialize>::{closure#0}>::{closure#0}
[INFO] [stdout]   12:     0x62a007f945b9 - <std[70759c8f55707aa4]::sys::sync::once::futex::Once>::call
[INFO] [stdout]   13:     0x62a007f3474d - oppai_rs[a4c2647480c6d6ed]::tests::run_tests
[INFO] [stdout]   14:     0x62a007f32d99 - <oppai_rs[a4c2647480c6d6ed]::tests::run_tests::{closure#0} as core[df12db4294e9bfd3]::ops::function::FnOnce<()>>::call_once
[INFO] [stdout]   15:     0x62a007f39d3b - test[9d35eded1c95d3be]::__rust_begin_short_backtrace::<core[df12db4294e9bfd3]::result::Result<(), alloc[2182bb758b4b3781]::string::String>, fn() -> core[df12db4294e9bfd3]::result::Result<(), alloc[2182bb758b4b3781]::string::String>>
[INFO] [stdout]   16:     0x62a007f473a5 - test[9d35eded1c95d3be]::run_test::{closure#0}
[INFO] [stdout]   17:     0x62a007f40c64 - std[70759c8f55707aa4]::sys::backtrace::__rust_begin_short_backtrace::<test[9d35eded1c95d3be]::run_test::{closure#1}, ()>
[INFO] [stdout]   18:     0x62a007f4a502 - <std[70759c8f55707aa4]::thread::lifecycle::spawn_unchecked<test[9d35eded1c95d3be]::run_test::{closure#1}, ()>::{closure#1} as core[df12db4294e9bfd3]::ops::function::FnOnce<()>>::call_once::{shim:vtable#0}
[INFO] [stdout]   19:     0x62a007fb1ea9 - <std[70759c8f55707aa4]::sys::thread::unix::Thread>::new::thread_start
[INFO] [stdout]   20:     0x7661c7964dfa - <unknown>
[INFO] [stdout]   21:     0x7661c79f83d4 - clone
[INFO] [stdout]   22:                0x0 - <unknown>
[INFO] [stdout] 
[INFO] [stdout] 
[INFO] [stdout] failures:
[INFO] [stdout]     tests::run_tests
[INFO] [stdout] 
[INFO] [stdout] test result: FAILED. 0 passed; 1 failed; 0 ignored; 0 measured; 0 filtered out; finished in 0.13s
[INFO] [stdout] 
[INFO] running `Command { std: "docker" "inspect" "50cd0c18d5e363b1cc100fc503a23676ef92d709426b456e528325062629ee0b", kill_on_drop: false }`
[INFO] running `Command { std: "docker" "rm" "-f" "50cd0c18d5e363b1cc100fc503a23676ef92d709426b456e528325062629ee0b", kill_on_drop: false }`
[INFO] [stdout] 50cd0c18d5e363b1cc100fc503a23676ef92d709426b456e528325062629ee0b
